04-18 07:12:31.089 D/cdfinger( 1493): sem_wait : (0)
04-18 07:12:31.100 D/LOWI-9.0.0.87.a( 1497): [LOWINetlinkSocketReceiver]
unpackRTMLinkMessage: RTM_NEWLINK - ifname rmnet_data0, flags 0x0 ()
04-18 07:12:31.101 D/LOWI-9.0.0.87.a( 1497): [LOWINetlinkSocketReceiver]
unpackRTMLinkMessage: RTM_NEWLINK - ifname rmnet_data0, flags 0x0 ()
04-18 07:12:31.101 D/LOWI-9.0.0.87.a( 1497): [LOWINetlinkSocketReceiver]
unpackRTMLinkMessage: RTM_NEWLINK - ifname rmnet_data0, flags 0x0 ()
04-18 07:12:31.101 D/LOWI-9.0.0.87.a( 1497): [LOWINetlinkSocketReceiver]
unpackRTMLinkMessage: RTM_NEWLINK - ifname rmnet_data0, flags 0x0 ()
04-18 07:12:31.103 D/LOWI-9.0.0.87.a( 1497): [LOWINetlinkSocketReceiver]
unpackRTMLinkMessage: RTM_NEWLINK - ifname rmnet_data0, flags 0x0 ()
04-18 07:12:31.105 D/LOWI-9.0.0.87.a( 1497): [LOWINetlinkSocketReceiver]
unpackRTMLinkMessage: RTM_NEWLINK - ifname rmnet_data1, flags 0x0 ()
04-18 07:12:31.107 D/LOWI-9.0.0.87.a( 1497): [LOWINetlinkSocketReceiver]
unpackRTMLinkMessage: RTM_NEWLINK - ifname rmnet_data1, flags 0x0 ()
04-18 07:12:31.108 D/LOWI-9.0.0.87.a( 1497): [LOWINetlinkSocketReceiver]
unpackRTMLinkMessage: RTM_NEWLINK - ifname rmnet_data1, flags 0x0 ()
04-18 07:12:31.108 D/ProcessState( 1804): Binder ioctl to enable oneway spam
detection failed: Invalid argument
04-18 07:12:31.108 I/ProcessState( 1804): system_server uses 2M binder buffer
04-18 07:12:31.109 D/LOWI-9.0.0.87.a( 1497): [LOWINetlinkSocketReceiver]
unpackRTMLinkMessage: RTM_NEWLINK - ifname rmnet_data1, flags 0x0 ()
04-18 07:12:31.110 D/LOWI-9.0.0.87.a( 1497): [LOWINetlinkSocketReceiver]
unpackRTMLinkMessage: RTM_NEWLINK - ifname rmnet_data1, flags 0x0 ()
04-18 07:12:31.112 D/LOWI-9.0.0.87.a( 1497): [LOWINetlinkSocketReceiver]
unpackRTMLinkMessage: RTM_NEWLINK - ifname rmnet_data2, flags 0x0 ()
04-18 07:12:31.113 D/LOWI-9.0.0.87.a( 1497): [LOWINetlinkSocketReceiver]
unpackRTMLinkMessage: RTM_NEWLINK - ifname rmnet_data2, flags 0x0 ()
04-18 07:12:31.113 D/LOWI-9.0.0.87.a( 1497): [LOWINetlinkSocketReceiver]
unpackRTMLinkMessage: RTM_NEWLINK - ifname rmnet_data2, flags 0x0 ()
04-18 07:12:31.113 D/LOWI-9.0.0.87.a( 1497): [LOWINetlinkSocketReceiver]
unpackRTMLinkMessage: RTM_NEWLINK - ifname rmnet_data2, flags 0x0 ()
04-18 07:12:31.114 D/LOWI-9.0.0.87.a( 1497): [LOWINetlinkSocketReceiver]
unpackRTMLinkMessage: RTM_NEWLINK - ifname rmnet_data2, flags 0x0 ()
04-18 07:12:31.115 I/SystemServerTiming( 1804): InitBeforeStartServices
04-18 07:12:31.115 D/cdfinger( 1493): SIGIO signal FINGERDOWN received!
04-18 07:12:31.116 D/cdfinger( 1493): sem_waited : (0)
04-18 07:12:31.116 D/LOWI-9.0.0.87.a( 1497): [LOWINetlinkSocketReceiver]
unpackRTMLinkMessage: RTM_NEWLINK - ifname rmnet_data3, flags 0x0 ()
04-18 07:12:31.118 I/SamsungPowerSound( 1501): wait_for_audio_policy --
04-18 07:12:31.119 D/cdfinger( 1493): device_waitForFinger ret = 0
04-18 07:12:31.119 D/cdfinger( 1493): EventProcessThread case status:13
04-18 07:12:31.119 D/cdfinger( 1493): Enter Switch Status, mCurStatus = 13
04-18 07:12:31.119 D/LOWI-9.0.0.87.a( 1497): [LOWINetlinkSocketReceiver]
unpackRTMLinkMessage: RTM_NEWLINK - ifname rmnet_data3, flags 0x0 ()
04-18 07:12:31.119 D/cdfinger( 1493): mCurStatus = 13 , nextStatus = 14
04-18 07:12:31.120 V/SamsungPowerSound( 1501):
##########################################
04-18 07:12:31.120 V/SamsungPowerSound( 1501): powerSoundPlay on/off
[on]
04-18 07:12:31.120 D/LOWI-9.0.0.87.a( 1497): [LOWINetlinkSocketReceiver]
unpackRTMLinkMessage: RTM_NEWLINK - ifname rmnet_data3, flags 0x0 ()
04-18 07:12:31.122 D/LOWI-9.0.0.87.a( 1497): [LOWINetlinkSocketReceiver]
unpackRTMLinkMessage: RTM_NEWLINK - ifname rmnet_data3, flags 0x0 ()
04-18 07:12:31.122 D/LOWI-9.0.0.87.a( 1497): [LOWINetlinkSocketReceiver]
unpackRTMLinkMessage: RTM_NEWLINK - ifname rmnet_data3, flags 0x0 ()
04-18 07:12:31.122 D/LOWI-9.0.0.87.a( 1497): [LOWINetlinkSocketReceiver]
unpackRTMLinkMessage: RTM_NEWLINK - ifname rmnet_data4, flags 0x0 ()
04-18 07:12:31.123 V/SamsungPowerSound( 1501): check whether persist property
values are loaded
04-18 07:12:31.123 V/SamsungPowerSound( 1501): persist property values are loaded
04-18 07:12:31.123 V/SamsungPowerSound( 1501): powerSoundPlay ringermode
[2]
04-18 07:12:31.123 V/SamsungPowerSound( 1501): powerSoundPlay SysVolume
[9]
04-18 07:12:31.123 V/SamsungPowerSound( 1501): powerSoundPlay SysHeadsetVolume
[9]
04-18 07:12:31.123 V/SamsungPowerSound( 1501): powerSoundPlay SysHeadphoneVolume
[9]
04-18 07:12:31.124 V/SamsungPowerSound( 1501): powerSoundPlay AllSoundMute
[0]
04-18 07:12:31.124 V/SamsungPowerSound( 1501): powerSoundPlay FirstApiLevel
[29]
04-18 07:12:31.124 I/SystemServer( 1804): !@Boot_EBS_F: SYSTEM_SERVER_START
04-18 07:12:31.124 V/APM_AudioPolicyManager( 1208): initStreamVolume() stream 1,
min 0, max 15
04-18 07:12:31.124 E/SamsungPowerSound( 1501): earphone state reading is failed
04-18 07:12:31.124 I/SystemServer( 1804): Entered the Android system server!
04-18 07:12:31.124 I/SystemServer( 1804): !@Boot: Entered the Android system
server!
04-18 07:12:31.124 I/SystemServer( 1804): !@Boot_EBS_F: BOOT_PROGRESS_SYSTEM_RUN
04-18 07:12:31.124 V/APM_AudioPolicyManager( 1208): setStreamVolumeIndex: stream
AUDIO_STREAM_SYSTEM attributes={ Content type: AUDIO_CONTENT_TYPE_UNKNOWN Usage:
AUDIO_USAGE_ASSISTANCE_SONIFICATION Source: AUDIO_SOURCE_DEFAULT Flags: 0x0
Tags: }
04-18 07:12:31.124 V/APM_AudioPolicyManager( 1208): setVolumeIndexForAttributes:
group 11 matching with { Content type: AUDIO_CONTENT_TYPE_UNKNOWN Usage:
AUDIO_USAGE_ASSISTANCE_SONIFICATION Source: AUDIO_SOURCE_DEFAULT Flags: 0x0
Tags: }
04-18 07:12:31.124 V/APM_AudioPolicyManager( 1208): setVolumeCurveIndex device
40000000, index 9
04-18 07:12:31.125 D/LOWI-9.0.0.87.a( 1497): [LOWINetlinkSocketReceiver]
unpackRTMLinkMessage: RTM_NEWLINK - ifname rmnet_data4, flags 0x0 ()
04-18 07:12:31.125 D/LOWI-9.0.0.87.a( 1497): [LOWINetlinkSocketReceiver]
unpackRTMLinkMessage: RTM_NEWLINK - ifname rmnet_data4, flags 0x0 ()
04-18 07:12:31.125 D/LOWI-9.0.0.87.a( 1497): [LOWINetlinkSocketReceiver]
unpackRTMLinkMessage: RTM_NEWLINK - ifname rmnet_data4, flags 0x0 ()
04-18 07:12:31.126 V/SamsungPowerSound( 1501): PowerSound CurrentDevice's volume
[9]
04-18 07:12:31.126 V/SamsungPowerSound( 1501):
##########################################
04-18 07:12:31.126 D/SamsungPowerSound( 1501): factorymode Error :
/efs/FactoryApp/factorymode
04-18 07:12:31.126 D/SamsungPowerSound( 1501): factorymode Error : /efs/imei/keystr
04-18 07:12:31.126 V/SamsungPowerSound( 1501): ++++++++ SamsungPowerSoundObserver
Constuctor ++++++++
04-18 07:12:31.126 D/LOWI-9.0.0.87.a( 1497): [LOWINetlinkSocketReceiver]
unpackRTMLinkMessage: RTM_NEWLINK - ifname rmnet_data4, flags 0x0 ()
04-18 07:12:31.127 D/SecNativeFeatureCppIf( 1501): encoded
04-18 07:12:31.127 D/LOWI-9.0.0.87.a( 1497): [LOWINetlinkSocketReceiver]
unpackRTMLinkMessage: RTM_NEWLINK - ifname rmnet_data5, flags 0x0 ()
04-18 07:12:31.127 D/LOWI-9.0.0.87.a( 1497): [LOWINetlinkSocketReceiver]
unpackRTMLinkMessage: RTM_NEWLINK - ifname rmnet_data5, flags 0x0 ()
04-18 07:12:31.127 V/SamsungPowerSound( 1501): observerThreadWrapper (0xea4c9408)
04-18 07:12:31.128 E/SamsungPowerSound( 1501): earphone state reading is failed
04-18 07:12:31.128 V/SamsungPowerSound( 1501): [Enter] SamsungPowerSoundObserver
threadFunc
04-18 07:12:31.128 E/SamsungPowerSound( 1501): earphone state reading is failed
04-18 07:12:31.128 D/SecNativeFeatureCppIf( 1501): decoding and unzip finish
04-18 07:12:31.128 D/SecNativeFeatureCppIf( 1501): use unCompDataBuff. encoded
04-18 07:12:31.128 D/SecNativeFeatureCppIf( 1501): Free unCompDataBuff
04-18 07:12:31.128 V/APM_AudioPolicyManager( 1208): getAudioPolicyConfig:
audioParam;l_device_current_output
04-18 07:12:31.129 D/AudioInfo( 1501): MPS_CODE : TPA, get MPS_CODE
04-18 07:12:31.129 V/APM_AudioPolicyManager( 1208): getNewOutputDevices selected
devices AUDIO_DEVICE_NONE
04-18 07:12:31.129 D/LOWI-9.0.0.87.a( 1497): [LOWINetlinkSocketReceiver]
unpackRTMLinkMessage: RTM_NEWLINK - ifname rmnet_data5, flags 0x0 ()
04-18 07:12:31.129 D/AudioInfo( 1501): 1 OMC path check :
/omr/media/audio/ui/PowerOn.ogg
04-18 07:12:31.129 D/AudioInfo( 1501): 2 OMC path check :
/omr/res/media/audio/ui/PowerOn.ogg
04-18 07:12:31.129 D/AudioInfo( 1501): 3 OMC path check :
/system/omc/TPA/media/audio/ui/PowerOn.ogg
04-18 07:12:31.129 D/AudioInfo( 1501): 4 OMC path check :
/system/omc/single/TPA/media/audio/ui/PowerOn.ogg
04-18 07:12:31.129 D/AudioInfo( 1501): 5 OMC path check :
/odm/etc/omc/TPA/media/audio/ui/PowerOn.ogg
04-18 07:12:31.129 D/AudioInfo( 1501): 6 OMC path check :
/odm/etc/omc/single/TPA/media/audio/ui/PowerOn.ogg
04-18 07:12:31.129 D/AudioInfo( 1501): 7 OMC path check :
/product/omc/TPA/media/audio/ui/PowerOn.ogg
04-18 07:12:31.129 D/AudioInfo( 1501): 8 OMC path check :
/product/omc/single/TPA/media/audio/ui/PowerOn.ogg
04-18 07:12:31.129 D/AudioInfo( 1501): 9 OMC path check :
/prism/media/carriers/TPA/media/audio/ui/PowerOn.ogg
04-18 07:12:31.129 D/AudioInfo( 1501): 10 OMC path check :
/prism/media/carriers/single/TPA/media/audio/ui/PowerOn.ogg
04-18 07:12:31.129 D/LOWI-9.0.0.87.a( 1497): [LOWINetlinkSocketReceiver]
unpackRTMLinkMessage: RTM_NEWLINK - ifname rmnet_data5, flags 0x0 ()
04-18 07:12:31.129 I/SamsungPowerSound( 1501): Power sound
Path:system/media/audio/ui/PowerOn.ogg
04-18 07:12:31.129 V/SamsungPowerSound( 1501): File path :
system/media/audio/ui/PowerOn.ogg
04-18 07:12:31.129 E/SamsungPowerSound( 1501): earphone state reading is failed
04-18 07:12:31.130 D/LOWI-9.0.0.87.a( 1497): [LOWINetlinkSocketReceiver]
unpackRTMLinkMessage: RTM_NEWLINK - ifname rmnet_data5, flags 0x0 ()
04-18 07:12:31.131 D/LOWI-9.0.0.87.a( 1497): [LOWINetlinkSocketReceiver]
unpackRTMLinkMessage: RTM_NEWLINK - ifname rmnet_data6, flags 0x0 ()
04-18 07:12:31.132 V/APM_AudioPolicyManager( 1208): getAudioPolicyConfig:
g_volume_situation_key;type=8;device=1
04-18 07:12:31.133 D/LOWI-9.0.0.87.a( 1497): [LOWINetlinkSocketReceiver]
unpackRTMLinkMessage: RTM_NEWLINK - ifname rmnet_data6, flags 0x0 ()
04-18 07:12:31.134 D/LOWI-9.0.0.87.a( 1497): [LOWINetlinkSocketReceiver]
unpackRTMLinkMessage: RTM_NEWLINK - ifname rmnet_data6, flags 0x0 ()
04-18 07:12:31.135 D/LOWI-9.0.0.87.a( 1497): [LOWINetlinkSocketReceiver]
unpackRTMLinkMessage: RTM_NEWLINK - ifname rmnet_data6, flags 0x0 ()
04-18 07:12:31.135 V/SamsungPowerSound( 1501): This is not Silent mode : No such
file or directory
04-18 07:12:31.135 V/SamsungPowerSound( 1501): getSettingVolume [1.000000]
04-18 07:12:31.135 I/SamsungPowerSound( 1501): wait_for_surface_manager ++
04-18 07:12:31.136 D/LOWI-9.0.0.87.a( 1497): [LOWINetlinkSocketReceiver]
unpackRTMLinkMessage: RTM_NEWLINK - ifname rmnet_data6, flags 0x0 ()
04-18 07:12:31.138 I/SamsungPowerSound( 1501): wait_for_surface_manager --
04-18 07:12:31.138 D/SamsungPowerSound( 1501): factorymode Error :
/efs/FactoryApp/factorymode
04-18 07:12:31.138 D/SamsungPowerSound( 1501): factorymode Error : /efs/imei/keystr
04-18 07:12:31.138 V/SamsungPowerSound( 1501): Bootsound delay: 0
04-18 07:12:31.138 D/SamsungPowerSound( 1501): Enter play
04-18 07:12:31.138 D/LOWI-9.0.0.87.a( 1497): [LOWINetlinkSocketReceiver]
unpackRTMLinkMessage: RTM_NEWLINK - ifname rmnet_data7, flags 0x0 ()
04-18 07:12:31.139 D/LOWI-9.0.0.87.a( 1497): [LOWINetlinkSocketReceiver]
unpackRTMLinkMessage: RTM_NEWLINK - ifname rmnet_data7, flags 0x0 ()
04-18 07:12:31.139 E/SamsungPowerSound( 1501): Can not open
system/media/audio/ui/PowerOn.ogg
04-18 07:12:31.139 V/SamsungPowerSound( 1501): Power sound playback complete
04-18 07:12:31.140 V/SamsungPowerSound( 1501): resetObserverDevice
04-18 07:12:31.140 V/SamsungPowerSound( 1501): requestExit() to Observer thread
04-18 07:12:31.141 D/LOWI-9.0.0.87.a( 1497): [LOWINetlinkSocketReceiver]
unpackRTMLinkMessage: RTM_NEWLINK - ifname rmnet_data7, flags 0x0 ()
04-18 07:12:31.142 D/LOWI-9.0.0.87.a( 1497): [LOWINetlinkSocketReceiver]
unpackRTMLinkMessage: RTM_NEWLINK - ifname rmnet_data7, flags 0x0 ()
04-18 07:12:31.144 D/LOWI-9.0.0.87.a( 1497): [LOWINetlinkSocketReceiver]
unpackRTMLinkMessage: RTM_NEWLINK - ifname rmnet_data7, flags 0x0 ()
04-18 07:12:31.160 D/cdfingerTA( 1493): CFP_NZ: FP_REQUEST_DETECT_FINGER [2]
04-18 07:12:31.160 D/cdfingerTA( 1493): configAGC agc = 0xde, spend 8 ms, ret = 0
04-18 07:12:31.160 D/cdfingerTA( 1493): get image success 21477 22528
04-18 07:12:31.160 D/cdfingerTA( 1493): cfp_devCheckFinger nav down 0 132 133 0 73
0
04-18 07:12:31.160 D/cdfingerTA( 1493): cfp_calibrateKeyTrigger=0xe4 2
04-18 07:12:31.160 D/cdfingerTA( 1493): close move check, nConFlag 0, interFlag 0
04-18 07:12:31.160 D/cdfingerTA( 1493): CFP_NZ: FP_REQUEST_DETECT_FINGER, result =
128
04-18 07:12:31.161 E/libc ( 1493): Access denied finding property
"property.cdfinger.enablesave"
04-18 07:12:31.161 D/cdfinger( 1493): Enter Switch Status, mCurStatus = 14
04-18 07:12:31.161 D/cdfinger( 1493): mCurStatus = 14 , nextStatus = 13
04-18 07:12:31.161 D/cdfinger( 1493): REPORT_KEY: not finger or read image fail
04-18 07:12:31.161 D/cdfinger( 1493): EventProcessThread end,then check status 13
and global status 1
04-18 07:12:31.162 D/cdfinger( 1493): EventProcessThread wait hal_Down! status:13
04-18 07:12:31.162 D/cdfinger( 1493): fingerprint wait for finger .
04-18 07:12:31.162 D/cdfinger( 1493): device_waitForFinger enter
04-18 07:12:31.165 I/macloader( 1464): PATH_QCWLANSTATE_SYSFS read retry 46
04-18 07:12:31.165 E/macloader( 1464): Failed to open qcwlanstate
04-18 07:12:31.165 D/SemNativeCarrierFeature_vendor( 1441): getInstance
04-18 07:12:31.165 D/SemNativeCarrierFeature_vendor( 1438): getInstance
04-18 07:12:31.169 D/cdfinger( 1493): get screen status = 1, mode = 1
04-18 07:12:31.169 D/cdfinger( 1493): gotoCheckIrq no need check.
04-18 07:12:31.171 D/SemNativeCarrierFeature_vendor( 1438): getInstance
04-18 07:12:31.171 D/SemNativeCarrierFeature_vendor( 1441): getInstance
04-18 07:12:31.184 W/libc ( 1438): Unable to set property "ro.ril.support_cdma"
to "false": error code: 0xb, try count : 1
04-18 07:12:31.184 W/libc ( 1438): Unable to set property "ro.ril.support_cdma"
to "false": error code: 0xb, try count : 2
04-18 07:12:31.185 W/libc ( 1438): Unable to set property "ro.ril.support_cdma"
to "false": error code: 0xb, try count : 3
04-18 07:12:31.186 D/cdfingerTA( 1493): CFP_NZ: FP_REQUEST_SETMODE, ChipID = 0X88
04-18 07:12:31.186 D/cdfingerTA( 1493): cdfinger_config_interrupt 0xe4, mode = [1]
04-18 07:12:31.186 D/cdfingerTA( 1493): CFP_NZ: FP_REQUEST_SETMODE [1] ret[0]
04-18 07:12:31.186 D/cdfinger( 1493): timeout_gap:3, check_gap:2
04-18 07:12:31.186 D/cdfinger( 1493): sem_wait : (0)
04-18 07:12:31.191 D/SemNativeCarrierFeature_vendor( 1441): getInstance
04-18 07:12:31.192 D/SemNativeCarrierFeature_vendor( 1438): getInstance
04-18 07:12:31.193 D/SemNativeCarrierFeature_vendor( 1438): getInstance
04-18 07:12:31.198 I/HidlServiceManagement( 1441): Registered
vendor.samsung.hardware.radio.channel@2.0::ISehChannel/imsd2
04-18 07:12:31.202 I/HidlServiceManagement( 1441): Registered
vendor.samsung.hardware.radio.channel@2.0::ISehChannel/epdgd2
04-18 07:12:31.202 I/HidlServiceManagement( 1438): Registered
vendor.samsung.hardware.radio.channel@2.0::ISehChannel/imsd
04-18 07:12:31.204 I/HidlServiceManagement( 1438): Registered
vendor.samsung.hardware.radio.channel@2.0::ISehChannel/epdgd
04-18 07:12:31.205 I/HidlServiceManagement( 1441): Registered
vendor.samsung.hardware.radio.bridge@2.0::ISehBridge/slot2
04-18 07:12:31.208 I/HidlServiceManagement( 1438): Registered
vendor.samsung.hardware.radio.bridge@2.0::ISehBridge/slot1
04-18 07:12:31.212 D/cdfinger( 1493): SIGIO signal FINGERDOWN received!
04-18 07:12:31.213 D/cdfinger( 1493): sem_waited : (0)
04-18 07:12:31.216 D/cdfinger( 1493): device_waitForFinger ret = 0
04-18 07:12:31.216 D/cdfinger( 1493): EventProcessThread case status:13
04-18 07:12:31.216 D/cdfinger( 1493): Enter Switch Status, mCurStatus = 13
04-18 07:12:31.216 D/cdfinger( 1493): mCurStatus = 13 , nextStatus = 14
04-18 07:12:31.229 V/SamsungPowerSound( 1501): [Exit] SamsungPowerSoundObserver
threadFunc
04-18 07:12:31.230 V/SamsungPowerSound( 1501): -------- SamsungPowerSoundObserver
Destructor ---------
04-18 07:12:31.230 V/SamsungPowerSound( 1501): -------- SamsungPowerSoundPlayer
Destructor ---------
04-18 07:12:31.232 D/io_stats( 605): !@ 179,0 r 340653 2564117 w 17514 436008 d
2906 864220 f 1681 1745 iot 70330 67775 th 102400 51200 49896 pt 3100 inp 1 0
150.378
04-18 07:12:31.233 I/BpBinder( 1501): onLastStrongRef automatically unlinking death
recipients: <uncached descriptor>
04-18 07:12:31.233 I/BpBinder( 1501): onLastStrongRef automatically unlinking death
recipients: <uncached descriptor>
04-18 07:12:31.241 W/libc ( 1441): Unable to set property
"ro.ril.def_network_after_check_tdscdma" to "9": error code: 0xb, try count : 1
04-18 07:12:31.241 W/libc ( 1441): Unable to set property
"ro.ril.def_network_after_check_tdscdma" to "9": error code: 0xb, try count : 2
04-18 07:12:31.242 W/libc ( 1441): Unable to set property
"ro.ril.def_network_after_check_tdscdma" to "9": error code: 0xb, try count : 3
04-18 07:12:31.245 I/AudioFlinger( 1208): removeDlbCodecCallback pid:1501 type:-1
04-18 07:12:31.245 I/AudioEffectExtendAction( 1208): dolby set content type 0
04-18 07:12:31.257 D/cdfingerTA( 1493): CFP_NZ: FP_REQUEST_DETECT_FINGER [2]
04-18 07:12:31.257 D/cdfingerTA( 1493): configAGC agc = 0xde, spend 8 ms, ret = 0
04-18 07:12:31.257 D/cdfingerTA( 1493): get image success 21476 22528
04-18 07:12:31.257 D/cdfingerTA( 1493): cfp_devCheckFinger nav down 0 133 133 0 73
0
04-18 07:12:31.257 D/cdfingerTA( 1493): cfp_calibrateKeyTrigger=0xde 0
04-18 07:12:31.257 D/cdfingerTA( 1493): close move check, nConFlag 0, interFlag 0
04-18 07:12:31.257 D/cdfingerTA( 1493): CFP_NZ: FP_REQUEST_DETECT_FINGER, result =
128
04-18 07:12:31.258 E/libc ( 1493): Access denied finding property
"property.cdfinger.enablesave"
04-18 07:12:31.258 D/cdfinger( 1493): Enter Switch Status, mCurStatus = 14
04-18 07:12:31.258 D/cdfinger( 1493): mCurStatus = 14 , nextStatus = 13
04-18 07:12:31.258 D/cdfinger( 1493): REPORT_KEY: not finger or read image fail
04-18 07:12:31.258 D/cdfinger( 1493): EventProcessThread end,then check status 13
and global status 1
04-18 07:12:31.259 D/cdfinger( 1493): EventProcessThread wait hal_Down! status:13
04-18 07:12:31.259 D/cdfinger( 1493): fingerprint wait for finger .
04-18 07:12:31.259 D/cdfinger( 1493): device_waitForFinger enter
04-18 07:12:31.266 D/cdfinger( 1493): get screen status = 1, mode = 1
04-18 07:12:31.266 D/cdfinger( 1493): gotoCheckIrq no need check.
04-18 07:12:31.270 W/libc ( 1438): Unable to set property
"ro.ril.def_network_after_check_tdscdma" to "9": error code: 0xb, try count : 1
04-18 07:12:31.270 W/libc ( 1438): Unable to set property
"ro.ril.def_network_after_check_tdscdma" to "9": error code: 0xb, try count : 2
04-18 07:12:31.271 W/libc ( 1438): Unable to set property
"ro.ril.def_network_after_check_tdscdma" to "9": error code: 0xb, try count : 3
04-18 07:12:31.283 D/cdfingerTA( 1493): CFP_NZ: FP_REQUEST_SETMODE, ChipID = 0X88
04-18 07:12:31.283 D/cdfingerTA( 1493): cdfinger_config_interrupt 0xde, mode = [1]
04-18 07:12:31.283 D/cdfingerTA( 1493): CFP_NZ: FP_REQUEST_SETMODE [1] ret[0]
04-18 07:12:31.283 D/cdfinger( 1493): timeout_gap:3, check_gap:2
04-18 07:12:31.283 D/cdfinger( 1493): sem_wait : (0)
04-18 07:12:31.294 D/hw-ProcessState( 1976): Binder ioctl to enable oneway spam
detection failed: Invalid argument
04-18 07:12:31.294 D/hw-ProcessState( 1975): Binder ioctl to enable oneway spam
detection failed: Invalid argument
04-18 07:12:31.309 D/cdfinger( 1493): SIGIO signal FINGERDOWN received!
04-18 07:12:31.309 D/cdfinger( 1493): sem_waited : (0)
04-18 07:12:31.312 D/cdfinger( 1493): device_waitForFinger ret = 0
04-18 07:12:31.312 D/cdfinger( 1493): EventProcessThread case status:13
04-18 07:12:31.312 D/cdfinger( 1493): Enter Switch Status, mCurStatus = 13
04-18 07:12:31.312 D/cdfinger( 1493): mCurStatus = 13 , nextStatus = 14
04-18 07:12:31.354 D/cdfingerTA( 1493): CFP_NZ: FP_REQUEST_DETECT_FINGER [2]
04-18 07:12:31.354 D/cdfingerTA( 1493): configAGC agc = 0xde, spend 8 ms, ret = 0
04-18 07:12:31.354 D/cdfingerTA( 1493): get image success 21473 22528
04-18 07:12:31.354 D/cdfingerTA( 1493): cfp_devCheckFinger nav down 0 132 133 0 73
0
04-18 07:12:31.354 D/cdfingerTA( 1493): cfp_calibrateKeyTrigger=0xde 1
04-18 07:12:31.354 D/cdfingerTA( 1493): close move check, nConFlag 0, interFlag 0
04-18 07:12:31.354 D/cdfingerTA( 1493): CFP_NZ: FP_REQUEST_DETECT_FINGER, result =
128
04-18 07:12:31.355 E/libc ( 1493): Access denied finding property
"property.cdfinger.enablesave"
04-18 07:12:31.355 D/cdfinger( 1493): Enter Switch Status, mCurStatus = 14
04-18 07:12:31.355 D/cdfinger( 1493): mCurStatus = 14 , nextStatus = 13
04-18 07:12:31.355 D/cdfinger( 1493): REPORT_KEY: not finger or read image fail
04-18 07:12:31.355 D/cdfinger( 1493): EventProcessThread end,then check status 13
and global status 1
04-18 07:12:31.356 D/cdfinger( 1493): EventProcessThread wait hal_Down! status:13
04-18 07:12:31.356 D/cdfinger( 1493): fingerprint wait for finger .
04-18 07:12:31.356 D/cdfinger( 1493): device_waitForFinger enter
04-18 07:12:31.357 E/QTI_SDM_INFO( 1538): [qti_rmnet_peripheral.c:768]
qti_file_open():Could not open device file. Errno 2 error msg=No such file or
directory
04-18 07:12:31.363 D/cdfinger( 1493): get screen status = 1, mode = 1
04-18 07:12:31.363 D/cdfinger( 1493): gotoCheckIrq no need check.
04-18 07:12:31.366 I/mm-camera( 1121): <SENSOR>< INFO> 257: sensor_probe:
[hi556_hs70_hlt]CFG_SINIT_PROBE failed
04-18 07:12:31.366 I/mm-camera( 1121): <SENSOR>< INFO> 410: sensor_init_xml_probe:
failed: to probe hi556_hs70_hlt
04-18 07:12:31.367 E/mm-camera( 1121): <SENSOR><ERROR> 272:
sensor_xml_util_get_node_data: LCF ADD:num_pairs = 13
04-18 07:12:31.371 I/mm-camera( 1121): <SENSOR>< INFO> 317:
sensor_sdk_util_get_i2c_freq_mode: Invalid i2c_freq_mode = 4
04-18 07:12:31.379 D/cdfingerTA( 1493): CFP_NZ: FP_REQUEST_SETMODE, ChipID = 0X88
04-18 07:12:31.379 D/cdfingerTA( 1493): cdfinger_config_interrupt 0xde, mode = [1]
04-18 07:12:31.379 D/cdfingerTA( 1493): CFP_NZ: FP_REQUEST_SETMODE [1] ret[0]
04-18 07:12:31.379 D/cdfinger( 1493): timeout_gap:3, check_gap:2
04-18 07:12:31.379 D/cdfinger( 1493): sem_wait : (0)
04-18 07:12:31.405 D/cdfinger( 1493): SIGIO signal FINGERDOWN received!
04-18 07:12:31.406 D/cdfinger( 1493): sem_waited : (0)
04-18 07:12:31.409 D/cdfinger( 1493): device_waitForFinger ret = 0
04-18 07:12:31.409 D/cdfinger( 1493): EventProcessThread case status:13
04-18 07:12:31.409 D/cdfinger( 1493): Enter Switch Status, mCurStatus = 13
04-18 07:12:31.409 D/cdfinger( 1493): mCurStatus = 13 , nextStatus = 14
04-18 07:12:31.450 D/cdfingerTA( 1493): CFP_NZ: FP_REQUEST_DETECT_FINGER [2]
04-18 07:12:31.450 D/cdfingerTA( 1493): configAGC agc = 0xde, spend 8 ms, ret = 0
04-18 07:12:31.450 D/cdfingerTA( 1493): get image success 21472 22528
04-18 07:12:31.450 D/cdfingerTA( 1493): cfp_devCheckFinger nav down 0 132 133 0 73
0
04-18 07:12:31.450 D/cdfingerTA( 1493): cfp_calibrateKeyTrigger=0xde 2
04-18 07:12:31.450 D/cdfingerTA( 1493): close move check, nConFlag 0, interFlag 0
04-18 07:12:31.450 D/cdfingerTA( 1493): CFP_NZ: FP_REQUEST_DETECT_FINGER, result =
128
04-18 07:12:31.450 E/libc ( 1493): Access denied finding property
"property.cdfinger.enablesave"
04-18 07:12:31.450 D/cdfinger( 1493): Enter Switch Status, mCurStatus = 14
04-18 07:12:31.450 D/cdfinger( 1493): mCurStatus = 14 , nextStatus = 13
04-18 07:12:31.450 D/cdfinger( 1493): REPORT_KEY: not finger or read image fail
04-18 07:12:31.450 D/cdfinger( 1493): EventProcessThread end,then check status 13
and global status 1
04-18 07:12:31.451 D/cdfinger( 1493): EventProcessThread wait hal_Down! status:13
04-18 07:12:31.451 D/cdfinger( 1493): fingerprint wait for finger .
04-18 07:12:31.451 D/cdfinger( 1493): device_waitForFinger enter
04-18 07:12:31.458 D/cdfinger( 1493): get screen status = 1, mode = 1
04-18 07:12:31.458 D/cdfinger( 1493): gotoCheckIrq no need check.
04-18 07:12:31.473 D/cdfingerTA( 1493): CFP_NZ: FP_REQUEST_SETMODE, ChipID = 0X88
04-18 07:12:31.473 D/cdfingerTA( 1493): cdfinger_config_interrupt 0xde, mode = [1]
04-18 07:12:31.473 D/cdfingerTA( 1493): CFP_NZ: FP_REQUEST_SETMODE [1] ret[0]
04-18 07:12:31.474 D/cdfinger( 1493): timeout_gap:3, check_gap:2
04-18 07:12:31.474 D/cdfinger( 1493): sem_wait : (0)
04-18 07:12:31.500 D/cdfinger( 1493): SIGIO signal FINGERDOWN received!
04-18 07:12:31.500 D/cdfinger( 1493): sem_waited : (0)
04-18 07:12:31.503 D/cdfinger( 1493): device_waitForFinger ret = 0
04-18 07:12:31.504 D/cdfinger( 1493): EventProcessThread case status:13
04-18 07:12:31.504 D/cdfinger( 1493): Enter Switch Status, mCurStatus = 13
04-18 07:12:31.504 D/cdfinger( 1493): mCurStatus = 13 , nextStatus = 14
04-18 07:12:31.545 D/cdfingerTA( 1493): CFP_NZ: FP_REQUEST_DETECT_FINGER [2]
04-18 07:12:31.545 D/cdfingerTA( 1493): configAGC agc = 0xde, spend 8 ms, ret = 0
04-18 07:12:31.545 D/cdfingerTA( 1493): get image success 21481 22528
04-18 07:12:31.545 D/cdfingerTA( 1493): cfp_devCheckFinger nav down 0 133 133 0 73
0
04-18 07:12:31.545 D/cdfingerTA( 1493): cfp_calibrateKeyTrigger=0xd8 0
04-18 07:12:31.545 D/cdfingerTA( 1493): close move check, nConFlag 0, interFlag 0
04-18 07:12:31.545 D/cdfingerTA( 1493): CFP_NZ: FP_REQUEST_DETECT_FINGER, result =
128
04-18 07:12:31.545 E/libc ( 1493): Access denied finding property
"property.cdfinger.enablesave"
04-18 07:12:31.545 D/cdfinger( 1493): Enter Switch Status, mCurStatus = 14
04-18 07:12:31.545 D/cdfinger( 1493): mCurStatus = 14 , nextStatus = 13
04-18 07:12:31.545 D/cdfinger( 1493): REPORT_KEY: not finger or read image fail
04-18 07:12:31.545 D/cdfinger( 1493): EventProcessThread end,then check status 13
and global status 1
04-18 07:12:31.546 D/cdfinger( 1493): EventProcessThread wait hal_Down! status:13
04-18 07:12:31.546 D/cdfinger( 1493): fingerprint wait for finger .
04-18 07:12:31.546 D/cdfinger( 1493): device_waitForFinger enter
04-18 07:12:31.549 E/UsbAlsaJackDetectorJNI( 1804): Can't register
UsbAlsaJackDetector native methods
04-18 07:12:31.553 D/cdfinger( 1493): get screen status = 1, mode = 1
04-18 07:12:31.553 D/cdfinger( 1493): gotoCheckIrq no need check.
04-18 07:12:31.569 D/cdfingerTA( 1493): CFP_NZ: FP_REQUEST_SETMODE, ChipID = 0X88
04-18 07:12:31.569 D/cdfingerTA( 1493): cdfinger_config_interrupt 0xd8, mode = [1]
04-18 07:12:31.569 D/cdfingerTA( 1493): CFP_NZ: FP_REQUEST_SETMODE [1] ret[0]
04-18 07:12:31.569 D/cdfinger( 1493): timeout_gap:3, check_gap:2
04-18 07:12:31.569 D/cdfinger( 1493): sem_wait : (0)
04-18 07:12:31.571 V/KnoxFWS ( 1804): knox framework jni has registed
04-18 07:12:31.576 D/LoadedApk( 1804): LoadedApk::makeApplication()
appContext.mOpPackageName=android appContext.mBasePackageName=android
04-18 07:12:31.583 I/servicemanager( 556): Adding 'u:r:system_server:s0' service
(system_server_dumper:1804)
04-18 07:12:31.584 I/SystemServerInitThreadPool( 1804): Creating instance with 8
threads
04-18 07:12:31.596 D/cdfinger( 1493): SIGIO signal FINGERDOWN received!
04-18 07:12:31.596 D/cdfinger( 1493): sem_waited : (0)
04-18 07:12:31.599 D/cdfinger( 1493): device_waitForFinger ret = 0
04-18 07:12:31.599 D/cdfinger( 1493): EventProcessThread case status:13
04-18 07:12:31.599 D/cdfinger( 1493): Enter Switch Status, mCurStatus = 13
04-18 07:12:31.599 D/cdfinger( 1493): mCurStatus = 13 , nextStatus = 14
04-18 07:12:31.601 W/ServiceManager( 1399): Service package_native didn't start.
Returning NULL
04-18 07:12:31.601 E/ServiceUtilities( 1399): getInfo: Cannot find package_native
04-18 07:12:31.601 W/AudioAnalytics( 1399): (key=audio.flinger) Audioflinger
constructor event detected
04-18 07:12:31.640 D/cdfingerTA( 1493): CFP_NZ: FP_REQUEST_DETECT_FINGER [2]
04-18 07:12:31.640 D/cdfingerTA( 1493): configAGC agc = 0xde, spend 8 ms, ret = 0
04-18 07:12:31.640 D/cdfingerTA( 1493): get image success 21481 22528
04-18 07:12:31.640 D/cdfingerTA( 1493): cfp_devCheckFinger nav down 0 133 133 0 73
0
04-18 07:12:31.640 D/cdfingerTA( 1493): cfp_calibrateKeyTrigger=0xd8 1
04-18 07:12:31.640 D/cdfingerTA( 1493): close move check, nConFlag 0, interFlag 0
04-18 07:12:31.640 D/cdfingerTA( 1493): CFP_NZ: FP_REQUEST_DETECT_FINGER, result =
128
04-18 07:12:31.640 E/libc ( 1493): Access denied finding property
"property.cdfinger.enablesave"
04-18 07:12:31.640 D/cdfinger( 1493): Enter Switch Status, mCurStatus = 14
04-18 07:12:31.640 D/cdfinger( 1493): mCurStatus = 14 , nextStatus = 13
04-18 07:12:31.640 D/cdfinger( 1493): REPORT_KEY: not finger or read image fail
04-18 07:12:31.640 D/cdfinger( 1493): EventProcessThread end,then check status 13
and global status 1
04-18 07:12:31.641 D/cdfinger( 1493): EventProcessThread wait hal_Down! status:13
04-18 07:12:31.641 D/cdfinger( 1493): fingerprint wait for finger .
04-18 07:12:31.642 D/cdfinger( 1493): device_waitForFinger enter
04-18 07:12:31.649 D/cdfinger( 1493): get screen status = 1, mode = 1
04-18 07:12:31.649 D/cdfinger( 1493): gotoCheckIrq no need check.
04-18 07:12:31.665 D/cdfingerTA( 1493): CFP_NZ: FP_REQUEST_SETMODE, ChipID = 0X88
04-18 07:12:31.665 D/cdfingerTA( 1493): cdfinger_config_interrupt 0xd8, mode = [1]
04-18 07:12:31.665 D/cdfingerTA( 1493): CFP_NZ: FP_REQUEST_SETMODE [1] ret[0]
04-18 07:12:31.665 D/cdfinger( 1493): timeout_gap:3, check_gap:2
04-18 07:12:31.665 D/cdfinger( 1493): sem_wait : (0)
04-18 07:12:31.666 I/mm-camera( 1121): <SENSOR>< INFO> 257: sensor_probe:
[gc5035_hs70_ts]CFG_SINIT_PROBE failed
04-18 07:12:31.666 I/mm-camera( 1121): <SENSOR>< INFO> 410: sensor_init_xml_probe:
failed: to probe gc5035_hs70_ts
04-18 07:12:31.667 E/mm-camera( 1121): <SENSOR><ERROR> 272:
sensor_xml_util_get_node_data: LCF ADD:num_pairs = 13
04-18 07:12:31.671 I/mm-camera( 1121): <SENSOR>< INFO> 317:
sensor_sdk_util_get_i2c_freq_mode: Invalid i2c_freq_mode = 4
04-18 07:12:31.678 W/ServiceManager( 1416): Service package_native didn't start.
Returning NULL
04-18 07:12:31.678 E/storaged( 1416): getService package_native failed
04-18 07:12:31.679 W/android.hardware.health@2.1-service-samsung( 1133):
registerCallback
04-18 07:12:31.682 I/android.hardware.health@2.1-service-samsung( 1133): start
ISehThermal::getService()
04-18 07:12:31.682 I/hwservicemanager( 557): getTransport: Cannot find entry
vendor.samsung.hardware.thermal@1.0::ISehThermal/default in either framework or
device VINTF manifest.
04-18 07:12:31.682 E/android.hardware.health@2.1-service-samsung( 1133):
ISehThermal::getService() fail
04-18 07:12:31.683 I/storaged( 1416): storaged: Start
04-18 07:12:31.684 I/servicemanager( 556): Adding 'u:r:storaged:s0' service
(storaged:1416)
04-18 07:12:31.685 I/servicemanager( 556): Adding 'u:r:storaged:s0' service
(storaged_pri:1416)
04-18 07:12:31.686 I/ServiceManager( 1416): Waiting for service 'package_native' on
'/dev/binder'...
04-18 07:12:31.691 D/cdfinger( 1493): SIGIO signal FINGERDOWN received!
04-18 07:12:31.692 D/cdfinger( 1493): sem_waited : (0)
04-18 07:12:31.695 D/cdfinger( 1493): device_waitForFinger ret = 0
04-18 07:12:31.695 D/cdfinger( 1493): EventProcessThread case status:13
04-18 07:12:31.695 D/cdfinger( 1493): Enter Switch Status, mCurStatus = 13
04-18 07:12:31.695 D/cdfinger( 1493): mCurStatus = 13 , nextStatus = 14
04-18 07:12:31.736 D/cdfingerTA( 1493): CFP_NZ: FP_REQUEST_DETECT_FINGER [2]
04-18 07:12:31.736 D/cdfingerTA( 1493): configAGC agc = 0xde, spend 8 ms, ret = 0
04-18 07:12:31.736 D/cdfingerTA( 1493): get image success 21488 22528
04-18 07:12:31.736 D/cdfingerTA( 1493): cfp_devCheckFinger nav down 0 132 133 0 73
0
04-18 07:12:31.736 D/cdfingerTA( 1493): cfp_calibrateKeyTrigger=0xd8 2
04-18 07:12:31.736 D/cdfingerTA( 1493): close move check, nConFlag 0, interFlag 0
04-18 07:12:31.736 D/cdfingerTA( 1493): CFP_NZ: FP_REQUEST_DETECT_FINGER, result =
128
04-18 07:12:31.736 E/libc ( 1493): Access denied finding property
"property.cdfinger.enablesave"
04-18 07:12:31.736 D/cdfinger( 1493): Enter Switch Status, mCurStatus = 14
04-18 07:12:31.736 D/cdfinger( 1493): mCurStatus = 14 , nextStatus = 13
04-18 07:12:31.736 D/cdfinger( 1493): REPORT_KEY: not finger or read image fail
04-18 07:12:31.736 D/cdfinger( 1493): EventProcessThread end,then check status 13
and global status 1
04-18 07:12:31.737 D/cdfinger( 1493): EventProcessThread wait hal_Down! status:13
04-18 07:12:31.738 D/cdfinger( 1493): fingerprint wait for finger .
04-18 07:12:31.738 D/cdfinger( 1493): device_waitForFinger enter
04-18 07:12:31.744 D/cdfinger( 1493): get screen status = 1, mode = 1
04-18 07:12:31.745 D/cdfinger( 1493): gotoCheckIrq no need check.
04-18 07:12:31.761 D/cdfingerTA( 1493): CFP_NZ: FP_REQUEST_SETMODE, ChipID = 0X88
04-18 07:12:31.761 D/cdfingerTA( 1493): cdfinger_config_interrupt 0xd8, mode = [1]
04-18 07:12:31.761 D/cdfingerTA( 1493): CFP_NZ: FP_REQUEST_SETMODE [1] ret[0]
04-18 07:12:31.761 D/cdfinger( 1493): timeout_gap:3, check_gap:2
04-18 07:12:31.761 D/cdfinger( 1493): sem_wait : (0)
04-18 07:12:31.787 D/cdfinger( 1493): SIGIO signal FINGERDOWN received!
04-18 07:12:31.787 D/cdfinger( 1493): sem_waited : (0)
04-18 07:12:31.791 D/cdfinger( 1493): device_waitForFinger ret = 0
04-18 07:12:31.791 D/cdfinger( 1493): EventProcessThread case status:13
04-18 07:12:31.791 D/cdfinger( 1493): Enter Switch Status, mCurStatus = 13
04-18 07:12:31.791 D/cdfinger( 1493): mCurStatus = 13 , nextStatus = 14
04-18 07:12:31.832 D/cdfingerTA( 1493): CFP_NZ: FP_REQUEST_DETECT_FINGER [2]
04-18 07:12:31.832 D/cdfingerTA( 1493): configAGC agc = 0xde, spend 8 ms, ret = 0
04-18 07:12:31.832 D/cdfingerTA( 1493): get image success 21481 22528
04-18 07:12:31.832 D/cdfingerTA( 1493): cfp_devCheckFinger nav down 0 133 133 0 73
0
04-18 07:12:31.832 D/cdfingerTA( 1493): cfp_calibrateKeyTrigger=0xd2 0
04-18 07:12:31.832 D/cdfingerTA( 1493): close move check, nConFlag 0, interFlag 0
04-18 07:12:31.832 D/cdfingerTA( 1493): CFP_NZ: FP_REQUEST_DETECT_FINGER, result =
128
04-18 07:12:31.832 E/libc ( 1493): Access denied finding property
"property.cdfinger.enablesave"
04-18 07:12:31.832 D/cdfinger( 1493): Enter Switch Status, mCurStatus = 14
04-18 07:12:31.832 D/cdfinger( 1493): mCurStatus = 14 , nextStatus = 13
04-18 07:12:31.832 D/cdfinger( 1493): REPORT_KEY: not finger or read image fail
04-18 07:12:31.832 D/cdfinger( 1493): EventProcessThread end,then check status 13
and global status 1
04-18 07:12:31.833 D/cdfinger( 1493): EventProcessThread wait hal_Down! status:13
04-18 07:12:31.833 D/cdfinger( 1493): fingerprint wait for finger .
04-18 07:12:31.833 D/cdfinger( 1493): device_waitForFinger enter
04-18 07:12:31.840 D/cdfinger( 1493): get screen status = 1, mode = 1
04-18 07:12:31.840 D/cdfinger( 1493): gotoCheckIrq no need check.
04-18 07:12:31.856 D/cdfingerTA( 1493): CFP_NZ: FP_REQUEST_SETMODE, ChipID = 0X88
04-18 07:12:31.856 D/cdfingerTA( 1493): cdfinger_config_interrupt 0xd2, mode = [1]
04-18 07:12:31.856 D/cdfingerTA( 1493): CFP_NZ: FP_REQUEST_SETMODE [1] ret[0]
04-18 07:12:31.856 D/cdfinger( 1493): timeout_gap:3, check_gap:2
04-18 07:12:31.856 D/cdfinger( 1493): sem_wait : (0)
04-18 07:12:31.882 D/cdfinger( 1493): SIGIO signal FINGERDOWN received!
04-18 07:12:31.882 D/cdfinger( 1493): sem_waited : (0)
04-18 07:12:31.886 D/cdfinger( 1493): device_waitForFinger ret = 0
04-18 07:12:31.886 D/cdfinger( 1493): EventProcessThread case status:13
04-18 07:12:31.886 D/cdfinger( 1493): Enter Switch Status, mCurStatus = 13
04-18 07:12:31.886 D/cdfinger( 1493): mCurStatus = 13 , nextStatus = 14
04-18 07:12:31.927 D/cdfingerTA( 1493): CFP_NZ: FP_REQUEST_DETECT_FINGER [2]
04-18 07:12:31.927 D/cdfingerTA( 1493): configAGC agc = 0xde, spend 8 ms, ret = 0
04-18 07:12:31.927 D/cdfingerTA( 1493): get image success 21468 22528
04-18 07:12:31.927 D/cdfingerTA( 1493): cfp_devCheckFinger nav down 0 133 133 0 73
0
04-18 07:12:31.927 D/cdfingerTA( 1493): cfp_calibrateKeyTrigger=0xd2 1
04-18 07:12:31.927 D/cdfingerTA( 1493): close move check, nConFlag 0, interFlag 0
04-18 07:12:31.927 D/cdfingerTA( 1493): CFP_NZ: FP_REQUEST_DETECT_FINGER, result =
128
04-18 07:12:31.927 E/libc ( 1493): Access denied finding property
"property.cdfinger.enablesave"
04-18 07:12:31.927 D/cdfinger( 1493): Enter Switch Status, mCurStatus = 14
04-18 07:12:31.927 D/cdfinger( 1493): mCurStatus = 14 , nextStatus = 13
04-18 07:12:31.927 D/cdfinger( 1493): REPORT_KEY: not finger or read image fail
04-18 07:12:31.927 D/cdfinger( 1493): EventProcessThread end,then check status 13
and global status 1
04-18 07:12:31.928 D/cdfinger( 1493): EventProcessThread wait hal_Down! status:13
04-18 07:12:31.929 D/cdfinger( 1493): fingerprint wait for finger .
04-18 07:12:31.929 D/cdfinger( 1493): device_waitForFinger enter
04-18 07:12:31.936 D/cdfinger( 1493): get screen status = 1, mode = 1
04-18 07:12:31.936 D/cdfinger( 1493): gotoCheckIrq no need check.
04-18 07:12:31.946 I/mm-camera( 1121): <SENSOR>< INFO> 257: sensor_probe:
[gc5035_hs70_cxt]CFG_SINIT_PROBE failed
04-18 07:12:31.947 I/mm-camera( 1121): <SENSOR>< INFO> 410: sensor_init_xml_probe:
failed: to probe gc5035_hs70_cxt
04-18 07:12:31.947 E/mm-camera( 1121): <SENSOR><ERROR> 272:
sensor_xml_util_get_node_data: LCF ADD:num_pairs = 13
04-18 07:12:31.951 I/mm-camera( 1121): <SENSOR>< INFO> 317:
sensor_sdk_util_get_i2c_freq_mode: Invalid i2c_freq_mode = 4
04-18 07:12:31.952 D/cdfingerTA( 1493): CFP_NZ: FP_REQUEST_SETMODE, ChipID = 0X88
04-18 07:12:31.952 D/cdfingerTA( 1493): cdfinger_config_interrupt 0xd2, mode = [1]
04-18 07:12:31.952 D/cdfingerTA( 1493): CFP_NZ: FP_REQUEST_SETMODE [1] ret[0]
04-18 07:12:31.952 D/cdfinger( 1493): timeout_gap:3, check_gap:2
04-18 07:12:31.952 D/cdfinger( 1493): sem_wait : (0)
04-18 07:12:31.978 D/cdfinger( 1493): SIGIO signal FINGERDOWN received!
04-18 07:12:31.978 D/cdfinger( 1493): sem_waited : (0)
04-18 07:12:31.981 D/cdfinger( 1493): device_waitForFinger ret = 0
04-18 07:12:31.982 D/cdfinger( 1493): EventProcessThread case status:13
04-18 07:12:31.982 D/cdfinger( 1493): Enter Switch Status, mCurStatus = 13
04-18 07:12:31.982 D/cdfinger( 1493): mCurStatus = 13 , nextStatus = 14
04-18 07:12:32.022 D/cdfingerTA( 1493): CFP_NZ: FP_REQUEST_DETECT_FINGER [2]
04-18 07:12:32.022 D/cdfingerTA( 1493): configAGC agc = 0xde, spend 8 ms, ret = 0
04-18 07:12:32.022 D/cdfingerTA( 1493): get image success 21473 22528
04-18 07:12:32.022 D/cdfingerTA( 1493): cfp_devCheckFinger nav down 0 133 133 0 73
0
04-18 07:12:32.022 D/cdfingerTA( 1493): cfp_calibrateKeyTrigger=0xd2 2
04-18 07:12:32.022 D/cdfingerTA( 1493): close move check, nConFlag 0, interFlag 0
04-18 07:12:32.022 D/cdfingerTA( 1493): CFP_NZ: FP_REQUEST_DETECT_FINGER, result =
128
04-18 07:12:32.022 E/libc ( 1493): Access denied finding property
"property.cdfinger.enablesave"
04-18 07:12:32.022 D/cdfinger( 1493): Enter Switch Status, mCurStatus = 14
04-18 07:12:32.022 D/cdfinger( 1493): mCurStatus = 14 , nextStatus = 13
04-18 07:12:32.022 D/cdfinger( 1493): REPORT_KEY: not finger or read image fail
04-18 07:12:32.022 D/cdfinger( 1493): EventProcessThread end,then check status 13
and global status 1
04-18 07:12:32.024 D/cdfinger( 1493): EventProcessThread wait hal_Down! status:13
04-18 07:12:32.024 D/cdfinger( 1493): fingerprint wait for finger .
04-18 07:12:32.024 D/cdfinger( 1493): device_waitForFinger enter
04-18 07:12:32.024 D/AT_Distributor( 1485): try to connect RIL
04-18 07:12:32.025 D/AT_Distributor( 1485): connection success RIL
04-18 07:12:32.025 D/AT_Distributor( 1485): Send Msg [ATD > RIL] 4 bytes <>
04-18 07:12:32.025 D/AT_Distributor( 1485): IsConnectedToAirCmdService() : false
04-18 07:12:32.025 E/AT_Distributor( 1485): Failed SendToTerminal :
GetSocketClientFd return value error.
04-18 07:12:32.025 D/AT_Distributor( 1485): startConnectToDdexeThread()
04-18 07:12:32.025 D/AT_Distributor( 1485): ConnectToDDEXE()
04-18 07:12:32.025 D/AT_Distributor( 1485): ListenFD()
04-18 07:12:32.026 D/AT_Distributor( 1485): InitSocketMessageHandler(): DDEXE,
id(7), fd(15)
04-18 07:12:32.027 D/hw-ProcessState( 1485): Binder ioctl to enable oneway spam
detection failed: Invalid argument
04-18 07:12:32.031 D/cdfinger( 1493): get screen status = 1, mode = 1
04-18 07:12:32.031 D/cdfinger( 1493): gotoCheckIrq no need check.
04-18 07:12:32.048 D/cdfingerTA( 1493): CFP_NZ: FP_REQUEST_SETMODE, ChipID = 0X88
04-18 07:12:32.048 D/cdfingerTA( 1493): cdfinger_config_interrupt 0xd2, mode = [1]
04-18 07:12:32.048 D/cdfingerTA( 1493): CFP_NZ: FP_REQUEST_SETMODE [1] ret[0]
04-18 07:12:32.048 D/cdfinger( 1493): timeout_gap:3, check_gap:2
04-18 07:12:32.048 D/cdfinger( 1493): sem_wait : (0)
04-18 07:12:32.074 D/cdfinger( 1493): SIGIO signal FINGERDOWN received!
04-18 07:12:32.074 D/cdfinger( 1493): sem_waited : (0)
04-18 07:12:32.077 D/cdfinger( 1493): device_waitForFinger ret = 0
04-18 07:12:32.078 D/cdfinger( 1493): EventProcessThread case status:13
04-18 07:12:32.078 D/cdfinger( 1493): Enter Switch Status, mCurStatus = 13
04-18 07:12:32.078 D/cdfinger( 1493): mCurStatus = 13 , nextStatus = 14
04-18 07:12:32.118 D/cdfingerTA( 1493): CFP_NZ: FP_REQUEST_DETECT_FINGER [2]
04-18 07:12:32.118 D/cdfingerTA( 1493): configAGC agc = 0xde, spend 8 ms, ret = 0
04-18 07:12:32.118 D/cdfingerTA( 1493): get image success 21479 22528
04-18 07:12:32.118 D/cdfingerTA( 1493): cfp_devCheckFinger nav down 0 132 133 0 73
0
04-18 07:12:32.118 D/cdfingerTA( 1493): cfp_calibrateKeyTrigger=0xcc 0
04-18 07:12:32.118 D/cdfingerTA( 1493): close move check, nConFlag 0, interFlag 0
04-18 07:12:32.118 D/cdfingerTA( 1493): CFP_NZ: FP_REQUEST_DETECT_FINGER, result =
128
04-18 07:12:32.119 E/libc ( 1493): Access denied finding property
"property.cdfinger.enablesave"
04-18 07:12:32.119 D/cdfinger( 1493): Enter Switch Status, mCurStatus = 14
04-18 07:12:32.119 D/cdfinger( 1493): mCurStatus = 14 , nextStatus = 13
04-18 07:12:32.119 D/cdfinger( 1493): REPORT_KEY: not finger or read image fail
04-18 07:12:32.119 D/cdfinger( 1493): EventProcessThread end,then check status 13
and global status 1
04-18 07:12:32.120 D/cdfinger( 1493): EventProcessThread wait hal_Down! status:13
04-18 07:12:32.120 D/cdfinger( 1493): fingerprint wait for finger .
04-18 07:12:32.120 D/cdfinger( 1493): device_waitForFinger enter
04-18 07:12:32.127 D/cdfinger( 1493): get screen status = 1, mode = 1
04-18 07:12:32.127 D/cdfinger( 1493): gotoCheckIrq no need check.
04-18 07:12:32.143 D/cdfingerTA( 1493): CFP_NZ: FP_REQUEST_SETMODE, ChipID = 0X88
04-18 07:12:32.143 D/cdfingerTA( 1493): cdfinger_config_interrupt 0xcc, mode = [1]
04-18 07:12:32.143 D/cdfingerTA( 1493): CFP_NZ: FP_REQUEST_SETMODE [1] ret[0]
04-18 07:12:32.143 D/cdfinger( 1493): timeout_gap:3, check_gap:2
04-18 07:12:32.143 D/cdfinger( 1493): sem_wait : (0)
04-18 07:12:32.165 I/macloader( 1464): PATH_QCWLANSTATE_SYSFS read retry 45
04-18 07:12:32.165 E/macloader( 1464): Failed to open qcwlanstate
04-18 07:12:32.169 D/cdfinger( 1493): SIGIO signal FINGERDOWN received!
04-18 07:12:32.169 D/cdfinger( 1493): sem_waited : (0)
04-18 07:12:32.172 D/cdfinger( 1493): device_waitForFinger ret = 0
04-18 07:12:32.172 D/cdfinger( 1493): EventProcessThread case status:13
04-18 07:12:32.173 D/cdfinger( 1493): Enter Switch Status, mCurStatus = 13
04-18 07:12:32.173 D/cdfinger( 1493): mCurStatus = 13 , nextStatus = 14
04-18 07:12:32.206 D/SystemServerTiming( 1804): InitBeforeStartServices took to
complete: 1091ms
04-18 07:12:32.206 D/SystemServerTiming( 1804): !@Boot_SystemServer: 1091ms :
InitBeforeStartServices
04-18 07:12:32.206 I/SystemServerTiming( 1804): !@Boot_EBS: Took 1091ms by
'InitBeforeStartServices'
04-18 07:12:32.206 I/SystemServerTiming( 1804): StartServices
04-18 07:12:32.206 I/SystemServer( 1804): !@Boot_EBS_F: startBootstrapServices
04-18 07:12:32.207 I/SystemServerTiming( 1804): startBootstrapServices
04-18 07:12:32.207 I/SystemServerTiming( 1804): StartWatchdog
04-18 07:12:32.213 D/cdfingerTA( 1493): CFP_NZ: FP_REQUEST_DETECT_FINGER [2]
04-18 07:12:32.213 D/cdfingerTA( 1493): configAGC agc = 0xde, spend 8 ms, ret = 0
04-18 07:12:32.213 D/cdfingerTA( 1493): get image success 21486 22528
04-18 07:12:32.213 D/cdfingerTA( 1493): cfp_devCheckFinger nav down 0 133 133 0 73
0
04-18 07:12:32.213 D/cdfingerTA( 1493): cfp_calibrateKeyTrigger=0xcc 1
04-18 07:12:32.213 D/cdfingerTA( 1493): close move check, nConFlag 0, interFlag 0
04-18 07:12:32.213 D/cdfingerTA( 1493): CFP_NZ: FP_REQUEST_DETECT_FINGER, result =
128
04-18 07:12:32.213 E/libc ( 1493): Access denied finding property
"property.cdfinger.enablesave"
04-18 07:12:32.213 D/cdfinger( 1493): Enter Switch Status, mCurStatus = 14
04-18 07:12:32.213 D/cdfinger( 1493): mCurStatus = 14 , nextStatus = 13
04-18 07:12:32.213 D/cdfinger( 1493): REPORT_KEY: not finger or read image fail
04-18 07:12:32.213 D/cdfinger( 1493): EventProcessThread end,then check status 13
and global status 1
04-18 07:12:32.214 D/cdfinger( 1493): EventProcessThread wait hal_Down! status:13
04-18 07:12:32.214 D/cdfinger( 1493): fingerprint wait for finger .
04-18 07:12:32.214 D/cdfinger( 1493): device_waitForFinger enter
04-18 07:12:32.221 D/cdfinger( 1493): get screen status = 1, mode = 1
04-18 07:12:32.221 D/cdfinger( 1493): gotoCheckIrq no need check.
04-18 07:12:32.238 D/cdfingerTA( 1493): CFP_NZ: FP_REQUEST_SETMODE, ChipID = 0X88
04-18 07:12:32.238 D/cdfingerTA( 1493): cdfinger_config_interrupt 0xcc, mode = [1]
04-18 07:12:32.238 D/cdfingerTA( 1493): CFP_NZ: FP_REQUEST_SETMODE [1] ret[0]
04-18 07:12:32.238 D/cdfinger( 1493): timeout_gap:3, check_gap:2
04-18 07:12:32.238 D/cdfinger( 1493): sem_wait : (0)
04-18 07:12:32.256 I/mm-camera( 1121): <SENSOR>< INFO> 257: sensor_probe:
[gc5035_hs70_ly]CFG_SINIT_PROBE failed
04-18 07:12:32.256 I/mm-camera( 1121): <SENSOR>< INFO> 410: sensor_init_xml_probe:
failed: to probe gc5035_hs70_ly
04-18 07:12:32.256 E/mm-camera( 1121): <SENSOR><ERROR> 272:
sensor_xml_util_get_node_data: LCF ADD:num_pairs = 13
04-18 07:12:32.259 I/mm-camera( 1121): <SENSOR>< INFO> 317:
sensor_sdk_util_get_i2c_freq_mode: Invalid i2c_freq_mode = 4
04-18 07:12:32.264 D/cdfinger( 1493): SIGIO signal FINGERDOWN received!
04-18 07:12:32.264 D/cdfinger( 1493): sem_waited : (0)
04-18 07:12:32.266 I/MSM-irqbalance( 1525): Discovered a new IRQ: 25
04-18 07:12:32.267 I/MSM-irqbalance( 1525): Discovered a new IRQ: 44
04-18 07:12:32.268 D/cdfinger( 1493): device_waitForFinger ret = 0
04-18 07:12:32.268 D/cdfinger( 1493): EventProcessThread case status:13
04-18 07:12:32.268 D/cdfinger( 1493): Enter Switch Status, mCurStatus = 13
04-18 07:12:32.268 D/cdfinger( 1493): mCurStatus = 13 , nextStatus = 14
04-18 07:12:32.309 D/cdfingerTA( 1493): CFP_NZ: FP_REQUEST_DETECT_FINGER [2]
04-18 07:12:32.309 D/cdfingerTA( 1493): configAGC agc = 0xde, spend 8 ms, ret = 0
04-18 07:12:32.309 D/cdfingerTA( 1493): get image success 21487 22528
04-18 07:12:32.309 D/cdfingerTA( 1493): cfp_devCheckFinger nav down 0 133 133 0 73
0
04-18 07:12:32.309 D/cdfingerTA( 1493): cfp_calibrateKeyTrigger=0xcc 2
04-18 07:12:32.309 D/cdfingerTA( 1493): close move check, nConFlag 0, interFlag 0
04-18 07:12:32.309 D/cdfingerTA( 1493): CFP_NZ: FP_REQUEST_DETECT_FINGER, result =
128
04-18 07:12:32.309 E/libc ( 1493): Access denied finding property
"property.cdfinger.enablesave"
04-18 07:12:32.309 D/cdfinger( 1493): Enter Switch Status, mCurStatus = 14
04-18 07:12:32.309 D/cdfinger( 1493): mCurStatus = 14 , nextStatus = 13
04-18 07:12:32.309 D/cdfinger( 1493): REPORT_KEY: not finger or read image fail
04-18 07:12:32.309 D/cdfinger( 1493): EventProcessThread end,then check status 13
and global status 1
04-18 07:12:32.310 D/cdfinger( 1493): EventProcessThread wait hal_Down! status:13
04-18 07:12:32.310 D/cdfinger( 1493): fingerprint wait for finger .
04-18 07:12:32.310 D/cdfinger( 1493): device_waitForFinger enter
04-18 07:12:32.318 D/cdfinger( 1493): get screen status = 1, mode = 1
04-18 07:12:32.318 D/cdfinger( 1493): gotoCheckIrq no need check.
04-18 07:12:32.333 D/cdfingerTA( 1493): CFP_NZ: FP_REQUEST_SETMODE, ChipID = 0X88
04-18 07:12:32.333 D/cdfingerTA( 1493): cdfinger_config_interrupt 0xcc, mode = [1]
04-18 07:12:32.333 D/cdfingerTA( 1493): CFP_NZ: FP_REQUEST_SETMODE [1] ret[0]
04-18 07:12:32.334 D/cdfinger( 1493): timeout_gap:3, check_gap:2
04-18 07:12:32.334 D/cdfinger( 1493): sem_wait : (0)
04-18 07:12:32.357 E/QTI_SDM_INFO( 1538): [qti_rmnet_peripheral.c:768]
qti_file_open():Could not open device file. Errno 2 error msg=No such file or
directory
04-18 07:12:32.360 D/cdfinger( 1493): SIGIO signal FINGERDOWN received!
04-18 07:12:32.360 D/cdfinger( 1493): sem_waited : (0)
04-18 07:12:32.363 D/cdfinger( 1493): device_waitForFinger ret = 0
04-18 07:12:32.364 D/cdfinger( 1493): EventProcessThread case status:13
04-18 07:12:32.364 D/cdfinger( 1493): Enter Switch Status, mCurStatus = 13
04-18 07:12:32.364 D/cdfinger( 1493): mCurStatus = 13 , nextStatus = 14
04-18 07:12:32.391 D/SystemServerTiming( 1804): StartWatchdog took to complete:
184ms
04-18 07:12:32.391 I/SystemServer( 1804): Reading configuration...
04-18 07:12:32.391 I/SystemServerTiming( 1804): ReadingSystemConfig
04-18 07:12:32.392 I/softdog ( 1804): !@Success to open /dev/watchdog
04-18 07:12:32.392 D/SystemServerTiming( 1804): ReadingSystemConfig took to
complete: 1ms
04-18 07:12:32.392 I/SystemServerTiming( 1804): PlatformCompat
04-18 07:12:32.392 I/softdog ( 1804): !@Success to set timeout of /dev/watchdog :
100s
04-18 07:12:32.392 I/SystemServerTimingAsync( 1804):
InitThreadPoolExec:ReadingSystemConfig
04-18 07:12:32.394 I/SystemConfig( 1804): Reading permissions from
/system/etc/sysconfig/clockpackageapp.xml
04-18 07:12:32.395 E/Watchdog( 1804): !@Sync: 0 heap: 6 / 256 [2023-04-18
07:12:32.394] sdogWay: softdog FD: 85
04-18 07:12:32.395 D/CompatConfig( 1804): Found a config file:
/system/etc/compatconfig/calendar-provider-compat-config.xml
04-18 07:12:32.396 I/incfs ( 1804): Initial API level of the device: 29
04-18 07:12:32.396 I/incfs ( 1804): ro.incremental.enable:
04-18 07:12:32.396 I/SystemConfig( 1804): Reading permissions from
/system/etc/sysconfig/partner-apex-system-allowlist.xml
