03-20 15:50:43.906 19776 19903 W LOTTIE : Unknown shape type rd
03-20 15:50:43.995 19776 19776 E ArmVmp : Match on catch block at 0x0a in for 0x712e544035
03-20 15:50:44.001 19776 19776 E ArmVmp : Match on catch block at 0x0a in for 0x712e544035
03-20 15:50:44.131 19776 19776 E ArmVmp : Match on catch block at 0xc3 in for 0x712e544021
03-20 15:50:44.134 19776 19776 E ArmVmp : Match on catch block at 0xc3 in for 0x712e544021
03-20 15:50:44.159 19776 19849 W Parcel : Expecting binder but got null!
03-20 15:50:44.193 19776 19776 E ArmVmp : Match on catch block at 0xc3 in for 0x712e544025
03-20 15:50:44.197 19776 19776 E ArmVmp : Match on catch block at 0xc3 in for 0x712e544025
03-20 15:50:44.233 19776 19776 E ArmVmp : Match on catch block at 0xc3 in for 0x712e544025
03-20 15:50:44.235 19776 19776 E ArmVmp : Match on catch block at 0xc3 in for 0x712e544025
03-20 15:50:44.269 19776 19776 E ArmVmp : Match on catch block at 0xc3 in for 0x712e544025
03-20 15:50:44.271 19776 19776 E ArmVmp : Match on catch block at 0xc3 in for 0x712e544025
03-20 15:50:44.297 19776 19776 E ArmVmp : Match on catch block at 0xc3 in for 0x712e544025
03-20 15:50:44.298 19776 19776 E ArmVmp : Match on catch block at 0xc3 in for 0x712e544025
03-20 15:50:44.789 19776 19776 E ArmVmp : Match on catch block at 0xc3 in for 0x712e544025
03-20 15:50:44.793 19776 19776 E ArmVmp : Match on catch block at 0xc3 in for 0x712e544025
03-20 15:50:45.303 19776 19776 E ArmVmp : Match on catch block at 0xc3 in for 0x712e544025
03-20 15:50:45.306 19776 19776 E ArmVmp : Match on catch block at 0xc3 in for 0x712e544025
03-20 15:50:45.327 19776 19776 E ArmVmp : Match on catch block at 0xc3 in for 0x712e544025
03-20 15:50:45.330 19776 19776 E ArmVmp : Match on catch block at 0xc3 in for 0x712e544025
03-20 15:50:45.425 19776 19776 W OnBackInvokedCallback: OnBackInvokedCallback is not enabled for the application.
03-20 15:50:45.425 19776 19776 W OnBackInvokedCallback: Set 'android:enableOnBackInvokedCallback="true"' in the application manifest.
03-20 15:50:45.511 19776 19776 E ArmVmp : Match on catch block at 0xc3 in for 0x712e544025
03-20 15:50:45.513 19776 19776 E ArmVmp : Match on catch block at 0xc3 in for 0x712e544025
03-20 15:50:45.520 19776 19776 E ArmVmp : Match on catch block at 0xc3 in for 0x712e544025
03-20 15:50:45.522 19776 19776 E ArmVmp : Match on catch block at 0xc3 in for 0x712e544025
03-20 15:50:45.734 19776 19776 E ArmVmp : Match on catch block at 0xc3 in for 0x712e544025
03-20 15:50:45.736 19776 19776 E ArmVmp : Match on catch block at 0xc3 in for 0x712e544025
03-20 15:50:45.800 19776 19776 E ArmVmp : Match on catch block at 0xc3 in for 0x712e544025
03-20 15:50:45.803 19776 19776 E ArmVmp : Match on catch block at 0xc3 in for 0x712e544025
03-20 15:50:46.215 19776 19776 E ArmVmp : Match on catch block at 0xc3 in for 0x712e544025
03-20 15:50:46.218 19776 19776 E ArmVmp : Match on catch block at 0xc3 in for 0x712e544025
03-20 15:50:46.233 19776 19776 E ArmVmp : Match on catch block at 0xc3 in for 0x712e544025
03-20 15:50:46.235 19776 19776 E ArmVmp : Match on catch block at 0xc3 in for 0x712e544025
03-20 15:50:46.248 19776 19776 E ArmVmp : Match on catch block at 0xc3 in for 0x712e544025
03-20 15:50:46.251 19776 19776 E ArmVmp : Match on catch block at 0xc3 in for 0x712e544025
03-20 15:50:46.265 19776 19776 E ArmVmp : Match on catch block at 0xc3 in for 0x712e544025
03-20 15:50:46.270 19776 19776 E ArmVmp : Match on catch block at 0xc3 in for 0x712e544025
03-20 15:50:46.281 19776 19776 E ArmVmp : Match on catch block at 0xc3 in for 0x712e544025
03-20 15:50:46.284 19776 19776 E ArmVmp : Match on catch block at 0xc3 in for 0x712e544025
03-20 15:50:46.297 19776 19776 E ArmVmp : Match on catch block at 0xc3 in for 0x712e544025
03-20 15:50:46.300 19776 19776 E ArmVmp : Match on catch block at 0xc3 in for 0x712e544025
03-20 15:50:46.316 19776 19776 E ArmVmp : Match on catch block at 0xc3 in for 0x712e544025
03-20 15:50:46.318 19776 19776 E ArmVmp : Match on catch block at 0xc3 in for 0x712e544025
03-20 15:50:46.331 19776 19776 E ArmVmp : Match on catch block at 0xc3 in for 0x712e544025
03-20 15:50:46.334 19776 19776 E ArmVmp : Match on catch block at 0xc3 in for 0x712e544025
03-20 15:50:46.347 19776 19776 E ArmVmp : Match on catch block at 0xc3 in for 0x712e544025
03-20 15:50:46.350 19776 19776 E ArmVmp : Match on catch block at 0xc3 in for 0x712e544025
03-20 15:50:46.364 19776 19776 E ArmVmp : Match on catch block at 0xc3 in for 0x712e544025
03-20 15:50:46.367 19776 19776 E ArmVmp : Match on catch block at 0xc3 in for 0x712e544025
03-20 15:50:46.381 19776 19776 E ArmVmp : Match on catch block at 0xc3 in for 0x712e544025
03-20 15:50:46.384 19776 19776 E ArmVmp : Match on catch block at 0xc3 in for 0x712e544025
03-20 15:50:46.397 19776 19776 E ArmVmp : Match on catch block at 0xc3 in for 0x712e544025
03-20 15:50:46.399 19776 19776 E ArmVmp : Match on catch block at 0xc3 in for 0x712e544025
03-20 15:50:46.614 19776 19776 E ArmVmp : Match on catch block at 0xc3 in for 0x712e544025
03-20 15:50:46.618 19776 19776 E ArmVmp : Match on catch block at 0xc3 in for 0x712e544025
03-20 15:50:46.632 19776 19776 E ArmVmp : Match on catch block at 0xc3 in for 0x712e544025
03-20 15:50:46.636 19776 19776 E ArmVmp : Match on catch block at 0xc3 in for 0x712e544025
03-20 15:50:46.654 19776 19776 E ArmVmp : Match on catch block at 0xc3 in for 0x712e544025
03-20 15:50:46.657 19776 19776 E ArmVmp : Match on catch block at 0xc3 in for 0x712e544025
03-20 15:50:46.680 19776 19776 E ArmVmp : Match on catch block at 0xc3 in for 0x712e544025
03-20 15:50:46.683 19776 19776 E ArmVmp : Match on catch block at 0xc3 in for 0x712e544025
03-20 15:50:46.697 19776 19776 E ArmVmp : Match on catch block at 0xc3 in for 0x712e544025
03-20 15:50:46.702 19776 19776 E ArmVmp : Match on catch block at 0xc3 in for 0x712e544025
03-20 15:50:46.747 19776 19776 E ArmVmp : Match on catch block at 0xc3 in for 0x712e544025
03-20 15:50:46.749 19776 19776 E ArmVmp : Match on catch block at 0xc3 in for 0x712e544025
03-20 15:50:46.768 19776 19776 E ArmVmp : Match on catch block at 0xc3 in for 0x712e544025
03-20 15:50:46.771 19776 19776 E ArmVmp : Match on catch block at 0xc3 in for 0x712e544025
03-20 15:50:46.780 19776 19776 E ArmVmp : Match on catch block at 0xc3 in for 0x712e544025
03-20 15:50:46.783 19776 19776 E ArmVmp : Match on catch block at 0xc3 in for 0x712e544025
03-20 15:50:46.795 19776 19776 E ArmVmp : Match on catch block at 0xc3 in for 0x712e544025
03-20 15:50:46.797 19776 19776 E ArmVmp : Match on catch block at 0xc3 in for 0x712e544025
03-20 15:50:46.812 19776 19776 E ArmVmp : Match on catch block at 0xc3 in for 0x712e544025
03-20 15:50:46.815 19776 19776 E ArmVmp : Match on catch block at 0xc3 in for 0x712e544025
03-20 15:50:46.828 19776 19776 E ArmVmp : Match on catch block at 0xc3 in for 0x712e544025
03-20 15:50:46.830 19776 19776 E ArmVmp : Match on catch block at 0xc3 in for 0x712e544025
03-20 15:50:47.128 19776 19776 E ArmVmp : Match on catch block at 0xc3 in for 0x712e544025
03-20 15:50:47.132 19776 19776 E ArmVmp : Match on catch block at 0xc3 in for 0x712e544025
03-20 15:50:47.381 19776 19776 E ArmVmp : Match on catch block at 0xc3 in for 0x712e544025
03-20 15:50:47.384 19776 19776 E ArmVmp : Match on catch block at 0xc3 in for 0x712e544025
03-20 15:50:47.402 19776 19877 W MediaPlayer: Use of stream types is deprecated for operations other than volume control
03-20 15:50:47.402 19776 19877 W MediaPlayer: See the documentation of setAudioStreamType() for what to use instead with android.media.AudioAttributes to qualify your playback use case
03-20 15:50:47.515 19776 19789 W MediaPlayerNative: info/warning (10973, 0)
03-20 15:50:47.625 19776 19776 E ArmVmp : Match on catch block at 0xc3 in for 0x712e544025
03-20 15:50:47.627 19776 19776 E ArmVmp : Match on catch block at 0xc3 in for 0x712e544025
03-20 15:50:48.141 19776 19776 E ArmVmp : Match on catch block at 0xc3 in for 0x712e544025
03-20 15:50:48.146 19776 19776 E ArmVmp : Match on catch block at 0xc3 in for 0x712e544025
03-20 15:50:48.640 19776 19776 E ArmVmp : Match on catch block at 0xc3 in for 0x712e544025
03-20 15:50:48.646 19776 19776 E ArmVmp : Match on catch block at 0xc3 in for 0x712e544025
03-20 15:50:49.048 19776 19776 E ArmVmp : Match on catch block at 0xc3 in for 0x712e544025
03-20 15:50:49.052 19776 19776 E ArmVmp : Match on catch block at 0xc3 in for 0x712e544025
03-20 15:50:49.136 19776 19776 E ArmVmp : Match on catch block at 0xc3 in for 0x712e544025
03-20 15:50:49.139 19776 19776 E ArmVmp : Match on catch block at 0xc3 in for 0x712e544025
03-20 15:50:49.634 19776 19776 E ArmVmp : Match on catch block at 0xc3 in for 0x712e544025
03-20 15:50:49.638 19776 19776 E ArmVmp : Match on catch block at 0xc3 in for 0x712e544025
03-20 15:50:50.132 19776 19776 E ArmVmp : Match on catch block at 0xc3 in for 0x712e544025
03-20 15:50:50.137 19776 19776 E ArmVmp : Match on catch block at 0xc3 in for 0x712e544025
03-20 15:50:50.646 19776 19776 E ArmVmp : Match on catch block at 0xc3 in for 0x712e544025
03-20 15:50:50.648 19776 19776 E ArmVmp : Match on catch block at 0xc3 in for 0x712e544025
03-20 15:50:51.144 19776 19776 E ArmVmp : Match on catch block at 0xc3 in for 0x712e544025
03-20 15:50:51.147 19776 19776 E ArmVmp : Match on catch block at 0xc3 in for 0x712e544025
03-20 15:50:51.641 19776 19776 E ArmVmp : Match on catch block at 0xc3 in for 0x712e544025
03-20 15:50:51.647 19776 19776 E ArmVmp : Match on catch block at 0xc3 in for 0x712e544025
03-20 15:50:51.741 19776 19776 E ArmVmp : Match on catch block at 0xc3 in for 0x712e544025
03-20 15:50:51.745 19776 19776 E ArmVmp : Match on catch block at 0xc3 in for 0x712e544025
03-20 15:50:51.859 19776 19776 E ArmVmp : Match on catch block at 0xc3 in for 0x712e544025
03-20 15:50:51.860 19776 19776 E ArmVmp : Match on catch block at 0xc3 in for 0x712e544025
03-20 15:50:51.962 19776 19776 W OnBackInvokedCallback: OnBackInvokedCallback is not enabled for the application.
03-20 15:50:51.962 19776 19776 W OnBackInvokedCallback: Set 'android:enableOnBackInvokedCallback="true"' in the application manifest.
03-20 15:50:51.999 19776 19776 E ArmVmp : Match on catch block at 0xc3 in for 0x712e544025
03-20 15:50:52.001 19776 19776 E ArmVmp : Match on catch block at 0xc3 in for 0x712e544025
03-20 15:50:52.007 19776 19776 E ArmVmp : Match on catch block at 0xc3 in for 0x712e544025
03-20 15:50:52.009 19776 19776 E ArmVmp : Match on catch block at 0xc3 in for 0x712e544025
03-20 15:50:52.265 19776 19776 E ArmVmp : Match on catch block at 0xc3 in for 0x712e544025
03-20 15:50:52.267 19776 19776 E ArmVmp : Match on catch block at 0xc3 in for 0x712e544025
03-20 15:50:58.379 19776 19849 W Parcel : Expecting binder but got null!
03-20 15:50:59.610 19776 19776 W InputEventReceiver: Attempted to finish an input event but the input event receiver has already been disposed.
03-20 15:51:04.962 19776 19776 E ArmVmp : Match on catch block at 0x0a in for 0x712e544071
03-20 15:51:05.007 19776 19849 W Parcel : Expecting binder but got null!
03-20 15:51:15.912 19776 19776 E ArmVmp : Match on catch block at 0x0a in for 0x712e54405d
03-20 15:51:15.948 19776 19849 W Parcel : Expecting binder but got null!
03-20 15:51:27.677 19776 19776 E ArmVmp : Match on catch block at 0x0a in for 0x712e544035
03-20 15:51:27.681 19776 19776 E ArmVmp : Match on catch block at 0x0a in for 0x712e544035
03-20 15:51:27.812 19776 19776 E ArmVmp : Match on catch block at 0xc3 in for 0x712e544021
03-20 15:51:27.814 19776 19776 E ArmVmp : Match on catch block at 0xc3 in for 0x712e544021
03-20 15:51:27.816 19776 19776 E ArmVmp : Match on catch block at 0xc3 in for 0x712e544021
03-20 15:51:27.839 19776 19849 W Parcel : Expecting binder but got null!
03-20 15:51:27.862 19776 19776 E ArmVmp : Match on catch block at 0xc3 in for 0x712e544025
03-20 15:51:27.863 19776 19776 E ArmVmp : Match on catch block at 0xc3 in for 0x712e544025
03-20 15:51:27.866 19776 19776 E ArmVmp : Match on catch block at 0xc3 in for 0x712e544025
03-20 15:51:27.892 19776 19776 E ArmVmp : Match on catch block at 0xc3 in for 0x712e544025
03-20 15:51:27.894 19776 19776 E ArmVmp : Match on catch block at 0xc3 in for 0x712e544025
03-20 15:51:27.896 19776 19776 E ArmVmp : Match on catch block at 0xc3 in for 0x712e544025
03-20 15:51:27.914 19776 19776 E ArmVmp : Match on catch block at 0xc3 in for 0x712e544025
03-20 15:51:27.917 19776 19776 E ArmVmp : Match on catch block at 0xc3 in for 0x712e544025
03-20 15:51:27.919 19776 19776 E ArmVmp : Match on catch block at 0xc3 in for 0x712e544025
03-20 15:51:27.923 19776 19776 E ArmVmp : Match on catch block at 0xc3 in for 0x712e544025
03-20 15:51:27.925 19776 19776 E ArmVmp : Match on catch block at 0xc3 in for 0x712e544025
03-20 15:51:27.927 19776 19776 E ArmVmp : Match on catch block at 0xc3 in for 0x712e544025
03-20 15:51:27.954 19776 19776 E ArmVmp : Match on catch block at 0xc3 in for 0x712e544025
03-20 15:51:27.958 19776 19776 E ArmVmp : Match on catch block at 0xc3 in for 0x712e544025
03-20 15:51:27.960 19776 19776 E ArmVmp : Match on catch block at 0xc3 in for 0x712e544025
03-20 15:51:28.446 19776 19776 E ArmVmp : Match on catch block at 0xc3 in for 0x712e544025
03-20 15:51:28.449 19776 19776 E ArmVmp : Match on catch block at 0xc3 in for 0x712e544025
03-20 15:51:28.452 19776 19776 E ArmVmp : Match on catch block at 0xc3 in for 0x712e544025
03-20 15:51:28.774 19776 19776 E ArmVmp : Match on catch block at 0xc3 in for 0x712e544025
03-20 15:51:28.776 19776 19776 E ArmVmp : Match on catch block at 0xc3 in for 0x712e544025
03-20 15:51:28.778 19776 19776 E ArmVmp : Match on catch block at 0xc3 in for 0x712e544025
03-20 15:51:28.901 19776 19776 W OnBackInvokedCallback: OnBackInvokedCallback is not enabled for the application.
03-20 15:51:28.901 19776 19776 W OnBackInvokedCallback: Set 'android:enableOnBackInvokedCallback="true"' in the application manifest.
03-20 15:51:28.942 19776 19776 E ArmVmp : Match on catch block at 0xc3 in for 0x712e544025
03-20 15:51:28.944 19776 19776 E ArmVmp : Match on catch block at 0xc3 in for 0x712e544025
03-20 15:51:28.945 19776 19776 E ArmVmp : Match on catch block at 0xc3 in for 0x712e544025
03-20 15:51:29.001 19776 19776 E ArmVmp : Match on catch block at 0xc3 in for 0x712e544025
03-20 15:51:29.003 19776 19776 E ArmVmp : Match on catch block at 0xc3 in for 0x712e544025
03-20 15:51:29.004 19776 19776 E ArmVmp : Match on catch block at 0xc3 in for 0x712e544025
03-20 15:51:29.010 19776 19776 E ArmVmp : Match on catch block at 0xc3 in for 0x712e544025
03-20 15:51:29.012 19776 19776 E ArmVmp : Match on catch block at 0xc3 in for 0x712e544025
03-20 15:51:29.014 19776 19776 E ArmVmp : Match on catch block at 0xc3 in for 0x712e544025
03-20 15:51:29.225 19776 19776 E ArmVmp : Match on catch block at 0xc3 in for 0x712e544025
03-20 15:51:29.227 19776 19776 E ArmVmp : Match on catch block at 0xc3 in for 0x712e544025
03-20 15:51:29.229 19776 19776 E ArmVmp : Match on catch block at 0xc3 in for 0x712e544025
03-20 15:51:29.440 19776 19776 E ArmVmp : Match on catch block at 0xc3 in for 0x712e544025
03-20 15:51:29.443 19776 19776 E ArmVmp : Match on catch block at 0xc3 in for 0x712e544025
03-20 15:51:29.446 19776 19776 E ArmVmp : Match on catch block at 0xc3 in for 0x712e544025
03-20 15:51:29.939 19776 19776 E ArmVmp : Match on catch block at 0xc3 in for 0x712e544025
03-20 15:51:29.942 19776 19776 E ArmVmp : Match on catch block at 0xc3 in for 0x712e544025
03-20 15:51:29.945 19776 19776 E ArmVmp : Match on catch block at 0xc3 in for 0x712e544025
03-20 15:51:29.975 19776 19776 E ArmVmp : Match on catch block at 0xc3 in for 0x712e544025
03-20 15:51:29.977 19776 19776 E ArmVmp : Match on catch block at 0xc3 in for 0x712e544025
03-20 15:51:29.980 19776 19776 E ArmVmp : Match on catch block at 0xc3 in for 0x712e544025
03-20 15:51:29.995 19776 19776 E ArmVmp : Match on catch block at 0xc3 in for 0x712e544025
03-20 15:51:29.997 19776 19776 E ArmVmp : Match on catch block at 0xc3 in for 0x712e544025
03-20 15:51:30.000 19776 19776 E ArmVmp : Match on catch block at 0xc3 in for 0x712e544025
03-20 15:51:30.007 19776 19776 E ArmVmp : Match on catch block at 0xc3 in for 0x712e544025
03-20 15:51:30.010 19776 19776 E ArmVmp : Match on catch block at 0xc3 in for 0x712e544025
03-20 15:51:30.013 19776 19776 E ArmVmp : Match on catch block at 0xc3 in for 0x712e544025
03-20 15:51:30.023 19776 19776 E ArmVmp : Match on catch block at 0xc3 in for 0x712e544025
03-20 15:51:30.026 19776 19776 E ArmVmp : Match on catch block at 0xc3 in for 0x712e544025
03-20 15:51:30.029 19776 19776 E ArmVmp : Match on catch block at 0xc3 in for 0x712e544025
03-20 15:51:30.040 19776 19776 E ArmVmp : Match on catch block at 0xc3 in for 0x712e544025
03-20 15:51:30.043 19776 19776 E ArmVmp : Match on catch block at 0xc3 in for 0x712e544025
03-20 15:51:30.045 19776 19776 E ArmVmp : Match on catch block at 0xc3 in for 0x712e544025
03-20 15:51:30.057 19776 19776 E ArmVmp : Match on catch block at 0xc3 in for 0x712e544025
03-20 15:51:30.059 19776 19776 E ArmVmp : Match on catch block at 0xc3 in for 0x712e544025
03-20 15:51:30.061 19776 19776 E ArmVmp : Match on catch block at 0xc3 in for 0x712e544025
03-20 15:51:30.073 19776 19776 E ArmVmp : Match on catch block at 0xc3 in for 0x712e544025
03-20 15:51:30.076 19776 19776 E ArmVmp : Match on catch block at 0xc3 in for 0x712e544025
03-20 15:51:30.078 19776 19776 E ArmVmp : Match on catch block at 0xc3 in for 0x712e544025
03-20 15:51:30.091 19776 19776 E ArmVmp : Match on catch block at 0xc3 in for 0x712e544025
03-20 15:51:30.093 19776 19776 E ArmVmp : Match on catch block at 0xc3 in for 0x712e544025
03-20 15:51:30.096 19776 19776 E ArmVmp : Match on catch block at 0xc3 in for 0x712e544025
03-20 15:51:30.107 19776 19776 E ArmVmp : Match on catch block at 0xc3 in for 0x712e544025
03-20 15:51:30.110 19776 19776 E ArmVmp : Match on catch block at 0xc3 in for 0x712e544025
03-20 15:51:30.112 19776 19776 E ArmVmp : Match on catch block at 0xc3 in for 0x712e544025
03-20 15:51:30.125 19776 19776 E ArmVmp : Match on catch block at 0xc3 in for 0x712e544025
03-20 15:51:30.128 19776 19776 E ArmVmp : Match on catch block at 0xc3 in for 0x712e544025
03-20 15:51:30.130 19776 19776 E ArmVmp : Match on catch block at 0xc3 in for 0x712e544025
03-20 15:51:30.140 19776 19776 E ArmVmp : Match on catch block at 0xc3 in for 0x712e544025
03-20 15:51:30.143 19776 19776 E ArmVmp : Match on catch block at 0xc3 in for 0x712e544025
03-20 15:51:30.145 19776 19776 E ArmVmp : Match on catch block at 0xc3 in for 0x712e544025
03-20 15:51:30.156 19776 19776 E ArmVmp : Match on catch block at 0xc3 in for 0x712e544025
03-20 15:51:30.159 19776 19776 E ArmVmp : Match on catch block at 0xc3 in for 0x712e544025
03-20 15:51:30.161 19776 19776 E ArmVmp : Match on catch block at 0xc3 in for 0x712e544025
03-20 15:51:30.173 19776 19776 E ArmVmp : Match on catch block at 0xc3 in for 0x712e544025
03-20 15:51:30.176 19776 19776 E ArmVmp : Match on catch block at 0xc3 in for 0x712e544025
03-20 15:51:30.179 19776 19776 E ArmVmp : Match on catch block at 0xc3 in for 0x712e544025
03-20 15:51:30.190 19776 19776 E ArmVmp : Match on catch block at 0xc3 in for 0x712e544025
03-20 15:51:30.193 19776 19776 E ArmVmp : Match on catch block at 0xc3 in for 0x712e544025
03-20 15:51:30.195 19776 19776 E ArmVmp : Match on catch block at 0xc3 in for 0x712e544025
03-20 15:51:30.206 19776 19776 E ArmVmp : Match on catch block at 0xc3 in for 0x712e544025
03-20 15:51:30.209 19776 19776 E ArmVmp : Match on catch block at 0xc3 in for 0x712e544025
03-20 15:51:30.211 19776 19776 E ArmVmp : Match on catch block at 0xc3 in for 0x712e544025
03-20 15:51:30.223 19776 19776 E ArmVmp : Match on catch block at 0xc3 in for 0x712e544025
03-20 15:51:30.226 19776 19776 E ArmVmp : Match on catch block at 0xc3 in for 0x712e544025
03-20 15:51:30.228 19776 19776 E ArmVmp : Match on catch block at 0xc3 in for 0x712e544025
03-20 15:51:30.240 19776 19776 E ArmVmp : Match on catch block at 0xc3 in for 0x712e544025
03-20 15:51:30.242 19776 19776 E ArmVmp : Match on catch block at 0xc3 in for 0x712e544025
03-20 15:51:30.245 19776 19776 E ArmVmp : Match on catch block at 0xc3 in for 0x712e544025
03-20 15:51:30.256 19776 19776 E ArmVmp : Match on catch block at 0xc3 in for 0x712e544025
03-20 15:51:30.259 19776 19776 E ArmVmp : Match on catch block at 0xc3 in for 0x712e544025
03-20 15:51:30.262 19776 19776 E ArmVmp : Match on catch block at 0xc3 in for 0x712e544025
03-20 15:51:30.307 19776 19776 E ArmVmp : Match on catch block at 0xc3 in for 0x712e544025
03-20 15:51:30.309 19776 19776 E ArmVmp : Match on catch block at 0xc3 in for 0x712e544025
03-20 15:51:30.326 19776 19776 E ArmVmp : Match on catch block at 0xc3 in for 0x712e544025
03-20 15:51:30.328 19776 19776 E ArmVmp : Match on catch block at 0xc3 in for 0x712e544025
03-20 15:51:30.338 19776 19776 E ArmVmp : Match on catch block at 0xc3 in for 0x712e544025
03-20 15:51:30.341 19776 19776 E ArmVmp : Match on catch block at 0xc3 in for 0x712e544025
03-20 15:51:30.353 19776 19776 E ArmVmp : Match on catch block at 0xc3 in for 0x712e544025
03-20 15:51:30.356 19776 19776 E ArmVmp : Match on catch block at 0xc3 in for 0x712e544025
03-20 15:51:30.370 19776 19776 E ArmVmp : Match on catch block at 0xc3 in for 0x712e544025
03-20 15:51:30.372 19776 19776 E ArmVmp : Match on catch block at 0xc3 in for 0x712e544025
03-20 15:51:30.375 19776 19776 E ArmVmp : Match on catch block at 0xc3 in for 0x712e544025
03-20 15:51:30.386 19776 19776 E ArmVmp : Match on catch block at 0xc3 in for 0x712e544025
03-20 15:51:30.389 19776 19776 E ArmVmp : Match on catch block at 0xc3 in for 0x712e544025
03-20 15:51:30.391 19776 19776 E ArmVmp : Match on catch block at 0xc3 in for 0x712e544025
03-20 15:51:30.403 19776 19776 E ArmVmp : Match on catch block at 0xc3 in for 0x712e544025
03-20 15:51:30.405 19776 19776 E ArmVmp : Match on catch block at 0xc3 in for 0x712e544025
03-20 15:51:30.408 19776 19776 E ArmVmp : Match on catch block at 0xc3 in for 0x712e544025
03-20 15:51:30.419 19776 19776 E ArmVmp : Match on catch block at 0xc3 in for 0x712e544025
03-20 15:51:30.422 19776 19776 E ArmVmp : Match on catch block at 0xc3 in for 0x712e544025
03-20 15:51:30.424 19776 19776 E ArmVmp : Match on catch block at 0xc3 in for 0x712e544025
03-20 15:51:30.436 19776 19776 E ArmVmp : Match on catch block at 0xc3 in for 0x712e544025
03-20 15:51:30.439 19776 19776 E ArmVmp : Match on catch block at 0xc3 in for 0x712e544025
03-20 15:51:30.441 19776 19776 E ArmVmp : Match on catch block at 0xc3 in for 0x712e544025
03-20 15:51:30.453 19776 19776 E ArmVmp : Match on catch block at 0xc3 in for 0x712e544025
03-20 15:51:30.455 19776 19776 E ArmVmp : Match on catch block at 0xc3 in for 0x712e544025
03-20 15:51:30.457 19776 19776 E ArmVmp : Match on catch block at 0xc3 in for 0x712e544025
03-20 15:51:30.470 19776 19776 E ArmVmp : Match on catch block at 0xc3 in for 0x712e544025
03-20 15:51:30.474 19776 19776 E ArmVmp : Match on catch block at 0xc3 in for 0x712e544025
03-20 15:51:30.478 19776 19776 E ArmVmp : Match on catch block at 0xc3 in for 0x712e544025
03-20 15:51:30.487 19776 19776 E ArmVmp : Match on catch block at 0xc3 in for 0x712e544025
03-20 15:51:30.490 19776 19776 E ArmVmp : Match on catch block at 0xc3 in for 0x712e544025
03-20 15:51:30.492 19776 19776 E ArmVmp : Match on catch block at 0xc3 in for 0x712e544025
03-20 15:51:30.503 19776 19776 E ArmVmp : Match on catch block at 0xc3 in for 0x712e544025
03-20 15:51:30.506 19776 19776 E ArmVmp : Match on catch block at 0xc3 in for 0x712e544025
03-20 15:51:30.508 19776 19776 E ArmVmp : Match on catch block at 0xc3 in for 0x712e544025
03-20 15:51:30.520 19776 19776 E ArmVmp : Match on catch block at 0xc3 in for 0x712e544025
03-20 15:51:30.523 19776 19776 E ArmVmp : Match on catch block at 0xc3 in for 0x712e544025
03-20 15:51:30.526 19776 19776 E ArmVmp : Match on catch block at 0xc3 in for 0x712e544025
03-20 15:51:30.550 19776 19776 E ArmVmp : Match on catch block at 0xc3 in for 0x712e544025
03-20 15:51:30.551 19776 19776 E ArmVmp : Match on catch block at 0xc3 in for 0x712e544025
03-20 15:51:30.554 19776 19776 E ArmVmp : Match on catch block at 0xc3 in for 0x712e544025
03-20 15:51:30.569 19776 19776 E ArmVmp : Match on catch block at 0xc3 in for 0x712e544025
03-20 15:51:30.571 19776 19776 E ArmVmp : Match on catch block at 0xc3 in for 0x712e544025
03-20 15:51:30.574 19776 19776 E ArmVmp : Match on catch block at 0xc3 in for 0x712e544025
03-20 15:51:30.951 19776 19776 E ArmVmp : Match on catch block at 0xc3 in for 0x712e544025
03-20 15:51:30.954 19776 19776 E ArmVmp : Match on catch block at 0xc3 in for 0x712e544025
03-20 15:51:30.957 19776 19776 E ArmVmp : Match on catch block at 0xc3 in for 0x712e544025
03-20 15:51:31.449 19776 19776 E ArmVmp : Match on catch block at 0xc3 in for 0x712e544025
03-20 15:51:31.453 19776 19776 E ArmVmp : Match on catch block at 0xc3 in for 0x712e544025
03-20 15:51:31.457 19776 19776 E ArmVmp : Match on catch block at 0xc3 in for 0x712e544025
03-20 15:51:31.963 19776 19776 E ArmVmp : Match on catch block at 0xc3 in for 0x712e544025
03-20 15:51:31.967 19776 19776 E ArmVmp : Match on catch block at 0xc3 in for 0x712e544025
03-20 15:51:31.970 19776 19776 E ArmVmp : Match on catch block at 0xc3 in for 0x712e544025
03-20 15:51:32.462 19776 19776 E ArmVmp : Match on catch block at 0xc3 in for 0x712e544025
03-20 15:51:32.465 19776 19776 E ArmVmp : Match on catch block at 0xc3 in for 0x712e544025
03-20 15:51:32.470 19776 19776 E ArmVmp : Match on catch block at 0xc3 in for 0x712e544025
03-20 15:51:32.720 19776 19776 E ArmVmp : Match on catch block at 0xc3 in for 0x712e544025
03-20 15:51:32.723 19776 19776 E ArmVmp : Match on catch block at 0xc3 in for 0x712e544025
03-20 15:51:32.728 19776 19776 E ArmVmp : Match on catch block at 0xc3 in for 0x712e544025
03-20 15:51:32.960 19776 19776 E ArmVmp : Match on catch block at 0xc3 in for 0x712e544025
03-20 15:51:32.966 19776 19776 E ArmVmp : Match on catch block at 0xc3 in for 0x712e544025
03-20 15:51:32.970 19776 19776 E ArmVmp : Match on catch block at 0xc3 in for 0x712e544025
03-20 15:51:33.352 19776 19776 E ArmVmp : Match on catch block at 0xc3 in for 0x712e544025
03-20 15:51:33.354 19776 19776 E ArmVmp : Match on catch block at 0xc3 in for 0x712e544025
03-20 15:51:33.356 19776 19776 E ArmVmp : Match on catch block at 0xc3 in for 0x712e544025
03-20 15:51:33.373 19776 19776 E ArmVmp : Match on catch block at 0xc3 in for 0x712e544025
03-20 15:51:33.376 19776 19776 E ArmVmp : Match on catch block at 0xc3 in for 0x712e544025
03-20 15:51:33.378 19776 19776 E ArmVmp : Match on catch block at 0xc3 in for 0x712e544025
03-20 15:51:33.390 19776 19776 E ArmVmp : Match on catch block at 0xc3 in for 0x712e544025
03-20 15:51:33.392 19776 19776 E ArmVmp : Match on catch block at 0xc3 in for 0x712e544025
03-20 15:51:33.395 19776 19776 E ArmVmp : Match on catch block at 0xc3 in for 0x712e544025
03-20 15:51:33.406 19776 19776 E ArmVmp : Match on catch block at 0xc3 in for 0x712e544025
03-20 15:51:33.411 19776 19776 E ArmVmp : Match on catch block at 0xc3 in for 0x712e544025
03-20 15:51:33.412 19776 19776 E ArmVmp : Match on catch block at 0xc3 in for 0x712e544025
03-20 15:51:33.423 19776 19776 E ArmVmp : Match on catch block at 0xc3 in for 0x712e544025
03-20 15:51:33.425 19776 19776 E ArmVmp : Match on catch block at 0xc3 in for 0x712e544025
03-20 15:51:33.429 19776 19776 E ArmVmp : Match on catch block at 0xc3 in for 0x712e544025
03-20 15:51:33.439 19776 19776 E ArmVmp : Match on catch block at 0xc3 in for 0x712e544025
03-20 15:51:33.441 19776 19776 E ArmVmp : Match on catch block at 0xc3 in for 0x712e544025
03-20 15:51:33.443 19776 19776 E ArmVmp : Match on catch block at 0xc3 in for 0x712e544025
03-20 15:51:33.457 19776 19776 E ArmVmp : Match on catch block at 0xc3 in for 0x712e544025
03-20 15:51:33.459 19776 19776 E ArmVmp : Match on catch block at 0xc3 in for 0x712e544025
03-20 15:51:33.461 19776 19776 E ArmVmp : Match on catch block at 0xc3 in for 0x712e544025
03-20 15:51:33.472 19776 19776 E ArmVmp : Match on catch block at 0xc3 in for 0x712e544025
03-20 15:51:33.474 19776 19776 E ArmVmp : Match on catch block at 0xc3 in for 0x712e544025
03-20 15:51:33.477 19776 19776 E ArmVmp : Match on catch block at 0xc3 in for 0x712e544025
03-20 15:51:33.489 19776 19776 E ArmVmp : Match on catch block at 0xc3 in for 0x712e544025
03-20 15:51:33.491 19776 19776 E ArmVmp : Match on catch block at 0xc3 in for 0x712e544025
03-20 15:51:33.492 19776 19776 E ArmVmp : Match on catch block at 0xc3 in for 0x712e544025
03-20 15:51:33.506 19776 19776 E ArmVmp : Match on catch block at 0xc3 in for 0x712e544025
03-20 15:51:33.510 19776 19776 E ArmVmp : Match on catch block at 0xc3 in for 0x712e544025
03-20 15:51:33.512 19776 19776 E ArmVmp : Match on catch block at 0xc3 in for 0x712e544025
03-20 15:51:33.522 19776 19776 E ArmVmp : Match on catch block at 0xc3 in for 0x712e544025
03-20 15:51:33.525 19776 19776 E ArmVmp : Match on catch block at 0xc3 in for 0x712e544025
03-20 15:51:33.527 19776 19776 E ArmVmp : Match on catch block at 0xc3 in for 0x712e544025
03-20 15:51:33.539 19776 19776 E ArmVmp : Match on catch block at 0xc3 in for 0x712e544025
03-20 15:51:33.540 19776 19776 E ArmVmp : Match on catch block at 0xc3 in for 0x712e544025
03-20 15:51:33.542 19776 19776 E ArmVmp : Match on catch block at 0xc3 in for 0x712e544025
03-20 15:51:33.672 19776 19776 E ArmVmp : Match on catch block at 0xc3 in for 0x712e544025
03-20 15:51:33.674 19776 19776 E ArmVmp : Match on catch block at 0xc3 in for 0x712e544025
03-20 15:51:33.676 19776 19776 E ArmVmp : Match on catch block at 0xc3 in for 0x712e544025
03-20 15:51:33.771 19776 19776 E ArmVmp : Match on catch block at 0xc3 in for 0x712e544025
03-20 15:51:33.773 19776 19776 E ArmVmp : Match on catch block at 0xc3 in for 0x712e544025
03-20 15:51:33.775 19776 19776 E ArmVmp : Match on catch block at 0xc3 in for 0x712e544025
03-20 15:51:33.987 19776 19776 E ArmVmp : Match on catch block at 0xc3 in for 0x712e544025
03-20 15:51:33.989 19776 19776 E ArmVmp : Match on catch block at 0xc3 in for 0x712e544025
03-20 15:51:33.991 19776 19776 E ArmVmp : Match on catch block at 0xc3 in for 0x712e544025
03-20 15:51:34.103 19776 19776 E ArmVmp : Match on catch block at 0xc3 in for 0x712e544025
03-20 15:51:34.106 19776 19776 E ArmVmp : Match on catch block at 0xc3 in for 0x712e544025
03-20 15:51:34.108 19776 19776 E ArmVmp : Match on catch block at 0xc3 in for 0x712e544025
03-20 15:51:34.236 19776 19776 E ArmVmp : Match on catch block at 0xc3 in for 0x712e544025
03-20 15:51:34.238 19776 19776 E ArmVmp : Match on catch block at 0xc3 in for 0x712e544025
03-20 15:51:34.240 19776 19776 E ArmVmp : Match on catch block at 0xc3 in for 0x712e544025
03-20 15:51:34.402 19776 19776 E ArmVmp : Match on catch block at 0xc3 in for 0x712e544025
03-20 15:51:34.404 19776 19776 E ArmVmp : Match on catch block at 0xc3 in for 0x712e544025
03-20 15:51:34.407 19776 19776 E ArmVmp : Match on catch block at 0xc3 in for 0x712e544025
03-20 15:51:34.752 19776 19776 E ArmVmp : Match on catch block at 0xc3 in for 0x712e544025
03-20 15:51:34.755 19776 19776 E ArmVmp : Match on catch block at 0xc3 in for 0x712e544025
03-20 15:51:34.758 19776 19776 E ArmVmp : Match on catch block at 0xc3 in for 0x712e544025
03-20 15:51:34.786 19776 19776 E ArmVmp : Match on catch block at 0xc3 in for 0x712e544025
03-20 15:51:34.789 19776 19776 E ArmVmp : Match on catch block at 0xc3 in f