Download as TXT, PDF, TXT or read online from Scribd
Download as txt, pdf, or txt
You are on page 1of 28
--------- beginning of main
03-20 15:46:40.532 14710 14710 E com.mbwhatsapp: Not starting debugger since
process cannot load the jdwp agent.
03-20 15:46:40.919 14710 14710 W System.err: java.lang.ClassNotFoundException: mbmodsd.mbmodsw.ui.views.btn.BtnBK
03-20 15:46:40.920 14710 14710 W System.err: at java.lang.Runtime.nativeLoad(Native Method)
03-20 15:46:40.920 14710 14710 W System.err: at java.lang.Runtime.nativeLoad(Runtime.java:1126)
03-20 15:46:40.920 14710 14710 W System.err: at java.lang.Runtime.loadLibrary0(Runtime.java:1080)
03-20 15:46:40.920 14710 14710 W System.err: at java.lang.Runtime.loadLibrary0(Runtime.java:1003)
03-20 15:46:40.920 14710 14710 W System.err: at java.lang.System.loadLibrary(System.java:1661)
03-20 15:46:40.920 14710 14710 W System.err: at arm.EpicVm.<clinit>(Unknown Source:2)
03-20 15:46:40.920 14710 14710 W System.err: at java.lang.Class.newInstance(Native Method)
03-20 15:46:40.920 14710 14710 W System.err: at android.app.AppComponentFactory.instantiateApplication(AppComponentFactory.java:76)
03-20 15:46:40.920 14710 14710 W System.err: at androidx.core.app.CoreComponentFactory.instantiateApplication(Unknown Source:0)
03-20 15:46:40.920 14710 14710 W System.err: at android.app.Instrumentation.newApplication(Instrumentation.java:1232)
03-20 15:46:40.920 14710 14710 W System.err: at android.app.LoadedApk.makeApplicationInner(LoadedApk.java:1566)
03-20 15:46:40.920 14710 14710 W System.err: at android.app.LoadedApk.makeApplicationInner(LoadedApk.java:1503)
03-20 15:46:40.920 14710 14710 W System.err: at android.app.ActivityThread.handleBindApplication(ActivityThread.java:7558)
03-20 15:46:40.920 14710 14710 W System.err: at android.app.ActivityThread.-$ $Nest$mhandleBindApplication(Unknown Source:0)
03-20 15:46:40.920 14710 14710 W System.err: at android.app.ActivityThread$H.handleMessage(ActivityThread.java:2400)
03-20 15:46:40.920 14710 14710 W System.err: at android.os.Handler.dispatchMessage(Handler.java:106)
03-20 15:46:40.920 14710 14710 W System.err: at android.os.Looper.loopOnce(Looper.java:226)
03-20 15:46:40.920 14710 14710 W System.err: at android.os.Looper.loop(Looper.java:313)
03-20 15:46:40.920 14710 14710 W System.err: at android.app.ActivityThread.main(ActivityThread.java:8762)
03-20 15:46:40.920 14710 14710 W System.err: at java.lang.reflect.Method.invoke(Native Method)
03-20 15:46:40.920 14710 14710 W System.err: at com.android.internal.os.RuntimeInit$MethodAndArgsCaller.run(RuntimeInit.java:604)
03-20 15:46:40.920 14710 14710 W System.err: at com.android.internal.os.ZygoteInit.main(ZygoteInit.java:1067)
03-20 15:46:40.999 14710 14710 E CustomActivityOnCrash: IMPORTANT WARNING! You already have an UncaughtExceptionHandler, are you sure this is correct? If you use a custom UncaughtExceptionHandler, you must initialize it AFTER CustomActivityOnCrash! Installing anyway, but your original handler will not be called.
03-20 15:46:41.180 14710 14741 W com.mbwhatsapp: Long monitor contention with owner main (14710) at java.io.File[] android.app.ContextImpl.getExternalMediaDirs() (ContextImpl.java:942) waiters=0 in java.io.File android.app.ContextImpl.getNoBackupFilesDir() for 151ms
03-20 15:46:41.629 14710 14741 W LibraryVersion: Failed to get app version for libraryName: firebase-iid
03-20 15:46:42.206 14837 14837 E com.mbwhatsapp: Not starting debugger since process cannot load the jdwp agent.
03-20 15:46:42.329 14837 14837 W System.err: java.lang.ClassNotFoundException: mbmodsd.mbmodsw.ui.views.btn.BtnBK
03-20 15:46:42.329 14837 14837 W System.err: at java.lang.Runtime.nativeLoad(Native Method)
03-20 15:46:42.329 14837 14837 W System.err: at java.lang.Runtime.nativeLoad(Runtime.java:1126)
03-20 15:46:42.329 14837 14837 W System.err: at java.lang.Runtime.loadLibrary0(Runtime.java:1080)
03-20 15:46:42.329 14837 14837 W System.err: at java.lang.Runtime.loadLibrary0(Runtime.java:1003)
03-20 15:46:42.329 14837 14837 W System.err: at java.lang.System.loadLibrary(System.java:1661)
03-20 15:46:42.329 14837 14837 W System.err: at arm.EpicVm.<clinit>(Unknown Source:2)
03-20 15:46:42.329 14837 14837 W System.err: at java.lang.Class.newInstance(Native Method)
03-20 15:46:42.329 14837 14837 W System.err: at android.app.AppComponentFactory.instantiateApplication(AppComponentFactory.java:76)
03-20 15:46:42.329 14837 14837 W System.err: at androidx.core.app.CoreComponentFactory.instantiateApplication(Unknown Source:0)
03-20 15:46:42.329 14837 14837 W System.err: at android.app.Instrumentation.newApplication(Instrumentation.java:1232)
03-20 15:46:42.329 14837 14837 W System.err: at android.app.LoadedApk.makeApplicationInner(LoadedApk.java:1566)
03-20 15:46:42.329 14837 14837 W System.err: at android.app.LoadedApk.makeApplicationInner(LoadedApk.java:1503)
03-20 15:46:42.329 14837 14837 W System.err: at android.app.ActivityThread.handleBindApplication(ActivityThread.java:7558)
03-20 15:46:42.329 14837 14837 W System.err: at android.app.ActivityThread.-$ $Nest$mhandleBindApplication(Unknown Source:0)
03-20 15:46:42.329 14837 14837 W System.err: at android.app.ActivityThread$H.handleMessage(ActivityThread.java:2400)
03-20 15:46:42.329 14837 14837 W System.err: at android.os.Handler.dispatchMessage(Handler.java:106)
03-20 15:46:42.329 14837 14837 W System.err: at android.os.Looper.loopOnce(Looper.java:226)
03-20 15:46:42.329 14837 14837 W System.err: at android.os.Looper.loop(Looper.java:313)
03-20 15:46:42.329 14837 14837 W System.err: at android.app.ActivityThread.main(ActivityThread.java:8762)
03-20 15:46:42.329 14837 14837 W System.err: at java.lang.reflect.Method.invoke(Native Method)
03-20 15:46:42.329 14837 14837 W System.err: at com.android.internal.os.RuntimeInit$MethodAndArgsCaller.run(RuntimeInit.java:604)
03-20 15:46:42.329 14837 14837 W System.err: at com.android.internal.os.ZygoteInit.main(ZygoteInit.java:1067)
03-20 15:46:42.397 14837 14837 E CustomActivityOnCrash: IMPORTANT WARNING! You already have an UncaughtExceptionHandler, are you sure this is correct? If you use a custom UncaughtExceptionHandler, you must initialize it AFTER CustomActivityOnCrash! Installing anyway, but your original handler will not be called.
03-20 15:46:42.470 14837 14889 W LibraryVersion: Failed to get app version for libraryName: firebase-iid
03-20 15:46:42.842 14837 14837 W com.mbwhatsapp: Accessing hidden method Lcom/android/org/conscrypt/OpenSSLSocketImpl;->setUseSessionTickets(Z)V (max- target-q,core-platform-api, reflection, denied)
03-20 15:46:42.842 14837 14837 W com.mbwhatsapp: Accessing hidden method Lcom/android/org/conscrypt/AbstractConscryptSocket;->setUseSessionTickets(Z)V (max- target-q, reflection, denied)
03-20 15:46:43.406 14917 14917 W libprocessgroup: Controller sfreezer is not found
03-20 15:46:43.407 14917 14917 W libprocessgroup: SetAttribute: unknown attribute: OlafState
03-20 15:46:43.407 14917 14917 W libprocessgroup: SetAttribute: unknown attribute: OlafState
03-20 15:46:44.092 14837 14837 W com.mbwhatsapp: Method void X.0eU.A0h(X.0tK, boolean) failed lock verification and will run slower.
03-20 15:46:44.092 14837 14837 W com.mbwhatsapp: Common causes for lock verification issues are non-optimized dex code
03-20 15:46:44.092 14837 14837 W com.mbwhatsapp: and incorrect proguard optimizations.
03-20 15:46:44.111 14837 14947 W com.mbwhatsapp: Method void X.2rL.A03(java.lang.Integer) failed lock verification and will run slower.
03-20 15:46:44.582 14837 14962 W libc : Access denied finding property "vendor.mali.config"
03-20 15:46:44.916 14837 14837 E com.mbwhatsapp: Invalid ID 0x00000000.
03-20 15:46:44.918 14837 14837 W System.err: android.content.res.Resources$NotFoundException: String resource ID #0x0
03-20 15:46:44.918 14837 14837 W System.err: at android.content.res.Resources.getText(Resources.java:512)
03-20 15:46:44.918 14837 14837 W System.err: at android.content.res.Resources.getString(Resources.java:605)
03-20 15:46:44.918 14837 14837 W System.err: at X.35t.A0E(Unknown Source:46)
03-20 15:46:44.918 14837 14837 W System.err: at com.mbwhatsapp.yo.yo.getString(Native Method)
03-20 15:46:44.918 14837 14837 W System.err: at com.mbwhatsapp.yo.yo.getString(Native Method)
03-20 15:46:44.918 14837 14837 W System.err: at com.mbwhatsapp.youbasha.task.utils.requestAllFilesAccess14(Native Method)
03-20 15:46:44.918 14837 14837 W System.err: at com.mbwhatsapp.yo.dep.showStoragePermissionRequest(Native Method)
03-20 15:46:44.919 14837 14837 W System.err: at com.mbwhatsapp.registration.EULA.onCreate(Unknown Source:248)
03-20 15:46:44.919 14837 14837 W System.err: at android.app.Activity.performCreate(Activity.java:8591)
03-20 15:46:44.919 14837 14837 W System.err: at android.app.Activity.performCreate(Activity.java:8570)
03-20 15:46:44.919 14837 14837 W System.err: at android.app.Instrumentation.callActivityOnCreate(Instrumentation.java:1384)
03-20 15:46:44.919 14837 14837 W System.err: at android.app.ActivityThread.performLaunchActivity(ActivityThread.java:4150)
03-20 15:46:44.919 14837 14837 W System.err: at android.app.ActivityThread.handleLaunchActivity(ActivityThread.java:4325)
03-20 15:46:44.919 14837 14837 W System.err: at android.app.servertransaction.LaunchActivityItem.execute(LaunchActivityItem.java:10 1)
03-20 15:46:44.919 14837 14837 W System.err: at android.app.servertransaction.TransactionExecutor.executeCallbacks(TransactionExecu tor.java:135)
03-20 15:46:44.919 14837 14837 W System.err: at android.app.servertransaction.TransactionExecutor.execute(TransactionExecutor.java: 95)
03-20 15:46:44.919 14837 14837 W System.err: at android.app.ActivityThread$H.handleMessage(ActivityThread.java:2574)
03-20 15:46:44.919 14837 14837 W System.err: at android.os.Handler.dispatchMessage(Handler.java:106)
03-20 15:46:44.919 14837 14837 W System.err: at android.os.Looper.loopOnce(Looper.java:226)
03-20 15:46:44.919 14837 14837 W System.err: at android.os.Looper.loop(Looper.java:313)
03-20 15:46:44.919 14837 14837 W System.err: at android.app.ActivityThread.main(ActivityThread.java:8762)
03-20 15:46:44.919 14837 14837 W System.err: at java.lang.reflect.Method.invoke(Native Method)
03-20 15:46:44.919 14837 14837 W System.err: at com.android.internal.os.RuntimeInit$MethodAndArgsCaller.run(RuntimeInit.java:604)
03-20 15:46:44.919 14837 14837 W System.err: at com.android.internal.os.ZygoteInit.main(ZygoteInit.java:1067)
03-20 15:46:45.194 14837 14837 W Activity: Can request only one set of permissions at a time
03-20 15:46:45.402 14837 15017 E RenderScript: Failed loading RS driver: dlopen failed: library "libRSDriverArm.so" not found
03-20 15:46:45.402 14837 15017 E RenderScript: Failed to load runtime libRSDriverArm.so, loading default
03-20 15:46:45.630 14837 14837 E ArmVmp : Match on catch block at 0x0a in for 0x712e54404d
03-20 15:46:46.244 14837 14962 W Parcel : Expecting binder but got null!
03-20 15:46:46.446 14837 14837 E ViewRootImpl@d29bab3[EULA]: Surface is not valid.
03-20 15:46:46.646 14837 14846 W com.mbwhatsapp: Cleared Reference was only reachable from finalizer (only reported once)
03-20 15:46:47.231 14837 14837 E com.mbwhatsapp: Invalid ID 0x00000000.
03-20 15:46:47.231 14837 14837 E com.mbwhatsapp: Invalid ID 0x00000000.
03-20 15:46:47.231 14837 14837 E com.mbwhatsapp: Invalid ID 0x00000000.
03-20 15:46:47.232 14837 14837 E com.mbwhatsapp: Invalid ID 0x00000000.
03-20 15:46:47.232 14837 14837 E com.mbwhatsapp: Invalid ID 0x00000000.
03-20 15:46:47.232 14837 14837 E com.mbwhatsapp: Invalid ID 0x00000000.
03-20 15:46:47.233 14837 14837 E com.mbwhatsapp: Invalid ID 0x00000000.
03-20 15:46:47.233 14837 14837 E com.mbwhatsapp: Invalid ID 0x00000000.
03-20 15:46:52.388 14837 14837 W Activity: Can request only one set of permissions at a time
03-20 15:46:52.388 14837 14837 W Activity: Can request only one set of permissions at a time
03-20 15:46:52.585 14837 14962 W Parcel : Expecting binder but got null!
03-20 15:46:59.849 14837 15600 E ShortcutInfoCompatSaver: Failed to load saved values from file /data/user/0/com.mbwhatsapp/files/ShortcutInfoCompatSaver_share_targets/ targets.xml. Old state removed, new added
03-20 15:46:59.849 14837 15600 E ShortcutInfoCompatSaver: java.io.FileNotFoundException: /data/user/0/com.mbwhatsapp/files/ShortcutInfoCompatSaver_share_targets/ targets.xml: open failed: ENOENT (No such file or directory)
03-20 15:46:59.849 14837 15600 E ShortcutInfoCompatSaver: at libcore.io.IoBridge.open(IoBridge.java:574)
03-20 15:46:59.849 14837 15600 E ShortcutInfoCompatSaver: at java.io.FileInputStream.<init>(FileInputStream.java:160)
03-20 15:46:59.849 14837 15600 E ShortcutInfoCompatSaver: at X.0nz.run(Unknown Source:82)
03-20 15:46:59.849 14837 15600 E ShortcutInfoCompatSaver: at java.util.concurrent.Executors$RunnableAdapter.call(Executors.java:487)
03-20 15:46:59.849 14837 15600 E ShortcutInfoCompatSaver: at java.util.concurrent.FutureTask.run(FutureTask.java:264)
03-20 15:46:59.849 14837 15600 E ShortcutInfoCompatSaver: at java.util.concurrent.ThreadPoolExecutor.runWorker(ThreadPoolExecutor.java:1145)
03-20 15:46:59.849 14837 15600 E ShortcutInfoCompatSaver: at java.util.concurrent.ThreadPoolExecutor$Worker.run(ThreadPoolExecutor.java:644)
03-20 15:46:59.849 14837 15600 E ShortcutInfoCompatSaver: at java.lang.Thread.run(Thread.java:1012)
03-20 15:46:59.849 14837 15600 E ShortcutInfoCompatSaver: Caused by: android.system.ErrnoException: open failed: ENOENT (No such file or directory)
03-20 15:46:59.849 14837 15600 E ShortcutInfoCompatSaver: at libcore.io.Linux.open(Native Method)
03-20 15:46:59.849 14837 15600 E ShortcutInfoCompatSaver: at libcore.io.ForwardingOs.open(ForwardingOs.java:563)
03-20 15:46:59.849 14837 15600 E ShortcutInfoCompatSaver: at libcore.io.BlockGuardOs.open(BlockGuardOs.java:274)
03-20 15:46:59.849 14837 15600 E ShortcutInfoCompatSaver: at libcore.io.ForwardingOs.open(ForwardingOs.java:563)
03-20 15:46:59.849 14837 15600 E ShortcutInfoCompatSaver: at android.app.ActivityThread$AndroidOs.open(ActivityThread.java:8624)
03-20 15:46:59.849 14837 15600 E ShortcutInfoCompatSaver: at libcore.io.IoBridge.open(IoBridge.java:560)
03-20 15:46:59.849 14837 15600 E ShortcutInfoCompatSaver: ... 7 more
03-20 15:46:59.929 14837 14962 E FrameEvents: updateAcquireFence: Did not find frame.
03-20 15:46:59.936 14837 14962 E FrameEvents: updateAcquireFence: Did not find frame.
03-20 15:46:59.952 14837 14962 E FrameEvents: updateAcquireFence: Did not find frame.
03-20 15:47:05.854 14837 14962 W Parcel : Expecting binder but got null!
03-20 15:47:07.439 14837 14837 W OnBackInvokedCallback: OnBackInvokedCallback is not enabled for the application.
03-20 15:47:07.439 14837 14837 W OnBackInvokedCallback: Set 'android:enableOnBackInvokedCallback="true"' in the application manifest.
03-20 15:47:15.932 14837 14962 W Parcel : Expecting binder but got null!
03-20 15:47:15.948 14837 14962 W Parcel : Expecting binder but got null!
03-20 15:47:20.719 14837 14837 W Settings: Setting show_button_background has moved from android.provider.Settings.System to android.provider.Settings.Global, returning read-only value.
03-20 15:47:20.754 14837 14962 W Parcel : Expecting binder but got null!
03-20 15:47:21.444 14837 14920 E PlayCore: UID: [10818] PID: [14837] StandardIntegrity : Phonesky is not installed.
03-20 15:47:21.478 14837 14953 W ziparchive: Unable to open '/system_ext/framework/org.carconnectivity.android.digitalkey.timesync.dm': No such file or directory
03-20 15:47:21.478 14837 14953 W ziparchive: Unable to open '/system_ext/framework/org.carconnectivity.android.digitalkey.timesync.dm': No such file or directory
03-20 15:47:22.733 14837 14962 W Parcel : Expecting binder but got null!
03-20 15:47:22.735 14837 14837 W OnBackInvokedCallback: OnBackInvokedCallback is not enabled for the application.
03-20 15:47:22.735 14837 14837 W OnBackInvokedCallback: Set 'android:enableOnBackInvokedCallback="true"' in the application manifest.
03-20 15:47:24.209 14837 14837 W OnBackInvokedCallback: OnBackInvokedCallback is not enabled for the application.
03-20 15:47:24.209 14837 14837 W OnBackInvokedCallback: Set 'android:enableOnBackInvokedCallback="true"' in the application manifest.
03-20 15:47:24.608 14837 14837 W Settings: Setting show_button_background has moved from android.provider.Settings.System to android.provider.Settings.Global, returning read-only value.
03-20 15:47:24.649 14837 14962 W Parcel : Expecting binder but got null!
03-20 15:47:24.704 14837 14962 W Parcel : Expecting binder but got null!
03-20 15:47:26.006 14837 14837 E ImeBackDispatcher: Ime callback not found. Ignoring unregisterReceivedCallback. callbackId: 201770813
03-20 15:47:26.018 14837 14837 W OnBackInvokedCallback: OnBackInvokedCallback is not enabled for the application.
03-20 15:47:26.018 14837 14837 W OnBackInvokedCallback: Set 'android:enableOnBackInvokedCallback="true"' in the application manifest.
03-20 15:47:49.025 14837 14837 W OnBackInvokedCallback: OnBackInvokedCallback is not enabled for the application.
03-20 15:47:49.025 14837 14837 W OnBackInvokedCallback: Set 'android:enableOnBackInvokedCallback="true"' in the application manifest.
03-20 15:47:53.348 14837 14837 W OnBackInvokedCallback: OnBackInvokedCallback is not enabled for the application.
03-20 15:47:53.348 14837 14837 W OnBackInvokedCallback: Set 'android:enableOnBackInvokedCallback="true"' in the application manifest.
03-20 15:48:05.061 14837 14837 W OnBackInvokedCallback: OnBackInvokedCallback is not enabled for the application.
03-20 15:48:05.061 14837 14837 W OnBackInvokedCallback: Set 'android:enableOnBackInvokedCallback="true"' in the application manifest.
03-20 15:48:29.405 14837 14837 W OnBackInvokedCallback: OnBackInvokedCallback is not enabled for the application.
03-20 15:48:29.405 14837 14837 W OnBackInvokedCallback: Set 'android:enableOnBackInvokedCallback="true"' in the application manifest.
03-20 15:48:36.750 14837 14962 W Parcel : Expecting binder but got null!
03-20 15:48:36.806 14837 14837 W OnBackInvokedCallback: OnBackInvokedCallback is not enabled for the application.
03-20 15:48:36.806 14837 14837 W OnBackInvokedCallback: Set 'android:enableOnBackInvokedCallback="true"' in the application manifest.
03-20 15:48:40.614 14837 14837 W OnBackInvokedCallback: OnBackInvokedCallback is not enabled for the application.
03-20 15:48:40.614 14837 14837 W OnBackInvokedCallback: Set 'android:enableOnBackInvokedCallback="true"' in the application manifest.
03-20 15:48:40.979 14837 14837 W Settings: Setting show_button_background has moved from android.provider.Settings.System to android.provider.Settings.Global, returning read-only value.
03-20 15:48:41.018 14837 14962 W Parcel : Expecting binder but got null!
03-20 15:48:42.773 14837 14962 W Parcel : Expecting binder but got null!
03-20 15:48:42.798 14837 14837 W OnBackInvokedCallback: OnBackInvokedCallback is not enabled for the application.
03-20 15:48:42.798 14837 14837 W OnBackInvokedCallback: Set 'android:enableOnBackInvokedCallback="true"' in the application manifest.
03-20 15:48:42.830 14837 14837 W OnBackInvokedCallback: OnBackInvokedCallback is not enabled for the application.
03-20 15:48:42.830 14837 14837 W OnBackInvokedCallback: Set 'android:enableOnBackInvokedCallback="true"' in the application manifest.
03-20 15:49:07.326 14837 14837 W OnBackInvokedCallback: OnBackInvokedCallback is not enabled for the application.
03-20 15:49:07.326 14837 14837 W OnBackInvokedCallback: Set 'android:enableOnBackInvokedCallback="true"' in the application manifest.
03-20 15:49:10.747 14837 14837 W Settings: Setting show_button_background has moved from android.provider.Settings.System to android.provider.Settings.Global, returning read-only value.
03-20 15:49:10.795 14837 14962 W Parcel : Expecting binder but got null!
03-20 15:49:12.780 14837 14962 W Parcel : Expecting binder but got null!
03-20 15:49:12.783 14837 14837 W OnBackInvokedCallback: OnBackInvokedCallback is not enabled for the application.
03-20 15:49:12.783 14837 14837 W OnBackInvokedCallback: Set 'android:enableOnBackInvokedCallback="true"' in the application manifest.
03-20 15:49:14.104 14837 14962 W Parcel : Expecting binder but got null!
03-20 15:49:14.224 14837 14962 W Parcel : Expecting binder but got null!
03-20 15:49:14.289 14837 14837 W OnBackInvokedCallback: OnBackInvokedCallback is not enabled for the application.
03-20 15:49:14.289 14837 14837 W OnBackInvokedCallback: Set 'android:enableOnBackInvokedCallback="true"' in the application manifest.
03-20 15:49:18.799 14837 14837 W Settings: Setting show_button_background has moved from android.provider.Settings.System to android.provider.Settings.Global, returning read-only value.
03-20 15:49:18.843 14837 14962 W Parcel : Expecting binder but got null!
03-20 15:49:18.908 14837 14837 W OnBackInvokedCallback: OnBackInvokedCallback is not enabled for the application.
03-20 15:49:18.908 14837 14837 W OnBackInvokedCallback: Set 'android:enableOnBackInvokedCallback="true"' in the application manifest.
03-20 15:49:19.493 14837 14962 W Parcel : Expecting binder but got null!
03-20 15:49:19.570 14837 14962 W Parcel : Expecting binder but got null!
03-20 15:49:19.602 14837 14837 W OnBackInvokedCallback: OnBackInvokedCallback is not enabled for the application.
03-20 15:49:19.602 14837 14837 W OnBackInvokedCallback: Set 'android:enableOnBackInvokedCallback="true"' in the application manifest.
03-20 15:49:21.267 14837 14837 W OnBackInvokedCallback: OnBackInvokedCallback is not enabled for the application.
03-20 15:49:21.267 14837 14837 W OnBackInvokedCallback: Set 'android:enableOnBackInvokedCallback="true"' in the application manifest.
03-20 15:49:43.214 14837 14962 W Parcel : Expecting binder but got null!
03-20 15:49:43.283 14837 14837 W OnBackInvokedCallback: OnBackInvokedCallback is not enabled for the application.
03-20 15:49:43.283 14837 14837 W OnBackInvokedCallback: Set 'android:enableOnBackInvokedCallback="true"' in the application manifest.
03-20 15:49:44.006 14837 14837 W com.mbwhatsapp: Method void com.mbwhatsapp.HomeActivity.A6e() failed lock verification and will run slower.
03-20 15:49:44.341 14837 14848 W System : A resource failed to call end.
03-20 15:49:44.639 14837 14837 E ArmVmp : Match on catch block at 0x0a in for 0x712e544031
03-20 15:49:44.671 14837 14837 E ArmVmp : Match on catch block at 0x0a in for 0x712e54404d
03-20 15:49:44.755 14837 19305 W com.mbwhatsapp: Accessing hidden method Lcom/android/org/conscrypt/ConscryptEngineSocket;->setUseSessionTickets(Z)V (max- target-q,core-platform-api, reflection, denied)
03-20 15:49:44.755 14837 19305 W com.mbwhatsapp: Accessing hidden method Lcom/android/org/conscrypt/OpenSSLSocketImpl;->setUseSessionTickets(Z)V (max- target-q,core-platform-api, reflection, denied)
03-20 15:49:44.755 14837 19305 W com.mbwhatsapp: Accessing hidden method Lcom/android/org/conscrypt/AbstractConscryptSocket;->setUseSessionTickets(Z)V (max- target-q, reflection, denied)
03-20 15:49:44.756 14837 19305 W com.mbwhatsapp: Accessing hidden method Lcom/android/org/conscrypt/ConscryptEngineSocket;->setHostname(Ljava/lang/String;)V (max-target-q,core-platform-api, reflection, denied)
03-20 15:49:44.756 14837 19305 W com.mbwhatsapp: Accessing hidden method Lcom/android/org/conscrypt/OpenSSLSocketImpl;->setHostname(Ljava/lang/String;)V (max-target-q,core-platform-api, reflection, denied)
03-20 15:49:44.756 14837 19305 W com.mbwhatsapp: Accessing hidden method Lcom/android/org/conscrypt/AbstractConscryptSocket;->setHostname(Ljava/lang/ String;)V (max-target-q, reflection, denied)
03-20 15:49:44.756 14837 19305 W com.mbwhatsapp: Accessing hidden method Lcom/android/org/conscrypt/OpenSSLSocketImpl;->setAlpnProtocols([B)V (max-target- q,core-platform-api, reflection, denied)
03-20 15:49:44.756 14837 19305 W com.mbwhatsapp: Accessing hidden method Lcom/android/org/conscrypt/AbstractConscryptSocket;->setAlpnProtocols([B)V (max- target-q, reflection, denied)
03-20 15:49:44.807 14837 14837 W Activity: Can request only one set of permissions at a time
03-20 15:49:44.823 14837 19209 W MediaCodec-JNI: try to release MediaCodec from JMediaCodec::~JMediaCodec()...
03-20 15:49:44.823 14837 19209 W MediaCodec-JNI: done releasing MediaCodec from JMediaCodec::~JMediaCodec().
03-20 15:49:44.894 14837 19209 W AudioCapabilities: Unsupported mime audio/x-ima
03-20 15:49:44.894 14837 19209 W AudioCapabilities: Unsupported mime audio/mpeg-L1
03-20 15:49:44.894 14837 19209 W AudioCapabilities: Unsupported mime audio/mpeg-L2
03-20 15:49:44.894 14837 19209 W VideoCapabilities: Unsupported mime video/wvc1
03-20 15:49:44.894 14837 19209 W VideoCapabilities: Unsupported mime video/x-ms-wmv
03-20 15:49:44.894 14837 19209 W AudioCapabilities: Unsupported mime audio/mpeg-L1
03-20 15:49:44.895 14837 19209 W AudioCapabilities: Unsupported mime audio/mpeg-L2
03-20 15:49:44.898 14837 19209 W VideoCapabilities: Unrecognized profile/level 32768/2 for video/mp4v-es
03-20 15:49:44.898 14837 19209 W VideoCapabilities: Unrecognized profile/level 32768/64 for video/mp4v-es
03-20 15:49:44.959 14837 19305 W com.mbwhatsapp: Accessing hidden method Lcom/android/org/conscrypt/OpenSSLSocketImpl;->getAlpnSelectedProtocol()[B (max- target-q,core-platform-api, reflection, denied)
03-20 15:49:44.960 14837 19305 W com.mbwhatsapp: Accessing hidden method Lcom/android/org/conscrypt/AbstractConscryptSocket;->getAlpnSelectedProtocol()[B (max-target-q, reflection, denied)
03-20 15:49:45.300 14837 14837 E RecyclerView: No adapter attached; skipping layout
03-20 15:49:45.706 14837 14962 W Parcel : Expecting binder but got null!
03-20 15:49:45.713 14837 14837 E ArmVmp : Match on catch block at 0x0a in for 0x712e544035
03-20 15:49:45.761 14837 14837 E RecyclerView: No adapter attached; skipping layout
03-20 15:49:45.924 14837 19347 W LOTTIE : Animation contains merge paths. Merge paths are only supported on KitKat+ and must be manually enabled by calling enableMergePathsForKitKatAndAbove().
03-20 15:49:46.112 14837 14837 W LOTTIE : Animation contains merge paths but they are disabled.
03-20 15:49:46.464 14837 14837 E ArmVmp : Match on catch block at 0x5b in for 0x712e54401d
03-20 15:50:20.335 14837 14837 E ArmVmp : Match on catch block at 0x0a in for 0x712e544031
03-20 15:50:20.354 14837 14837 E ArmVmp : Match on catch block at 0x0a in for 0x712e54404d
03-20 15:50:20.388 14837 14837 W Activity: Can request only one set of permissions at a time
03-20 15:50:20.737 14837 14837 E RecyclerView: No adapter attached; skipping layout
03-20 15:50:20.775 14837 14962 W Parcel : Expecting binder but got null!
03-20 15:50:20.782 14837 14837 E ArmVmp : Match on catch block at 0x0a in for 0x712e544035
03-20 15:50:20.816 14837 14837 E RecyclerView: No adapter attached; skipping layout
03-20 15:50:21.050 14837 14837 E ArmVmp : Match on catch block at 0x5b in for 0x712e54401d
03-20 15:50:24.940 14837 19347 W LOTTIE : Unknown shape type rd
03-20 15:50:25.049 14837 14837 E ArmVmp : Match on catch block at 0x0a in for 0x712e544035
03-20 15:50:25.056 14837 14837 E ArmVmp : Match on catch block at 0x0a in for 0x712e544035
03-20 15:50:25.086 14837 14837 E ArmVmp : Match on catch block at 0x0a in for 0x712e544071
03-20 15:50:25.171 14837 14962 W Parcel : Expecting binder but got null!
03-20 15:50:25.290 14837 14837 E ArmVmp : Match on catch block at 0xc3 in for 0x712e544021
03-20 15:50:25.292 14837 14837 E ArmVmp : Match on catch block at 0xc3 in for 0x712e544021
03-20 15:50:25.332 14837 14962 W Parcel : Expecting binder but got null!
03-20 15:50:25.360 14837 14837 E ArmVmp : Match on catch block at 0xc3 in for 0x712e544025
03-20 15:50:25.362 14837 14837 E ArmVmp : Match on catch block at 0xc3 in for 0x712e544025
03-20 15:50:25.418 14837 14837 E ArmVmp : Match on catch block at 0xc3 in for 0x712e544025
03-20 15:50:25.420 14837 14837 E ArmVmp : Match on catch block at 0xc3 in for 0x712e544025
03-20 15:50:25.484 14837 14837 E ArmVmp : Match on catch block at 0xc3 in for 0x712e544025
03-20 15:50:25.490 14837 14837 E ArmVmp : Match on catch block at 0xc3 in for 0x712e544025
03-20 15:50:25.515 14837 14837 E ArmVmp : Match on catch block at 0xc3 in for 0x712e544025
03-20 15:50:25.516 14837 14837 E ArmVmp : Match on catch block at 0xc3 in for 0x712e544025
03-20 15:50:25.537 14837 14837 E ArmVmp : Match on catch block at 0xc3 in for 0x712e544025
03-20 15:50:25.539 14837 14837 E ArmVmp : Match on catch block at 0xc3 in for 0x712e544025
03-20 15:50:25.561 14837 14837 E ArmVmp : Match on catch block at 0xc3 in for 0x712e544025
03-20 15:50:25.565 14837 14837 E ArmVmp : Match on catch block at 0xc3 in for 0x712e544025
03-20 15:50:25.585 14837 14837 E ArmVmp : Match on catch block at 0xc3 in for 0x712e544025
03-20 15:50:25.587 14837 14837 E ArmVmp : Match on catch block at 0xc3 in for 0x712e544025
03-20 15:50:25.616 14837 14837 E ArmVmp : Match on catch block at 0xc3 in for 0x712e544025
03-20 15:50:25.618 14837 14837 E ArmVmp : Match on catch block at 0xc3 in for 0x712e544025
03-20 15:50:25.641 14837 14837 E ArmVmp : Match on catch block at 0xc3 in for 0x712e544025
03-20 15:50:25.643 14837 14837 E ArmVmp : Match on catch block at 0xc3 in for 0x712e544025
03-20 15:50:25.666 14837 14837 E ArmVmp : Match on catch block at 0xc3 in for 0x712e544025
03-20 15:50:25.668 14837 14837 E ArmVmp : Match on catch block at 0xc3 in for 0x712e544025
03-20 15:50:25.697 14837 14837 E ArmVmp : Match on catch block at 0x0a in for 0x712e54407d
03-20 15:50:25.737 14837 14962 W Parcel : Expecting binder but got null!
03-20 15:50:25.748 14837 14837 E ArmVmp : Match on catch block at 0xc3 in for 0x712e544025
03-20 15:50:25.750 14837 14837 E ArmVmp : Match on catch block at 0xc3 in for 0x712e544025
03-20 15:50:25.786 14837 14837 E ArmVmp : Match on catch block at 0xc3 in for 0x712e544025
03-20 15:50:25.789 14837 14837 E ArmVmp : Match on catch block at 0xc3 in for 0x712e544025
03-20 15:50:25.827 14837 14837 E ArmVmp : Match on catch block at 0xc3 in for 0x712e544025
03-20 15:50:25.831 14837 14837 E ArmVmp : Match on catch block at 0xc3 in for 0x712e544025
03-20 15:50:25.864 14837 14837 E ArmVmp : Match on catch block at 0xc3 in for 0x712e544025
03-20 15:50:25.866 14837 14837 E ArmVmp : Match on catch block at 0xc3 in for 0x712e544025
03-20 15:50:25.919 14837 14837 E ArmVmp : Match on catch block at 0xc3 in for 0x712e544025
03-20 15:50:25.922 14837 14837 E ArmVmp : Match on catch block at 0xc3 in for 0x712e544025
03-20 15:50:25.961 14837 14837 E ArmVmp : Match on catch block at 0xc3 in for 0x712e544025
03-20 15:50:25.962 14837 14837 E ArmVmp : Match on catch block at 0xc3 in for 0x712e544025
03-20 15:50:25.997 14837 14837 E ArmVmp : Match on catch block at 0xc3 in for 0x712e544025
03-20 15:50:25.999 14837 14837 E ArmVmp : Match on catch block at 0xc3 in for 0x712e544025
03-20 15:50:26.028 14837 14837 E ArmVmp : Match on catch block at 0xc3 in for 0x712e544025
03-20 15:50:26.030 14837 14837 E ArmVmp : Match on catch block at 0xc3 in for 0x712e544025
03-20 15:50:26.059 14837 14837 E ArmVmp : Match on catch block at 0xc3 in for 0x712e544025
03-20 15:50:26.061 14837 14837 E ArmVmp : Match on catch block at 0xc3 in for 0x712e544025
03-20 15:50:26.084 14837 14837 E ArmVmp : Match on catch block at 0xc3 in for 0x712e544025
03-20 15:50:26.086 14837 14837 E ArmVmp : Match on catch block at 0xc3 in for 0x712e544025
03-20 15:50:26.113 14837 14837 E ArmVmp : Match on catch block at 0xc3 in for 0x712e544025
03-20 15:50:26.116 14837 14837 E ArmVmp : Match on catch block at 0xc3 in for 0x712e544025
03-20 15:50:26.146 14837 14837 E ArmVmp : Match on catch block at 0xc3 in for 0x712e544025
03-20 15:50:26.148 14837 14837 E ArmVmp : Match on catch block at 0xc3 in for 0x712e544025
03-20 15:50:26.175 14837 14837 E ArmVmp : Match on catch block at 0xc3 in for 0x712e544025
03-20 15:50:26.177 14837 14837 E ArmVmp : Match on catch block at 0xc3 in for 0x712e544025
03-20 15:50:26.202 14837 14837 E ArmVmp : Match on catch block at 0xc3 in for 0x712e544025
03-20 15:50:26.204 14837 14837 E ArmVmp : Match on catch block at 0xc3 in for 0x712e544025
03-20 15:50:26.233 14837 14837 E ArmVmp : Match on catch block at 0xc3 in for 0x712e544025
03-20 15:50:26.235 14837 14837 E ArmVmp : Match on catch block at 0xc3 in for 0x712e544025
03-20 15:50:26.264 14837 14837 E ArmVmp : Match on catch block at 0xc3 in for 0x712e544025
03-20 15:50:26.265 14837 14837 E ArmVmp : Match on catch block at 0xc3 in for 0x712e544025
03-20 15:50:26.294 14837 14837 E ArmVmp : Match on catch block at 0xc3 in for 0x712e544025
03-20 15:50:26.296 14837 14837 E ArmVmp : Match on catch block at 0xc3 in for 0x712e544025
03-20 15:50:26.322 14837 14837 E ArmVmp : Match on catch block at 0xc3 in for 0x712e544025
03-20 15:50:26.324 14837 14837 E ArmVmp : Match on catch block at 0xc3 in for 0x712e544025
03-20 15:50:26.350 14837 14837 E ArmVmp : Match on catch block at 0xc3 in for 0x712e544025
03-20 15:50:26.351 14837 14837 E ArmVmp : Match on catch block at 0xc3 in for 0x712e544025
03-20 15:50:26.382 14837 14837 E ArmVmp : Match on catch block at 0xc3 in for 0x712e544025
03-20 15:50:26.384 14837 14837 E ArmVmp : Match on catch block at 0xc3 in for 0x712e544025
03-20 15:50:26.412 14837 14837 E ArmVmp : Match on catch block at 0xc3 in for 0x712e544025
03-20 15:50:26.414 14837 14837 E ArmVmp : Match on catch block at 0xc3 in for 0x712e544025
03-20 15:50:26.443 14837 14837 E ArmVmp : Match on catch block at 0xc3 in for 0x712e544025
03-20 15:50:26.445 14837 14837 E ArmVmp : Match on catch block at 0xc3 in for 0x712e544025
03-20 15:50:26.474 14837 14837 E ArmVmp : Match on catch block at 0xc3 in for 0x712e544025
03-20 15:50:26.477 14837 14837 E ArmVmp : Match on catch block at 0xc3 in for 0x712e544025
03-20 15:50:26.505 14837 14837 E ArmVmp : Match on catch block at 0xc3 in for 0x712e544025
03-20 15:50:26.507 14837 14837 E ArmVmp : Match on catch block at 0xc3 in for 0x712e544025
03-20 15:50:26.537 14837 14837 E ArmVmp : Match on catch block at 0xc3 in for 0x712e544025
03-20 15:50:26.539 14837 14837 E ArmVmp : Match on catch block at 0xc3 in for 0x712e544025
03-20 15:50:26.565 14837 14837 E ArmVmp : Match on catch block at 0xc3 in for 0x712e544025
03-20 15:50:26.567 14837 14837 E ArmVmp : Match on catch block at 0xc3 in for 0x712e544025
03-20 15:50:26.600 14837 14837 E ArmVmp : Match on catch block at 0xc3 in for 0x712e544025
03-20 15:50:26.604 14837 14837 E ArmVmp : Match on catch block at 0xc3 in for 0x712e544025
03-20 15:50:26.634 14837 14837 E ArmVmp : Match on catch block at 0xc3 in for 0x712e544025
03-20 15:50:26.637 14837 14837 E ArmVmp : Match on catch block at 0xc3 in for 0x712e544025
03-20 15:50:26.664 14837 14837 E ArmVmp : Match on catch block at 0xc3 in for 0x712e544025
03-20 15:50:26.666 14837 14837 E ArmVmp : Match on catch block at 0xc3 in for 0x712e544025
03-20 15:50:26.694 14837 14837 E ArmVmp : Match on catch block at 0xc3 in for 0x712e544025
03-20 15:50:26.696 14837 14837 E ArmVmp : Match on catch block at 0xc3 in for 0x712e544025
03-20 15:50:26.723 14837 14837 E ArmVmp : Match on catch block at 0xc3 in for 0x712e544025
03-20 15:50:26.725 14837 14837 E ArmVmp : Match on catch block at 0xc3 in for 0x712e544025
03-20 15:50:26.752 14837 14837 E ArmVmp : Match on catch block at 0xc3 in for 0x712e544025
03-20 15:50:26.754 14837 14837 E ArmVmp : Match on catch block at 0xc3 in for 0x712e544025
03-20 15:50:26.778 14837 14837 E ArmVmp : Match on catch block at 0xc3 in for 0x712e544025
03-20 15:50:26.780 14837 14837 E ArmVmp : Match on catch block at 0xc3 in for 0x712e544025
03-20 15:50:26.807 14837 14837 E ArmVmp : Match on catch block at 0xc3 in for 0x712e544025
03-20 15:50:26.809 14837 14837 E ArmVmp : Match on catch block at 0xc3 in for 0x712e544025
03-20 15:50:26.836 14837 14837 E ArmVmp : Match on catch block at 0xc3 in for 0x712e544025
03-20 15:50:26.838 14837 14837 E ArmVmp : Match on catch block at 0xc3 in for 0x712e544025
03-20 15:50:26.862 14837 14837 E ArmVmp : Match on catch block at 0xc3 in for 0x712e544025
03-20 15:50:26.863 14837 14837 E ArmVmp : Match on catch block at 0xc3 in for 0x712e544025
03-20 15:50:26.890 14837 14837 E ArmVmp : Match on catch block at 0xc3 in for 0x712e544025
03-20 15:50:26.892 14837 14837 E ArmVmp : Match on catch block at 0xc3 in for 0x712e544025
03-20 15:50:26.918 14837 14837 E ArmVmp : Match on catch block at 0xc3 in for 0x712e544025
03-20 15:50:26.920 14837 14837 E ArmVmp : Match on catch block at 0xc3 in for 0x712e544025
03-20 15:50:26.947 14837 14837 E ArmVmp : Match on catch block at 0xc3 in for 0x712e544025
03-20 15:50:26.949 14837 14837 E ArmVmp : Match on catch block at 0xc3 in for 0x712e544025
03-20 15:50:26.977 14837 14837 E ArmVmp : Match on catch block at 0xc3 in for 0x712e544025
03-20 15:50:26.978 14837 14837 E ArmVmp : Match on catch block at 0xc3 in for 0x712e544025
03-20 15:50:27.004 14837 14837 E ArmVmp : Match on catch block at 0xc3 in for 0x712e544025
03-20 15:50:27.005 14837 14837 E ArmVmp : Match on catch block at 0xc3 in for 0x712e544025
03-20 15:50:27.042 14837 14837 E ArmVmp : Match on catch block at 0xc3 in for 0x712e544025
03-20 15:50:27.043 14837 14837 E ArmVmp : Match on catch block at 0xc3 in for 0x712e544025
03-20 15:50:27.351 14837 14837 E ArmVmp : Match on catch block at 0xc3 in for 0x712e544025
03-20 15:50:27.353 14837 14837 E ArmVmp : Match on catch block at 0xc3 in for 0x712e544025
03-20 15:50:27.850 14837 14837 E ArmVmp : Match on catch block at 0xc3 in for 0x712e544025
03-20 15:50:27.853 14837 14837 E ArmVmp : Match on catch block at 0xc3 in for 0x712e544025
03-20 15:50:27.872 14837 14837 E ArmVmp : Match on catch block at 0xc3 in for 0x712e544025
03-20 15:50:27.874 14837 14837 E ArmVmp : Match on catch block at 0xc3 in for 0x712e544025
03-20 15:50:28.327 14837 14837 E ArmVmp : Match on catch block at 0xc3 in for 0x712e544025
03-20 15:50:28.330 14837 14837 E ArmVmp : Match on catch block at 0xc3 in for 0x712e544025
03-20 15:50:28.825 14837 14837 E ArmVmp : Match on catch block at 0xc3 in for 0x712e544025
03-20 15:50:28.829 14837 14837 E ArmVmp : Match on catch block at 0xc3 in for 0x712e544025
03-20 15:50:29.092 14837 14837 E ArmVmp : Match on catch block at 0xc3 in for 0x712e544025
03-20 15:50:29.096 14837 14837 E ArmVmp : Match on catch block at 0xc3 in for 0x712e544025
03-20 15:50:29.108 14837 14837 E ArmVmp : Match on catch block at 0xc3 in for 0x712e544025
03-20 15:50:29.111 14837 14837 E ArmVmp : Match on catch block at 0xc3 in for 0x712e544025
03-20 15:50:29.341 14837 14837 E ArmVmp : Match on catch block at 0xc3 in for 0x712e544025
03-20 15:50:29.345 14837 14837 E ArmVmp : Match on catch block at 0xc3 in for 0x712e544025
03-20 15:50:29.839 14837 14837 E ArmVmp : Match on catch block at 0xc3 in for 0x712e544025
03-20 15:50:29.842 14837 14837 E ArmVmp : Match on catch block at 0xc3 in for 0x712e544025
03-20 15:50:30.147 14837 14837 E ArmVmp : Match on catch block at 0xc3 in for 0x712e544025
03-20 15:50:30.150 14837 14837 E ArmVmp : Match on catch block at 0xc3 in for 0x712e544025
03-20 15:50:30.169 14837 14837 E ArmVmp : Match on catch block at 0xc3 in for 0x712e544025
03-20 15:50:30.172 14837 14837 E ArmVmp : Match on catch block at 0xc3 in for 0x712e544025
03-20 15:50:30.337 14837 14837 E ArmVmp : Match on catch block at 0xc3 in for 0x712e544025
03-20 15:50:30.341 14837 14837 E ArmVmp : Match on catch block at 0xc3 in for 0x712e544025
03-20 15:50:30.834 14837 14837 E ArmVmp : Match on catch block at 0xc3 in for 0x712e544025
03-20 15:50:30.838 14837 14837 E ArmVmp : Match on catch block at 0xc3 in for 0x712e544025
03-20 15:50:31.332 14837 14837 E ArmVmp : Match on catch block at 0xc3 in for 0x712e544025
03-20 15:50:31.336 14837 14837 E ArmVmp : Match on catch block at 0xc3 in for 0x712e544025
03-20 15:50:31.847 14837 14837 E ArmVmp : Match on catch block at 0xc3 in for 0x712e544025
03-20 15:50:31.851 14837 14837 E ArmVmp : Match on catch block at 0xc3 in for 0x712e544025
03-20 15:50:32.344 14837 14837 E ArmVmp : Match on catch block at 0xc3 in for 0x712e544025
03-20 15:50:32.349 14837 14837 E ArmVmp : Match on catch block at 0xc3 in for 0x712e544025
03-20 15:50:32.843 14837 14837 E ArmVmp : Match on catch block at 0xc3 in for 0x712e544025
03-20 15:50:32.848 14837 14837 E ArmVmp : Match on catch block at 0xc3 in for 0x712e544025
03-20 15:50:33.340 14837 14837 E ArmVmp : Match on catch block at 0xc3 in for 0x712e544025
03-20 15:50:33.343 14837 14837 E ArmVmp : Match on catch block at 0xc3 in for 0x712e544025
03-20 15:50:33.838 14837 14837 E ArmVmp : Match on catch block at 0xc3 in for 0x712e544025
03-20 15:50:33.842 14837 14837 E ArmVmp : Match on catch block at 0xc3 in for 0x712e544025
03-20 15:50:34.335 14837 14837 E ArmVmp : Match on catch block at 0xc3 in for 0x712e544025
03-20 15:50:34.339 14837 14837 E ArmVmp : Match on --------- beginning of main
03-20 15:50:34.850 14837 14837 E ArmVmp : Match on catch block at 0xc3 in for 0x712e544025
03-20 15:50:34.854 14837 14837 E ArmVmp : Match on catch block at 0xc3 in for 0x712e544025
03-20 15:50:35.348 14837 14837 E ArmVmp : Match on catch block at 0xc3 in for 0x712e544025
03-20 15:50:35.352 14837 14837 E ArmVmp : Match on catch block at 0xc3 in for 0x712e544025
03-20 15:50:35.845 14837 14837 E ArmVmp : Match on catch block at 0xc3 in for 0x712e544025
03-20 15:50:35.849 14837 14837 E ArmVmp : Match on catch block at 0xc3 in for 0x712e544025
03-20 15:50:36.342 14837 14837 E ArmVmp : Match on catch block at 0xc3 in for 0x712e544025
03-20 15:50:36.345 14837 14837 E ArmVmp : Match on catch block at 0xc3 in for 0x712e544025
03-20 15:50:36.841 14837 14837 E ArmVmp : Match on catch block at 0xc3 in for 0x712e544025
03-20 15:50:36.845 14837 14837 E ArmVmp : Match on catch block at 0xc3 in for 0x712e544025
03-20 15:50:37.355 14837 14837 E ArmVmp : Match on catch block at 0xc3 in for 0x712e544025
03-20 15:50:37.359 14837 14837 E ArmVmp : Match on catch block at 0xc3 in for 0x712e544025
03-20 15:50:37.488 14837 14837 E ArmVmp : Match on catch block at 0xc3 in for 0x712e544025
03-20 15:50:37.492 14837 14837 E ArmVmp : Match on catch block at 0xc3 in for 0x712e544025
03-20 15:50:38.241 14837 14837 E ArmVmp : Match on catch block at 0xc3 in for 0x712e544025
03-20 15:50:38.249 14837 14837 E ArmVmp : Match on catch block at 0xc3 in for 0x712e544025
03-20 15:50:40.438 19776 19776 E com.mbwhatsapp: Not starting debugger since process cannot load the jdwp agent.
03-20 15:50:40.642 19776 19776 W System.err: java.lang.ClassNotFoundException: mbmodsd.mbmodsw.ui.views.btn.BtnBK
03-20 15:50:40.643 19776 19776 W System.err: at java.lang.Runtime.nativeLoad(Native Method)
03-20 15:50:40.643 19776 19776 W System.err: at java.lang.Runtime.nativeLoad(Runtime.java:1126)
03-20 15:50:40.643 19776 19776 W System.err: at java.lang.Runtime.loadLibrary0(Runtime.java:1080)
03-20 15:50:40.643 19776 19776 W System.err: at java.lang.Runtime.loadLibrary0(Runtime.java:1003)
03-20 15:50:40.643 19776 19776 W System.err: at java.lang.System.loadLibrary(System.java:1661)
03-20 15:50:40.643 19776 19776 W System.err: at arm.EpicVm.<clinit>(Unknown Source:2)
03-20 15:50:40.643 19776 19776 W System.err: at java.lang.Class.newInstance(Native Method)
03-20 15:50:40.643 19776 19776 W System.err: at android.app.AppComponentFactory.instantiateApplication(AppComponentFactory.java:76)
03-20 15:50:40.643 19776 19776 W System.err: at androidx.core.app.CoreComponentFactory.instantiateApplication(Unknown Source:0)
03-20 15:50:40.643 19776 19776 W System.err: at android.app.Instrumentation.newApplication(Instrumentation.java:1232)
03-20 15:50:40.643 19776 19776 W System.err: at android.app.LoadedApk.makeApplicationInner(LoadedApk.java:1566)
03-20 15:50:40.643 19776 19776 W System.err: at android.app.LoadedApk.makeApplicationInner(LoadedApk.java:1503)
03-20 15:50:40.643 19776 19776 W System.err: at android.app.ActivityThread.handleBindApplication(ActivityThread.java:7558)
03-20 15:50:40.643 19776 19776 W System.err: at android.app.ActivityThread.-$ $Nest$mhandleBindApplication(Unknown Source:0)
03-20 15:50:40.643 19776 19776 W System.err: at android.app.ActivityThread$H.handleMessage(ActivityThread.java:2400)
03-20 15:50:40.643 19776 19776 W System.err: at android.os.Handler.dispatchMessage(Handler.java:106)
03-20 15:50:40.643 19776 19776 W System.err: at android.os.Looper.loopOnce(Looper.java:226)
03-20 15:50:40.643 19776 19776 W System.err: at android.os.Looper.loop(Looper.java:313)
03-20 15:50:40.643 19776 19776 W System.err: at android.app.ActivityThread.main(ActivityThread.java:8762)
03-20 15:50:40.643 19776 19776 W System.err: at java.lang.reflect.Method.invoke(Native Method)
03-20 15:50:40.643 19776 19776 W System.err: at com.android.internal.os.RuntimeInit$MethodAndArgsCaller.run(RuntimeInit.java:604)
03-20 15:50:40.643 19776 19776 W System.err: at com.android.internal.os.ZygoteInit.main(ZygoteInit.java:1067)
03-20 15:50:40.679 19776 19776 E CustomActivityOnCrash: IMPORTANT WARNING! You already have an UncaughtExceptionHandler, are you sure this is correct? If you use a custom UncaughtExceptionHandler, you must initialize it AFTER CustomActivityOnCrash! Installing anyway, but your original handler will not be called.
03-20 15:50:40.716 19776 19801 W LibraryVersion: Failed to get app version for libraryName: firebase-iid
03-20 15:50:40.887 19776 19776 W com.mbwhatsapp: Accessing hidden method Lcom/android/org/conscrypt/OpenSSLSocketImpl;->setUseSessionTickets(Z)V (max- target-q,core-platform-api, reflection, denied)
03-20 15:50:40.887 19776 19776 W com.mbwhatsapp: Accessing hidden method Lcom/android/org/conscrypt/AbstractConscryptSocket;->setUseSessionTickets(Z)V (max- target-q, reflection, denied)
03-20 15:50:40.895 19818 19818 W libprocessgroup: Controller sfreezer is not found
03-20 15:50:40.895 19818 19818 W libprocessgroup: SetAttribute: unknown attribute: OlafState
03-20 15:50:40.895 19818 19818 W libprocessgroup: SetAttribute: unknown attribute: OlafState
03-20 15:50:41.057 19776 19776 W com.mbwhatsapp: Method void X.0eU.A0h(X.0tK, boolean) failed lock verification and will run slower.
03-20 15:50:41.057 19776 19776 W com.mbwhatsapp: Common causes for lock verification issues are non-optimized dex code
03-20 15:50:41.057 19776 19776 W com.mbwhatsapp: and incorrect proguard optimizations.
03-20 15:50:41.061 19776 19833 W com.mbwhatsapp: Method void X.2rL.A03(java.lang.Integer) failed lock verification and will run slower.
03-20 15:50:41.222 19776 19776 W com.mbwhatsapp: Method void com.mbwhatsapp.HomeActivity.A6e() failed lock verification and will run slower.
03-20 15:50:41.235 19776 19849 W libc : Access denied finding property "vendor.mali.config"
03-20 15:50:41.559 19776 19776 E ArmVmp : Match on catch block at 0x0a in for 0x712e544031
03-20 15:50:41.584 19776 19776 E ArmVmp : Match on catch block at 0x0a in for 0x712e54404d
03-20 15:50:41.618 19776 19776 W Activity: Can request only one set of permissions at a time
03-20 15:50:41.622 19776 19865 W com.mbwhatsapp: Accessing hidden method Lcom/android/org/conscrypt/ConscryptEngineSocket;->setUseSessionTickets(Z)V (max- target-q,core-platform-api, reflection, denied)
03-20 15:50:41.622 19776 19865 W com.mbwhatsapp: Accessing hidden method Lcom/android/org/conscrypt/OpenSSLSocketImpl;->setUseSessionTickets(Z)V (max- target-q,core-platform-api, reflection, denied)
03-20 15:50:41.622 19776 19865 W com.mbwhatsapp: Accessing hidden method Lcom/android/org/conscrypt/AbstractConscryptSocket;->setUseSessionTickets(Z)V (max- target-q, reflection, denied)
03-20 15:50:41.622 19776 19865 W com.mbwhatsapp: Accessing hidden method Lcom/android/org/conscrypt/ConscryptEngineSocket;->setHostname(Ljava/lang/String;)V (max-target-q,core-platform-api, reflection, denied)
03-20 15:50:41.622 19776 19865 W com.mbwhatsapp: Accessing hidden method Lcom/android/org/conscrypt/OpenSSLSocketImpl;->setHostname(Ljava/lang/String;)V (max-target-q,core-platform-api, reflection, denied)
03-20 15:50:41.622 19776 19865 W com.mbwhatsapp: Accessing hidden method Lcom/android/org/conscrypt/AbstractConscryptSocket;->setHostname(Ljava/lang/ String;)V (max-target-q, reflection, denied)
03-20 15:50:41.622 19776 19865 W com.mbwhatsapp: Accessing hidden method Lcom/android/org/conscrypt/OpenSSLSocketImpl;->setAlpnProtocols([B)V (max-target- q,core-platform-api, reflection, denied)
03-20 15:50:41.622 19776 19865 W com.mbwhatsapp: Accessing hidden method Lcom/android/org/conscrypt/AbstractConscryptSocket;->setAlpnProtocols([B)V (max- target-q, reflection, denied)
03-20 15:50:41.816 19776 19865 W com.mbwhatsapp: Accessing hidden method Lcom/android/org/conscrypt/OpenSSLSocketImpl;->getAlpnSelectedProtocol()[B (max- target-q,core-platform-api, reflection, denied)
03-20 15:50:41.816 19776 19865 W com.mbwhatsapp: Accessing hidden method Lcom/android/org/conscrypt/AbstractConscryptSocket;->getAlpnSelectedProtocol()[B (max-target-q, reflection, denied)
03-20 15:50:42.275 19776 19776 E RecyclerView: No adapter attached; skipping layout
03-20 15:50:42.343 19776 19849 W Parcel : Expecting binder but got null!
03-20 15:50:42.388 19776 19776 E RecyclerView: No adapter attached; skipping layout
03-20 15:50:42.400 19776 19776 E ArmVmp : Match on catch block at 0x0a in for 0x712e544035
03-20 15:50:42.581 19776 19903 W LOTTIE : Animation contains merge paths. Merge paths are only supported on KitKat+ and must be manually enabled by calling enableMergePathsForKitKatAndAbove().
03-20 15:50:42.713 19776 19776 W LOTTIE : Animation contains merge paths but they are disabled.
03-20 15:50:42.753 19776 19776 E ArmVmp : Match on catch block at 0x5b in for 0x712e54401d
03-20 15:50:43.752 19776 19986 E RenderScript: Failed loading RS driver: dlopen failed: library "libRSDriverArm.so" not found
03-20 15:50:43.752 19776 19986 E RenderScript: Failed to load runtime libRSDriverArm.so, loading default
03-20 15:50:43.898 19776 19784 W com.mbwhatsapp: Cleared Reference was only reachable from finalizer (only reported once)
