05-07 18:38:30.740 E/LibBpfLoader( 681): No progs section could be found in elf
object
05-07 18:38:30.741 D/LibBpfLoader( 681): Loaded code section 3
(schedcls_ingress_clat_ether)
05-07 18:38:30.741 D/LibBpfLoader( 681): Loaded relo section 3
(.relschedcls/ingress/clat_ether)
05-07 18:38:30.741 D/LibBpfLoader( 681): Adding section 3 to cs list
05-07 18:38:30.741 D/LibBpfLoader( 681): Loaded code section 5
(schedcls_ingress_clat_rawip)
05-07 18:38:30.741 D/LibBpfLoader( 681): Loaded relo section 5
(.relschedcls/ingress/clat_rawip)
05-07 18:38:30.742 D/LibBpfLoader( 681): Adding section 5 to cs list
05-07 18:38:30.742 D/LibBpfLoader( 681): Loaded code section 7
(schedcls_egress_clat_ether)
05-07 18:38:30.742 D/LibBpfLoader( 681): Adding section 7 to cs list
05-07 18:38:30.742 D/LibBpfLoader( 681): Loaded code section 8
(schedcls_egress_clat_rawip)
05-07 18:38:30.743 D/LibBpfLoader( 681): Loaded relo section 8
(.relschedcls/egress/clat_rawip)
05-07 18:38:30.743 D/LibBpfLoader( 681): Adding section 8 to cs list
05-07 18:38:30.744 D/LibBpfLoader( 681): bpf_create_map name clat_ingress_map,
ret: 7
05-07 18:38:30.744 D/LibBpfLoader( 681): bpf_create_map name clat_egress_map, ret:
8
05-07 18:38:30.744 D/LibBpfLoader( 681): map_fd found at 0 is 7 in
/system/etc/bpf/clatd.o
05-07 18:38:30.744 D/LibBpfLoader( 681): map_fd found at 1 is 8 in
/system/etc/bpf/clatd.o
05-07 18:38:30.745 D/LibBpfLoader( 681): applying relo to instruction at byte
offset: 392, insn offset 49 , insn 118
05-07 18:38:30.745 D/LibBpfLoader( 681): applying relo to instruction at byte
offset: 352, insn offset 44 , insn 118
05-07 18:38:30.745 D/LibBpfLoader( 681): applying relo to instruction at byte
offset: 520, insn offset 65 , insn 118
05-07 18:38:30.745 D/LibBpfLoader( 681): bpf_prog_load lib call for
/system/etc/bpf/clatd.o (schedcls_ingress_clat_ether) returned fd: 9 (no error)
05-07 18:38:30.746 D/LibBpfLoader( 681): bpf_prog_load lib call for
/system/etc/bpf/clatd.o (schedcls_ingress_clat_rawip) returned fd: 10 (no error)
05-07 18:38:30.746 D/LibBpfLoader( 681): bpf_prog_load lib call for
/system/etc/bpf/clatd.o (schedcls_egress_clat_ether) returned fd: 11 (no error)
05-07 18:38:30.747 D/LibBpfLoader( 681): bpf_prog_load lib call for
/system/etc/bpf/clatd.o (schedcls_egress_clat_rawip) returned fd: 12 (no error)
05-07 18:38:30.747 I/bpfloader( 681): Loaded object: /system/etc/bpf/clatd.o
05-07 18:38:30.756 I/engmode_tlc( 670): TA reply response, pass waiting
05-07 18:38:30.756 I/engmode_tlc( 670): Done waiting thread(isTimeOut:FALSE)
05-07 18:38:30.756 I/engmode_tlc( 670): em tlc send result 0x00000000
05-07 18:38:30.756 I/engmode_tlc( 670): kill thread (516100222144)
05-07 18:38:30.756 I/engmode_tlc( 670): Got signal 10, tid: 516100222144
05-07 18:38:30.756 I/engmode_tlc( 670): tlc thr cleanup
05-07 18:38:30.756 E/engmode_world( 670): Failed to init core(0xf02d0010)
05-07 18:38:30.758 I/engmode_steady( 670): read from steady(11264)
05-07 18:38:30.758 I/engmode_tlc( 670): EM version = 30.5.00
05-07 18:38:30.758 I/engmode_tlc( 670): EM C/C : 00000019/00000001
05-07 18:38:30.758 I/engmode_tlc( 670): TA Thread is running(516100222144/0)
05-07 18:38:30.758 I/engmode_tlc( 670): em_tlc_send_qsee : Try load app
05-07 18:38:30.758 D/QSEECOMAPI( 670): QSEECom_get_handle sb_length = 0x425c0
05-07 18:38:30.760 I/servicemanager( 549): Adding 'u:r:statsd:s0' service
(stats:682)
05-07 18:38:30.761 I/ServiceManager( 682): Waiting for service 'statscompanion' on
'/dev/binder'...
05-07 18:38:30.770 D/QSEECOMAPI( 670): App is not loaded in QSEE
05-07 18:38:30.770 D/QSEECOMAPI( 670): app_arch = 1, total_files = 9
05-07 18:38:30.808 I/engmode_tlc( 670): Wait for ta response(50/3000)
05-07 18:38:30.818 I/netdClient( 683): Skipping libnetd_client init since *we* are
netd
05-07 18:38:30.824 I/netd ( 683): netd 1.0 starting
05-07 18:38:30.828 D/TetherController( 683): Setting IP forward enable = 0
05-07 18:38:30.829 D/FirewallController( 683): Could not read /proc/self/uid_map,
max uid defaulting to 4294967294
05-07 18:38:30.833 D/IptablesRestoreController( 683): [iptables debug]iptables-
restore execute *filter
05-07 18:38:30.833 D/IptablesRestoreController( 683): :INPUT -
05-07 18:38:30.833 D/IptablesRestoreController( 683): -F INPUT
05-07 18:38:30.833 D/IptablesRestoreController( 683): :bw_INPUT -
05-07 18:38:30.833 D/IptablesRestoreController( 683): -A INPUT -j bw_INPUT
05-07 18:38:30.833 D/IptablesRestoreController( 683): :fw_INPUT -
05-07 18:38:30.833 D/IptablesRestoreController( 683): -A INPUT -j fw_INPUT
05-07 18:38:30.833 D/IptablesRestoreController( 683): COMMIT
05-07 18:38:30.835 D/QSEECOMAPI( 670): Loaded image: APP id = 9
05-07 18:38:30.836 I/engmode_tlc( 670): em_tlc_send_qsee : Loading app is done
05-07 18:38:30.836 I/engmode_tlc( 670): em_tlc_send_qsee : send command
05-07 18:38:30.853 D/IptablesRestoreController( 683): [iptables debug]iptables-
restore execute done, res : 0
05-07 18:38:30.853 D/IptablesRestoreController( 683): [iptables debug]iptables-
restore execute *filter
05-07 18:38:30.853 D/IptablesRestoreController( 683): :FORWARD -
05-07 18:38:30.853 D/IptablesRestoreController( 683): -F FORWARD
05-07 18:38:30.853 D/IptablesRestoreController( 683): :oem_fwd -
05-07 18:38:30.853 D/IptablesRestoreController( 683): -A FORWARD -j oem_fwd
05-07 18:38:30.853 D/IptablesRestoreController( 683): :fw_FORWARD -
05-07 18:38:30.853 D/IptablesRestoreController( 683): -A FORWARD -j fw_FORWARD
05-07 18:38:30.853 D/IptablesRestoreController( 683): :bw_FORWARD -
05-07 18:38:30.853 D/IptablesRestoreController( 683): -A FORWARD -j bw_FORWARD
05-07 18:38:30.853 D/IptablesRestoreController( 683): :tetherctrl_FORWARD -
05-07 18:38:30.853 D/IptablesRestoreController( 683): -A FORWARD -j
tetherctrl_FORWARD
05-07 18:38:30.853 D/IptablesRestoreController( 683): COMMIT
05-07 18:38:30.854 D/IptablesRestoreController( 683): [iptables debug]iptables-
restore execute done, res : 0
05-07 18:38:30.854 D/IptablesRestoreController( 683): [iptables debug]iptables-
restore execute *raw
05-07 18:38:30.854 D/IptablesRestoreController( 683): :PREROUTING -
05-07 18:38:30.854 D/IptablesRestoreController( 683): -F PREROUTING
05-07 18:38:30.854 D/IptablesRestoreController( 683): :clat_raw_PREROUTING -
05-07 18:38:30.854 D/IptablesRestoreController( 683): -A PREROUTING -j
clat_raw_PREROUTING
05-07 18:38:30.854 D/IptablesRestoreController( 683): :bw_raw_PREROUTING -
05-07 18:38:30.854 D/IptablesRestoreController( 683): -A PREROUTING -j
bw_raw_PREROUTING
05-07 18:38:30.854 D/IptablesRestoreController( 683): :idletimer_raw_PREROUTING -
05-07 18:38:30.854 D/IptablesRestoreController( 683): -A PREROUTING -j
idletimer_raw_PREROUTING
05-07 18:38:30.854 D/IptablesRestoreController( 683): :tetherctrl_raw_PREROUTING -
05-07 18:38:30.854 D/IptablesRestoreController( 683): -A PREROUTING -j
tetherctrl_raw_PREROUTING
05-07 18:38:30.854 D/IptablesRestoreController( 683): COMMIT
05-07 18:38:30.855 D/IptablesRestoreController( 683): [iptables debug]iptables-
restore execute done, res : 0
05-07 18:38:30.855 D/IptablesRestoreController( 683): [iptables debug]iptables-
restore execute *mangle
05-07 18:38:30.855 D/IptablesRestoreController( 683): :FORWARD -
05-07 18:38:30.855 D/IptablesRestoreController( 683): -F FORWARD
05-07 18:38:30.855 D/IptablesRestoreController( 683): :tetherctrl_mangle_FORWARD -
05-07 18:38:30.855 D/IptablesRestoreController( 683): -A FORWARD -j
tetherctrl_mangle_FORWARD
05-07 18:38:30.855 D/IptablesRestoreController( 683): COMMIT
05-07 18:38:30.856 D/IptablesRestoreController( 683): [iptables debug]iptables-
restore execute done, res : 0
05-07 18:38:30.856 D/IptablesRestoreController( 683): [iptables debug]iptables-
restore execute *mangle
05-07 18:38:30.856 D/IptablesRestoreController( 683): :INPUT -
05-07 18:38:30.856 D/IptablesRestoreController( 683): -F INPUT
05-07 18:38:30.856 D/IptablesRestoreController( 683): :wakeupctrl_mangle_INPUT -
05-07 18:38:30.856 D/IptablesRestoreController( 683): -A INPUT -j
wakeupctrl_mangle_INPUT
05-07 18:38:30.856 D/IptablesRestoreController( 683): :routectrl_mangle_INPUT -
05-07 18:38:30.856 D/IptablesRestoreController( 683): -A INPUT -j
routectrl_mangle_INPUT
05-07 18:38:30.856 D/IptablesRestoreController( 683): COMMIT
05-07 18:38:30.856 D/IptablesRestoreController( 683): [iptables debug]iptables-
restore execute done, res : 0
05-07 18:38:30.856 D/IptablesRestoreController( 683): [iptables debug]iptables-
restore execute *nat
05-07 18:38:30.856 D/IptablesRestoreController( 683): :PREROUTING -
05-07 18:38:30.856 D/IptablesRestoreController( 683): -F PREROUTING
05-07 18:38:30.856 D/IptablesRestoreController( 683): :oem_nat_pre -
05-07 18:38:30.856 D/IptablesRestoreController( 683): -A PREROUTING -j oem_nat_pre
05-07 18:38:30.856 D/IptablesRestoreController( 683): :tetherctrl_nat_PREROUTING -
05-07 18:38:30.856 D/IptablesRestoreController( 683): -A PREROUTING -j
tetherctrl_nat_PREROUTING
05-07 18:38:30.856 D/IptablesRestoreController( 683): COMMIT
05-07 18:38:30.857 D/IptablesRestoreController( 683): [iptables debug]iptables-
restore execute done, res : 0
05-07 18:38:30.857 D/IptablesRestoreController( 683): [iptables debug]iptables-
restore execute *nat
05-07 18:38:30.857 D/IptablesRestoreController( 683): :POSTROUTING -
05-07 18:38:30.857 D/IptablesRestoreController( 683): -F POSTROUTING
05-07 18:38:30.857 D/IptablesRestoreController( 683): :tetherctrl_nat_POSTROUTING
-
05-07 18:38:30.857 D/IptablesRestoreController( 683): -A POSTROUTING -j
tetherctrl_nat_POSTROUTING
05-07 18:38:30.857 D/IptablesRestoreController( 683): COMMIT
05-07 18:38:30.857 D/IptablesRestoreController( 683): [iptables debug]iptables-
restore execute done, res : 0
05-07 18:38:30.857 D/IptablesRestoreController( 683): [iptables debug]iptables-
restore execute *filter
05-07 18:38:30.857 D/IptablesRestoreController( 683): -S OUTPUT
05-07 18:38:30.857 D/IptablesRestoreController( 683): COMMIT
05-07 18:38:30.857 D/IptablesRestoreController( 683): [iptables debug]iptables-
restore execute done, res : 0
05-07 18:38:30.857 D/IptablesRestoreController( 683): [iptables debug]iptables-
restore execute *filter
05-07 18:38:30.857 D/IptablesRestoreController( 683): :oem_out -
05-07 18:38:30.857 D/IptablesRestoreController( 683): -A OUTPUT -j oem_out
05-07 18:38:30.857 D/IptablesRestoreController( 683): :fw_OUTPUT -
05-07 18:38:30.857 D/IptablesRestoreController( 683): -A OUTPUT -j fw_OUTPUT
05-07 18:38:30.857 D/IptablesRestoreController( 683): :st_OUTPUT -
05-07 18:38:30.857 D/IptablesRestoreController( 683): -A OUTPUT -j st_OUTPUT
05-07 18:38:30.857 D/IptablesRestoreController( 683): :bw_OUTPUT -
05-07 18:38:30.857 D/IptablesRestoreController( 683): -A OUTPUT -j bw_OUTPUT
05-07 18:38:30.857 D/IptablesRestoreController( 683): COMMIT
05-07 18:38:30.858 D/IptablesRestoreController( 683): [iptables debug]iptables-
restore execute done, res : 0
05-07 18:38:30.858 D/IptablesRestoreController( 683): [iptables debug]iptables-
restore execute *filter
05-07 18:38:30.858 D/IptablesRestoreController( 683): -S OUTPUT
05-07 18:38:30.858 D/IptablesRestoreController( 683): COMMIT
05-07 18:38:30.858 D/IptablesRestoreController( 683): [iptables debug]iptables-
restore execute done, res : 0
05-07 18:38:30.858 D/IptablesRestoreController( 683): [iptables debug]iptables-
restore execute *filter
05-07 18:38:30.858 D/IptablesRestoreController( 683): :oem_out -
05-07 18:38:30.858 D/IptablesRestoreController( 683): -A OUTPUT -j oem_out
05-07 18:38:30.858 D/IptablesRestoreController( 683): :fw_OUTPUT -
05-07 18:38:30.858 D/IptablesRestoreController( 683): -A OUTPUT -j fw_OUTPUT
05-07 18:38:30.858 D/IptablesRestoreController( 683): :st_OUTPUT -
05-07 18:38:30.858 D/IptablesRestoreController( 683): -A OUTPUT -j st_OUTPUT
05-07 18:38:30.858 D/IptablesRestoreController( 683): :bw_OUTPUT -
05-07 18:38:30.858 D/IptablesRestoreController( 683): -A OUTPUT -j bw_OUTPUT
05-07 18:38:30.858 D/IptablesRestoreController( 683): COMMIT
05-07 18:38:30.858 I/engmode_tlc( 670): Wait for ta response(100/3000)
05-07 18:38:30.858 D/IptablesRestoreController( 683): [iptables debug]iptables-
restore execute done, res : 0
05-07 18:38:30.858 D/IptablesRestoreController( 683): [iptables debug]iptables-
restore execute *mangle
05-07 18:38:30.858 D/IptablesRestoreController( 683): -S POSTROUTING
05-07 18:38:30.858 D/IptablesRestoreController( 683): COMMIT
05-07 18:38:30.859 D/IptablesRestoreController( 683): [iptables debug]iptables-
restore execute done, res : 0
05-07 18:38:30.859 D/IptablesRestoreController( 683): [iptables debug]iptables-
restore execute *mangle
05-07 18:38:30.859 D/IptablesRestoreController( 683): :oem_mangle_post -
05-07 18:38:30.859 D/IptablesRestoreController( 683): -A POSTROUTING -j
oem_mangle_post
05-07 18:38:30.859 D/IptablesRestoreController( 683): :bw_mangle_POSTROUTING -
05-07 18:38:30.859 D/IptablesRestoreController( 683): -A POSTROUTING -j
bw_mangle_POSTROUTING
05-07 18:38:30.859
D/IptablesRestoreController( 683): :idletimer_mangle_POSTROUTING -
05-07 18:38:30.859 D/IptablesRestoreController( 683): -A POSTROUTING -j
idletimer_mangle_POSTROUTING
05-07 18:38:30.859 D/IptablesRestoreController( 683): COMMIT
05-07 18:38:30.859 D/IptablesRestoreController( 683): [iptables debug]iptables-
restore execute done, res : 0
05-07 18:38:30.859 D/IptablesRestoreController( 683): [iptables debug]iptables-
restore execute *mangle
05-07 18:38:30.859 D/IptablesRestoreController( 683): -S POSTROUTING
05-07 18:38:30.859 D/IptablesRestoreController( 683): COMMIT
05-07 18:38:30.859 D/IptablesRestoreController( 683): [iptables debug]iptables-
restore execute done, res : 0
05-07 18:38:30.859 D/IptablesRestoreController( 683): [iptables debug]iptables-
restore execute *mangle
05-07 18:38:30.859 D/IptablesRestoreController( 683): :oem_mangle_post -
05-07 18:38:30.859 D/IptablesRestoreController( 683): -A POSTROUTING -j
oem_mangle_post
05-07 18:38:30.859 D/IptablesRestoreController( 683): :bw_mangle_POSTROUTING -
05-07 18:38:30.859 D/IptablesRestoreController( 683): -A POSTROUTING -j
bw_mangle_POSTROUTING
05-07 18:38:30.859
D/IptablesRestoreController( 683): :idletimer_mangle_POSTROUTING -
05-07 18:38:30.859 D/IptablesRestoreController( 683): -A POSTROUTING -j
idletimer_mangle_POSTROUTING
05-07 18:38:30.859 D/IptablesRestoreController( 683): COMMIT
05-07 18:38:30.860 D/IptablesRestoreController( 683): [iptables debug]iptables-
restore execute done, res : 0
05-07 18:38:30.860 I/netd ( 683): Creating child chains: 26812us
05-07 18:38:30.860 I/netd ( 683): Setting up OEM hooks: 103us
05-07 18:38:30.860 D/IptablesRestoreController( 683): [iptables debug]iptables-
restore execute *filter
05-07 18:38:30.860 D/IptablesRestoreController( 683): :input_dos -
05-07 18:38:30.860 D/IptablesRestoreController( 683): -A INPUT -j input_dos
05-07 18:38:30.860 D/IptablesRestoreController( 683): COMMIT
05-07 18:38:30.860 D/IptablesRestoreController( 683): [iptables debug]iptables-
restore execute done, res : 0
05-07 18:38:30.860 D/IptablesRestoreController( 683): [iptables debug]iptables-
restore execute *filter
05-07 18:38:30.860 D/IptablesRestoreController( 683): :input_dos -
05-07 18:38:30.860 D/IptablesRestoreController( 683): -A input_dos -p tcp -m
conntrack --ctstate NEW -m limit --limit 50/sec --limit-burst 50 -j ACCEPT
05-07 18:38:30.860 D/IptablesRestoreController( 683): -A input_dos -p tcp -m
conntrack --ctstate NEW -j DROP
05-07 18:38:30.860 D/IptablesRestoreController( 683): COMMIT
05-07 18:38:30.864 I/ServiceManager( 682): Waiting for service 'statscompanion' on
'/dev/binder'...
05-07 18:38:30.865 D/IptablesRestoreController( 683): [iptables debug]iptables-
restore execute done, res : 0
05-07 18:38:30.865 I/netd ( 683): Setting up FirewallController hooks: 5654us
05-07 18:38:30.865 D/IptablesRestoreController( 683): [iptables debug]iptables-
restore execute *filter
05-07 18:38:30.865 D/IptablesRestoreController( 683): :tetherctrl_FORWARD -
05-07 18:38:30.865 D/IptablesRestoreController( 683): -A tetherctrl_FORWARD -j
DROP
05-07 18:38:30.865 D/IptablesRestoreController( 683): COMMIT
05-07 18:38:30.865 D/IptablesRestoreController( 683): *nat
05-07 18:38:30.865 D/IptablesRestoreController( 683): :tetherctrl_nat_POSTROUTING
-
05-07 18:38:30.865 D/IptablesRestoreController( 683): :tetherctrl_nat_PREROUTING -
05-07 18:38:30.865 D/IptablesRestoreController( 683): COMMIT
05-07 18:38:30.866 D/IptablesRestoreController( 683): [iptables debug]iptables-
restore execute done, res : 0
05-07 18:38:30.866 D/IptablesRestoreController( 683): [iptables debug]iptables-
restore execute *filter
05-07 18:38:30.866 D/IptablesRestoreController( 683): :tetherctrl_FORWARD -
05-07 18:38:30.866 D/IptablesRestoreController( 683): COMMIT
05-07 18:38:30.866 D/IptablesRestoreController( 683): *raw
05-07 18:38:30.866 D/IptablesRestoreController( 683): :tetherctrl_raw_PREROUTING -
05-07 18:38:30.866 D/IptablesRestoreController( 683): COMMIT
05-07 18:38:30.866 D/IptablesRestoreController( 683): [iptables debug]iptables-
restore execute done, res : 0
05-07 18:38:30.866 D/IptablesRestoreController( 683): [iptables debug]iptables-
restore execute *mangle
05-07 18:38:30.866 D/IptablesRestoreController( 683): -A tetherctrl_mangle_FORWARD
-p tcp --tcp-flags SYN SYN -j TCPMSS --clamp-mss-to-pmtu
05-07 18:38:30.866 D/IptablesRestoreController( 683): COMMIT
05-07 18:38:30.866 D/IptablesRestoreController( 683): [iptables debug]iptables-
restore execute done, res : 0
05-07 18:38:30.866 D/IptablesRestoreController( 683): [iptables debug]iptables-
restore execute *filter
05-07 18:38:30.866 D/IptablesRestoreController( 683): :tetherctrl_counters -
05-07 18:38:30.866 D/IptablesRestoreController( 683): COMMIT
05-07 18:38:30.867 D/IptablesRestoreController( 683): [iptables debug]iptables-
restore execute done, res : 0
05-07 18:38:30.867 I/netd ( 683): Setting up TetherController hooks: 1892us
05-07 18:38:30.867 D/IptablesRestoreController( 683): [iptables debug]iptables-
restore execute *filter
05-07 18:38:30.867 D/IptablesRestoreController( 683): -S
05-07 18:38:30.867 D/IptablesRestoreController( 683): COMMIT
05-07 18:38:30.868 D/IptablesRestoreController( 683): [iptables debug]iptables-
restore execute done, res : 0
05-07 18:38:30.868 D/IptablesRestoreController( 683): [iptables debug]iptables-
restore execute *filter
05-07 18:38:30.868 D/IptablesRestoreController( 683): :bw_INPUT -
05-07 18:38:30.868 D/IptablesRestoreController( 683): :bw_OUTPUT -
05-07 18:38:30.868 D/IptablesRestoreController( 683): :bw_FORWARD -
05-07 18:38:30.868 D/IptablesRestoreController( 683): :bw_happy_box -
05-07 18:38:30.868 D/IptablesRestoreController( 683): :bw_penalty_box -
05-07 18:38:30.868 D/IptablesRestoreController( 683): :bw_data_saver -
05-07 18:38:30.868 D/IptablesRestoreController( 683): :bw_costly_shared -
05-07 18:38:30.868 D/IptablesRestoreController( 683): :bw_global_alert -
05-07 18:38:30.868 D/IptablesRestoreController( 683): :bw_foc_box -
05-07 18:38:30.868 D/IptablesRestoreController( 683): COMMIT
05-07 18:38:30.868 D/IptablesRestoreController( 683): *raw
05-07 18:38:30.868 D/IptablesRestoreController( 683): :bw_raw_PREROUTING -
05-07 18:38:30.868 D/IptablesRestoreController( 683): COMMIT
05-07 18:38:30.868 D/IptablesRestoreController( 683): *mangle
05-07 18:38:30.868 D/IptablesRestoreController( 683): :bw_mangle_POSTROUTING -
05-07 18:38:30.868 D/IptablesRestoreController( 683): COMMIT
05-07 18:38:30.870 D/IptablesRestoreController( 683): [iptables debug]iptables-
restore execute done, res : 0
05-07 18:38:30.870 I/netd ( 683): Setting up BandwidthController hooks: 2489us
05-07 18:38:30.870 I/netd ( 683): Setting up IdletimerController hooks: 45us
05-07 18:38:30.870 D/IptablesRestoreController( 683): [iptables debug]iptables-
restore execute *filter
05-07 18:38:30.870 D/IptablesRestoreController( 683): :st_OUTPUT -
05-07 18:38:30.870 D/IptablesRestoreController( 683): :st_penalty_log -
05-07 18:38:30.870 D/IptablesRestoreController( 683): :st_penalty_reject -
05-07 18:38:30.870 D/IptablesRestoreController( 683): :st_clear_caught -
05-07 18:38:30.870 D/IptablesRestoreController( 683): :st_clear_detect -
05-07 18:38:30.870 D/IptablesRestoreController( 683): COMMIT
05-07 18:38:30.871 D/IptablesRestoreController( 683): [iptables debug]iptables-
restore execute done, res : 0
05-07 18:38:30.871 D/IptablesRestoreController( 683): [iptables debug]iptables-
restore execute *filter
05-07 18:38:30.871 D/IptablesRestoreController( 683): -A st_penalty_log -j
CONNMARK --or-mark 0x1000000
05-07 18:38:30.871 D/IptablesRestoreController( 683): -A st_penalty_log -j NFLOG
--nflog-group 0
05-07 18:38:30.871 D/IptablesRestoreController( 683): -A st_penalty_reject -j
CONNMARK --or-mark 0x2000000
05-07 18:38:30.871 D/IptablesRestoreController( 683): -A st_penalty_reject -j
NFLOG --nflog-group 0
05-07 18:38:30.871 D/IptablesRestoreController( 683): -A st_penalty_reject -j
REJECT
05-07 18:38:30.871 D/IptablesRestoreController( 683): -A st_clear_detect -m
connmark --mark 0x2000000/0x2000000 -j REJECT
05-07 18:38:30.871 D/IptablesRestoreController( 683): -A st_clear_detect -m
connmark --mark 0x1000000/0x1000000 -j RETURN
05-07 18:38:30.871 D/IptablesRestoreController( 683): -A st_clear_detect -p tcp -m
u32 --u32 "0>>22&0x3C@ 12>>26&0x3C@ 0&0xFFFF0000=0x16030000 &&0>>22&0x3C@
12>>26&0x3C@ 4&0x00FF0000=0x00010000" -j CONNMARK --or-mark 0x1000000
05-07 18:38:30.871 D/IptablesRestoreController( 683): -A st_clear_detect -p udp -m
u32 --u32 "0>>22&0x3C@ 8&0xFFFF0000=0x16FE0000 &&0>>22&0x3C@
20&0x00FF0000=0x00010000" -j CONNMARK --or-mark 0x1000000
05-07 18:38:30.871 D/IptablesRestoreController( 683): -A st_clear_detect -m
connmark --mark 0x1000000/0x1000000 -j RETURN
05-07 18:38:30.871 D/IptablesRestoreController( 683): -A st_clear_detect -p tcp -m
state --state ESTABLISHED -m u32 --u32 "0>>22&0x3C@ 12>>26&0x3C@ 0&0x0=0x0" -j
st_clear_caught
05-07 18:38:30.871 D/IptablesRestoreController( 683): -A st_clear_detect -p udp -j
st_clear_caught
05-07 18:38:30.871 D/IptablesRestoreController( 683): COMMIT
05-07 18:38:30.875 D/IptablesRestoreController( 683): [iptables debug]iptables-
restore execute done, res : 0
05-07 18:38:30.875 D/IptablesRestoreController( 683): [iptables debug]iptables-
restore execute *filter
05-07 18:38:30.875 D/IptablesRestoreController( 683): -A st_penalty_log -j
CONNMARK --or-mark 0x1000000
05-07 18:38:30.875 D/IptablesRestoreController( 683): -A st_penalty_log -j NFLOG
--nflog-group 0
05-07 18:38:30.875 D/IptablesRestoreController( 683): -A st_penalty_reject -j
CONNMARK --or-mark 0x2000000
05-07 18:38:30.875 D/IptablesRestoreController( 683): -A st_penalty_reject -j
NFLOG --nflog-group 0
05-07 18:38:30.875 D/IptablesRestoreController( 683): -A st_penalty_reject -j
REJECT
05-07 18:38:30.875 D/IptablesRestoreController( 683): -A st_clear_detect -m
connmark --mark 0x2000000/0x2000000 -j REJECT
05-07 18:38:30.875 D/IptablesRestoreController( 683): -A st_clear_detect -m
connmark --mark 0x1000000/0x1000000 -j RETURN
05-07 18:38:30.875 D/IptablesRestoreController( 683): -A st_clear_detect -p tcp -m
u32 --u32 "52>>26&0x3C@ 40&0xFFFF0000=0x16030000 &&52>>26&0x3C@
44&0x00FF0000=0x00010000" -j CONNMARK --or-mark 0x1000000
05-07 18:38:30.875 D/IptablesRestoreController( 683): -A st_clear_detect -p udp -m
u32 --u32 "48&0xFFFF0000=0x16FE0000 &&60&0x00FF0000=0x00010000" -j CONNMARK --or-
mark 0x1000000
05-07 18:38:30.875 D/IptablesRestoreController( 683): -A st_clear_detect -m
connmark --mark 0x1000000/0x1000000 -j RETURN
05-07 18:38:30.875 D/IptablesRestoreController( 683): -A st_clear_detect -p tcp -m
state --state ESTABLISHED -m u32 --u32 "52>>26&0x3C@ 40&0x0=0x0" -j st_clear_caught
05-07 18:38:30.875 D/IptablesRestoreController( 683): -A st_clear_detect -p udp -j
st_clear_caught
05-07 18:38:30.875 D/IptablesRestoreController( 683): COMMIT
05-07 18:38:30.878 D/IptablesRestoreController( 683): [iptables debug]iptables-
restore execute done, res : 0
05-07 18:38:30.878 I/netd ( 683): Setting up StrictController hooks: 8509us
05-07 18:38:30.878 D/IptablesRestoreController( 683): [iptables debug]iptables-
restore execute *nat
05-07 18:38:30.878 D/IptablesRestoreController( 683): :mec_nat_OUTPUT -
05-07 18:38:30.878 D/IptablesRestoreController( 683): COMMIT
05-07 18:38:30.879 D/IptablesRestoreController( 683): [iptables debug]iptables-
restore execute done, res : 0
05-07 18:38:30.879 I/netd ( 683): Setting up MecController::makeMecChain()
hooks: 1002us
05-07 18:38:30.879 D/IptablesRestoreController( 683): [iptables debug]iptables-
restore execute *filter
05-07 18:38:30.879 D/IptablesRestoreController( 683): :limit -
05-07 18:38:30.879 D/IptablesRestoreController( 683): -A limit -p tcp ! --tcp-
flags FIN,SYN,RST NONE -j RETURN
05-07 18:38:30.879 D/IptablesRestoreController( 683): -A limit -p tcp --tcp-flags
ACK ACK -m length --length 0:53 -j RETURN
05-07 18:38:30.879 D/IptablesRestoreController( 683): -A limit -p tcp --dport 53 -
j RETURN
05-07 18:38:30.879 D/IptablesRestoreController( 683): -A limit -p udp --dport 53 -
j RETURN
05-07 18:38:30.879 D/IptablesRestoreController( 683): -A INPUT -p all -j limit
05-07 18:38:30.879 D/IptablesRestoreController( 683): COMMIT
05-07 18:38:30.881 D/IptablesRestoreController( 683): [iptables debug]iptables-
restore execute done, res : 0
05-07 18:38:30.881 I/netd ( 683): Setting up NetlimitControl hooks: 2124us
05-07 18:38:30.881 I/ClatdController( 683): 4.9+ kernel and device shipped with P
clat ebpf might work.
05-07 18:38:30.882 I/netd ( 683): Initializing ClatdController: 130us
05-07 18:38:30.882 I/netd ( 683): Initializing traffic control: 601us
05-07 18:38:30.882 D/IptablesRestoreController( 683): [iptables debug]iptables-
restore execute *filter
05-07 18:38:30.882 D/IptablesRestoreController( 683): -S
05-07 18:38:30.882 D/IptablesRestoreController( 683): COMMIT
05-07 18:38:30.883 D/IptablesRestoreController( 683): [iptables debug]iptables-
restore execute done, res : 0
05-07 18:38:30.883 D/IptablesRestoreController( 683): [iptables debug]iptables-
restore execute *filter
05-07 18:38:30.883 D/IptablesRestoreController( 683): :bw_INPUT -
05-07 18:38:30.883 D/IptablesRestoreController( 683): :bw_OUTPUT -
05-07 18:38:30.883 D/IptablesRestoreController( 683): :bw_FORWARD -
05-07 18:38:30.883 D/IptablesRestoreController( 683): :bw_happy_box -
05-07 18:38:30.883 D/IptablesRestoreController( 683): :bw_penalty_box -
05-07 18:38:30.883 D/IptablesRestoreController( 683): :bw_data_saver -
05-07 18:38:30.883 D/IptablesRestoreController( 683): :bw_costly_shared -
05-07 18:38:30.883 D/IptablesRestoreController( 683): :bw_global_alert -
05-07 18:38:30.883 D/IptablesRestoreController( 683): :bw_foc_box -
05-07 18:38:30.883 D/IptablesRestoreController( 683): COMMIT
05-07 18:38:30.883 D/IptablesRestoreController( 683): *raw
05-07 18:38:30.883 D/IptablesRestoreController( 683): :bw_raw_PREROUTING -
05-07 18:38:30.883 D/IptablesRestoreController( 683): COMMIT
05-07 18:38:30.883 D/IptablesRestoreController( 683): *mangle
05-07 18:38:30.883 D/IptablesRestoreController( 683): :bw_mangle_POSTROUTING -
05-07 18:38:30.883 D/IptablesRestoreController( 683): COMMIT
05-07 18:38:30.885 D/IptablesRestoreController( 683): [iptables debug]iptables-
restore execute done, res : 0
05-07 18:38:30.885 D/IptablesRestoreController( 683): [iptables debug]iptables-
restore execute *filter
05-07 18:38:30.885 D/IptablesRestoreController( 683): -A bw_INPUT -j
bw_global_alert
05-07 18:38:30.885 D/IptablesRestoreController( 683): -A bw_INPUT -p esp -j RETURN
05-07 18:38:30.885 D/IptablesRestoreController( 683): -A bw_INPUT -m mark --mark
0x100000/0x100000 -j RETURN
05-07 18:38:30.885 D/IptablesRestoreController( 683):
05-07 18:38:30.885 D/IptablesRestoreController( 683): -A bw_INPUT -j MARK --or-
mark 0x100000
05-07 18:38:30.885 D/IptablesRestoreController( 683): -A bw_OUTPUT -j
bw_global_alert
05-07 18:38:30.885 D/IptablesRestoreController( 683):
05-07 18:38:30.885 D/IptablesRestoreController( 683):
05-07 18:38:30.885 D/IptablesRestoreController( 683):
05-07 18:38:30.885 D/IptablesRestoreController( 683):
05-07 18:38:30.885 D/IptablesRestoreController( 683): -A bw_costly_shared -j
bw_penalty_box
05-07 18:38:30.885 D/IptablesRestoreController( 683): -I bw_penalty_box -m bpf --
object-pinned /sys/fs/bpf/prog_netd_skfilter_blacklist_xtbpf -j REJECT
05-07 18:38:30.885 D/IptablesRestoreController( 683): -A bw_penalty_box -j
bw_happy_box
05-07 18:38:30.885 D/IptablesRestoreController( 683): -A bw_happy_box -j
bw_data_saver
05-07 18:38:30.885 D/IptablesRestoreController( 683): -A bw_data_saver -j RETURN
05-07 18:38:30.885 D/IptablesRestoreController( 683): -I bw_happy_box -m bpf --
object-pinned /sys/fs/bpf/prog_netd_skfilter_whitelist_xtbpf -j RETURN
05-07 18:38:30.885 D/IptablesRestoreController( 683): COMMIT
05-07 18:38:30.885 D/IptablesRestoreController( 683): *raw
05-07 18:38:30.885 D/IptablesRestoreController( 683): -A bw_raw_PREROUTING -i
ipsec+ -j RETURN
05-07 18:38:30.885 D/IptablesRestoreController( 683): -A bw_raw_PREROUTING -m
policy --pol ipsec --dir in -j RETURN
05-07 18:38:30.885 D/IptablesRestoreController( 683): -A bw_raw_PREROUTING -m bpf
--object-pinned /sys/fs/bpf/prog_netd_skfilter_ingress_xtbpf
05-07 18:38:30.885 D/IptablesRestoreController( 683): COMMIT
05-07 18:38:30.885 D/IptablesRestoreController( 683): *mangle
05-07 18:38:30.885 D/IptablesRestoreController( 683): -A bw_mangle_POSTROUTING -o
ipsec+ -j RETURN
05-07 18:38:30.885 D/IptablesRestoreController( 683): -A bw_mangle_POSTROUTING -m
policy --pol ipsec --dir out -j RETURN
05-07 18:38:30.885 D/IptablesRestoreController( 683): -A bw_mangle_POSTROUTING -j
MARK --set-mark 0x0/0x100000
05-07 18:38:30.885 D/IptablesRestoreController( 683): -A bw_mangle_POSTROUTING -m
owner --uid-owner clat -j RETURN
05-07 18:38:30.885 D/IptablesRestoreController( 683): -A bw_ma
05-07 18:38:30.890 D/IptablesRestoreController( 683): [iptables debug]iptables-
restore execute done, res : 0
05-07 18:38:30.890 I/netd ( 683): Enabling bandwidth control: 7489us
05-07 18:38:30.891 I/netd ( 683): Initializing RouteController: 1808us
05-07 18:38:30.892 D/XfrmController( 683): XfrmController::ipSecAddXfrmInterface,
line=1377
05-07 18:38:30.892 D/XfrmController( 683):
XfrmController::ipSecRemoveTunnelInterface, line=1590
05-07 18:38:30.892 D/XfrmController( 683): deviceName=ipsec_test
05-07 18:38:30.909 I/engmode_tlc( 670): Wait for ta response(150/3000)
05-07 18:38:30.959 I/engmode_tlc( 670): Wait for ta response(200/3000)
05-07 18:38:30.964 I/ServiceManager( 682): Waiting for service 'statscompanion' on
'/dev/binder'...
05-07 18:38:30.971 D/XfrmController( 683): Sending Netlink XFRM Message:
XFRM_MSG_FLUSHSA
05-07 18:38:30.971 D/XfrmController( 683): Sending Netlink XFRM Message:
XFRM_MSG_FLUSHPOLICY
05-07 18:38:30.971 I/netd ( 683): Initializing XfrmController: 79440us
05-07 18:38:30.973 I/libnetd_resolv( 683): resolv_init: Initializing resolver
05-07 18:38:30.975 I/servicemanager( 549): Adding 'u:r:netd:s0' service
(dnsresolver:683)
05-07 18:38:30.978 I/servicemanager( 549): Adding 'u:r:netd:s0' service (netd:683)
05-07 18:38:30.991 I/BOOT ( 711): MSM target '', SoC 'IDP', HwID '355', SoC ver
'65536'
05-07 18:38:31.009 I/engmode_tlc( 670): Wait for ta response(250/3000)
05-07 18:38:31.023 I/engmode_tlc( 670): em_tlc_send_qsee : cmd is done(0x00000000)
05-07 18:38:31.024 I/engmode_tlc( 670): em_tlc_qsee_clear : Shutdown app
05-07 18:38:31.024 D/QSEECOMAPI( 670): QSEECom_dealloc_memory
05-07 18:38:31.024 D/QSEECOMAPI( 670): QSEECom_shutdown_app, app_id = 9
05-07 18:38:31.024 I/engmode_tlc( 670): em_tlc_qsee_clear : Shutdown is done
05-07 18:38:31.024 I/engmode_tlc( 670): Nwd api = 0x00000000, Swd internal =
0x00000000
05-07 18:38:31.024 I/engmode_tlc( 670): Wait kill signal
05-07 18:38:31.060 I/engmode_tlc( 670): TA reply response, pass waiting
05-07 18:38:31.060 I/engmode_tlc( 670): Done waiting thread(isTimeOut:FALSE)
05-07 18:38:31.060 I/engmode_tlc( 670): em tlc send result 0x00000000
05-07 18:38:31.060 I/engmode_tlc( 670): kill thread (516100222144)
05-07 18:38:31.060 I/engmode_tlc( 670): Got signal 10, tid: 516100222144
05-07 18:38:31.060 I/engmode_tlc( 670): tlc thr cleanup
05-07 18:38:31.062 I/engmode_steady( 670): read from steady(11264)
05-07 18:38:31.064 I/ServiceManager( 682): Waiting for service 'statscompanion' on
'/dev/binder'...
05-07 18:38:31.067 I/engmode_steady( 670): read from steady(69632)
05-07 18:38:31.067 I/engmode_world( 670): No server time
05-07 18:38:31.067 I/engmode_tlc( 670): EM version = 30.5.00
05-07 18:38:31.067 I/engmode_tlc( 670): EM C/C : 00000003/00000002
05-07 18:38:31.067 I/engmode_tlc( 670): TA Thread is running(516100222144/0)
05-07 18:38:31.067 I/engmode_tlc( 670): em_tlc_send_qsee : Try load app
05-07 18:38:31.067 D/QSEECOMAPI( 670): QSEECom_get_handle sb_length = 0x425c0
05-07 18:38:31.067 D/QSEECOMAPI( 670): App is not loaded in QSEE
05-07 18:38:31.067 D/QSEECOMAPI( 670): app_arch = 1, total_files = 9
05-07 18:38:31.117 I/engmode_tlc( 670): Wait for ta response(50/3000)
05-07 18:38:31.128 D/QSEECOMAPI( 670): Loaded image: APP id = 10
05-07 18:38:31.128 I/engmode_tlc( 670): em_tlc_send_qsee : Loading app is done
05-07 18:38:31.129 I/engmode_tlc( 670): em_tlc_send_qsee : send command
05-07 18:38:31.131 I/vaultkeeper( 648): There is no
property(ro.factory.factory_binary)
05-07 18:38:31.132 I/VaultKeeper_COMMON( 648): VK 4.2.3 [Client]
/vendor/bin/vaultkeeperd. => [Vault] VK. [CMD NO.] 8983
05-07 18:38:31.132 I/VaultKeeper_COMMON( 648): [CMD:INITIALIZE]
05-07 18:38:31.133 D/QSEECOMAPI( 648): QSEECom_get_handle sb_length = 0x1ae40
05-07 18:38:31.165 I/ServiceManager( 682): Waiting for service 'statscompanion' on
'/dev/binder'...
05-07 18:38:31.167 I/engmode_tlc( 670): Wait for ta response(100/3000)
05-07 18:38:31.211 I/appproc ( 684): !@Boot_EBS_F: start zygote from appmain
05-07 18:38:31.212 D/AndroidRuntime( 684): >>>>>> START
com.android.internal.os.ZygoteInit uid 0 <<<<<<
05-07 18:38:31.217 I/engmode_tlc( 670): Wait for ta response(150/3000)
05-07 18:38:31.228 I/engmode_tlc( 670): em_tlc_send_qsee : cmd is done(0x00000000)
05-07 18:38:31.229 D/QSEECOMAPI( 648): App is not loaded in QSEE
05-07 18:38:31.229 I/engmode_tlc( 670): em_tlc_qsee_clear : Shutdown app
05-07 18:38:31.229 D/QSEECOMAPI( 670): QSEECom_dealloc_memory
05-07 18:38:31.229 D/QSEECOMAPI( 670): QSEECom_shutdown_app, app_id = 10
05-07 18:38:31.229 D/QSEECOMAPI( 648): app_arch = 1, total_files = 9
05-07 18:38:31.230 I/engmode_tlc( 670): em_tlc_qsee_clear : Shutdown is done
05-07 18:38:31.230 I/engmode_tlc( 670): Nwd api = 0x00000000, Swd internal =
0xf02d0010
05-07 18:38:31.230 I/engmode_tlc( 670): Wait kill signal
05-07 18:38:31.230 E/ion ( 648): ioctl c0044901 failed with code -1:
Inappropriate ioctl for device
05-07 18:38:31.249 I/AndroidRuntime( 684): Using default boot image
05-07 18:38:31.249 I/AndroidRuntime( 684): Leaving lock profiling enabled
05-07 18:38:31.250 D/SecNativeFeatureCppIf( 684): encoded
05-07 18:38:31.250 D/SecNativeFeatureCppIf( 684): decoding and unzip finish
05-07 18:38:31.250 D/SecNativeFeatureCppIf( 684): use unCompDataBuff. encoded
05-07 18:38:31.250 D/SecNativeFeatureCppIf( 684): Free unCompDataBuff
05-07 18:38:31.250 D/SecNativeFeatureCppIf( 684): encoded
05-07 18:38:31.250 D/SecNativeFeatureCppIf( 684): decoding and unzip finish
05-07 18:38:31.250 D/SecNativeFeatureCppIf( 684): use unCompDataBuff. encoded
05-07 18:38:31.250 D/SecNativeFeatureCppIf( 684): Free unCompDataBuff
05-07 18:38:31.250 D/AndroidRuntime( 684): addProductProperty: pBrand1 is not null
05-07 18:38:31.250 D/AndroidRuntime( 684): addProductProperty: not brand or 7
05-07 18:38:31.251 D/AndroidRuntime( 685): >>>>>> START
com.android.internal.os.ZygoteInit uid 0 <<<<<<
05-07 18:38:31.257 I/zygote64( 684): option[0]=-Xzygote
05-07 18:38:31.257 I/zygote64( 684): option[1]=exit
05-07 18:38:31.257 I/zygote64( 684): option[2]=vfprintf
05-07 18:38:31.257 I/zygote64( 684): option[3]=sensitiveThread
05-07 18:38:31.257 I/zygote64( 684): option[4]=-verbose:gc
05-07 18:38:31.257 I/zygote64( 684): option[5]=-XX:PerfettoHprof=true
05-07 18:38:31.257 I/zygote64( 684): option[6]=-Xprimaryzygote
05-07 18:38:31.257 I/zygote64( 684): option[7]=-Xms8m
05-07 18:38:31.257 I/zygote64( 684): option[8]=-Xmx512m
05-07 18:38:31.257 I/zygote64( 684): option[9]=-XX:HeapMinFree=2m
05-07 18:38:31.257 I/zygote64( 684): option[10]=-XX:HeapMaxFree=8m
05-07 18:38:31.257 I/zygote64( 684): option[11]=-XX:HeapTargetUtilization=0.75
05-07 18:38:31.257 I/zygote64( 684): option[12]=-Xusejit:true
05-07 18:38:31.257 I/zygote64( 684): option[13]=-Xjitsaveprofilinginfo
05-07 18:38:31.258 I/zygote64( 684): option[14]=-XjdwpOptions:suspend=n,server=y
05-07 18:38:31.258 I/zygote64( 684): option[15]=-XjdwpProvider:default
05-07 18:38:31.258 I/zygote64( 684): option[16]=-Xopaque-jni-ids:swapable
05-07 18:38:31.258 I/zygote64( 684): option[17]=-Xlockprofthreshold:500
05-07 18:38:31.258 I/zygote64( 684): option[18]=-Xcompiler-option
05-07 18:38:31.258 I/zygote64( 684): option[19]=--instruction-set-variant=generic
05-07 18:38:31.258 I/zygote64( 684): option[20]=-Xcompiler-option
05-07 18:38:31.258 I/zygote64( 684): option[21]=--instruction-set-features=default
05-07 18:38:31.258 I/zygote64( 684): option[22]=-Xcompiler-option
05-07 18:38:31.258 I/zygote64( 684): option[23]=--generate-mini-debug-info
05-07 18:38:31.258 I/zygote64( 684): option[24]=-Ximage-compiler-option
05-07 18:38:31.258 I/zygote64( 684): option[25]=--runtime-arg
05-07 18:38:31.258 I/zygote64( 684): option[26]=-Ximage-compiler-option
05-07 18:38:31.258 I/zygote64( 684): option[27]=-Xms64m
05-07 18:38:31.258 I/zygote64( 684): option[28]=-Ximage-compiler-option
05-07 18:38:31.258 I/zygote64( 684): option[29]=--runtime-arg
05-07 18:38:31.258 I/zygote64( 684): option[30]=-Ximage-compiler-option
05-07 18:38:31.258 I/zygote64( 684): option[31]=-Xmx64m
05-07 18:38:31.258 I/zygote64( 684): option[32]=-Ximage-compiler-option
05-07 18:38:31.258 I/zygote64( 684):
option[33]=--dirty-image-objects=/system/etc/dirty-image-objects
05-07 18:38:31.258 I/zygote64( 684): option[34]=-Ximage-compiler-option
05-07 18:38:31.258 I/zygote64( 684): option[35]=--instruction-set-variant=generic
05-07 18:38:31.258 I/zygote64( 684): option[36]=-Ximage-compiler-option
05-07 18:38:31.258 I/zygote64( 684): option[37]=--instruction-set-features=default
05-07 18:38:31.258 I/zygote64( 684): option[38]=-Ximage-compiler-option
05-07 18:38:31.258 I/zygote64( 684): option[39]=--generate-mini-debug-info
05-07 18:38:31.258 I/zygote64( 684): option[40]=-Duser.locale=es-ES
05-07 18:38:31.258 I/zygote64( 684): option[41]=--cpu-abilist=arm64-v8a
05-07 18:38:31.258 I/zygote64( 684):
option[42]=-Xfingerprint:samsung/a70qxtc/a70q:11/RP1A.200720.012/A705MNXXS5DWD1:use
r/release-keys
05-07 18:38:31.266 I/ServiceManager( 682): Waiting for service 'statscompanion' on
'/dev/binder'...
05-07 18:38:31.268 I/engmode_tlc( 670): TA reply response, pass waiting
05-07 18:38:31.268 I/engmode_tlc( 670): Done waiting thread(isTimeOut:FALSE)
05-07 18:38:31.268 I/engmode_tlc( 670): em tlc send result 0x00000000
05-07 18:38:31.268 I/engmode_tlc( 670): kill thread (516100222144)
05-07 18:38:31.268 I/engmode_tlc( 670): Got signal 10, tid: 516100222144
05-07 18:38:31.268 I/engmode_tlc( 670): tlc thr cleanup
05-07 18:38:31.268 E/engmode_world( 670): Failed emIsTokenInstalled(0xf02d0010)
05-07 18:38:31.268 I/engmode_binder_server( 670): VERSION = 20/0xf02d0010
05-07 18:38:31.268 I/engmode_cache_list( 670): clist created(20)
05-07 18:38:31.268 I/engmode_binder_server( 670): Notify To Cp count (0)
05-07 18:38:31.268 E/engmode_ril_command( 670): Failed to Connect_RILD, ret : 4
05-07 18:38:31.268 E/engmode_ril_command( 670): Connect to fail(-803209197).
05-07 18:38:31.268 I/engmode_binder_server( 670): Notify To Cp count (1)
05-07 18:38:31.268 E/engmode_ril_command( 670): Failed to Connect_RILD, ret : 4
05-07 18:38:31.268 E/engmode_ril_command( 670): Connect to fail(-803209197).
05-07 18:38:31.268 I/engmode_binder_server( 670): Notify To Cp count (2)
05-07 18:38:31.268 E/engmode_ril_command( 670): Failed to Connect_RILD, ret : 4
05-07 18:38:31.268 E/engmode_ril_command( 670): Connect to fail(-803209197).
05-07 18:38:31.268 I/engmode_binder_server( 670): Notify To Cp count (3)
05-07 18:38:31.268 E/engmode_ril_command( 670): Failed to Connect_RILD, ret : 4
05-07 18:38:31.268 E/engmode_ril_command( 670): Connect to fail(-803209197).
05-07 18:38:31.268 I/engmode_binder_server( 670): Notify To Cp count (4)
05-07 18:38:31.268 E/engmode_ril_command( 670): Failed to Connect_RILD, ret : 4
05-07 18:38:31.268 E/engmode_ril_command( 670): Connect to fail(-803209197).
05-07 18:38:31.268 I/engmode_binder_server( 670): Notify To Cp count (5)
05-07 18:38:31.268 E/engmode_ril_command( 670): Failed to Connect_RILD, ret : 4
05-07 18:38:31.268 E/engmode_ril_command( 670): Connect to fail(-803209197).
05-07 18:38:31.268 I/engmode_binder_server( 670): Notify To Cp count (6)
05-07 18:38:31.268 E/engmode_ril_command( 670): Failed to Connect_RILD, ret : 4
05-07 18:38:31.268 E/engmode_ril_command( 670): Connect to fail(-803209197).
05-07 18:38:31.268 I/engmode_binder_server( 670): Notify To Cp count (7)
05-07 18:38:31.268 E/engmode_ril_command( 670): Failed to Connect_RILD, ret : 4
05-07 18:38:31.268 E/engmode_ril_command( 670): Connect to fail(-803209197).
05-07 18:38:31.268 I/engmode_binder_server( 670): Notify To Cp count (8)
05-07 18:38:31.268 E/engmode_ril_command( 670): Failed to Connect_RILD, ret : 4
05-07 18:38:31.268 E/engmode_ril_command( 670): Connect to fail(-803209197).
05-07 18:38:31.268 I/engmode_binder_server( 670): Notify To Cp count (9)
05-07 18:38:31.268 E/engmode_ril_command( 670): Failed to Connect_RILD, ret : 4
05-07 18:38:31.268 E/engmode_ril_command( 670): Connect to fail(-803209197).
05-07 18:38:31.269 I/vndservicemanager( 551): Adding 'u:r:emservice:s0' service
(EngineeringModeService:670)
05-07 18:38:31.269 I/engmode_binder_server( 670): EngineeringModeHandlerService =
0
05-07 18:38:31.269 I/engmode_binder_server( 670): EngineeringModeHandler is now
ready
05-07 18:38:31.273 W/zygote64( 684): Failed to open pruning marker:
/efs/recovery/pruning_arm64: No such file or directory
05-07 18:38:31.284 I/AndroidRuntime( 685): Using default boot image
05-07 18:38:31.284 I/AndroidRuntime( 685): Leaving lock profiling enabled
05-07 18:38:31.284 D/SecNativeFeatureCppIf( 685): encoded
05-07 18:38:31.285 D/SecNativeFeatureCppIf( 685): decoding and unzip finish
05-07 18:38:31.285 D/SecNativeFeatureCppIf( 685): use unCompDataBuff. encoded
05-07 18:38:31.285 D/SecNativeFeatureCppIf( 685): Free unCompDataBuff
05-07 18:38:31.285 D/SecNativeFeatureCppIf( 685): encoded
05-07 18:38:31.285 D/SecNativeFeatureCppIf( 685): decoding and unzip finish
05-07 18:38:31.285 D/SecNativeFeatureCppIf( 685): use unCompDataBuff. encoded
05-07 18:38:31.285 D/SecNativeFeatureCppIf( 685): Free unCompDataBuff
05-07 18:38:31.285 D/AndroidRuntime( 685): addProductProperty: pBrand1 is not null
05-07 18:38:31.285 D/AndroidRuntime( 685): addProductProperty: not brand or 7
05-07 18:38:31.291 I/zygote ( 685): option[0]=-Xzygote
05-07 18:38:31.291 I/zygote ( 685): option[1]=exit
05-07 18:38:31.291 I/zygote ( 685): option[2]=vfprintf
05-07 18:38:31.291 I/zygote ( 685): option[3]=sensitiveThread
05-07 18:38:31.291 I/zygote ( 685): option[4]=-verbose:gc
05-07 18:38:31.291 I/zygote ( 685): option[5]=-XX:PerfettoHprof=true
05-07 18:38:31.291 I/zygote ( 685): option[6]=-Xms8m
05-07 18:38:31.291 I/zygote ( 685): option[7]=-Xmx512m
05-07 18:38:31.291 I/zygote ( 685): option[8]=-XX:HeapMinFree=2m
05-07 18:38:31.291 I/zygote ( 685): option[9]=-XX:HeapMaxFree=8m
05-07 18:38:31.291 I/zygote ( 685): option[10]=-XX:HeapTargetUtilization=0.75
05-07 18:38:31.291 I/zygote ( 685): option[11]=-Xusejit:true
05-07 18:38:31.291 I/zygote ( 685): option[12]=-Xjitsaveprofilinginfo
05-07 18:38:31.291 I/zygote ( 685): option[13]=-XjdwpOptions:suspend=n,server=y
05-07 18:38:31.291 I/zygote ( 685): option[14]=-XjdwpProvider:default
05-07 18:38:31.291 I/zygote ( 685): option[15]=-Xopaque-jni-ids:swapable
05-07 18:38:31.291 I/zygote ( 685): option[16]=-Xlockprofthreshold:500
05-07 18:38:31.291 I/zygote ( 685): option[17]=-Xcompiler-option
05-07 18:38:31.291 I/zygote ( 685): option[18]=--instruction-set-variant=cortex-
a9
05-07 18:38:31.291 I/zygote ( 685): option[19]=-Xcompiler-option
05-07 18:38:31.291 I/zygote ( 685): option[20]=--instruction-set-features=default
05-07 18:38:31.291 I/zygote ( 685): option[21]=-Xcompiler-option
05-07 18:38:31.291 I/zygote ( 685): option[22]=--generate-mini-debug-info
05-07 18:38:31.291 I/zygote ( 685): option[23]=-Ximage-compiler-option
05-07 18:38:31.291 I/zygote ( 685): option[24]=--runtime-arg
05-07 18:38:31.291 I/zygote ( 685): option[25]=-Ximage-compiler-option
05-07 18:38:31.291 I/zygote ( 685): option[26]=-Xms64m
05-07 18:38:31.291 I/zygote ( 685): option[27]=-Ximage-compiler-option
05-07 18:38:31.291 I/zygote ( 685): option[28]=--runtime-arg
05-07 18:38:31.291 I/zygote ( 685): option[29]=-Ximage-compiler-option
05-07 18:38:31.291 I/zygote ( 685): option[30]=-Xmx64m
05-07 18:38:31.291 I/zygote ( 685): option[31]=-Ximage-compiler-option
05-07 18:38:31.291 I/zygote ( 685):
option[32]=--dirty-image-objects=/system/etc/dirty-image-objects
05-07 18:38:31.291 I/zygote ( 685): option[33]=-Ximage-compiler-option
05-07 18:38:31.291 I/zygote ( 685): option[34]=--instruction-set-variant=cortex-
a9
05-07 18:38:31.291 I/zygote ( 685): option[35]=-Ximage-compiler-option
05-07 18:38:31.291 I/zygote ( 685): option[36]=--instruction-set-features=default
05-07 18:38:31.291 I/zygote ( 685): option[37]=-Ximage-compiler-option
05-07 18:38:31.291 I/zygote ( 685): option[38]=--generate-mini-debug-info
05-07 18:38:31.291 I/zygote ( 685): option[39]=-Duser.locale=es-ES
05-07 18:38:31.291 I/zygote ( 685): option[40]=--cpu-abilist=armeabi-v7a,armeabi
05-07 18:38:31.291 I/zygote ( 685):
option[41]=-Xfingerprint:samsung/a70qxtc/a70q:11/RP1A.200720.012/A705MNXXS5DWD1:use
r/release-keys
05-07 18:38:31.293 D/QSEECOMAPI( 648): Loaded image: APP id = 11
05-07 18:38:31.301 W/zygote ( 685): Failed to open pruning marker:
/efs/recovery/pruning_arm: No such file or directory
05-07 18:38:31.329 W/libc ( 516): Unable to set property "ro.sf.lcd_density" to
"480": error code: 0xb, try count : 1
05-07 18:38:31.329 W/libc ( 516): Unable to set property "ro.sf.lcd_density" to
"480": error code: 0xb, try count : 2
05-07 18:38:31.332 W/libc ( 516): Unable to set property "ro.sf.lcd_density" to
"480": error code: 0xb, try count : 3
05-07 18:38:31.366 I/ServiceManager( 682): Waiting for service 'statscompanion' on
'/dev/binder'...
05-07 18:38:31.374 D/QSEECOMAPI( 648): QSEECom_dealloc_memory
05-07 18:38:31.374 D/QSEECOMAPI( 648): QSEECom_shutdown_app, app_id = 11
05-07 18:38:31.378 I/vaultkeeper( 648): runCommand Success.(TA ret = 0)
05-07 18:38:31.379 I/vaultkeeper( 648): VAULTKEEPER SERVICE READY!
05-07 18:38:31.409 E/audit ( 666): type=1400 audit(1715125111.390:93): avc:
denied { getattr } for pid=1 comm="init" name="hostname" dev="proc" ino=19807
scontext=u:r:init:s0 tcontext=u:object_r:proc_hostname:s0 tclass=file permissive=0
SEPF_SM-A705MN_11_0010 audit_filtered
05-07 18:38:31.410 E/audit ( 666): type=1300 audit(1715125111.390:93):
arch=c00000b7 syscall=56 success=yes exit=22 a0=ffffff9c a1=b400007db670d360
a2=88241 a3=180 items=0 ppid=0 pid=1 auid=4294967295 uid=0 gid=0 euid=0 suid=0
fsuid=0 egid=0 sgid=0 fsgid=0 tty=(none) ses=4294967295 comm="init"
exe="/system/bin/init" subj=u:r:init:s0 key=(null)
05-07 18:38:31.410 E/audit ( 666): type=1327 audit(1715125111.390:93):
proctitle=2F73797374656D2F62696E2F696E69740073656C696E75785F7365747570
05-07 18:38:31.410 E/audit ( 666): type=1400 audit(1715125111.390:94): avc:
denied { getattr } for pid=1 comm="init" name="domainname" dev="proc" ino=19808
scontext=u:r:init:s0 tcontext=u:object_r:proc_hostname:s0 tclass=file permissive=0
SEPF_SM-A705MN_11_0010 audit_filtered
05-07 18:38:31.410 E/audit ( 666): type=1300 audit(1715125111.390:94):
arch=c00000b7 syscall=56 success=yes exit=22 a0=ffffff9c a1=b400007db670d360
a2=88241 a3=180 items=0 ppid=0 pid=1 auid=4294967295 uid=0 gid=0 euid=0 suid=0
fsuid=0 egid=0 sgid=0 fsgid=0 tty=(none) ses=4294967295 comm="init"
exe="/system/bin/init" subj=u:r:init:s0 key=(null)
05-07 18:38:31.410 E/audit ( 666): type=1327 audit(1715125111.390:94):
proctitle=2F73797374656D2F62696E2F696E69740073656C696E75785F7365747570
05-07 18:38:31.410 E/audit ( 666): type=1400 audit(1715125111.390:95): avc:
denied { getattr } for pid=1 comm="init" name="overcommit_memory" dev="proc"
ino=19810 scontext=u:r:init:s0 tcontext=u:object_r:proc_overcommit_memory:s0
tclass=file permissive=0 SEPF_SM-A705MN_11_0010 audit_filtered
05-07 18:38:31.410 E/audit ( 666): type=1300 audit(1715125111.390:95):
arch=c00000b7 syscall=56 success=yes exit=22 a0=ffffff9c a1=b400007dc6743a50
a2=88241 a3=180 items=0 ppid=0 pid=1 auid=4294967295 uid=0 gid=0 euid=0 suid=0
fsuid=0 egid=0 sgid=0 fsgid=0 tty=(none) ses=4294967295 comm="init"
exe="/system/bin/init" subj=u:r:init:s0 key=(null)
05-07 18:38:31.410 E/audit ( 666): type=1327 audit(1715125111.390:95):
proctitle=2F73797374656D2F62696E2F696E69740073656C696E75785F7365747570
05-07 18:38:31.410 E/audit ( 666): type=1400 audit(1715125111.390:96): avc:
denied { getattr } for pid=1 comm="init" name="page-cluster" dev="proc" ino=19811
scontext=u:r:init:s0 tcontext=u:object_r:proc_page_cluster:s0 tclass=file
permissive=0 SEPF_SM-A705MN_11_0010 audit_filtered
05-07 18:38:31.410 E/audit ( 666): type=1300 audit(1715125111.390:96):
arch=c00000b7 syscall=56 success=yes exit=22 a0=ffffff9c a1=b400007dc6743a50
a2=88241 a3=180 items=0 ppid=0 pid=1 auid=4294967295 uid=0 gid=0 euid=0 suid=0
fsuid=0 egid=0 sgid=0 fsgid=0 tty=(none) ses=4294967295 comm="init"
exe="/system/bin/init" subj=u:r:init:s0 key=(null)
05-07 18:38:31.410 E/audit ( 666): type=1327 audit(1715125111.390:96):
proctitle=2F73797374656D2F62696E2F696E69740073656C696E75785F7365747570
