09-29 00:32:31.549 21361 21433 W CameraMetadataJV: Expect face scores and rectangles to be non-null
09-29 00:32:31.550 21361 21433 W CAM_A : PHOTO > abs Δ(result sensor timestamp) = 150,15 ms > 70,00 ms
09-29 00:32:31.550 21361 21433 W CAM_A : PHOTO > rel Δ(result sensor timestamp) = 1,00 > 0,25
09-29 00:32:31.550 21361 21433 W CAM_A : PHOTO > result sensor delay = 2,00 > 1,10
09-29 00:32:31.630 21361 21433 W CameraMetadataJV: Expect face scores and rectangles to be non-null
09-29 00:32:31.630 21361 21433 W CAM_A : PHOTO > abs Δ(result sensor timestamp) = 75,07 ms > 70,00 ms
09-29 00:32:31.630 21361 21433 W CAM_A : PHOTO > rel Δ(result sensor timestamp) = 0,50 > 0,25
09-29 00:32:31.631 21361 21401 W gralloc4: Could not find component description for FourCC value 20363152
09-29 00:32:31.779 21361 21433 W CameraMetadataJV: Expect face scores and rectangles to be non-null
09-29 00:32:31.780 21361 21433 W CAM_A : PHOTO > abs Δ(result sensor timestamp) = 150,15 ms > 70,00 ms
09-29 00:32:31.780 21361 21433 W CAM_A : PHOTO > rel Δ(result sensor timestamp) = 1,00 > 0,25
09-29 00:32:31.780 21361 21433 W CAM_A : PHOTO > result sensor delay = 2,00 > 1,10
09-29 00:32:31.860 21361 21433 W CameraMetadataJV: Expect face scores and rectangles to be non-null
09-29 00:32:31.860 21361 21433 W CAM_A : PHOTO > abs Δ(result sensor timestamp) = 75,08 ms > 70,00 ms
09-29 00:32:31.860 21361 21433 W CAM_A : PHOTO > rel Δ(result sensor timestamp) = 0,50 > 0,25
09-29 00:32:31.861 21361 21391 W gralloc4: Could not find component description for FourCC value 20363152
09-29 00:32:32.003 21361 21433 W CameraMetadataJV: Expect face scores and rectangles to be non-null
09-29 00:32:32.004 21361 21433 W CAM_A : PHOTO > abs Δ(result sensor timestamp) = 150,15 ms > 70,00 ms
09-29 00:32:32.004 21361 21433 W CAM_A : PHOTO > rel Δ(result sensor timestamp) = 1,00 > 0,25
09-29 00:32:32.004 21361 21433 W CAM_A : PHOTO > result sensor delay = 2,00 > 1,10
09-29 00:32:32.039 21361 21361 D CameraManager2: GotArray:0
09-29 00:32:32.039 21361 21361 D CameraManager2: GotArray:1
09-29 00:32:32.039 21361 21361 D CameraManager2: GotArray:20
09-29 00:32:32.039 21361 21361 D CameraManager2: GotArray:21
09-29 00:32:32.083 21361 21433 W CameraMetadataJV: Expect face scores and rectangles to be non-null
09-29 00:32:32.083 21361 21433 W CAM_A : PHOTO > abs Δ(result sensor timestamp) = 75,07 ms > 70,00 ms
09-29 00:32:32.083 21361 21433 W CAM_A : PHOTO > rel Δ(result sensor timestamp) = 0,50 > 0,25
09-29 00:32:32.084 21361 21401 W gralloc4: Could not find component description for FourCC value 20363152
09-29 00:32:32.230 21361 21433 W CameraMetadataJV: Expect face scores and rectangles to be non-null
09-29 00:32:32.231 21361 21433 W CAM_A : PHOTO > abs Δ(result sensor timestamp) = 150,15 ms > 70,00 ms
09-29 00:32:32.231 21361 21433 W CAM_A : PHOTO > rel Δ(result sensor timestamp) = 1,00 > 0,25
09-29 00:32:32.231 21361 21433 W CAM_A : PHOTO > result sensor delay = 2,00 > 1,10
09-29 00:32:32.305 21361 21433 W CameraMetadataJV: Expect face scores and rectangles to be non-null
09-29 00:32:32.305 21361 21433 W CAM_A : PHOTO > abs Δ(result sensor timestamp) = 75,07 ms > 70,00 ms
09-29 00:32:32.305 21361 21433 W CAM_A : PHOTO > rel Δ(result sensor timestamp) = 0,50 > 0,25
09-29 00:32:32.306 21361 21391 W gralloc4: Could not find component description for FourCC value 20363152
09-29 00:32:32.451 21361 21433 W CameraMetadataJV: Expect face scores and rectangles to be non-null
09-29 00:32:32.452 21361 21433 W CAM_A : PHOTO > abs Δ(result sensor timestamp) = 150,15 ms > 70,00 ms
09-29 00:32:32.452 21361 21433 W CAM_A : PHOTO > rel Δ(result sensor timestamp) = 1,00 > 0,25
09-29 00:32:32.452 21361 21433 W CAM_A : PHOTO > result sensor delay = 2,00 > 1,10
09-29 00:32:32.532 21361 21433 W CameraMetadataJV: Expect face scores and rectangles to be non-null
09-29 00:32:32.533 21361 21433 W CAM_A : PHOTO > abs Δ(result sensor timestamp) = 75,07 ms > 70,00 ms
09-29 00:32:32.533 21361 21433 W CAM_A : PHOTO > rel Δ(result sensor timestamp) = 0,50 > 0,25
09-29 00:32:32.534 21361 21401 W gralloc4: Could not find component description for FourCC value 20363152
09-29 00:32:32.680 21361 21433 W CameraMetadataJV: Expect face scores and rectangles to be non-null
09-29 00:32:32.681 21361 21433 W CAM_A : PHOTO > abs Δ(result sensor timestamp) = 150,15 ms > 70,00 ms
09-29 00:32:32.681 21361 21433 W CAM_A : PHOTO > rel Δ(result sensor timestamp) = 1,00 > 0,25
09-29 00:32:32.681 21361 21433 W CAM_A : PHOTO > result sensor delay = 2,00 > 1,10
09-29 00:32:32.759 21361 21433 W CameraMetadataJV: Expect face scores and rectangles to be non-null
09-29 00:32:32.759 21361 21433 W CAM_A : PHOTO > abs Δ(result sensor timestamp) = 75,07 ms > 70,00 ms
09-29 00:32:32.760 21361 21433 W CAM_A : PHOTO > rel Δ(result sensor timestamp) = 0,50 > 0,25
09-29 00:32:32.762 21361 21401 W gralloc4: Could not find component description for FourCC value 20363152
09-29 00:32:32.882 21361 21392 I mali_config: @get_buffer_dataspace_setting: update dataspace (0x10020000 -> 0x08020000)
09-29 00:32:32.887 21361 21392 I GED : ged_boost_gpu_freq, level 100, eOrigin 2, final_idx 29, oppidx_max 29, oppidx_min 0
09-29 00:32:32.905 21361 21433 W CameraMetadataJV: Expect face scores and rectangles to be non-null
09-29 00:32:32.906 21361 21433 W CAM_A : PHOTO > abs Δ(result sensor timestamp) = 150,15 ms > 70,00 ms
09-29 00:32:32.906 21361 21433 W CAM_A : PHOTO > rel Δ(result sensor timestamp) = 1,00 > 0,25
09-29 00:32:32.906 21361 21433 W CAM_A : PHOTO > result sensor delay = 2,00 > 1,10
09-29 00:32:32.912 21361 21361 D CameraManager2: GotArray:0
09-29 00:32:32.912 21361 21361 D CameraManager2: GotArray:1
09-29 00:32:32.912 21361 21361 D CameraManager2: GotArray:20
09-29 00:32:32.912 21361 21361 D CameraManager2: GotArray:21
09-29 00:32:32.921 21361 21361 D CameraManager2: GotArray:0
09-29 00:32:32.921 21361 21361 D CameraManager2: GotArray:1
09-29 00:32:32.921 21361 21361 D CameraManager2: GotArray:20
09-29 00:32:32.921 21361 21361 D CameraManager2: GotArray:21
09-29 00:32:32.931 21361 21554 D libMEOW : meow delete tls: 0x73d324bf40
09-29 00:32:32.932 21361 21556 D libMEOW : meow delete tls: 0x73d347cd80
09-29 00:32:32.934 21361 21558 D libMEOW : meow delete tls: 0x73ac9e15c0
09-29 00:32:32.944 21361 21361 I BufferQueueProducer: [SurfaceView[com.google.android.GoogleCameraEngR18F1/com.google.android.apps.camera .legacy.app.activity.main.CameraActivity]#1(BLAST Consumer)1] (id:537100000003,api:4,p:1223,c:21361) disconnect: api -1
09-29 00:32:32.945 21361 21361 I BLASTBufferQueue: [SurfaceView[com.google.android.GoogleCameraEngR18F1/com.google.android.apps.camera .legacy.app.activity.main.CameraActivity]#1] destructor()
09-29 00:32:32.945 21361 21361 I BufferQueueConsumer: [SurfaceView[com.google.android.GoogleCameraEngR18F1/com.google.android.apps.camera .legacy.app.activity.main.CameraActivity]#1(BLAST Consumer)1] (id:537100000003,api:4,p:1223,c:21361) disconnect
09-29 00:32:32.946 21361 21361 D SurfaceView: UPDATE Surface(name=SurfaceView[com.google.android.GoogleCameraEngR18F1/com.google.android .apps.camera.legacy.app.activity.main.CameraActivity])/@0x7c71b31, mIsCastMode = false
09-29 00:32:32.946 21361 21361 D SurfaceView: UPDATE Surface(name=SurfaceView[com.google.android.GoogleCameraEngR18F1/com.google.android .apps.camera.legacy.app.activity.main.CameraActivity])/@0x7c71b31, mIsProjectionMode = false
09-29 00:32:32.947 21361 21435 W CAM_MetadataDst: onCaptureFailed for Frame 74 (images were captured)
09-29 00:32:32.948 21361 21435 W CAM_MetadataDst: onCaptureFailed for Frame 75 (images were captured)
09-29 00:32:32.950 21361 21361 D CameraManager2: GotArray:0
09-29 00:32:32.950 21361 21361 D CameraManager2: GotArray:1
09-29 00:32:32.950 21361 21361 D CameraManager2: GotArray:20
09-29 00:32:32.950 21361 21361 D CameraManager2: GotArray:21
09-29 00:32:32.951 21361 21361 D CameraManager2: GotArray:0
09-29 00:32:32.952 21361 21361 D CameraManager2: GotArray:1
09-29 00:32:32.952 21361 21361 D CameraManager2: GotArray:20
09-29 00:32:32.952 21361 21361 D CameraManager2: GotArray:21
09-29 00:32:32.956 21361 21361 D CameraManager2: GotArray:0
09-29 00:32:32.956 21361 21361 D CameraManager2: GotArray:1
09-29 00:32:32.956 21361 21361 D CameraManager2: GotArray:20
09-29 00:32:32.956 21361 21361 D CameraManager2: GotArray:21
09-29 00:32:32.960 21361 21407 D AudioRecord: stop mSessionID=80145
09-29 00:32:32.960 21361 21407 D AudioRecord: stop(10149): 0x74bd61a500, mActive:0
09-29 00:32:32.960 21361 21407 D AudioRecord: stop mSessionID=80145
09-29 00:32:32.960 21361 21407 D AudioRecord: stop(10149): 0x74bd61a500, mActive:0
09-29 00:32:32.960 21361 21407 D AudioRecord: ~AudioRecord(10149): mStatus 0
09-29 00:32:32.960 21361 21407 D AudioRecord: stop mSessionID=80145
09-29 00:32:32.960 21361 21407 D AudioRecord: stop(10149): 0x74bd61a500, mActive:0
09-29 00:32:32.976 21361 21539 I BufferQueueProducer: [GraphicBufferSource] (id:537100000004,api:1,p:21361,c:21361) disconnect: api 1
09-29 00:32:32.976 21361 21539 W GraphicBufferSource: released unpopulated slots: [0, 1, 2, 3, 4, 5, 6, 7, 8, 9, 10, 11, 12, 13, 14, 15, 16, 17, 18, 19, 20, 21, 22, 23, 24, 25, 26, 27, 28, 29, 30, 31, 32, 33, 34, 35, 36, 37, 38, 39, 40, 41, 42, 43, 44, 45, 46, 47, 48, 49, 50, 51, 52, 53, 54, 55, 56, 57, 58, 59, 60, 61, 62, 63]
09-29 00:32:32.979 21361 21591 D CCodecBufferChannel: [c2.android.aac.encoder#727] MediaCodec discarded an unknown buffer
09-29 00:32:32.980 21361 21591 D CCodecBufferChannel: [c2.android.aac.encoder#727] MediaCodec discarded an unknown buffer
09-29 00:32:32.980 21361 21591 D CCodecBufferChannel: [c2.android.aac.encoder#727] MediaCodec discarded an unknown buffer
09-29 00:32:32.989 21361 21591 I hw-BpHwBinder: onLastStrongRef automatically unlinking death recipients
09-29 00:32:32.989 21361 21591 D BufferPoolAccessor2.0: Destruction - bufferpool2 0x73acdc0a28 cached: 0/0M, 0/0% in use; allocs: 5, 0% recycled; transfers: 0, 0% unfetched
09-29 00:32:32.996 21361 21565 I BufferQueueConsumer: [GraphicBufferSource] (id:537100000004,api:0,p:-1,c:21361) disconnect
09-29 00:32:32.999 21361 21539 D libMEOW : meow delete tls: 0x74b5a05d40
09-29 00:32:33.003 21361 21361 D SurfaceView: UPDATE null, mIsCastMode = false
09-29 00:32:33.004 21361 21565 I hw-BpHwBinder: onLastStrongRef automatically unlinking death recipients
09-29 00:32:33.009 21361 21361 I BufferQueueConsumer: [](id:537100000006,api:0,p:- 1,c:21361) connect: controlledByApp=false
09-29 00:32:33.010 21361 21361 I BLASTBufferQueue: [SurfaceView[com.google.android.GoogleCameraEngR18F1/com.google.android.apps.camera .legacy.app.activity.main.CameraActivity]#3] constructor()
09-29 00:32:33.011 21361 21361 D SurfaceView: UPDATE Surface(name=SurfaceView[com.google.android.GoogleCameraEngR18F1/com.google.android .apps.camera.legacy.app.activity.main.CameraActivity])/@0xa262ea, mIsProjectionMode = false
09-29 00:32:33.037 21361 21396 I BLASTBufferQueue: releaseBufferCallbackThunk bufferId:91744796409885 framenumber:63 blastBufferQueue is dead
09-29 00:32:33.315 21361 21392 I BufferQueueProducer: [ViewRootImpl[PopupWindow:b5b938]#2(BLAST Consumer)2] (id:537100000005,api:1,p:21361,c:21361) disconnect: api 1
09-29 00:32:33.316 21361 21361 D View : [Warning] assignParent to null: this = android.widget.PopupWindow$PopupDecorView{162ba86 V.E...... R.....ID 0,0-460,156}
09-29 00:32:33.318 21361 21378 E BufferQueueProducer: [SurfaceView[com.google.android.GoogleCameraEngR18F1/com.google.android.apps.camera .legacy.app.activity.main.CameraActivity]#1(BLAST Consumer)1] (id:537100000003,api:4,p:1223,c:21361) queueBuffer: BufferQueue has been abandoned
09-29 00:32:33.320 21361 21413 W BpBinder: Slow Binder: BpBinder transact took 350 ms, interface=android.hardware.camera2.ICameraDeviceUser, code=14 oneway=false
09-29 00:32:33.321 21361 21413 I BufferQueueProducer: [SurfaceView[com.google.android.GoogleCameraEngR18F1/com.google.android.apps.camera .legacy.app.activity.main.CameraActivity]#1(BLAST Consumer)1] (id:537100000003,api:4,p:1223,c:21361) disconnect: api 4
09-29 00:32:33.325 21361 21413 I BufferQueueProducer: [ImageReader-640x480f23m52- 21361-0](id:537100000000,api:4,p:1223,c:21361) disconnect: api 4
09-29 00:32:33.330 21361 21413 I BufferQueueProducer: [ImageReader-4208x3120f20m42- 21361-1](id:537100000001,api:4,p:1223,c:21361) disconnect: api 4
09-29 00:32:33.338 21361 21530 I BLASTBufferQueue: [ViewRootImpl[PopupWindow:b5b938]#2] destructor()
09-29 00:32:33.338 21361 21530 I BufferQueueConsumer: [ViewRootImpl[PopupWindow:b5b938]#2(BLAST Consumer)2](id:537100000005,api:0,p:- 1,c:21361) disconnect
09-29 00:32:33.351 21361 21530 I BLASTBufferQueue: releaseBufferCallbackThunk bufferId:91744796409887 framenumber:30 blastBufferQueue is dead
09-29 00:32:33.407 21361 21661 W CAM_SurfaceMap: Surface(name=null)/@0xf0ab0bf is valid but deferred streams are not yet available for CaptureSession-1
09-29 00:32:33.407 21361 21661 W CAM_SimpleReqProcessor: Failed to add Stream-3 to CaptureRequest for Request-19. The surface is not yet available.
09-29 00:32:33.407 21361 21661 W CAM_SimpleReqProcessor: Failed to submit a CaptureRequest for Request-19: There were no surfaces on the request.
09-29 00:32:33.407 21361 21661 W CAM_SurfaceMap: Surface(name=null)/@0xf0ab0bf is valid but deferred streams are not yet available for CaptureSession-1
09-29 00:32:33.407 21361 21661 W CAM_SimpleReqProcessor: Failed to add Stream-3 to CaptureRequest for Request-20. The surface is not yet available.
09-29 00:32:33.408 21361 21661 W CAM_SimpleReqProcessor: Failed to submit a CaptureRequest for Request-20: There were no surfaces on the request.
09-29 00:32:33.411 21361 21661 I BufferQueueProducer: [SurfaceView[com.google.android.GoogleCameraEngR18F1/com.google.android.apps.camera .legacy.app.activity.main.CameraActivity]#3(BLAST Consumer)3] (id:537100000006,api:4,p:1223,c:21361) connect: api=4 producerControlledByApp=true
09-29 00:32:33.430 21361 21433 W CameraMetadataJV: Expect face scores and rectangles to be non-null
09-29 00:32:33.430 21361 21433 W CAM_A : MORE_MODES > abs Δ(result sensor timestamp) = 414,42 ms > 70,00 ms
09-29 00:32:33.430 21361 21433 W CAM_A : MORE_MODES > rel Δ(result sensor timestamp) = 1,76 > 0,25
09-29 00:32:33.430 21361 21433 W CAM_A : MORE_MODES > result sensor delay = 5,51 > 1,10
09-29 00:32:34.921 21361 21425 I BufferQueueConsumer: [ImageReader-4208x3120f20m42- 21361-1](id:537100000001,api:0,p:-1,c:21361) disconnect
09-29 00:32:35.289 21361 21392 I mali_config: @get_buffer_dataspace_setting: update dataspace (0x10010000 -> 0x08020000)
09-29 00:32:35.290 21361 21392 I GED : ged_boost_gpu_freq, level 100, eOrigin 2, final_idx 29, oppidx_max 29, oppidx_min 0
09-29 00:32:35.296 21361 21361 W CAM_A : getScreenshot(): the surfaceViewAdapter is null
09-29 00:32:35.308 21361 21361 D CameraManager2: GotArray:0
09-29 00:32:35.308 21361 21361 D CameraManager2: GotArray:1
09-29 00:32:35.308 21361 21361 D CameraManager2: GotArray:20
09-29 00:32:35.308 21361 21361 D CameraManager2: GotArray:21
09-29 00:32:35.321 21361 21361 I BufferQueueProducer: [SurfaceView[com.google.android.GoogleCameraEngR18F1/com.google.android.apps.camera .legacy.app.activity.main.CameraActivity]#3(BLAST Consumer)3] (id:537100000006,api:4,p:1223,c:21361) disconnect: api -1
09-29 00:32:35.321 21361 21361 I BLASTBufferQueue: [SurfaceView[com.google.android.GoogleCameraEngR18F1/com.google.android.apps.camera .legacy.app.activity.main.CameraActivity]#3] destructor()
09-29 00:32:35.321 21361 21361 I BufferQueueConsumer: [SurfaceView[com.google.android.GoogleCameraEngR18F1/com.google.android.apps.camera .legacy.app.activity.main.CameraActivity]#3(BLAST Consumer)3] (id:537100000006,api:4,p:1223,c:21361) disconnect
09-29 00:32:35.321 21361 21661 W CAM_SimpleReqProcessor: Failed to add Stream-3 to CaptureRequest for Request-22. The surface (null) was not valid.
09-29 00:32:35.321 21361 21661 W CAM_SimpleReqProcessor: Failed to submit a CaptureRequest for Request-22: There were no surfaces on the request.
09-29 00:32:35.324 21361 21530 E BufferQueueProducer: [SurfaceView[com.google.android.GoogleCameraEngR18F1/com.google.android.apps.camera .legacy.app.activity.main.CameraActivity]#3(BLAST Consumer)3] (id:537100000006,api:4,p:1223,c:21361) dequeueBuffer: BufferQueue has been abandoned
09-29 00:32:35.325 21361 21361 D SurfaceView: UPDATE Surface(name=SurfaceView[com.google.android.GoogleCameraEngR18F1/com.google.android .apps.camera.legacy.app.activity.main.CameraActivity])/@0xa262ea, mIsCastMode = false
09-29 00:32:35.326 21361 21661 W CAM_MetadataDst: onCaptureFailed for Frame 133 (images were captured)
09-29 00:32:35.326 21361 21361 D SurfaceView: UPDATE Surface(name=SurfaceView[com.google.android.GoogleCameraEngR18F1/com.google.android .apps.camera.legacy.app.activity.main.CameraActivity])/@0xa262ea, mIsProjectionMode = false
09-29 00:32:35.328 21361 21361 D CameraManager2: GotArray:0
09-29 00:32:35.328 21361 21361 D CameraManager2: GotArray:1
09-29 00:32:35.328 21361 21361 D CameraManager2: GotArray:20
09-29 00:32:35.328 21361 21361 D CameraManager2: GotArray:21
09-29 00:32:35.337 21361 21361 W View : requestLayout() improperly called by com.google.android.apps.camera.ui.modeslider.ModeSlider{97d84a1 VF....C.. ......ID 209,18-870,143 #7f0b01e0 app:id/mode_slider} during layout: running second layout pass
09-29 00:32:35.337 21361 21361 W View : requestLayout() improperly called by android.widget.TextView{a025687 VFED..C.. ..S...ID 254,20-423,105} during layout: running second layout pass
09-29 00:32:35.341 21361 21378 E BufferQueueProducer: [SurfaceView[com.google.android.GoogleCameraEngR18F1/com.google.android.apps.camera .legacy.app.activity.main.CameraActivity]#3(BLAST Consumer)3] (id:537100000006,api:4,p:1223,c:21361) queueBuffer: BufferQueue has been abandoned
09-29 00:32:35.359 21361 21530 E BufferQueueProducer: [SurfaceView[com.google.android.GoogleCameraEngR18F1/com.google.android.apps.camera .legacy.app.activity.main.CameraActivity]#3(BLAST Consumer)3] (id:537100000006,api:4,p:1223,c:21361) cancelBuffer: BufferQueue has been abandoned
09-29 00:32:35.359 21361 21530 E BufferQueueProducer: [SurfaceView[com.google.android.GoogleCameraEngR18F1/com.google.android.apps.camera .legacy.app.activity.main.CameraActivity]#3(BLAST Consumer)3] (id:537100000006,api:4,p:1223,c:21361) cancelBuffer: BufferQueue has been abandoned
09-29 00:32:35.360 21361 21530 E BufferQueueProducer: [SurfaceView[com.google.android.GoogleCameraEngR18F1/com.google.android.apps.camera .legacy.app.activity.main.CameraActivity]#3(BLAST Consumer)3] (id:537100000006,api:4,p:1223,c:21361) cancelBuffer: BufferQueue has been abandoned
09-29 00:32:35.361 21361 21530 E BufferQueueProducer: [SurfaceView[com.google.android.GoogleCameraEngR18F1/com.google.android.apps.camera .legacy.app.activity.main.CameraActivity]#3(BLAST Consumer)3] (id:537100000006,api:4,p:1223,c:21361) cancelBuffer: BufferQueue has been abandoned
09-29 00:32:35.365 21361 21530 I BLASTBufferQueue: releaseBufferCallbackThunk bufferId:91744796409933 framenumber:51 blastBufferQueue is dead
09-29 00:32:35.370 21361 21661 W CAM_MetadataDst: onCaptureFailed for Frame 129 (images were captured)
09-29 00:32:35.371 21361 21661 W CAM_MetadataDst: onCaptureFailed for Frame 130 (images were captured)
09-29 00:32:35.371 21361 21661 W CAM_MetadataDst: onCaptureFailed for Frame 131 (images were captured)
09-29 00:32:35.371 21361 21661 W CAM_MetadataDst: onCaptureFailed for Frame 132 (images were captured)
09-29 00:32:35.372 21361 21361 W CAM_A : Override external mic state: 1. This should never be in prod.
09-29 00:32:35.379 21361 21725 W CAM_A : Override external mic state: 1. This should never be in prod.
09-29 00:32:35.382 21361 21361 D CameraManager2: GotArray:0
09-29 00:32:35.382 21361 21361 D CameraManager2: GotArray:1
09-29 00:32:35.382 21361 21361 D CameraManager2: GotArray:20
09-29 00:32:35.382 21361 21361 D CameraManager2: GotArray:21
09-29 00:32:35.383 21361 21361 D CameraManager2: GotArray:0
09-29 00:32:35.383 21361 21361 D CameraManager2: GotArray:1
09-29 00:32:35.383 21361 21361 D CameraManager2: GotArray:20
09-29 00:32:35.383 21361 21361 D CameraManager2: GotArray:21
09-29 00:32:35.384 21361 21361 D CameraManager2: GotArray:0
09-29 00:32:35.384 21361 21361 D CameraManager2: GotArray:1
09-29 00:32:35.384 21361 21361 D CameraManager2: GotArray:20
09-29 00:32:35.384 21361 21361 D CameraManager2: GotArray:21
09-29 00:32:35.391 21361 21361 D CameraManager2: GotArray:0
09-29 00:32:35.391 21361 21361 D CameraManager2: GotArray:1
09-29 00:32:35.391 21361 21361 D CameraManager2: GotArray:20
09-29 00:32:35.391 21361 21361 D CameraManager2: GotArray:21
09-29 00:32:35.406 21361 21727 I BufferQueueConsumer: [GraphicBufferSource] (id:537100000007,api:0,p:-1,c:21361) connect: controlledByApp=false
09-29 00:32:35.409 21361 21727 W MediaFsQModule: Returning Q MediaFs implementation
09-29 00:32:35.441 21361 21727 D eCameraEngR18F: DLEAK reply value=42
09-29 00:32:35.441 21361 21727 D MediaCodecList: DLEAK matchIndex=42
09-29 00:32:35.442 21361 21727 D MediaCodecList: codecHandlesFormat: no format, so no extra checks
09-29 00:32:35.442 21361 21727 D MediaCodecList: DLEAK matching 'c2.mtk.avc.encoder'
09-29 00:32:35.442 21361 21727 D eCameraEngR18F: DLEAK reply value=43
09-29 00:32:35.442 21361 21727 D MediaCodecList: DLEAK matchIndex=43
09-29 00:32:35.443 21361 21727 D MediaCodecList: codecHandlesFormat: no format, so no extra checks
09-29 00:32:35.443 21361 21727 D MediaCodecList: DLEAK matching 'c2.mtk.avc.encoder.secure'
09-29 00:32:35.443 21361 21727 D eCameraEngR18F: DLEAK reply value=57
09-29 00:32:35.443 21361 21727 D MediaCodecList: DLEAK matchIndex=57
09-29 00:32:35.443 21361 21727 D MediaCodecList: codecHandlesFormat: no format, so no extra checks
09-29 00:32:35.443 21361 21727 D MediaCodecList: DLEAK matching 'c2.android.avc.encoder'
09-29 00:32:35.443 21361 21727 D eCameraEngR18F: DLEAK reply value=-2
09-29 00:32:35.443 21361 21727 D MediaCodecList: DLEAK matchIndex=18446744073709551614
09-29 00:32:35.446 21361 21732 D CCodec : allocate(c2.mtk.avc.encoder)
09-29 00:32:35.449 21361 21732 I CCodec : setting up 'default' as default (vendor) store
09-29 00:32:35.450 21361 21361 D SurfaceView: UPDATE null, mIsCastMode = false
09-29 00:32:35.451 21361 21361 I BufferQueueConsumer: [](id:537100000008,api:0,p:- 1,c:21361) connect: controlledByApp=false
09-29 00:32:35.452 21361 21361 I BLASTBufferQueue: [SurfaceView[com.google.android.GoogleCameraEngR18F1/com.google.android.apps.camera .legacy.app.activity.main.CameraActivity]#4] constructor()
09-29 00:32:35.459 21361 21732 I CCodec : Created component [c2.mtk.avc.encoder]
09-29 00:32:35.459 21361 21732 D CCodecConfig: read media type: video/avc
09-29 00:32:35.466 21361 21732 D ReflectedParamUpdater: extent() != 1 for single value type: algo.buffers.max-count.values
09-29 00:32:35.467 21361 21732 D ReflectedParamUpdater: extent() != 1 for single value type: output.subscribed-indices.values
09-29 00:32:35.467 21361 21732 D ReflectedParamUpdater: extent() != 1 for single value type: input.buffers.allocator-ids.values
09-29 00:32:35.467 21361 21732 D ReflectedParamUpdater: extent() != 1 for single value type: output.buffers.allocator-ids.values
09-29 00:32:35.467 21361 21732 D ReflectedParamUpdater: extent() != 1 for single value type: algo.buffers.allocator-ids.values
09-29 00:32:35.468 21361 21732 D ReflectedParamUpdater: extent() != 1 for single value type: output.buffers.pool-ids.values
09-29 00:32:35.468 21361 21732 D ReflectedParamUpdater: extent() != 1 for single value type: algo.buffers.pool-ids.values
09-29 00:32:35.471 21361 21732 D ReflectedParamUpdater: ignored struct field coding.gop.values
09-29 00:32:35.474 21361 21732 D ReflectedParamUpdater: ignored struct field coding.qp.values
09-29 00:32:35.475 21361 21732 D CCodecConfig: ignoring local param raw.color (0xc2001809) as it is already supported
09-29 00:32:35.475 21361 21732 I CCodecConfig: query failed after returning 22 values (BAD_INDEX)
09-29 00:32:35.475 21361 21732 D CCodecConfig: c2 config diff is Dict {
09-29 00:32:35.475 21361 21732 D CCodecConfig: c2::u32 algo.bitrate-mode.value = 3
09-29 00:32:35.475 21361 21732 D CCodecConfig: c2::u32 algo.delay.value = 8
09-29 00:32:35.475 21361 21732 D CCodecConfig: c2::i32 algo.priority.value = 0
09-29 00:32:35.475 21361 21732 D CCodecConfig: c2::u32 algo.quality.value = 80
09-29 00:32:35.475 21361 21732 D CCodecConfig: c2::float algo.rate.value = 0
09-29 00:32:35.475 21361 21732 D CCodecConfig: c2::u32 coded.bitrate.value = 64000
09-29 00:32:35.475 21361 21732 D CCodecConfig: c2::float coded.frame-rate.value = 30
09-29 00:32:35.475 21361 21732 D CCodecConfig: c2::u32 coded.pl.level = 20494
09-29 00:32:35.475 21361 21732 D CCodecConfig: c2::u32 coded.pl.profile = 20484
09-29 00:32:35.475 21361 21732 D CCodecConfig: c2::u32 coded.tile-layout.columns = 2
09-29 00:32:35.475 21361 21732 D CCodecConfig: c2::u32 coded.tile-layout.order = 0
09-29 00:32:35.475 21361 21732 D CCodecConfig: c2::u32 coded.tile-layout.rows = 1
09-29 00:32:35.475 21361 21732 D CCodecConfig: c2::u32 coded.tile- layout.tile.height = 256
09-29 00:32:35.475 21361 21732 D CCodecConfig: c2::u32 coded.tile- layout.tile.width = 256
09-29 00:32:35.475 21361 21732 D CCodecConfig: c2::u32 coded.vui.color.matrix = 0
09-29 00:32:35.475 21361 21732 D CCodecConfig: c2::u32 coded.vui.color.primaries = 0
09-29 00:32:35.475 21361 21732 D CCodecConfig: c2::u32 coded.vui.color.range = 0
09-29 00:32:35.475 21361 21732 D CCodecConfig: c2::u32 coded.vui.color.transfer = 0
09-29 00:32:35.475 21361 21732 D CCodecConfig: c2::u32 coding.intra-refresh.mode = 0
09-29 00:32:35.475 21361 21732 D CCodecConfig: c2::float coding.intra- refresh.period = 0
09-29 00:32:35.475 21361 21732 D CCodecConfig: c2::u32 coding.request-sync- frame.value = 0
09-29 00:32:35.475 21361 21732 D CCodecConfig: c2::i64 coding.sync-frame- interval.value = 1000000
09-29 00:32:35.475 21361 21732 D CCodecConfig: Buffer coding.temporal-layering = {
09-29 00:32:35.475 21361 21732 D CCodecConfig: 00000000: 10 00 00 00 07 20 01 52 00 00 00 00 00 00 00 00 ..... .R........
09-29 00:32:35.475 21361 21732 D CCodecConfig: }
09-29 00:32:35.475 21361 21732 D CCodecConfig: c2::u32 input.de
09-29 00:32:35.476 21361 21732 W ColorUtils: expected specified color aspects (0:0:0:0)
09-29 00:32:35.478 21361 21731 I MediaCodec: MediaCodec will operate in async mode
09-29 00:32:35.478 21361 21727 D MediaCodec: shapeMediaFormat: deltas(1): AMessage(what = 0x00000000) = {
09-29 00:32:35.478 21361 21727 D MediaCodec: int32_t android._encoding-quality- level = 0
09-29 00:32:35.478 21361 21727 D MediaCodec: }
09-29 00:32:35.478 21361 21732 D CCodec : [c2.mtk.avc.encoder] buffers are bound to CCodec for this session
09-29 00:32:35.479 21361 21732 D CCodecConfig: no c2 equivalents for color-format
09-29 00:32:35.479 21361 21732 D CCodecConfig: no c2 equivalents for create-input- buffers-suspended
09-29 00:32:35.479 21361 21732 D CCodecConfig: no c2 equivalents for color-standard
09-29 00:32:35.479 21361 21732 D CCodecConfig: no c2 equivalents for capture-rate
09-29 00:32:35.479 21361 21732 D CCodecConfig: no c2 equivalents for flags
09-29 00:32:35.479 21361 21732 D CCodecConfig: no c2 equivalents for encoder
09-29 00:32:35.480 21361 21732 D CCodecConfig: c2 config diff is c2::u32 coded.bitrate.value = 13333333
09-29 00:32:35.480 21361 21732 D CCodecConfig: c2::u32 coded.pl.level = 20495
09-29 00:32:35.480 21361 21732 D CCodecConfig: c2::u32 coded.vui.color.matrix = 3
09-29 00:32:35.480 21361 21732 D CCodecConfig: c2::u32 coded.vui.color.primaries = 3
09-29 00:32:35.480 21361 21732 D CCodecConfig: c2::u32 coded.vui.color.range = 1
09-29 00:32:35.480 21361 21732 D CCodecConfig: c2::u32 coded.vui.color.transfer = 3
09-29 00:32:35.480 21361 21732 D CCodecConfig: c2::i64 coding.sync-frame- interval.value = 2000000
09-29 00:32:35.480 21361 21732 D CCodecConfig: c2::u32 raw.color.matrix = 3
09-29 00:32:35.480 21361 21732 D CCodecConfig: c2::u32 raw.color.primaries = 3
09-29 00:32:35.480 21361 21732 D CCodecConfig: c2::u32 raw.color.range = 1
09-29 00:32:35.480 21361 21732 D CCodecConfig: c2::u32 raw.color.transfer = 3
09-29 00:32:35.480 21361 21732 D CCodecConfig: c2::u32 raw.pixel-format.value = 34
09-29 00:32:35.480 21361 21732 D CCodecConfig: c2::u32 raw.size.height = 1080
09-29 00:32:35.480 21361 21732 D CCodecConfig: c2::u32 raw.size.width = 1920
09-29 00:32:35.480 21361 21361 D SurfaceView: UPDATE Surface(name=SurfaceView[com.google.android.GoogleCameraEngR18F1/com.google.android .apps.camera.legacy.app.activity.main.CameraActivity])/@0x29f237e, mIsProjectionMode = false
09-29 00:32:35.480 21361 21732 W Codec2Client: query -- param skipped: index = 3254781982.
09-29 00:32:35.480 21361 21732 D CCodec : setup formats input: AMessage(what = 0x00000000) = {
09-29 00:32:35.480 21361 21732 D CCodec : int32_t android._color-format = 2130708361
09-29 00:32:35.480 21361 21732 D CCodec : Rect crop(0, 0, 1919, 1079)
09-29 00:32:35.480 21361 21732 D CCodec : int32_t color-standard = 2
09-29 00:32:35.480 21361 21732 D CCodec : int32_t color-range = 1
09-29 00:32:35.480 21361 21732 D CCodec : int32_t color-transfer = 3
09-29 00:32:35.480 21361 21732 D CCodec : int32_t frame-rate = 30
09-29 00:32:35.480 21361 21732 D CCodec : int32_t height = 1080
09-29 00:32:35.480 21361 21732 D CCodec : float input.time-stretch = 1.000000
09-29 00:32:35.480 21361 21732 D CCodec : int32_t intra-refresh-period = 0
09-29 00:32:35.480 21361 21732 D CCodec : int32_t latency = 8
09-29 00:32:35.480 21361 21732 D CCodec : string mime = "video/raw"
09-29 00:32:35.480 21361 21732 D CCodec : int32_t prepend-sps-pps-to-idr-frames = 0
09-29 00:32:35.480 21361 21732 D CCodec : int32_t priority = 0
09-29 00:32:35.480 21361 21732 D CCodec : int32_t width = 1920
09-29 00:32:35.480 21361 21732 D CCodec : int32_t android._dataspace = 257
09-29 00:32:35.480 21361 21732 D CCodec : int64_t android._C2MemoryUsage = 0
09-29 00:32:35.480 21361 21732 D CCodec : int32_t color-format = 2130708361
09-29 00:32:35.480 21361 21732 D CCodec : }
09-29 00:32:35.480 21361 21732 D CCodec : setup formats output: AMessage(what = 0x00000000) = {
09-29 00:32:35.480 21361 21732 D CCodec : int32_t bitrate = 13333333
09-29 00:32:35.480 21361 21732 D CCodec : int32_t bitrate-mode = 1
09-29 00:32:35.480 21361 21732 D CCodec : Rect crop(0, 0, 1919, 1079)
09-29 00:32:35.480 21361 21732 D CCodec : int32_t width = 1920
09-29 00:32:35.480 21361 21732 D CCodec : int32_t color-standard = 2
09-29 00:32:35.480 21361 21732 D CCodec : int32_t color-range = 1
09-29 00:32:35.480 21361 21732 D CCodec : int32_t color-transfer = 3
09-29 00:32:35.480 21361 21732 D CCodec : int32_t frame-rate = 30
09-29 00:32:35.480 21361 21732 D CCodec : int32_t height = 1080
09-29 00:32:35.480 21361 21732 D CCodec : float input.time-stretch = 1.000000
09-29 00:32:35.480 21361 21732 D CCodec : int32_t intra-refresh-period = 0
09-29 00:32:35.480 21361 21732 D CCodec : int32_t latency = 8
09-29 00:32:35.480 21361 21732 D CCodec : int32_t level = 32768
09-29 00:32:35.480 21361 21732 D CCodec : int32_t max-bitrate = 13333333
09-29 00:32:35.480 21361 21732 D CCodec : string mime = "video/avc"
09-29 00:32:35.480 21361 21732 D CCodec : int32_t prepend-sps-pps-to-idr-frames = 0
09-29 00:32:35.480 21361 21732 D CCodec : int32_t priority = 0
09-29 00:32:35.480 21361 21732 D CCodec : int32_t profile = 8
09-29 00:32:35.480 21361 21732 D CCodec : }
09-29 00:32:35.481 21361 21732 I CCodecConfig: query failed after returning 23 values (BAD_INDEX)
09-29 00:32:35.481 21361 21732 D CCodecConfig: c2 config diff is c2::u32 algo.delay.value = 4
09-29 00:32:35.481 21361 21732 D CCodecConfig: c2::u32 coded.tile-layout.columns = 8
09-29 00:32:35.481 21361 21732 D CCodecConfig: c2::u32 coded.tile-layout.rows = 5
09-29 00:32:35.482 21361 21732 D CCodec : input format unchanged to AMessage(what = 0x00000000) = {
09-29 00:32:35.482 21361 21732 D CCodec : int32_t android._color-format = 2130708361
09-29 00:32:35.482 21361 21732 D CCodec : Rect crop(0, 0, 1919, 1079)
09-29 00:32:35.482 21361 21732 D CCodec : int32_t color-standard = 2
09-29 00:32:35.482 21361 21732 D CCodec : int32_t color-range = 1
09-29 00:32:35.482 21361 21732 D CCodec : int32_t color-transfer = 3
09-29 00:32:35.482 21361 21732 D CCodec : int32_t frame-rate = 30
09-29 00:32:35.482 21361 21732 D CCodec : int32_t height = 1080
09-29 00:32:35.482 21361 21732 D CCodec : float input.time-stretch = 1.000000
09-29 00:32:35.482 21361 21732 D CCodec : int32_t intra-refresh-period = 0
09-29 00:32:35.482 21361 21732 D CCodec : int32_t latency = 4
09-29 00:32:35.482 21361 21732 D CCodec : string mime = "video/raw"
09-29 00:32:35.482 21361 21732 D CCodec : int32_t prepend-sps-pps-to-idr-frames = 0
09-29 00:32:35.482 21361 21732 D CCodec : int32_t priority = 0
09-29 00:32:35.482 21361 21732 D CCodec : int32_t width = 1920
09-29 00:32:35.482 21361 21732 D CCodec : int32_t android._dataspace = 257
09-29 00:32:35.482 21361 21732 D CCodec : int64_t android._C2MemoryUsage = 0
09-29 00:32:35.482 21361 21732 D CCodec : int32_t color-format = 2130708361
09-29 00:32:35.482 21361 21732 D CCodec : }
09-29 00:32:35.483 21361 21732 D GraphicBufferSource: setting dataspace: 0x101, acquired=0
09-29 00:32:35.483 21361 21732 D CCodec : ISConfig timeLapse 30fps as 30fps suspend at -1us
09-29 00:32:35.484 21361 21727 D AudioRecord: set(): 0x73d3197700, inputSource 5, sampleRate 48000, format 0x1, channelMask 0xc, frameCount 19200, notificationFrames 0, sessionId 0, transferType 0, flags 0, identity AttributionSourceState{pid: -1, uid: 10383, packageName: com.google.android.GoogleCameraEngR18F1, attributionTag: (null), token: , renouncedPermissions: [], next: []} uid -1, pid -1
09-29 00:32:35.486 21361 21724 D CompatibilityChangeReporter: Compat change id reported: 150939131; UID 10383; state: DISABLED
09-29 00:32:35.504 21361 21727 D AudioRecord: openRecord_l: 0x73d3197700, mCblk = 0x74bc62d000
09-29 00:32:35.506 21361 21727 D eCameraEngR18F: DLEAK reply value=7
09-29 00:32:35.506 21361 21727 D MediaCodecList: DLEAK matchIndex=7
09-29 00:32:35.506 21361 21727 D MediaCodecList: codecHandlesFormat: no format, so no extra checks
09-29 00:32:35.506 21361 21727 D MediaCodecList: DLEAK matching 'c2.android.aac.encoder'
09-29 00:32:35.507 21361 21727 D eCameraEngR18F: DLEAK reply value=31
09-29 00:32:35.507 21361 21727 D MediaCodecList: DLEAK matchIndex=31
09-29 00:32:35.508 21361 21727 D MediaCodecList: codecHandlesFormat: no format, so no extra checks
09-29 00:32:35.508 21361 21727 D MediaCodecList: DLEAK matching 'OMX.google.aac.encoder'
09-29 00:32:35.509 21361 21727 D eCameraEngR18F: DLEAK reply value=-2
09-29 00:32:35.509 21361 21727 D MediaCodecList: DLEAK matchIndex=18446744073709551614
09-29 00:32:35.509 21361 21744 D CCodec : allocate(c2.android.aac.encoder)
09-29 00:32:35.513 21361 21744 I CCodec : setting up 'default' as default (vendor) store
09-29 00:32:35.517 21361 21744 I CCodec : Created component [c2.android.aac.encoder]
09-29 00:32:35.517 21361 21744 D CCodecConfig: read media type: audio/mp4a-latm
09-29 00:32:35.520 21361 21744 D ReflectedParamUpdater: extent() != 1 for single value type: algo.buffers.max-count.values
09-29 00:32:35.520 21361 21744 D ReflectedParamUpdater: extent() != 1 for single value type: output.subscribed-indices.values
09-29 00:32:35.520 21361 21744 D ReflectedParamUpdater: extent() != 1 for single value type: input.buffers.allocator-ids.values
09-29 00:32:35.520 21361 21744 D ReflectedParamUpdater: extent() != 1 for single value type: output.buffers.allocator-ids.values
09-29 00:32:35.520 21361 21744 D ReflectedParamUpdater: extent() != 1 for single value type: algo.buffers.allocator-ids.values
09-29 00:32:35.521 21361 21744 D ReflectedParamUpdater: extent() != 1 for single value type: output.buffers.pool-ids.values
09-29 00:32:35.521 21361 21744 D ReflectedParamUpdater: extent() != 1 for single value type: algo.buffers.pool-ids.values
09-29 00:32:35.525 21361 21744 I CCodecConfig: query failed after returning 9 values (BAD_INDEX)
09-29 00:32:35.525 21361 21744 D CCodecConfig: c2 config diff is Dict {
09-29 00:32:35.525 21361 21744 D CCodecConfig: c2::u32 coded.bitrate.value = 64000
09-29 00:32:35.525 21361 21744 D CCodecConfig: c2::u32 coded.pl.level = 0
09-29 00:32:35.525 21361 21744 D CCodecConfig: c2::u32 coded.pl.profile = 8192
09-29 00:32:35.525 21361 21744 D CCodecConfig: c2::u32 coding.aac-sbr-mode.value = 3
09-29 00:32:35.525 21361 21744 D CCodecConfig: c2::u32 input.buffers.max- size.value = 2048
09-29 00:32:35.525 21361 21744 D CCodecConfig: c2::u32 input.delay.value = 0
09-29 00:32:35.525 21361 21744 D CCodecConfig: string input.media-type.value = "audio/raw"
09-29 00:32:35.525 21361 21744 D CCodecConfig: string output.media-type.value = "audio/mp4a-latm"
09-29 00:32:35.525 21361 21744 D CCodecConfig: c2::u32 raw.channel-count.value = 1
09-29 00:32:35.525 21361 21744 D CCodecConfig: c2::u32 raw.sample-rate.value = 44100
09-29 00:32:35.525 21361 21744 D CCodecConfig: }
09-29 00:32:35.526 21361 21744 I MediaCodec: MediaCodec will operate in async mode
09-29 00:32:35.527 21361 21727 D MediaCodec: shapeMediaFormat: deltas(0): AMessage(what = 0x00000000) = {
09-29 00:32:35.527 21361 21727 D MediaCodec: }
09-29 00:32:35.527 21361 21744 D CCodec : [c2.android.aac.encoder] buffers are bound to CCodec for this session
09-29 00:32:35.527 21361 21744 D CCodecConfig: no c2 equivalents for flags
09-29 00:32:35.527 21361 21744 D CCodecConfig: no c2 equivalents for encoder
09-29 00:32:35.527 21361 21744 D CCodecConfig: c2 config diff is c2::u32 coded.bitrate.value = 192000
09-29 00:32:35.527 21361 21744 D CCodecConfig: c2::u32 raw.channel-count.value = 2
09-29 00:32:35.527 21361 21744 D CCodecConfig: c2::u32 raw.sample-rate.value = 48000
09-29 00:32:35.528 21361 21744 W Codec2Client: query -- param skipped: index = 1107298332.
09-29 00:32:35.528 21361 21744 D CCodec : setup formats input: AMessage(what = 0x00000000) = {
09-29 00:32:35.528 21361 21744 D CCodec : int32_t sample-rate = 48000
09-29 00:32:35.528 21361 21744 D CCodec : int32_t channel-count = 2
09-29 00:32:35.528 21361 21744 D CCodec : int32_t max-input-size = 4096
09-29 00:32:35.528 21361 21744 D CCodec : string mime = "audio/raw"
09-29 00:32:35.528 21361 21744 D CCodec : }
09-29 00:32:35.528 21361 21744 D CCodec : setup formats output: AMessage(what = 0x00000000) = {
09-29 00:32:35.528 21361 21744 D CCodec : int32_t sample-rate = 48000
09-29 00:32:35.528 21361 21744 D CCodec : int32_t bitrate = 192000
09-29 00:32:35.528 21361 21744 D CCodec : int32_t channel-count = 2
09-29 00:32:35.528 21361 21744 D CCodec : int32_t level = 0
09-29 00:32:35.528 21361 21744 D CCodec : int32_t max-bitrate = 192000
09-29 00:32:35.528 21361 21744 D CCodec : string mime = "audio/mp4a-latm"
09-29 00:32:35.528 21361 21744 D CCodec : int32_t profile = 2
09-29 00:32:35.528 21361 21744 D CCodec : }
09-29 00:32:35.528 21361 21744 I CCodecConfig: query failed after returning 9 values (BAD_INDEX)
09-29 00:32:35.528 21361 21744 D CCodecConfig: c2 config diff is c2::u32 input.buffers.max-size.value = 4096
09-29 00:32:35.534 21361 21407 I BufferQueueConsumer: [](id:537100000009,api:0,p:- 1,c:21361) connect: controlledByApp=true
09-29 00:32:35.548 21361 21752 I BufferQueueProducer: [SurfaceView[com.google.android.GoogleCameraEngR18F1/com.google.android.apps.camera .legacy.app.activity.main.CameraActivity]#3(BLAST Consumer)3] (id:537100000006,api:4,p:1223,c:21361) disconnect: api 4
09-29 00:32:35.605 21361 21752 I BufferQueueProducer: [GraphicBufferSource] (id:537100000007,api:4,p:1223,c:21361) connect: api=4 producerControlledByApp=false
09-29 00:32:35.608 21361 21752 I BufferQueueProducer: [ImageReader-3840x2160f100m5- 21361-2](id:537100000009,api:4,p:1223,c:21361) connect: api=4 producerControlledByApp=false
09-29 00:32:35.613 21361 21752 W CAM_SurfaceMap: Surface(name=null)/@0x45364d5 is valid but deferred streams are not yet available for CaptureSession-2
09-29 00:32:35.613 21361 21752 W CAM_SimpleReqProcessor: Failed to add Stream-5 to CaptureRequest for Request-26. The surface is not yet available.
09-29 00:32:35.613 21361 21752 W CAM_SimpleReqProcessor: Failed to submit a CaptureRequest for Request-26: There were no surfaces on the request.
09-29 00:32:35.614 21361 21752 W CAM_SurfaceMap: Surface(name=null)/@0x45364d5 is valid but deferred streams are not yet available for CaptureSession-2
09-29 00:32:35.614 21361 21752 W CAM_SimpleReqProcessor: Failed to add Stream-5 to CaptureRequest for Request-27. The surface is not yet available.
09-29 00:32:35.614 21361 21752 W CAM_SimpleReqProcessor: Failed to submit a CaptureRequest for Request-27: There were no surfaces on the request.
09-29 00:32:35.619 21361 21752 I BufferQueueProducer: [SurfaceView[com.google.android.GoogleCameraEngR18F1/com.google.android.apps.camera .legacy.app.activity.main.CameraActivity]#4(BLAST Consumer)4] (id:537100000008,api:4,p:1223,c:21361) connect: api=4 producerControlledByApp=true
09-29 00:32:35.840 21361 21361 W CAM_A : ModeSwitcher WAS ALREADY ENABLED!
09-29 00:32:35.843 21361 21361 W CAM_A : ModeSwitcher WAS ALREADY ENABLED!
09-29 00:32:35.875 21361 21751 W CameraMetadataJV: Expect face scores and rectangles to be non-null
09-29 00:32:35.876 21361 21751 W CAM_A : VIDEO > abs Δ(result sensor timestamp) = 2576,20 ms > 70,00 ms
09-29 00:32:35.876 21361 21751 W CAM_A : VIDEO > rel Δ(result sensor timestamp) = 5,22 > 0,25
09-29 00:32:35.876 21361 21751 W CAM_A : VIDEO > result sensor delay = 77,25 > 1,10
09-29 00:32:35.909 21361 21751 W CameraMetadataJV: Expect face scores and rectangles to be non-null
09-29 00:32:35.910 21361 21751 W CAM_A : VIDEO > rel Δ(result sensor timestamp) = 0,99 > 0,25
09-29 00:32:35.942 21361 21751 W CameraMetadataJV: Expect face scores and rectangles to be non-null
09-29 00:32:35.975 21361 21751 W CameraMetadataJV: Expect face scores and rectangles to be non-null
09-29 00:32:36.010 21361 21751 W CameraMetadataJV: Expect face scores and rectangles to be non-null
09-29 00:32:36.043 21361 21751 W CameraMetadataJV: Expect face scores and rectangles to be non-null
09-29 00:32:36.082 21361 21751 W CameraMetadataJV: Expect face scores and rectangles to be non-null
09-29 00:32:36.115 21361 21751 W CameraMetadataJV: Expect face scores and rectangles to be non-null
09-29 00:32:36.148 21361 21751 W CameraMetadataJV: Expect face scores and rectangles to be non-null
09-29 00:32:36.181 21361 21751 W CameraMetadataJV: Expect face scores and rectangles to be non-null
09-29 00:32:36.214 21361 21751 W CameraMetadataJV: Expect face scores and rectangles to be non-null
09-29 00:32:36.248 21361 21751 W CameraMetadataJV: Expect face scores and rectangles to be non-null
09-29 00:32:36.282 21361 21751 W CameraMetadataJV: Expect face scores and rectangles to be non-null
09-29 00:32:36.315 21361 21751 W CameraMetadataJV: Expect face scores and rectangles to be non-null
09-29 00:32:36.349 21361 21751 W CameraMetadataJV: Expect face scores and rectangles to be non-null
09-29 00:32:36.384 21361 21751 W CameraMetadataJV: Expect face scores and rectangles to be non-null
09-29 00:32:36.415 21361 21751 W CameraMetadataJV: Expect face scores and rectangles to be non-null
09-29 00:32:36.448 21361 21751 W CameraMetadataJV: Expect face scores and rectangles to be non-null
09-29 00:32:36.462 21361 21392 I mali_config: @get_buffer_dataspace_setting: update dataspace (0x10010000 -> 0x08020000)
09-29 00:32:36.466 21361 21392 I GED : ged_boost_gpu_freq, level 100, eOrigin 2, final_idx 29, oppidx_max 29, oppidx_min 0
09-29 00:32:36.486 21361 21751 W CameraMetadataJV: Expect face scores and rectangles to be non-null
09-29 00:32:36.501 21361 21361 D CameraManager2: GotArray:0
09-29 00:32:36.501 21361 21361 D CameraManager2: GotArray:1
09-29 00:32:36.501 21361 21361 D CameraManager2: GotArray:20
09-29 00:32:36.501 21361 21361 D CameraManager2: GotArray:21
09-29 00:32:36.516 21361 21809 I hw-BpHwBinder: onLastStrongRef automatically unlinking death recipients
09-29 00:32:36.516 21361 21744 I hw-BpHwBinder: onLastStrongRef automatically unlinking death recipients
09-29 00:32:36.517 21361 21808 D AudioRecord: stop mSessionID=80153
09-29 00:32:36.517 21361 21808 D AudioRecord: stop(10151): 0x73d3197700, mActive:0
09-29 00:32:36.517 21361 21808 D AudioRecord: stop mSessionID=80153
09-29 00:32:36.517 21361 21808 D AudioRecord: stop(10151): 0x73d3197700, mActive:0
09-29 00:32:36.517 21361 21808 D AudioRecord: ~AudioRecord(10151): mStatus 0
09-29 00:32:36.518 21361 21808 D AudioRecord: stop mSessionID=80153
09-29 00:32:36.518 21361 21808 D AudioRecord: stop(10151): 0x73d3197700, mActive:0
09-29 00:32:36.522 21361 21751 W CameraMetadataJV: Expect face scores and rectangles to be non-null
09-29 00:32:36.549 21361 21361 D CameraManager2: GotArray:0
09-29 00:32:36.549 21361 21361 D CameraManager2: GotArray:1
09-29 00:32:36.549 21361 21361 D CameraManager2: GotArray:20
09-29 00:32:36.549 21361 21361 D CameraManager2: GotArray:21
09-29 00:32:36.551 21361 21361 D CameraManager2: GotArray:0
09-29 00:32:36.551 21361 21361 D CameraManager2: GotArray:1
09-29 00:32:36.551 21361 21361 D CameraManager2: GotArray:20
09-29 00:32:36.551 21361 21361 D CameraManager2: GotArray:21
09-29 00:32:36.552 21361 21361 D CameraManager2: GotArray:0
09-29 00:32:36.552 21361 21361 D CameraManager2: GotArray:1
09-29 00:32:36.552 21361 21361 D CameraManager2: GotArray:20
09-29 00:32:36.552 21361 21361 D CameraManager2: GotArray:21
09-29 00:32:36.572 21361 21361 W View : requestLayout() improperly called by com.google.android.apps.camera.ui.notificationchip.NotificationChipView{fe0def3 VFED..C.. ......ID 253,63-827,173 #7f0b0212 app:id/notification_chip_view} during layout: running second layout pass
09-29 00:32:36.589 21361 21752 W CAM_MetadataDst: onCaptureFailed for Frame 155 (images were captured)
09-29 00:32:36.589 21361 21752 W CAM_MetadataDst: onCaptureFailed for Frame 154
09-29 00:32:36.589 21361 21752 W CAM_MetadataDst: onCaptureFailed for Frame 159 (images were captured)
09-29 00:32:36.589 21361 21752 W CAM_MetadataDst: onCaptureFailed for Frame 156 (images were captured)
09-29 00:32:36.590 21361 21752 W CAM_MetadataDst: onCaptureFailed for Frame 157 (images were captured)
09-29 00:32:36.590 21361 21752 W CAM_MetadataDst: onCaptureFailed for Frame 158 (images were captured)
09-29 00:32:36.609 21361 21361 D CameraManager2: GotArray:0
09-29 00:32:36.609 21361 21361 D CameraManager2: GotArray:1
09-29 00:32:36.609 21361 21361 D CameraManager2: GotArray:20
09-29 00:32:36.609 21361 21361 D CameraManager2: GotArray:21
09-29 00:32:36.609 21361 21361 D CameraManager2: GotArray:0
09-29 00:32:36.610 21361 21361 D CameraManager2: GotArray:1
09-29 00:32:36.610 21361 21361 D CameraManager2: GotArray:20
09-29 00:32:36.610 21361 21361 D CameraManager2: GotArray:21
09-29 00:32:36.612 21361 21361 D CameraManager2: GotArray:0
09-29 00:32:36.612 21361 21361 D CameraManager2: GotArray:1
09-29 00:32:36.612 21361 21361 D CameraManager2: GotArray:20
09-29 00:32:36.612 21361 21361 D CameraManager2: GotArray:21
09-29 00:32:36.616 21361 21361 I BufferQueueProducer: [SurfaceView[com.google.android.GoogleCameraEngR18F1/com.google.android.apps.camera .legacy.app.activity.main.CameraActivity]#4(BLAST Consumer)4] (id:537100000008,api:4,p:1223,c:21361) disconnect: api -1
09-29 00:32:36.616 21361 21361 I BLASTBufferQueue: [SurfaceView[com.google.android.GoogleCameraEngR18F1/com.google.android.apps.camera .legacy.app.activity.main.CameraActivity]#4] destructor()
09-29 00:32:36.616 21361 21361 I BufferQueueConsumer: [SurfaceView[com.google.android.GoogleCameraEngR18F1/com.google.android.apps.camera .legacy.app.activity.main.CameraActivity]#4(BLAST Consumer)4] (id:537100000008,api:4,p:1223,c:21361) disconnect
09-29 00:32:36.619 21361 21361 D SurfaceView: UPDATE Surface(name=SurfaceView[com.google.android.GoogleCameraEngR18F1/com.google.android .apps.camera.legacy.app.activity.main.CameraActivity])/@0x29f237e, mIsCastMode = false
09-29 00:32:36.620 21361 21361 D SurfaceView: UPDATE Surface(name=SurfaceView[com.google.android.GoogleCameraEngR18F1/com.google.android .apps.camera.legacy.app.activity.main.CameraActivity])/@0x29f237e, mIsProjectionMode = false
09-29 00:32:36.635 21361 21407 I BufferQueueConsumer: [](id:53710000000a,api:0,p:- 1,c:21361) connect: controlledByApp=true
09-29 00:32:36.637 21361 21407 I BufferQueueConsumer: [](id:53710000000b,api:0,p:- 1,c:21361) connect: controlledByApp=true
09-29 00:32:36.650 21361 21413 I BufferQueueProducer: [SurfaceView[com.google.android.GoogleCameraEngR18F1/com.google.android.apps.camera .legacy.app.activity.main.CameraActivity]#4(BLAST Consumer)4] (id:537100000008,api:4,p:1223,c:21361) disconnect: api 4
09-29 00:32:36.650 21361 21413 I BufferQueueProducer: [GraphicBufferSource] (id:537100000007,api:4,p:1223,c:21361) disconnect: api 4
09-29 00:32:36.651 21361 21413 W GraphicBufferSource: released unpopulated slots: [0, 1, 2, 3, 4, 5, 6, 7, 8, 9, 10, 11, 12, 13, 14, 15, 16, 17, 18, 19, 20, 21, 22, 23, 24, 25, 26, 27, 28, 29, 30, 31, 32, 33, 34, 35, 36, 37, 38, 39, 40, 41, 42, 43, 44, 45, 46, 47, 48, 49, 50, 51, 52, 53, 54, 55, 56, 57, 58, 59, 60, 61, 62, 63]
09-29 00:32:36.651 21361 21413 I BufferQueueProducer: [ImageReader-3840x2160f100m5- 21361-2](id:537100000009,api:4,p:1223,c:21361) disconnect: api 4
09-29 00:32:36.682 21361 21361 D SurfaceView: UPDATE null, mIsCastMode = false
09-29 00:32:36.686 21361 21361 I BufferQueueConsumer: [](id:53710000000c,api:0,p:- 1,c:21361) connect: controlledByApp=false
09-29 00:32:36.687 21361 21361 I BLASTBufferQueue: [SurfaceView[com.google.android.GoogleCameraEngR18F1/com.google.android.apps.camera .legacy.app.activity.main.CameraActivity]#5] constructor()
09-29 00:32:36.710 21361 21361 W CAM_A : ModeSwitcher WAS ALREADY ENABLED!
