09-29 00:32:25.527 21361 21579 D CCodecBufferChannel: [c2.android.vorbis.decoder#347] Configured output block pool ids 2093 => OK
09-29 00:32:25.530 21361 21361 W CBVerifier: Registering phenotype for com.google.android.libraries.consentverifier#com.google.android.GoogleCameraEngR18F 1 failed
09-29 00:32:25.557 21361 21433 W CameraMetadataJV: Expect face scores and rectangles to be non-null
09-29 00:32:25.559 21361 21433 W CAM_A : UNINITIALIZED > abs Δ(result sensor timestamp) = 150,15 ms > 70,00 ms
09-29 00:32:25.559 21361 21433 W CAM_A : UNINITIALIZED > rel Δ(result sensor timestamp) = 1,00 > 0,25
09-29 00:32:25.559 21361 21433 W CAM_A : UNINITIALIZED > result sensor delay = 2,00 > 1,10
09-29 00:32:25.563 21361 21401 W gralloc4: Could not find component description for FourCC value 20363152
09-29 00:32:25.572 21361 21361 D ViewRootImpl[PopupWindow:b5b938]: hardware acceleration = true, sRendererEnabled = true, forceHwAccelerated = false
09-29 00:32:25.580 21361 21563 D CodecSeeding: Seed: codec c2.mtk.avc.encoder, mediatype video/avc, overrideable 1
09-29 00:32:25.580 21361 21563 D CodecProperties: setTuningValue(vq-target-bpp,0)
09-29 00:32:25.580 21361 21563 D CodecProperties: setTuningValue(vq-target-bpp- 1080p,1.90)
09-29 00:32:25.580 21361 21563 D CodecProperties: setTuningValue(vq-target-bpp- 720p,2.25)
09-29 00:32:25.580 21361 21563 D CodecProperties: setTuningValue(vq-target-bpp- 540p,2.65)
09-29 00:32:25.580 21361 21563 D CodecProperties: setTuningValue(vq-target-bpp- 480p,3.00)
09-29 00:32:25.580 21361 21563 D CodecProperties: setTuningValue(vq-target-bpp- 320x240,0)
09-29 00:32:25.580 21361 21563 D CodecProperties: setTuningValue(vq-target-qpmax,- 1)
09-29 00:32:25.580 21361 21563 D CodecProperties: setTuningValue(vq-target-qpmax- 1080p,45)
09-29 00:32:25.580 21361 21563 D CodecProperties: setTuningValue(vq-target-qpmax- 720p,43)
09-29 00:32:25.580 21361 21563 D CodecProperties: setTuningValue(vq-target-qpmax- 540p,42)
09-29 00:32:25.580 21361 21563 D CodecProperties: setTuningValue(vq-target-qpmax- 480p,38)
09-29 00:32:25.580 21361 21563 D CodecProperties: setTuningValue(vq-bitrate- phaseout,1.75)
09-29 00:32:25.580 21361 21563 D CodecProperties: setTuningValue(vq-boost-missing- qp,0.20)
09-29 00:32:25.580 21361 21563 D CodecProperties: setFeatureValue(_vq_eligible.device,1)
09-29 00:32:25.580 21361 21563 D CodecProperties: setFeatureValue(_quality.target,1)
09-29 00:32:25.580 21361 21563 D CodecSeeding: Seed: codec c2.mtk.avc.encoder, mediatype video/avc, overrideable 0
09-29 00:32:25.580 21361 21563 D MediaCodec: shapeMediaFormat: deltas(1): AMessage(what = 0x00000000) = {
09-29 00:32:25.580 21361 21563 D MediaCodec: int32_t android._encoding-quality- level = 0
09-29 00:32:25.580 21361 21563 D MediaCodec: }
09-29 00:32:25.581 21361 21565 D CCodec : [c2.mtk.avc.encoder] buffers are bound to CCodec for this session
09-29 00:32:25.581 21361 21565 D CCodecConfig: no c2 equivalents for color-format
09-29 00:32:25.581 21361 21565 D CCodecConfig: no c2 equivalents for color-standard
09-29 00:32:25.581 21361 21565 D CCodecConfig: no c2 equivalents for oo.muxer.drop_initial_non_keyframes
09-29 00:32:25.581 21361 21565 D CCodecConfig: no c2 equivalents for flags
09-29 00:32:25.581 21361 21565 D CCodecConfig: no c2 equivalents for encoder
09-29 00:32:25.583 21361 21565 D CCodecConfig: c2 config diff is c2::u32 coded.bitrate.value = 12000000
09-29 00:32:25.583 21361 21565 D CCodecConfig: c2::u32 coded.pl.level = 20495
09-29 00:32:25.583 21361 21565 D CCodecConfig: c2::u32 coded.vui.color.matrix = 3
09-29 00:32:25.583 21361 21565 D CCodecConfig: c2::u32 coded.vui.color.primaries = 3
09-29 00:32:25.583 21361 21565 D CCodecConfig: c2::u32 coded.vui.color.range = 2
09-29 00:32:25.583 21361 21565 D CCodecConfig: c2::u32 coded.vui.color.transfer = 3
09-29 00:32:25.583 21361 21565 D CCodecConfig: c2::i64 coding.sync-frame- interval.value = 233333
09-29 00:32:25.583 21361 21565 D CCodecConfig: c2::u32 raw.color.matrix = 3
09-29 00:32:25.583 21361 21565 D CCodecConfig: c2::u32 raw.color.primaries = 3
09-29 00:32:25.583 21361 21565 D CCodecConfig: c2::u32 raw.color.range = 2
09-29 00:32:25.583 21361 21565 D CCodecConfig: c2::u32 raw.color.transfer = 3
09-29 00:32:25.583 21361 21565 D CCodecConfig: c2::u32 raw.pixel-format.value = 34
09-29 00:32:25.583 21361 21565 D CCodecConfig: c2::u32 raw.size.height = 480
09-29 00:32:25.583 21361 21565 D CCodecConfig: c2::u32 raw.size.width = 640
09-29 00:32:25.583 21361 21565 W Codec2Client: query -- param skipped: index = 3254781982.
09-29 00:32:25.584 21361 21565 D CCodec : setup formats input: AMessage(what = 0x00000000) = {
09-29 00:32:25.584 21361 21565 D CCodec : int32_t android._color-format = 2130708361
09-29 00:32:25.584 21361 21565 D CCodec : Rect crop(0, 0, 639, 479)
09-29 00:32:25.584 21361 21565 D CCodec : int32_t color-standard = 2
09-29 00:32:25.584 21361 21565 D CCodec : int32_t color-range = 2
09-29 00:32:25.584 21361 21565 D CCodec : int32_t color-transfer = 3
09-29 00:32:25.584 21361 21565 D CCodec : int32_t frame-rate = 30
09-29 00:32:25.584 21361 21565 D CCodec : int32_t height = 480
09-29 00:32:25.584 21361 21565 D CCodec : float input.time-stretch = 1.000000
09-29 00:32:25.584 21361 21565 D CCodec : int32_t intra-refresh-period = 0
09-29 00:32:25.584 21361 21565 D CCodec : int32_t latency = 8
09-29 00:32:25.584 21361 21565 D CCodec : string mime = "video/raw"
09-29 00:32:25.584 21361 21565 D CCodec : int32_t prepend-sps-pps-to-idr-frames = 0
09-29 00:32:25.584 21361 21565 D CCodec : int32_t priority = 0
09-29 00:32:25.584 21361 21565 D CCodec : int32_t width = 640
09-29 00:32:25.584 21361 21565 D CCodec : int32_t android._dataspace = 258
09-29 00:32:25.584 21361 21565 D CCodec : int64_t android._C2MemoryUsage = 0
09-29 00:32:25.584 21361 21565 D CCodec : int32_t color-format = 2130708361
09-29 00:32:25.584 21361 21565 D CCodec : }
09-29 00:32:25.584 21361 21565 D CCodec : setup formats output: AMessage(what = 0x00000000) = {
09-29 00:32:25.584 21361 21565 D CCodec : int32_t bitrate = 12000000
09-29 00:32:25.584 21361 21565 D CCodec : int32_t bitrate-mode = 1
09-29 00:32:25.584 21361 21565 D CCodec : Rect crop(0, 0, 639, 479)
09-29 00:32:25.584 21361 21565 D CCodec : int32_t width = 640
09-29 00:32:25.584 21361 21565 D CCodec : int32_t color-standard = 2
09-29 00:32:25.584 21361 21565 D CCodec : int32_t color-range = 2
09-29 00:32:25.584 21361 21565 D CCodec : int32_t color-transfer = 3
09-29 00:32:25.584 21361 21565 D CCodec : int32_t frame-rate = 30
09-29 00:32:25.584 21361 21565 D CCodec : int32_t height = 480
09-29 00:32:25.584 21361 21565 D CCodec : float input.time-stretch = 1.000000
09-29 00:32:25.584 21361 21565 D CCodec : int32_t intra-refresh-period = 0
09-29 00:32:25.584 21361 21565 D CCodec : int32_t latency = 8
09-29 00:32:25.584 21361 21565 D CCodec : int32_t level = 32768
09-29 00:32:25.584 21361 21565 D CCodec : int32_t max-bitrate = 12000000
09-29 00:32:25.584 21361 21565 D CCodec : string mime = "video/avc"
09-29 00:32:25.584 21361 21565 D CCodec : int32_t prepend-sps-pps-to-idr-frames = 0
09-29 00:32:25.584 21361 21565 D CCodec : int32_t priority = 0
09-29 00:32:25.584 21361 21565 D CCodec : int32_t profile = 8
09-29 00:32:25.584 21361 21565 D CCodec : }
09-29 00:32:25.584 21361 21565 I CCodecConfig: query failed after returning 23 values (BAD_INDEX)
09-29 00:32:25.584 21361 21565 D CCodecConfig: c2 config diff is c2::u32 coded.tile-layout.columns = 3
09-29 00:32:25.584 21361 21565 D CCodecConfig: c2::u32 coded.tile-layout.rows = 2
09-29 00:32:25.587 21361 21565 I BufferQueueConsumer: [GraphicBufferSource] (id:537100000004,api:0,p:-1,c:21361) connect: controlledByApp=false
09-29 00:32:25.595 21361 21565 D CCodec : input format unchanged to AMessage(what = 0x00000000) = {
09-29 00:32:25.595 21361 21565 D CCodec : int32_t android._color-format = 2130708361
09-29 00:32:25.595 21361 21565 D CCodec : Rect crop(0, 0, 639, 479)
09-29 00:32:25.595 21361 21565 D CCodec : int32_t color-standard = 2
09-29 00:32:25.595 21361 21565 D CCodec : int32_t color-range = 2
09-29 00:32:25.595 21361 21565 D CCodec : int32_t color-transfer = 3
09-29 00:32:25.595 21361 21565 D CCodec : int32_t frame-rate = 30
09-29 00:32:25.595 21361 21565 D CCodec : int32_t height = 480
09-29 00:32:25.595 21361 21565 D CCodec : float input.time-stretch = 1.000000
09-29 00:32:25.595 21361 21565 D CCodec : int32_t intra-refresh-period = 0
09-29 00:32:25.595 21361 21565 D CCodec : int32_t latency = 8
09-29 00:32:25.595 21361 21565 D CCodec : string mime = "video/raw"
09-29 00:32:25.595 21361 21565 D CCodec : int32_t prepend-sps-pps-to-idr-frames = 0
09-29 00:32:25.595 21361 21565 D CCodec : int32_t priority = 0
09-29 00:32:25.595 21361 21565 D CCodec : int32_t width = 640
09-29 00:32:25.595 21361 21565 D CCodec : int32_t android._dataspace = 258
09-29 00:32:25.595 21361 21565 D CCodec : int64_t android._C2MemoryUsage = 0
09-29 00:32:25.595 21361 21565 D CCodec : int32_t color-format = 2130708361
09-29 00:32:25.595 21361 21565 D CCodec : }
09-29 00:32:25.596 21361 21565 D GraphicBufferSource: setting dataspace: 0x102, acquired=0
09-29 00:32:25.596 21361 21565 D CCodec : ISConfig not changed
09-29 00:32:25.599 21361 21539 I BufferQueueProducer: [GraphicBufferSource] (id:537100000004,api:1,p:21361,c:21361) connect: api=1 producerControlledByApp=true
09-29 00:32:25.599 21361 21563 D MediaCodec: keep callback message for reclaim
09-29 00:32:25.604 21361 21565 W Codec2Client: query -- param skipped: index = 1342179345.
09-29 00:32:25.604 21361 21565 W Codec2Client: query -- param skipped: index = 2415921170.
09-29 00:32:25.604 21361 21565 D CCodecBufferChannel: [c2.mtk.avc.encoder#95] Using basic input block pool with poolID 1 => got 1 - OK (0)
09-29 00:32:25.612 21361 21565 I CCodecBufferChannel: [c2.mtk.avc.encoder#95] Created output block pool with allocatorID 16 => poolID 2164 - OK
09-29 00:32:25.612 21361 21565 D CCodecBufferChannel: [c2.mtk.avc.encoder#95] Configured output block pool ids 2164 => OK
09-29 00:32:25.619 21361 21563 D eCameraEngR18F: DLEAK reply value=7
09-29 00:32:25.619 21361 21563 D MediaCodecList: DLEAK matchIndex=7
09-29 00:32:25.621 21361 21563 D MediaCodecList: codecHandlesFormat: no format, so no extra checks
09-29 00:32:25.621 21361 21563 D MediaCodecList: DLEAK matching 'c2.android.aac.encoder'
09-29 00:32:25.622 21361 21563 D eCameraEngR18F: DLEAK reply value=31
09-29 00:32:25.622 21361 21563 D MediaCodecList: DLEAK matchIndex=31
09-29 00:32:25.623 21361 21563 D MediaCodecList: codecHandlesFormat: no format, so no extra checks
09-29 00:32:25.623 21361 21563 D MediaCodecList: DLEAK matching 'OMX.google.aac.encoder'
09-29 00:32:25.624 21361 21563 D eCameraEngR18F: DLEAK reply value=-2
09-29 00:32:25.624 21361 21563 D MediaCodecList: DLEAK matchIndex=18446744073709551614
09-29 00:32:25.629 21361 21591 D CCodec : allocate(c2.android.aac.encoder)
09-29 00:32:25.631 21361 21591 I CCodec : setting up 'default' as default (vendor) store
09-29 00:32:25.645 21361 21591 I CCodec : Created component [c2.android.aac.encoder]
09-29 00:32:25.647 21361 21591 D CCodecConfig: read media type: audio/mp4a-latm
09-29 00:32:25.653 21361 21591 D ReflectedParamUpdater: extent() != 1 for single value type: algo.buffers.max-count.values
09-29 00:32:25.654 21361 21361 I BufferQueueConsumer: [](id:537100000005,api:0,p:- 1,c:21361) connect: controlledByApp=false
09-29 00:32:25.655 21361 21591 D ReflectedParamUpdater: extent() != 1 for single value type: output.subscribed-indices.values
09-29 00:32:25.655 21361 21591 D ReflectedParamUpdater: extent() != 1 for single value type: input.buffers.allocator-ids.values
09-29 00:32:25.655 21361 21591 D ReflectedParamUpdater: extent() != 1 for single value type: output.buffers.allocator-ids.values
09-29 00:32:25.655 21361 21361 I BLASTBufferQueue: [ViewRootImpl[PopupWindow:b5b938]#2] constructor()
09-29 00:32:25.655 21361 21591 D ReflectedParamUpdater: extent() != 1 for single value type: algo.buffers.allocator-ids.values
09-29 00:32:25.656 21361 21591 D ReflectedParamUpdater: extent() != 1 for single value type: output.buffers.pool-ids.values
09-29 00:32:25.656 21361 21591 D ReflectedParamUpdater: extent() != 1 for single value type: algo.buffers.pool-ids.values
09-29 00:32:25.657 21361 21392 I BufferQueueProducer: [ViewRootImpl[PopupWindow:b5b938]#2(BLAST Consumer)2] (id:537100000005,api:1,p:21361,c:21361) connect: api=1 producerControlledByApp=true
09-29 00:32:25.658 21361 21433 W CameraMetadataJV: Expect face scores and rectangles to be non-null
09-29 00:32:25.658 21361 21591 I CCodecConfig: query failed after returning 9 values (BAD_INDEX)
09-29 00:32:25.659 21361 21591 D CCodecConfig: c2 config diff is Dict {
09-29 00:32:25.659 21361 21591 D CCodecConfig: c2::u32 coded.bitrate.value = 64000
09-29 00:32:25.659 21361 21591 D CCodecConfig: c2::u32 coded.pl.level = 0
09-29 00:32:25.659 21361 21591 D CCodecConfig: c2::u32 coded.pl.profile = 8192
09-29 00:32:25.659 21361 21591 D CCodecConfig: c2::u32 coding.aac-sbr-mode.value = 3
09-29 00:32:25.659 21361 21591 D CCodecConfig: c2::u32 input.buffers.max- size.value = 2048
09-29 00:32:25.659 21361 21591 D CCodecConfig: c2::u32 input.delay.value = 0
09-29 00:32:25.659 21361 21591 D CCodecConfig: string input.media-type.value = "audio/raw"
09-29 00:32:25.659 21361 21591 D CCodecConfig: string output.media-type.value = "audio/mp4a-latm"
09-29 00:32:25.659 21361 21591 D CCodecConfig: c2::u32 raw.channel-count.value = 1
09-29 00:32:25.659 21361 21591 D CCodecConfig: c2::u32 raw.sample-rate.value = 44100
09-29 00:32:25.659 21361 21591 D CCodecConfig: }
09-29 00:32:25.659 21361 21433 W CAM_A : PHOTO > abs Δ(result sensor timestamp) = 75,07 ms > 70,00 ms
09-29 00:32:25.659 21361 21433 W CAM_A : PHOTO > rel Δ(result sensor timestamp) = 0,50 > 0,25
09-29 00:32:25.660 21361 21591 I MediaCodec: MediaCodec will operate in async mode
09-29 00:32:25.661 21361 21563 D CodecSeeding: Seed: codec c2.android.aac.encoder, mediatype audio/mp4a-latm, overrideable 1
09-29 00:32:25.661 21361 21563 D CodecProperties: setFeatureValue(_vq_eligible.device,1)
09-29 00:32:25.661 21361 21563 D CodecProperties: setFeatureValue(_quality.target,1)
09-29 00:32:25.661 21361 21563 D CodecSeeding: Seed: codec c2.android.aac.encoder, mediatype audio/mp4a-latm, overrideable 0
09-29 00:32:25.661 21361 21563 D MediaCodec: shapeMediaFormat: deltas(0): AMessage(what = 0x00000000) = {
09-29 00:32:25.661 21361 21563 D MediaCodec: }
09-29 00:32:25.661 21361 21591 D CCodec : [c2.android.aac.encoder] buffers are bound to CCodec for this session
09-29 00:32:25.661 21361 21591 D CCodecConfig: no c2 equivalents for oo.muxer.force_sequential
09-29 00:32:25.662 21361 21591 D CCodecConfig: no c2 equivalents for flags
09-29 00:32:25.662 21361 21591 D CCodecConfig: no c2 equivalents for encoder
09-29 00:32:25.663 21361 21388 W BpBinder: Slow Binder: BpBinder transact took 230 ms, interface=android.content.IContentProvider, code=1 oneway=false
09-29 00:32:25.664 21361 21579 D CCodecBufferChannel: [c2.android.vorbis.decoder#347] MediaCodec discarded an unknown buffer
09-29 00:32:25.664 21361 21579 D CCodecBufferChannel: [c2.android.vorbis.decoder#347] MediaCodec discarded an unknown buffer
09-29 00:32:25.668 21361 21591 D CCodecConfig: c2 config diff is c2::u32 coded.bitrate.value = 128000
09-29 00:32:25.668 21361 21591 D CCodecConfig: c2::u32 input.buffers.max- size.value = 4096
09-29 00:32:25.668 21361 21591 D CCodecConfig: c2::u32 raw.channel-count.value = 2
09-29 00:32:25.668 21361 21591 D CCodecConfig: c2::u32 raw.sample-rate.value = 48000
09-29 00:32:25.669 21361 21591 W Codec2Client: query -- param skipped: index = 1107298332.
09-29 00:32:25.669 21361 21591 D CCodec : setup formats input: AMessage(what = 0x00000000) = {
09-29 00:32:25.669 21361 21591 D CCodec : int32_t sample-rate = 48000
09-29 00:32:25.669 21361 21591 D CCodec : int32_t channel-count = 2
09-29 00:32:25.669 21361 21591 D CCodec : int32_t max-input-size = 76800
09-29 00:32:25.669 21361 21591 D CCodec : string mime = "audio/raw"
09-29 00:32:25.669 21361 21591 D CCodec : }
09-29 00:32:25.669 21361 21591 D CCodec : setup formats output: AMessage(what = 0x00000000) = {
09-29 00:32:25.669 21361 21591 D CCodec : int32_t sample-rate = 48000
09-29 00:32:25.669 21361 21591 D CCodec : int32_t bitrate = 128000
09-29 00:32:25.669 21361 21591 D CCodec : int32_t channel-count = 2
09-29 00:32:25.669 21361 21591 D CCodec : int32_t level = 0
09-29 00:32:25.669 21361 21591 D CCodec : int32_t max-bitrate = 128000
09-29 00:32:25.669 21361 21591 D CCodec : string mime = "audio/mp4a-latm"
09-29 00:32:25.669 21361 21591 D CCodec : int32_t profile = 2
09-29 00:32:25.669 21361 21591 D CCodec : }
09-29 00:32:25.669 21361 21591 I CCodecConfig: query failed after returning 9 values (BAD_INDEX)
09-29 00:32:25.669 21361 21579 I hw-BpHwBinder: onLastStrongRef automatically unlinking death recipients
09-29 00:32:25.669 21361 21563 D MediaCodec: keep callback message for reclaim
09-29 00:32:25.684 21361 21591 W Codec2Client: query -- param skipped: index = 1342179345.
09-29 00:32:25.684 21361 21591 W Codec2Client: query -- param skipped: index = 2415921170.
09-29 00:32:25.685 21361 21591 W Codec2Client: query -- param skipped: index = 3254792206.
09-29 00:32:25.685 21361 21591 W Codec2Client: query -- param skipped: index = 3254792194.
09-29 00:32:25.685 21361 21591 D CCodecBufferChannel: [c2.android.aac.encoder#727] Created input block pool with allocatorID 16 => poolID 18 - OK (0)
09-29 00:32:25.687 21361 21591 I CCodecBufferChannel: [c2.android.aac.encoder#727] Created output block pool with allocatorID 16 => poolID 2094 - OK
09-29 00:32:25.687 21361 21591 D CCodecBufferChannel: [c2.android.aac.encoder#727] Configured output block pool ids 2094 => OK
09-29 00:32:25.689 21361 21392 I BufferQueueProducer: [ViewRootImpl[PopupWindow:b5b938]#2(BLAST Consumer)2] (id:537100000005,api:1,p:21361,c:21361) disconnect: api 1
09-29 00:32:25.690 21361 21392 I BufferQueueProducer: [ViewRootImpl[PopupWindow:b5b938]#2(BLAST Consumer)2] (id:537100000005,api:1,p:21361,c:21361) connect: api=1 producerControlledByApp=true
09-29 00:32:25.697 21361 21568 D eCameraEngR18F: DLEAK reply value=20
09-29 00:32:25.697 21361 21568 D MediaCodecList: DLEAK matchIndex=20
09-29 00:32:25.698 21361 21568 D MediaCodecList: codecHandlesFormat: no format, so no extra checks
09-29 00:32:25.698 21361 21568 D MediaCodecList: DLEAK matching 'c2.android.vorbis.decoder'
09-29 00:32:25.698 21361 21568 D eCameraEngR18F: DLEAK reply value=30
09-29 00:32:25.698 21361 21568 D MediaCodecList: DLEAK matchIndex=30
09-29 00:32:25.698 21361 21568 D MediaCodecList: codecHandlesFormat: no format, so no extra checks
09-29 00:32:25.698 21361 21568 D MediaCodecList: DLEAK matching 'OMX.google.vorbis.decoder'
09-29 00:32:25.698 21361 21568 D eCameraEngR18F: DLEAK reply value=-2
09-29 00:32:25.698 21361 21568 D MediaCodecList: DLEAK matchIndex=18446744073709551614
09-29 00:32:25.701 21361 21595 D CCodec : allocate(c2.android.vorbis.decoder)
09-29 00:32:25.709 21361 21595 I CCodec : setting up 'default' as default (vendor) store
09-29 00:32:25.711 21361 21595 I CCodec : Created component [c2.android.vorbis.decoder]
09-29 00:32:25.711 21361 21595 D CCodecConfig: read media type: audio/vorbis
09-29 00:32:25.714 21361 21595 D ReflectedParamUpdater: extent() != 1 for single value type: algo.buffers.max-count.values
09-29 00:32:25.715 21361 21595 D ReflectedParamUpdater: extent() != 1 for single value type: output.subscribed-indices.values
09-29 00:32:25.715 21361 21595 D ReflectedParamUpdater: extent() != 1 for single value type: input.buffers.allocator-ids.values
09-29 00:32:25.715 21361 21595 D ReflectedParamUpdater: extent() != 1 for single value type: output.buffers.allocator-ids.values
09-29 00:32:25.716 21361 21595 D ReflectedParamUpdater: extent() != 1 for single value type: algo.buffers.allocator-ids.values
09-29 00:32:25.716 21361 21595 D ReflectedParamUpdater: extent() != 1 for single value type: output.buffers.pool-ids.values
09-29 00:32:25.716 21361 21595 D ReflectedParamUpdater: extent() != 1 for single value type: algo.buffers.pool-ids.values
09-29 00:32:25.718 21361 21595 I CCodecConfig: query failed after returning 7 values (BAD_INDEX)
09-29 00:32:25.718 21361 21595 D CCodecConfig: c2 config diff is Dict {
09-29 00:32:25.718 21361 21595 D CCodecConfig: c2::u32 coded.bitrate.value = 64000
09-29 00:32:25.718 21361 21595 D CCodecConfig: c2::u32 input.buffers.max- size.value = 32768
09-29 00:32:25.718 21361 21595 D CCodecConfig: c2::u32 input.delay.value = 0
09-29 00:32:25.718 21361 21595 D CCodecConfig: string input.media-type.value = "audio/vorbis"
09-29 00:32:25.718 21361 21595 D CCodecConfig: string output.media-type.value = "audio/raw"
09-29 00:32:25.718 21361 21595 D CCodecConfig: c2::u32 raw.channel-count.value = 1
09-29 00:32:25.718 21361 21595 D CCodecConfig: c2::u32 raw.sample-rate.value = 48000
09-29 00:32:25.718 21361 21595 D CCodecConfig: }
09-29 00:32:25.719 21361 21595 D CCodec : [c2.android.vorbis.decoder] buffers are bound to CCodec for this session
09-29 00:32:25.719 21361 21595 D CCodecConfig: no c2 equivalents for durationUs
09-29 00:32:25.719 21361 21595 D CCodecConfig: no c2 equivalents for track-id
09-29 00:32:25.719 21361 21595 D CCodecConfig: no c2 equivalents for csd-1
09-29 00:32:25.719 21361 21595 D CCodecConfig: no c2 equivalents for channel-mask
09-29 00:32:25.719 21361 21595 D CCodecConfig: no c2 equivalents for flags
09-29 00:32:25.720 21361 21595 D CCodecConfig: c2 config diff is c2::u32 coded.bitrate.value = 120000
09-29 00:32:25.721 21361 21595 W Codec2Client: query -- param skipped: index = 1107298332.
09-29 00:32:25.722 21361 21595 D CCodec : setup formats input: AMessage(what = 0x00000000) = {
09-29 00:32:25.722 21361 21595 D CCodec : int32_t bitrate = 120000
09-29 00:32:25.722 21361 21595 D CCodec : int32_t channel-count = 1
09-29 00:32:25.722 21361 21595 D CCodec : int32_t max-input-size = 32768
09-29 00:32:25.722 21361 21595 D CCodec : string mime = "audio/vorbis"
09-29 00:32:25.722 21361 21595 D CCodec : int32_t sample-rate = 48000
09-29 00:32:25.722 21361 21595 D CCodec : }
09-29 00:32:25.722 21361 21595 D CCodec : setup formats output: AMessage(what = 0x00000000) = {
09-29 00:32:25.722 21361 21595 D CCodec : int32_t channel-count = 1
09-29 00:32:25.722 21361 21595 D CCodec : string mime = "audio/raw"
09-29 00:32:25.722 21361 21595 D CCodec : int32_t sample-rate = 48000
09-29 00:32:25.722 21361 21595 D CCodec : int32_t channel-mask = 1
09-29 00:32:25.722 21361 21595 D CCodec : }
09-29 00:32:25.722 21361 21595 I CCodecConfig: query failed after returning 7 values (BAD_INDEX)
09-29 00:32:25.727 21361 21595 W Codec2Client: query -- param skipped: index = 1342179345.
09-29 00:32:25.727 21361 21595 W Codec2Client: query -- param skipped: index = 2415921170.
09-29 00:32:25.728 21361 21595 D CCodecBufferChannel: [c2.android.vorbis.decoder#571] Created input block pool with allocatorID 16 => poolID 19 - OK (0)
09-29 00:32:25.729 21361 21595 I CCodecBufferChannel: [c2.android.vorbis.decoder#571] Created output block pool with allocatorID 16 => poolID 2095 - OK
09-29 00:32:25.729 21361 21595 D CCodecBufferChannel: [c2.android.vorbis.decoder#571] Configured output block pool ids 2095 => OK
09-29 00:32:25.759 21361 21595 D CCodecBufferChannel: [c2.android.vorbis.decoder#571] MediaCodec discarded an unknown buffer
09-29 00:32:25.759 21361 21595 D CCodecBufferChannel: [c2.android.vorbis.decoder#571] MediaCodec discarded an unknown buffer
09-29 00:32:25.763 21361 21595 I hw-BpHwBinder: onLastStrongRef automatically unlinking death recipients
09-29 00:32:25.777 21361 21433 W CameraMetadataJV: Expect face scores and rectangles to be non-null
09-29 00:32:25.777 21361 21433 W CAM_A : PHOTO > abs Δ(result sensor timestamp) = 150,15 ms > 70,00 ms
09-29 00:32:25.777 21361 21433 W CAM_A : PHOTO > rel Δ(result sensor timestamp) = 1,00 > 0,25
09-29 00:32:25.777 21361 21433 W CAM_A : PHOTO > result sensor delay = 2,00 > 1,10
09-29 00:32:25.779 21361 21401 W gralloc4: Could not find component description for FourCC value 20363152
09-29 00:32:25.829 21361 21388 W CAM_A : Framerate metadata does not exist for the video at content://media/external/video/media/1000267752
09-29 00:32:25.868 21361 21388 W CAM_A : Framerate metadata does not exist for the video at content://media/external/video/media/1000267751
09-29 00:32:25.900 21361 21388 W CAM_A : Framerate metadata does not exist for the video at content://media/external/video/media/1000267750
09-29 00:32:25.927 21361 21433 W CameraMetadataJV: Expect face scores and rectangles to be non-null
09-29 00:32:25.927 21361 21433 W CAM_A : PHOTO > abs Δ(result sensor timestamp) = 150,15 ms > 70,00 ms
09-29 00:32:25.927 21361 21433 W CAM_A : PHOTO > result sensor delay = 2,00 > 1,10
09-29 00:32:25.939 21361 21388 W CAM_A : Framerate metadata does not exist for the video at content://media/external/video/media/1000263814
09-29 00:32:25.974 21361 21388 W CAM_A : Framerate metadata does not exist for the video at content://media/external/video/media/1000257601
09-29 00:32:25.988 21361 21401 W Glide : Failed to find GeneratedAppGlideModule. You should include an annotationProcessor compile dependency on com.github.bumptech.glide:compiler in your application and a @GlideModule annotated AppGlideModule implementation or LibraryGlideModules will be silently ignored
09-29 00:32:26.003 21361 21433 W CameraMetadataJV: Expect face scores and rectangles to be non-null
09-29 00:32:26.004 21361 21433 W CAM_A : PHOTO > abs Δ(result sensor timestamp) = 75,07 ms > 70,00 ms
09-29 00:32:26.004 21361 21433 W CAM_A : PHOTO > rel Δ(result sensor timestamp) = 0,50 > 0,25
09-29 00:32:26.004 21361 21401 D libMEOW : meow new tls: 0x739084c200
09-29 00:32:26.004 21361 21401 D libMEOW : applied 1 plugins for [com.google.android.GoogleCameraEngR18F1]:
09-29 00:32:26.004 21361 21401 D libMEOW : plugin 1: [libMEOW_gift.so]:
09-29 00:32:26.007 21361 21391 W gralloc4: Could not find component description for FourCC value 20363152
09-29 00:32:26.017 21361 21361 W MirrorManager: this model don't Support
09-29 00:32:26.153 21361 21433 W CameraMetadataJV: Expect face scores and rectangles to be non-null
09-29 00:32:26.153 21361 21433 W CAM_A : PHOTO > abs Δ(result sensor timestamp) = 150,15 ms > 70,00 ms
09-29 00:32:26.154 21361 21433 W CAM_A : PHOTO > rel Δ(result sensor timestamp) = 1,00 > 0,25
09-29 00:32:26.154 21361 21433 W CAM_A : PHOTO > result sensor delay = 2,00 > 1,10
09-29 00:32:26.224 21361 21433 W CameraMetadataJV: Expect face scores and rectangles to be non-null
09-29 00:32:26.225 21361 21433 W CAM_A : PHOTO > abs Δ(result sensor timestamp) = 75,08 ms > 70,00 ms
09-29 00:32:26.225 21361 21433 W CAM_A : PHOTO > rel Δ(result sensor timestamp) = 0,50 > 0,25
09-29 00:32:26.226 21361 21391 W gralloc4: Could not find component description for FourCC value 20363152
09-29 00:32:26.370 21361 21433 W CameraMetadataJV: Expect face scores and rectangles to be non-null
09-29 00:32:26.370 21361 21433 W CAM_A : PHOTO > abs Δ(result sensor timestamp) = 150,15 ms > 70,00 ms
09-29 00:32:26.370 21361 21433 W CAM_A : PHOTO > rel Δ(result sensor timestamp) = 1,00 > 0,25
09-29 00:32:26.370 21361 21433 W CAM_A : PHOTO > result sensor delay = 2,00 > 1,10
09-29 00:32:26.450 21361 21433 W CameraMetadataJV: Expect face scores and rectangles to be non-null
09-29 00:32:26.450 21361 21433 W CAM_A : PHOTO > abs Δ(result sensor timestamp) = 75,07 ms > 70,00 ms
09-29 00:32:26.450 21361 21433 W CAM_A : PHOTO > rel Δ(result sensor timestamp) = 0,50 > 0,25
09-29 00:32:26.451 21361 21401 W gralloc4: Could not find component description for FourCC value 20363152
09-29 00:32:26.595 21361 21433 W CameraMetadataJV: Expect face scores and rectangles to be non-null
09-29 00:32:26.596 21361 21433 W CAM_A : PHOTO > abs Δ(result sensor timestamp) = 150,15 ms > 70,00 ms
09-29 00:32:26.596 21361 21433 W CAM_A : PHOTO > rel Δ(result sensor timestamp) = 1,00 > 0,25
09-29 00:32:26.596 21361 21433 W CAM_A : PHOTO > result sensor delay = 2,00 > 1,10
09-29 00:32:26.674 21361 21433 W CameraMetadataJV: Expect face scores and rectangles to be non-null
09-29 00:32:26.674 21361 21433 W CAM_A : PHOTO > abs Δ(result sensor timestamp) = 75,07 ms > 70,00 ms
09-29 00:32:26.674 21361 21433 W CAM_A : PHOTO > rel Δ(result sensor timestamp) = 0,50 > 0,25
09-29 00:32:26.675 21361 21401 W gralloc4: Could not find component description for FourCC value 20363152
09-29 00:32:26.820 21361 21433 W CameraMetadataJV: Expect face scores and rectangles to be non-null
09-29 00:32:26.820 21361 21433 W CAM_A : PHOTO > abs Δ(result sensor timestamp) = 150,15 ms > 70,00 ms
09-29 00:32:26.820 21361 21433 W CAM_A : PHOTO > rel Δ(result sensor timestamp) = 1,00 > 0,25
09-29 00:32:26.820 21361 21433 W CAM_A : PHOTO > result sensor delay = 2,00 > 1,10
09-29 00:32:26.900 21361 21433 W CameraMetadataJV: Expect face scores and rectangles to be non-null
09-29 00:32:26.900 21361 21433 W CAM_A : PHOTO > abs Δ(result sensor timestamp) = 75,07 ms > 70,00 ms
09-29 00:32:26.900 21361 21433 W CAM_A : PHOTO > rel Δ(result sensor timestamp) = 0,50 > 0,25
09-29 00:32:26.901 21361 21401 W gralloc4: Could not find component description for FourCC value 20363152
09-29 00:32:27.046 21361 21433 W CameraMetadataJV: Expect face scores and rectangles to be non-null
09-29 00:32:27.047 21361 21433 W CAM_A : PHOTO > abs Δ(result sensor timestamp) = 150,15 ms > 70,00 ms
09-29 00:32:27.047 21361 21433 W CAM_A : PHOTO > rel Δ(result sensor timestamp) = 1,00 > 0,25
09-29 00:32:27.047 21361 21433 W CAM_A : PHOTO > result sensor delay = 2,00 > 1,10
09-29 00:32:27.125 21361 21433 W CameraMetadataJV: Expect face scores and rectangles to be non-null
09-29 00:32:27.125 21361 21433 W CAM_A : PHOTO > abs Δ(result sensor timestamp) = 75,07 ms > 70,00 ms
09-29 00:32:27.126 21361 21433 W CAM_A : PHOTO > rel Δ(result sensor timestamp) = 0,50 > 0,25
09-29 00:32:27.126 21361 21401 W gralloc4: Could not find component description for FourCC value 20363152
09-29 00:32:27.270 21361 21433 W CameraMetadataJV: Expect face scores and rectangles to be non-null
09-29 00:32:27.271 21361 21433 W CAM_A : PHOTO > abs Δ(result sensor timestamp) = 150,15 ms > 70,00 ms
09-29 00:32:27.271 21361 21433 W CAM_A : PHOTO > rel Δ(result sensor timestamp) = 1,00 > 0,25
09-29 00:32:27.271 21361 21433 W CAM_A : PHOTO > result sensor delay = 2,00 > 1,10
09-29 00:32:27.352 21361 21433 W CameraMetadataJV: Expect face scores and rectangles to be non-null
09-29 00:32:27.353 21361 21433 W CAM_A : PHOTO > abs Δ(result sensor timestamp) = 75,08 ms > 70,00 ms
09-29 00:32:27.354 21361 21433 W CAM_A : PHOTO > rel Δ(result sensor timestamp) = 0,50 > 0,25
09-29 00:32:27.355 21361 21401 W gralloc4: Could not find component description for FourCC value 20363152
09-29 00:32:27.399 21361 21374 I eCameraEngR18F: NativeAlloc concurrent copying GC freed 531556(25MB) AllocSpace objects, 25(776KB) LOS objects, 49% free, 13MB/27MB, paused 96us,176us total 130.032ms
09-29 00:32:27.495 21361 21433 W CameraMetadataJV: Expect face scores and rectangles to be non-null
09-29 00:32:27.496 21361 21433 W CAM_A : PHOTO > abs Δ(result sensor timestamp) = 150,15 ms > 70,00 ms
09-29 00:32:27.496 21361 21433 W CAM_A : PHOTO > rel Δ(result sensor timestamp) = 1,00 > 0,25
09-29 00:32:27.496 21361 21433 W CAM_A : PHOTO > result sensor delay = 2,00 > 1,10
09-29 00:32:27.576 21361 21433 W CameraMetadataJV: Expect face scores and rectangles to be non-null
09-29 00:32:27.576 21361 21433 W CAM_A : PHOTO > abs Δ(result sensor timestamp) = 75,07 ms > 70,00 ms
09-29 00:32:27.576 21361 21433 W CAM_A : PHOTO > rel Δ(result sensor timestamp) = 0,50 > 0,25
09-29 00:32:27.577 21361 21391 W gralloc4: Could not find component description for FourCC value 20363152
09-29 00:32:27.721 21361 21433 W CameraMetadataJV: Expect face scores and rectangles to be non-null
09-29 00:32:27.722 21361 21433 W CAM_A : PHOTO > abs Δ(result sensor timestamp) = 150,15 ms > 70,00 ms
09-29 00:32:27.722 21361 21433 W CAM_A : PHOTO > rel Δ(result sensor timestamp) = 1,00 > 0,25
09-29 00:32:27.722 21361 21433 W CAM_A : PHOTO > result sensor delay = 2,00 > 1,10
09-29 00:32:27.802 21361 21433 W CameraMetadataJV: Expect face scores and rectangles to be non-null
09-29 00:32:27.803 21361 21433 W CAM_A : PHOTO > abs Δ(result sensor timestamp) = 75,07 ms > 70,00 ms
09-29 00:32:27.803 21361 21433 W CAM_A : PHOTO > rel Δ(result sensor timestamp) = 0,50 > 0,25
09-29 00:32:27.806 21361 21401 W gralloc4: Could not find component description for FourCC value 20363152
09-29 00:32:27.868 21361 21388 W ProtoDataStoreFlagStore: Unable to retrieve flag snapshot for com.google.android.libraries.performance.primes#com.google.android.GoogleCameraEngR 18F1, using defaults.
09-29 00:32:27.881 21361 21527 W ProtoDataStoreFlagStore: Unable to update local snapshot for com.google.android.libraries.performance.primes#com.google.android.GoogleCameraEngR 18F1, may result in stale flags.
09-29 00:32:27.881 21361 21527 W ProtoDataStoreFlagStore: java.util.concurrent.ExecutionException: java.lang.SecurityException: GoogleCertificatesRslt: not allowed: pkg=com.google.android.GoogleCameraEngR18F1, sha256=[a40da80a59d170caa950cf15c18c454d47a39b26989d8b640ecd745ba71bf5dc], atk=false, ver=243734029.true (go/gsrlt)
09-29 00:32:27.881 21361 21527 W ProtoDataStoreFlagStore: at pfx.s(Unknown Source:20)
09-29 00:32:27.881 21361 21527 W ProtoDataStoreFlagStore: at pfx.get(Unknown Source:21)
09-29 00:32:27.881 21361 21527 W ProtoDataStoreFlagStore: at plk.I(Unknown Source:1)
09-29 00:32:27.881 21361 21527 W ProtoDataStoreFlagStore: at plk.ad(Unknown Source:9)
09-29 00:32:27.881 21361 21527 W ProtoDataStoreFlagStore: at nfm.d(Unknown Source:0)
09-29 00:32:27.881 21361 21527 W ProtoDataStoreFlagStore: at ngq.run(Unknown Source:9)
09-29 00:32:27.881 21361 21527 W ProtoDataStoreFlagStore: at java.util.concurrent.Executors$RunnableAdapter.call(Executors.java:487)
09-29 00:32:27.881 21361 21527 W ProtoDataStoreFlagStore: at java.util.concurrent.FutureTask.run(FutureTask.java:264)
09-29 00:32:27.881 21361 21527 W ProtoDataStoreFlagStore: at java.util.concurrent.ScheduledThreadPoolExecutor$ScheduledFutureTask.run(ScheduledT hreadPoolExecutor.java:307)
09-29 00:32:27.881 21361 21527 W ProtoDataStoreFlagStore: at java.util.concurrent.ThreadPoolExecutor.runWorker(ThreadPoolExecutor.java:1145)
09-29 00:32:27.881 21361 21527 W ProtoDataStoreFlagStore: at java.util.concurrent.ThreadPoolExecutor$Worker.run(ThreadPoolExecutor.java:644)
09-29 00:32:27.881 21361 21527 W ProtoDataStoreFlagStore: at java.lang.Thread.run(Thread.java:1012)
09-29 00:32:27.881 21361 21527 W ProtoDataStoreFlagStore: Caused by: java.lang.SecurityException: GoogleCertificatesRslt: not allowed: pkg=com.google.android.GoogleCameraEngR18F1, sha256=[a40da80a59d170caa950cf15c18c454d47a39b26989d8b640ecd745ba71bf5dc], atk=false, ver=243734029.true (go/gsrlt)
09-29 00:32:27.881 21361 21527 W ProtoDataStoreFlagStore: at android.os.Parcel.createExceptionOrNull(Parcel.java:2426)
09-29 00:32:27.881 21361 21527 W ProtoDataStoreFlagStore: at android.os.Parcel.createException(Parcel.java:2410)
09-29 00:32:27.881 21361 21527 W ProtoDataStoreFlagStore: at android.os.Parcel.readException(Parcel.java:2393)
09-29 00:32:27.881 21361 21527 W ProtoDataStoreFlagStore: at android.os.Parcel.readException(Parcel.java:2335)
09-29 00:32:27.881 21361 21527 W ProtoDataStoreFlagStore: at bmn.z(Unknown Source:10)
09-29 00:32:27.881 21361 21527 W ProtoDataStoreFlagStore: at ktz.a(Unknown Source:38)
09-29 00:32:27.881 21361 21527 W ProtoDataStoreFlagStore: at kjd.f(Unknown Source:10)
09-29 00:32:27.881 21361 21527 W ProtoDataStoreFlagStore: at kkc.t(Unknown Source:9)
09-29 00:32:27.881 21361 21527 W ProtoDataStoreFlagStore: at kkc.u(Unknown Source:22)
09-29 00:32:27.881 21361 21527 W ProtoDataStoreFlagStore: at kkc.e(Unknown Source:15)
09-29 00:32:27.881 21361 21527 W ProtoDataStoreFlagStore: at kkg.handleMessage(Unknown Source:920)
09-29 00:32:27.881 21361 21527 W ProtoDataStoreFlagStore: at android.os.Handler.dispatchMessage(Handler.java:102)
09-29 00:32:27.881 21361 21527 W ProtoDataStoreFlagStore: at ksg.b(Unknown Source:0)
09-29 00:32:27.881 21361 21527 W ProtoDataStoreFlagStore: at ksg.dispatchMessage(Unknown Source:0)
09-29 00:32:27.881 21361 21527 W ProtoDataStoreFlagStore: at android.os.Looper.loopOnce(Looper.java:210)
09-29 00:32:27.881 21361 21527 W ProtoDataStoreFlagStore: at android.os.Looper.loop(Looper.java:299)
09-29 00:32:27.881 21361 21527 W ProtoDataStoreFlagStore: at android.os.HandlerThread.run(HandlerThread.java:67)
09-29 00:32:27.950 21361 21433 W CameraMetadataJV: Expect face scores and rectangles to be non-null
09-29 00:32:27.951 21361 21433 W CAM_A : PHOTO > abs Δ(result sensor timestamp) = 150,15 ms > 70,00 ms
09-29 00:32:27.951 21361 21433 W CAM_A : PHOTO > rel Δ(result sensor timestamp) = 1,00 > 0,25
09-29 00:32:27.951 21361 21433 W CAM_A : PHOTO > result sensor delay = 2,00 > 1,10
09-29 00:32:28.026 21361 21433 W CameraMetadataJV: Expect face scores and rectangles to be non-null
09-29 00:32:28.026 21361 21433 W CAM_A : PHOTO > abs Δ(result sensor timestamp) = 75,07 ms > 70,00 ms
09-29 00:32:28.026 21361 21433 W CAM_A : PHOTO > rel Δ(result sensor timestamp) = 0,50 > 0,25
09-29 00:32:28.027 21361 21391 W gralloc4: Could not find component description for FourCC value 20363152
09-29 00:32:28.171 21361 21433 W CameraMetadataJV: Expect face scores and rectangles to be non-null
09-29 00:32:28.171 21361 21433 W CAM_A : PHOTO > abs Δ(result sensor timestamp) = 150,15 ms > 70,00 ms
09-29 00:32:28.172 21361 21433 W CAM_A : PHOTO > rel Δ(result sensor timestamp) = 1,00 > 0,25
09-29 00:32:28.172 21361 21433 W CAM_A : PHOTO > result sensor delay = 2,00 > 1,10
09-29 00:32:28.250 21361 21433 W CameraMetadataJV: Expect face scores and rectangles to be non-null
09-29 00:32:28.251 21361 21433 W CAM_A : PHOTO > abs Δ(result sensor timestamp) = 75,07 ms > 70,00 ms
09-29 00:32:28.251 21361 21433 W CAM_A : PHOTO > rel Δ(result sensor timestamp) = 0,50 > 0,25
09-29 00:32:28.251 21361 21391 W gralloc4: Could not find component description for FourCC value 20363152
09-29 00:32:28.396 21361 21433 W CameraMetadataJV: Expect face scores and rectangles to be non-null
09-29 00:32:28.397 21361 21433 W CAM_A : PHOTO > abs Δ(result sensor timestamp) = 150,15 ms > 70,00 ms
09-29 00:32:28.397 21361 21433 W CAM_A : PHOTO > rel Δ(result sensor timestamp) = 1,00 > 0,25
09-29 00:32:28.397 21361 21433 W CAM_A : PHOTO > result sensor delay = 2,00 > 1,10
09-29 00:32:28.477 21361 21433 W CameraMetadataJV: Expect face scores and rectangles to be non-null
09-29 00:32:28.477 21361 21433 W CAM_A : PHOTO > abs Δ(result sensor timestamp) = 75,08 ms > 70,00 ms
09-29 00:32:28.477 21361 21433 W CAM_A : PHOTO > rel Δ(result sensor timestamp) = 0,50 > 0,25
09-29 00:32:28.478 21361 21401 W gralloc4: Could not find component description for FourCC value 20363152
09-29 00:32:28.622 21361 21433 W CameraMetadataJV: Expect face scores and rectangles to be non-null
09-29 00:32:28.623 21361 21433 W CAM_A : PHOTO > abs Δ(result sensor timestamp) = 150,15 ms > 70,00 ms
09-29 00:32:28.623 21361 21433 W CAM_A : PHOTO > rel Δ(result sensor timestamp) = 1,00 > 0,25
09-29 00:32:28.623 21361 21433 W CAM_A : PHOTO > result sensor delay = 2,00 > 1,10
09-29 00:32:28.702 21361 21433 W CameraMetadataJV: Expect face scores and rectangles to be non-null
09-29 00:32:28.702 21361 21433 W CAM_A : PHOTO > abs Δ(result sensor timestamp) = 75,07 ms > 70,00 ms
09-29 00:32:28.702 21361 21433 W CAM_A : PHOTO > rel Δ(result sensor timestamp) = 0,50 > 0,25
09-29 00:32:28.703 21361 21401 W gralloc4: Could not find component description for FourCC value 20363152
09-29 00:32:28.847 21361 21433 W CameraMetadataJV: Expect face scores and rectangles to be non-null
09-29 00:32:28.848 21361 21433 W CAM_A : PHOTO > abs Δ(result sensor timestamp) = 150,15 ms > 70,00 ms
09-29 00:32:28.848 21361 21433 W CAM_A : PHOTO > rel Δ(result sensor timestamp) = 1,00 > 0,25
09-29 00:32:28.848 21361 21433 W CAM_A : PHOTO > result sensor delay = 2,00 > 1,10
09-29 00:32:28.927 21361 21433 W CameraMetadataJV: Expect face scores and rectangles to be non-null
09-29 00:32:28.928 21361 21433 W CAM_A : PHOTO > abs Δ(result sensor timestamp) = 75,07 ms > 70,00 ms
09-29 00:32:28.928 21361 21433 W CAM_A : PHOTO > rel Δ(result sensor timestamp) = 0,50 > 0,25
09-29 00:32:28.928 21361 21391 W gralloc4: Could not find component description for FourCC value 20363152
09-29 00:32:29.072 21361 21433 W CameraMetadataJV: Expect face scores and rectangles to be non-null
09-29 00:32:29.073 21361 21433 W CAM_A : PHOTO > abs Δ(result sensor timestamp) = 150,15 ms > 70,00 ms
09-29 00:32:29.073 21361 21433 W CAM_A : PHOTO > rel Δ(result sensor timestamp) = 1,00 > 0,25
09-29 00:32:29.073 21361 21433 W CAM_A : PHOTO > result sensor delay = 2,00 > 1,10
09-29 00:32:29.152 21361 21433 W CameraMetadataJV: Expect face scores and rectangles to be non-null
09-29 00:32:29.153 21361 21433 W CAM_A : PHOTO > abs Δ(result sensor timestamp) = 75,07 ms > 70,00 ms
09-29 00:32:29.153 21361 21433 W CAM_A : PHOTO > rel Δ(result sensor timestamp) = 0,50 > 0,25
09-29 00:32:29.153 21361 21401 W gralloc4: Could not find component description for FourCC value 20363152
09-29 00:32:29.298 21361 21433 W CameraMetadataJV: Expect face scores and rectangles to be non-null
09-29 00:32:29.298 21361 21433 W CAM_A : PHOTO > abs Δ(result sensor timestamp) = 150,15 ms > 70,00 ms
09-29 00:32:29.298 21361 21433 W CAM_A : PHOTO > rel Δ(result sensor timestamp) = 1,00 > 0,25
09-29 00:32:29.298 21361 21433 W CAM_A : PHOTO > result sensor delay = 2,00 > 1,10
09-29 00:32:29.378 21361 21433 W CameraMetadataJV: Expect face scores and rectangles to be non-null
09-29 00:32:29.378 21361 21433 W CAM_A : PHOTO > abs Δ(result sensor timestamp) = 75,07 ms > 70,00 ms
09-29 00:32:29.379 21361 21433 W CAM_A : PHOTO > rel Δ(result sensor timestamp) = 0,50 > 0,25
09-29 00:32:29.379 21361 21401 W gralloc4: Could not find component description for FourCC value 20363152
09-29 00:32:29.523 21361 21433 W CameraMetadataJV: Expect face scores and rectangles to be non-null
09-29 00:32:29.523 21361 21433 W CAM_A : PHOTO > abs Δ(result sensor timestamp) = 150,15 ms > 70,00 ms
09-29 00:32:29.523 21361 21433 W CAM_A : PHOTO > rel Δ(result sensor timestamp) = 1,00 > 0,25
09-29 00:32:29.523 21361 21433 W CAM_A : PHOTO > result sensor delay = 2,00 > 1,10
09-29 00:32:29.603 21361 21433 W CameraMetadataJV: Expect face scores and rectangles to be non-null
09-29 00:32:29.603 21361 21433 W CAM_A : PHOTO > abs Δ(result sensor timestamp) = 75,08 ms > 70,00 ms
09-29 00:32:29.603 21361 21433 W CAM_A : PHOTO > rel Δ(result sensor timestamp) = 0,50 > 0,25
09-29 00:32:29.604 21361 21401 W gralloc4: Could not find component description for FourCC value 20363152
09-29 00:32:29.748 21361 21433 W CameraMetadataJV: Expect face scores and rectangles to be non-null
09-29 00:32:29.748 21361 21433 W CAM_A : PHOTO > abs Δ(result sensor timestamp) = 150,15 ms > 70,00 ms
09-29 00:32:29.748 21361 21433 W CAM_A : PHOTO > rel Δ(result sensor timestamp) = 1,00 > 0,25
09-29 00:32:29.748 21361 21433 W CAM_A : PHOTO > result sensor delay = 2,00 > 1,10
09-29 00:32:29.828 21361 21433 W CameraMetadataJV: Expect face scores and rectangles to be non-null
09-29 00:32:29.828 21361 21433 W CAM_A : PHOTO > abs Δ(result sensor timestamp) = 75,07 ms > 70,00 ms
09-29 00:32:29.828 21361 21433 W CAM_A : PHOTO > rel Δ(result sensor timestamp) = 0,50 > 0,25
09-29 00:32:29.829 21361 21391 W gralloc4: Could not find component description for FourCC value 20363152
09-29 00:32:29.973 21361 21433 W CameraMetadataJV: Expect face scores and rectangles to be non-null
09-29 00:32:29.974 21361 21433 W CAM_A : PHOTO > abs Δ(result sensor timestamp) = 150,15 ms > 70,00 ms
09-29 00:32:29.974 21361 21433 W CAM_A : PHOTO > rel Δ(result sensor timestamp) = 1,00 > 0,25
09-29 00:32:29.974 21361 21433 W CAM_A : PHOTO > result sensor delay = 2,00 > 1,10
09-29 00:32:30.052 21361 21433 W CameraMetadataJV: Expect face scores and rectangles to be non-null
09-29 00:32:30.052 21361 21433 W CAM_A : PHOTO > abs Δ(result sensor timestamp) = 75,07 ms > 70,00 ms
09-29 00:32:30.053 21361 21433 W CAM_A : PHOTO > rel Δ(result sensor timestamp) = 0,50 > 0,25
09-29 00:32:30.053 21361 21391 W gralloc4: Could not find component description for FourCC value 20363152
09-29 00:32:30.203 21361 21433 W CameraMetadataJV: Expect face scores and rectangles to be non-null
09-29 00:32:30.204 21361 21433 W CAM_A : PHOTO > abs Δ(result sensor timestamp) = 150,15 ms > 70,00 ms
09-29 00:32:30.204 21361 21433 W CAM_A : PHOTO > rel Δ(result sensor timestamp) = 1,00 > 0,25
09-29 00:32:30.204 21361 21433 W CAM_A : PHOTO > result sensor delay = 2,00 > 1,10
09-29 00:32:30.279 21361 21433 W CameraMetadataJV: Expect face scores and rectangles to be non-null
09-29 00:32:30.279 21361 21433 W CAM_A : PHOTO > abs Δ(result sensor timestamp) = 75,07 ms > 70,00 ms
09-29 00:32:30.279 21361 21433 W CAM_A : PHOTO > rel Δ(result sensor timestamp) = 0,50 > 0,25
09-29 00:32:30.280 21361 21401 W gralloc4: Could not find component description for FourCC value 20363152
09-29 00:32:30.425 21361 21433 W CameraMetadataJV: Expect face scores and rectangles to be non-null
09-29 00:32:30.425 21361 21433 W CAM_A : PHOTO > abs Δ(result sensor timestamp) = 150,15 ms > 70,00 ms
09-29 00:32:30.425 21361 21433 W CAM_A : PHOTO > rel Δ(result sensor timestamp) = 1,00 > 0,25
09-29 00:32:30.425 21361 21433 W CAM_A : PHOTO > result sensor delay = 2,00 > 1,10
09-29 00:32:30.505 21361 21433 W CameraMetadataJV: Expect face scores and rectangles to be non-null
09-29 00:32:30.505 21361 21433 W CAM_A : PHOTO > abs Δ(result sensor timestamp) = 75,07 ms > 70,00 ms
09-29 00:32:30.505 21361 21433 W CAM_A : PHOTO > rel Δ(result sensor timestamp) = 0,50 > 0,25
09-29 00:32:30.506 21361 21391 W gralloc4: Could not find component description for FourCC value 20363152
09-29 00:32:30.525 21361 21570 D BufferPoolAccessor2.0: bufferpool2 0x73acdc0228 : 0(0 size) total buffers - 0(0 size) used buffers - 2/7 (recycle/alloc) - 5/82 (fetch/transfer)
09-29 00:32:30.525 21361 21570 D BufferPoolAccessor2.0: evictor expired: 1, evicted: 1
09-29 00:32:30.649 21361 21433 W CameraMetadataJV: Expect face scores and rectangles to be non-null
09-29 00:32:30.649 21361 21433 W CAM_A : PHOTO > abs Δ(result sensor timestamp) = 150,15 ms > 70,00 ms
09-29 00:32:30.649 21361 21433 W CAM_A : PHOTO > rel Δ(result sensor timestamp) = 1,00 > 0,25
09-29 00:32:30.649 21361 21433 W CAM_A : PHOTO > result sensor delay = 2,00 > 1,10
09-29 00:32:30.729 21361 21433 W CameraMetadataJV: Expect face scores and rectangles to be non-null
09-29 00:32:30.730 21361 21433 W CAM_A : PHOTO > abs Δ(result sensor timestamp) = 75,08 ms > 70,00 ms
09-29 00:32:30.730 21361 21433 W CAM_A : PHOTO > rel Δ(result sensor timestamp) = 0,50 > 0,25
09-29 00:32:30.730 21361 21401 W gralloc4: Could not find component description for FourCC value 20363152
09-29 00:32:30.874 21361 21433 W CameraMetadataJV: Expect face scores and rectangles to be non-null
09-29 00:32:30.874 21361 21433 W CAM_A : PHOTO > abs Δ(result sensor timestamp) = 150,15 ms > 70,00 ms
09-29 00:32:30.875 21361 21433 W CAM_A : PHOTO > rel Δ(result sensor timestamp) = 1,00 > 0,25
09-29 00:32:30.875 21361 21433 W CAM_A : PHOTO > result sensor delay = 2,00 > 1,10
09-29 00:32:30.953 21361 21433 W CameraMetadataJV: Expect face scores and rectangles to be non-null
09-29 00:32:30.954 21361 21433 W CAM_A : PHOTO > abs Δ(result sensor timestamp) = 75,07 ms > 70,00 ms
09-29 00:32:30.954 21361 21433 W CAM_A : PHOTO > rel Δ(result sensor timestamp) = 0,50 > 0,25
09-29 00:32:30.955 21361 21391 W gralloc4: Could not find component description for FourCC value 20363152
09-29 00:32:31.100 21361 21433 W CameraMetadataJV: Expect face scores and rectangles to be non-null
09-29 00:32:31.100 21361 21433 W CAM_A : PHOTO > abs Δ(result sensor timestamp) = 150,15 ms > 70,00 ms
09-29 00:32:31.101 21361 21433 W CAM_A : PHOTO > rel Δ(result sensor timestamp) = 1,00 > 0,25
09-29 00:32:31.101 21361 21433 W CAM_A : PHOTO > result sensor delay = 2,00 > 1,10
09-29 00:32:31.180 21361 21433 W CameraMetadataJV: Expect face scores and rectangles to be non-null
09-29 00:32:31.180 21361 21433 W CAM_A : PHOTO > abs Δ(result sensor timestamp) = 75,07 ms > 70,00 ms
09-29 00:32:31.180 21361 21433 W CAM_A : PHOTO > rel Δ(result sensor timestamp) = 0,50 > 0,25
09-29 00:32:31.181 21361 21401 W gralloc4: Could not find component description for FourCC value 20363152
09-29 00:32:31.325 21361 21433 W CameraMetadataJV: Expect face scores and rectangles to be non-null
09-29 00:32:31.326 21361 21433 W CAM_A : PHOTO > abs Δ(result sensor timestamp) = 150,15 ms > 70,00 ms
09-29 00:32:31.326 21361 21433 W CAM_A : PHOTO > rel Δ(result sensor timestamp) = 1,00 > 0,25
09-29 00:32:31.326 21361 21433 W CAM_A : PHOTO > result sensor delay = 2,00 > 1,10
09-29 00:32:31.403 21361 21433 W CameraMetadataJV: Expect face scores and rectangles to be non-null
09-29 00:32:31.404 21361 21433 W CAM_A : PHOTO > abs Δ(result sensor timestamp) = 75,07 ms > 70,00 ms
09-29 00:32:31.404 21361 21433 W CAM_A : PHOTO > rel Δ(result sensor timestamp) = 0,50 > 0,25
09-29 00:32:31.405 21361 21391 W gralloc4: Could not find component description for FourCC value 20363152
09-29 00:32:31.526 21361 21570 D BufferPoolAccessor2.0: bufferpool2 0x73acde4228 : 0(0 size) total buffers - 0(0 size) used buffers - 2/7 (recycle/alloc) - 5/40 (fetch/transfer)
09-29 00:32:31.526 21361 21570 D BufferPoolAccessor2.0: bufferpool2 0x73acdc0a28 : 4(307200 size) total buffers - 4(307200 size) used buffers - 0/5 (recycle/alloc) - 0/0 (fetch/transfer)
09-29 00:32:31.526 21361 21570 D BufferPoolAccessor2.0: evictor expired: 2, evicted: 2
