09-29 00:32:36.712 21361 21413 I BufferQueueProducer: [ImageReader-640x480f23m52- 21361-3](id:53710000000a,api:4,p:1223,c:21361) connect: api=4 producerControlledByApp=false
09-29 00:32:36.712 21361 21379 I BLASTBufferQueue: releaseBufferCallbackThunk bufferId:91744796409943 framenumber:21 blastBufferQueue is dead
09-29 00:32:36.722 21361 21413 I BufferQueueProducer: [ImageReader-4208x3120f20m42- 21361-4](id:53710000000b,api:4,p:1223,c:21361) connect: api=4 producerControlledByApp=false
09-29 00:32:36.728 21361 21413 W CAM_SurfaceMap: Surface(name=null)/@0xf9304d9 is valid but deferred streams are not yet available for CaptureSession-3
09-29 00:32:36.728 21361 21413 W CAM_SimpleReqProcessor: Failed to add Stream-8 to CaptureRequest for Request-43. The surface is not yet available.
09-29 00:32:36.755 21361 21361 D SurfaceView: UPDATE Surface(name=SurfaceView[com.google.android.GoogleCameraEngR18F1/com.google.android .apps.camera.legacy.app.activity.main.CameraActivity])/@0x13c199d, mIsProjectionMode = false
09-29 00:32:36.758 21361 21413 W CAM_SurfaceMap: Surface(name=null)/@0xf9304d9 is valid but deferred streams are not yet available for CaptureSession-3
09-29 00:32:36.758 21361 21413 W CAM_SimpleReqProcessor: Failed to add Stream-8 to CaptureRequest for Request-44. The surface is not yet available.
09-29 00:32:36.782 21361 21820 I BufferQueueProducer: [SurfaceView[com.google.android.GoogleCameraEngR18F1/com.google.android.apps.camera .legacy.app.activity.main.CameraActivity]#5(BLAST Consumer)5] (id:53710000000c,api:4,p:1223,c:21361) connect: api=4 producerControlledByApp=true
09-29 00:32:37.085 21361 21819 W CAM_A : PHOTO > abs Δ(result sensor timestamp) = 543,76 ms > 70,00 ms
09-29 00:32:37.086 21361 21819 W CAM_A : PHOTO > rel Δ(result sensor timestamp) = 15,10 > 0,25
09-29 00:32:37.086 21361 21819 W CAM_A : PHOTO > result sensor delay = 7,23 > 1,10
09-29 00:32:37.086 21361 21819 W CameraMetadataJV: Expect face scores and rectangles to be non-null
09-29 00:32:37.087 21361 21401 D AudioRecord: set(): 0x73ea0cf800, inputSource 5, sampleRate 48000, format 0x1, channelMask 0xc, frameCount 19200, notificationFrames 0, sessionId 0, transferType 0, flags 0, identity AttributionSourceState{pid: -1, uid: 10383, packageName: com.google.android.GoogleCameraEngR18F1, attributionTag: (null), token: , renouncedPermissions: (null), next: []} uid -1, pid -1
09-29 00:32:37.088 21361 21874 D libMEOW : meow new tls: 0x73e9acc9c0
09-29 00:32:37.088 21361 21874 D libMEOW : applied 1 plugins for [com.google.android.GoogleCameraEngR18F1]:
09-29 00:32:37.088 21361 21874 D libMEOW : plugin 1: [libMEOW_gift.so]:
09-29 00:32:37.092 21361 21876 D libMEOW : meow new tls: 0x73d30b9f40
09-29 00:32:37.092 21361 21876 D libMEOW : applied 1 plugins for [com.google.android.GoogleCameraEngR18F1]:
09-29 00:32:37.092 21361 21876 D libMEOW : plugin 1: [libMEOW_gift.so]:
09-29 00:32:37.094 21361 21391 W CAM_A : Extractor (frame) of type feature.acmi.imu.frame-straightness depends on foreign type feature.acmi.imu.camera-orientation! Feature values may be calculated out of order!
09-29 00:32:37.094 21361 21391 W CAM_A : Extractor (frame) of type feature.acmi.imu.frame-straightness depends on foreign type feature.acmi.imu.camera-orientation! Feature values may be calculated out of order!
09-29 00:32:37.104 21361 21879 D libMEOW : meow new tls: 0x73e9ca4c00
09-29 00:32:37.104 21361 21879 D libMEOW : applied 1 plugins for [com.google.android.GoogleCameraEngR18F1]:
09-29 00:32:37.104 21361 21879 D libMEOW : plugin 1: [libMEOW_gift.so]:
09-29 00:32:37.107 21361 21401 D AudioRecord: openRecord_l: 0x73ea0cf800, mCblk = 0x74b8a41000
09-29 00:32:37.110 21361 21883 D libMEOW : meow new tls: 0x73d341abc0
09-29 00:32:37.110 21361 21883 D libMEOW : applied 1 plugins for [com.google.android.GoogleCameraEngR18F1]:
09-29 00:32:37.110 21361 21883 D libMEOW : plugin 1: [libMEOW_gift.so]:
09-29 00:32:37.112 21361 21391 I tflite : Replacing 5 node(s) with delegate (TfLiteXNNPackDelegate) node, yielding 1 partitions.
09-29 00:32:37.112 21361 21445 E GoLog : INFO: Replacing 5 node(s) with delegate (TfLiteXNNPackDelegate) node, yielding 1 partitions.
09-29 00:32:37.113 21361 21391 W gralloc4: Could not find component description for FourCC value 20363152
09-29 00:32:37.114 21361 21563 D eCameraEngR18F: DLEAK reply value=42
09-29 00:32:37.114 21361 21563 D MediaCodecList: DLEAK matchIndex=42
09-29 00:32:37.114 21361 21563 D MediaCodecList: codecHandlesFormat: no format, so no extra checks
09-29 00:32:37.114 21361 21563 D MediaCodecList: DLEAK matching 'c2.mtk.avc.encoder'
09-29 00:32:37.114 21361 21563 D eCameraEngR18F: DLEAK reply value=43
09-29 00:32:37.114 21361 21563 D MediaCodecList: DLEAK matchIndex=43
09-29 00:32:37.115 21361 21563 D MediaCodecList: codecHandlesFormat: no format, so no extra checks
09-29 00:32:37.115 21361 21563 D MediaCodecList: DLEAK matching 'c2.mtk.avc.encoder.secure'
09-29 00:32:37.115 21361 21563 D eCameraEngR18F: DLEAK reply value=57
09-29 00:32:37.115 21361 21563 D MediaCodecList: DLEAK matchIndex=57
09-29 00:32:37.115 21361 21563 D MediaCodecList: codecHandlesFormat: no format, so no extra checks
09-29 00:32:37.115 21361 21563 D MediaCodecList: DLEAK matching 'c2.android.avc.encoder'
09-29 00:32:37.115 21361 21563 D eCameraEngR18F: DLEAK reply value=-2
09-29 00:32:37.116 21361 21563 D MediaCodecList: DLEAK matchIndex=18446744073709551614
09-29 00:32:37.117 21361 21885 D CCodec : allocate(c2.mtk.avc.encoder)
09-29 00:32:37.119 21361 21885 I CCodec : setting up 'default' as default (vendor) store
09-29 00:32:37.130 21361 21885 I CCodec : Created component [c2.mtk.avc.encoder]
09-29 00:32:37.130 21361 21885 D CCodecConfig: read media type: video/avc
09-29 00:32:37.134 21361 21885 D ReflectedParamUpdater: extent() != 1 for single value type: algo.buffers.max-count.values
09-29 00:32:37.134 21361 21885 D ReflectedParamUpdater: extent() != 1 for single value type: output.subscribed-indices.values
09-29 00:32:37.134 21361 21885 D ReflectedParamUpdater: extent() != 1 for single value type: input.buffers.allocator-ids.values
09-29 00:32:37.134 21361 21885 D ReflectedParamUpdater: extent() != 1 for single value type: output.buffers.allocator-ids.values
09-29 00:32:37.135 21361 21885 D ReflectedParamUpdater: extent() != 1 for single value type: algo.buffers.allocator-ids.values
09-29 00:32:37.135 21361 21885 D ReflectedParamUpdater: extent() != 1 for single value type: output.buffers.pool-ids.values
09-29 00:32:37.135 21361 21885 D ReflectedParamUpdater: extent() != 1 for single value type: algo.buffers.pool-ids.values
09-29 00:32:37.143 21361 21885 D ReflectedParamUpdater: ignored struct field coding.gop.values
09-29 00:32:37.148 21361 21885 D ReflectedParamUpdater: ignored struct field coding.qp.values
09-29 00:32:37.148 21361 21885 D CCodecConfig: ignoring local param raw.color (0xc2001809) as it is already supported
09-29 00:32:37.150 21361 21885 I CCodecConfig: query failed after returning 22 values (BAD_INDEX)
09-29 00:32:37.151 21361 21885 D CCodecConfig: c2 config diff is Dict {
09-29 00:32:37.151 21361 21885 D CCodecConfig: c2::u32 algo.bitrate-mode.value = 3
09-29 00:32:37.151 21361 21885 D CCodecConfig: c2::u32 algo.delay.value = 8
09-29 00:32:37.151 21361 21885 D CCodecConfig: c2::i32 algo.priority.value = 0
09-29 00:32:37.151 21361 21885 D CCodecConfig: c2::u32 algo.quality.value = 80
09-29 00:32:37.151 21361 21885 D CCodecConfig: c2::float algo.rate.value = 0
09-29 00:32:37.151 21361 21885 D CCodecConfig: c2::u32 coded.bitrate.value = 64000
09-29 00:32:37.151 21361 21885 D CCodecConfig: c2::float coded.frame-rate.value = 30
09-29 00:32:37.151 21361 21885 D CCodecConfig: c2::u32 coded.pl.level = 20494
09-29 00:32:37.151 21361 21885 D CCodecConfig: c2::u32 coded.pl.profile = 20484
09-29 00:32:37.151 21361 21885 D CCodecConfig: c2::u32 coded.tile-layout.columns = 2
09-29 00:32:37.151 21361 21885 D CCodecConfig: c2::u32 coded.tile-layout.order = 0
09-29 00:32:37.151 21361 21885 D CCodecConfig: c2::u32 coded.tile-layout.rows = 1
09-29 00:32:37.151 21361 21885 D CCodecConfig: c2::u32 coded.tile- layout.tile.height = 256
09-29 00:32:37.151 21361 21885 D CCodecConfig: c2::u32 coded.tile- layout.tile.width = 256
09-29 00:32:37.151 21361 21885 D CCodecConfig: c2::u32 coded.vui.color.matrix = 0
09-29 00:32:37.151 21361 21885 D CCodecConfig: c2::u32 coded.vui.color.primaries = 0
09-29 00:32:37.151 21361 21885 D CCodecConfig: c2::u32 coded.vui.color.range = 0
09-29 00:32:37.151 21361 21885 D CCodecConfig: c2::u32 coded.vui.color.transfer = 0
09-29 00:32:37.151 21361 21885 D CCodecConfig: c2::u32 coding.intra-refresh.mode = 0
09-29 00:32:37.151 21361 21885 D CCodecConfig: c2::float coding.intra- refresh.period = 0
09-29 00:32:37.151 21361 21885 D CCodecConfig: c2::u32 coding.request-sync- frame.value = 0
09-29 00:32:37.151 21361 21885 D CCodecConfig: c2::i64 coding.sync-frame- interval.value = 1000000
09-29 00:32:37.151 21361 21885 D CCodecConfig: Buffer coding.temporal-layering = {
09-29 00:32:37.151 21361 21885 D CCodecConfig: 00000000: 10 00 00 00 07 20 01 52 00 00 00 00 00 00 00 00 ..... .R........
09-29 00:32:37.151 21361 21885 D CCodecConfig: }
09-29 00:32:37.151 21361 21885 D CCodecConfig: c2::u32 input.de
09-29 00:32:37.151 21361 21885 W ColorUtils: expected specified color aspects (0:0:0:0)
09-29 00:32:37.153 21361 21884 I MediaCodec: MediaCodec will operate in async mode
09-29 00:32:37.154 21361 21563 D MediaCodec: shapeMediaFormat: deltas(1): AMessage(what = 0x00000000) = {
09-29 00:32:37.154 21361 21563 D MediaCodec: int32_t android._encoding-quality- level = 0
09-29 00:32:37.154 21361 21563 D MediaCodec: }
09-29 00:32:37.155 21361 21885 D CCodec : [c2.mtk.avc.encoder] buffers are bound to CCodec for this session
09-29 00:32:37.156 21361 21885 D CCodecConfig: no c2 equivalents for color-format
09-29 00:32:37.156 21361 21885 D CCodecConfig: no c2 equivalents for color-standard
09-29 00:32:37.156 21361 21885 D CCodecConfig: no c2 equivalents for oo.muxer.drop_initial_non_keyframes
09-29 00:32:37.156 21361 21885 D CCodecConfig: no c2 equivalents for flags
09-29 00:32:37.156 21361 21885 D CCodecConfig: no c2 equivalents for encoder
09-29 00:32:37.157 21361 21885 D CCodecConfig: c2 config diff is c2::u32 coded.bitrate.value = 12000000
09-29 00:32:37.157 21361 21885 D CCodecConfig: c2::u32 coded.pl.level = 20495
09-29 00:32:37.157 21361 21885 D CCodecConfig: c2::u32 coded.vui.color.matrix = 3
09-29 00:32:37.157 21361 21885 D CCodecConfig: c2::u32 coded.vui.color.primaries = 3
09-29 00:32:37.157 21361 21885 D CCodecConfig: c2::u32 coded.vui.color.range = 2
09-29 00:32:37.157 21361 21885 D CCodecConfig: c2::u32 coded.vui.color.transfer = 3
09-29 00:32:37.157 21361 21885 D CCodecConfig: c2::i64 coding.sync-frame- interval.value = 233333
09-29 00:32:37.157 21361 21885 D CCodecConfig: c2::u32 raw.color.matrix = 3
09-29 00:32:37.157 21361 21885 D CCodecConfig: c2::u32 raw.color.primaries = 3
09-29 00:32:37.157 21361 21885 D CCodecConfig: c2::u32 raw.color.range = 2
09-29 00:32:37.157 21361 21885 D CCodecConfig: c2::u32 raw.color.transfer = 3
09-29 00:32:37.157 21361 21885 D CCodecConfig: c2::u32 raw.pixel-format.value = 34
09-29 00:32:37.157 21361 21885 D CCodecConfig: c2::u32 raw.size.height = 480
09-29 00:32:37.157 21361 21885 D CCodecConfig: c2::u32 raw.size.width = 640
09-29 00:32:37.159 21361 21885 W Codec2Client: query -- param skipped: index = 3254781982.
09-29 00:32:37.159 21361 21885 D CCodec : setup formats input: AMessage(what = 0x00000000) = {
09-29 00:32:37.159 21361 21885 D CCodec : int32_t android._color-format = 2130708361
09-29 00:32:37.159 21361 21885 D CCodec : Rect crop(0, 0, 639, 479)
09-29 00:32:37.159 21361 21885 D CCodec : int32_t color-standard = 2
09-29 00:32:37.159 21361 21885 D CCodec : int32_t color-range = 2
09-29 00:32:37.159 21361 21885 D CCodec : int32_t color-transfer = 3
09-29 00:32:37.159 21361 21885 D CCodec : int32_t frame-rate = 30
09-29 00:32:37.159 21361 21885 D CCodec : int32_t height = 480
09-29 00:32:37.159 21361 21885 D CCodec : float input.time-stretch = 1.000000
09-29 00:32:37.159 21361 21885 D CCodec : int32_t intra-refresh-period = 0
09-29 00:32:37.159 21361 21885 D CCodec : int32_t latency = 8
09-29 00:32:37.159 21361 21885 D CCodec : string mime = "video/raw"
09-29 00:32:37.159 21361 21885 D CCodec : int32_t prepend-sps-pps-to-idr-frames = 0
09-29 00:32:37.159 21361 21885 D CCodec : int32_t priority = 0
09-29 00:32:37.159 21361 21885 D CCodec : int32_t width = 640
09-29 00:32:37.159 21361 21885 D CCodec : int32_t android._dataspace = 258
09-29 00:32:37.159 21361 21885 D CCodec : int64_t android._C2MemoryUsage = 0
09-29 00:32:37.159 21361 21885 D CCodec : int32_t color-format = 2130708361
09-29 00:32:37.159 21361 21885 D CCodec : }
09-29 00:32:37.159 21361 21885 D CCodec : setup formats output: AMessage(what = 0x00000000) = {
09-29 00:32:37.159 21361 21885 D CCodec : int32_t bitrate = 12000000
09-29 00:32:37.159 21361 21885 D CCodec : int32_t bitrate-mode = 1
09-29 00:32:37.159 21361 21885 D CCodec : Rect crop(0, 0, 639, 479)
09-29 00:32:37.159 21361 21885 D CCodec : int32_t width = 640
09-29 00:32:37.159 21361 21885 D CCodec : int32_t color-standard = 2
09-29 00:32:37.159 21361 21885 D CCodec : int32_t color-range = 2
09-29 00:32:37.159 21361 21885 D CCodec : int32_t color-transfer = 3
09-29 00:32:37.159 21361 21885 D CCodec : int32_t frame-rate = 30
09-29 00:32:37.159 21361 21885 D CCodec : int32_t height = 480
09-29 00:32:37.159 21361 21885 D CCodec : float input.time-stretch = 1.000000
09-29 00:32:37.159 21361 21885 D CCodec : int32_t intra-refresh-period = 0
09-29 00:32:37.159 21361 21885 D CCodec : int32_t latency = 8
09-29 00:32:37.159 21361 21885 D CCodec : int32_t level = 32768
09-29 00:32:37.159 21361 21885 D CCodec : int32_t max-bitrate = 12000000
09-29 00:32:37.159 21361 21885 D CCodec : string mime = "video/avc"
09-29 00:32:37.159 21361 21885 D CCodec : int32_t prepend-sps-pps-to-idr-frames = 0
09-29 00:32:37.159 21361 21885 D CCodec : int32_t priority = 0
09-29 00:32:37.159 21361 21885 D CCodec : int32_t profile = 8
09-29 00:32:37.159 21361 21885 D CCodec : }
09-29 00:32:37.159 21361 21885 I CCodecConfig: query failed after returning 23 values (BAD_INDEX)
09-29 00:32:37.160 21361 21885 D CCodecConfig: c2 config diff is c2::u32 coded.tile-layout.columns = 3
09-29 00:32:37.160 21361 21885 D CCodecConfig: c2::u32 coded.tile-layout.rows = 2
09-29 00:32:37.160 21361 21885 I BufferQueueConsumer: [GraphicBufferSource] (id:53710000000d,api:0,p:-1,c:21361) connect: controlledByApp=false
09-29 00:32:37.161 21361 21885 D CCodec : input format unchanged to AMessage(what = 0x00000000) = {
09-29 00:32:37.161 21361 21885 D CCodec : int32_t android._color-format = 2130708361
09-29 00:32:37.161 21361 21885 D CCodec : Rect crop(0, 0, 639, 479)
09-29 00:32:37.161 21361 21885 D CCodec : int32_t color-standard = 2
09-29 00:32:37.161 21361 21885 D CCodec : int32_t color-range = 2
09-29 00:32:37.161 21361 21885 D CCodec : int32_t color-transfer = 3
09-29 00:32:37.161 21361 21885 D CCodec : int32_t frame-rate = 30
09-29 00:32:37.161 21361 21885 D CCodec : int32_t height = 480
09-29 00:32:37.161 21361 21885 D CCodec : float input.time-stretch = 1.000000
09-29 00:32:37.161 21361 21885 D CCodec : int32_t intra-refresh-period = 0
09-29 00:32:37.161 21361 21885 D CCodec : int32_t latency = 8
09-29 00:32:37.161 21361 21885 D CCodec : string mime = "video/raw"
09-29 00:32:37.161 21361 21885 D CCodec : int32_t prepend-sps-pps-to-idr-frames = 0
09-29 00:32:37.161 21361 21885 D CCodec : int32_t priority = 0
09-29 00:32:37.161 21361 21885 D CCodec : int32_t width = 640
09-29 00:32:37.161 21361 21885 D CCodec : int32_t android._dataspace = 258
09-29 00:32:37.161 21361 21885 D CCodec : int64_t android._C2MemoryUsage = 0
09-29 00:32:37.161 21361 21885 D CCodec : int32_t color-format = 2130708361
09-29 00:32:37.161 21361 21885 D CCodec : }
09-29 00:32:37.161 21361 21885 D GraphicBufferSource: setting dataspace: 0x102, acquired=0
09-29 00:32:37.161 21361 21885 D CCodec : ISConfig not changed
09-29 00:32:37.162 21361 21563 D MediaCodec: keep callback message for reclaim
09-29 00:32:37.162 21361 21883 I BufferQueueProducer: [GraphicBufferSource] (id:53710000000d,api:1,p:21361,c:21361) connect: api=1 producerControlledByApp=true
09-29 00:32:37.165 21361 21885 W Codec2Client: query -- param skipped: index = 1342179345.
09-29 00:32:37.165 21361 21885 W Codec2Client: query -- param skipped: index = 2415921170.
09-29 00:32:37.166 21361 21819 W CAM_A : PHOTO > abs Δ(result sensor timestamp) = 75,08 ms > 70,00 ms
09-29 00:32:37.167 21361 21819 W CAM_A : PHOTO > rel Δ(result sensor timestamp) = 0,86 > 0,25
09-29 00:32:37.167 21361 21885 D CCodecBufferChannel: [c2.mtk.avc.encoder#103] Using basic input block pool with poolID 1 => got 1 - OK (0)
09-29 00:32:37.167 21361 21819 W CameraMetadataJV: Expect face scores and rectangles to be non-null
09-29 00:32:37.169 21361 21885 I CCodecBufferChannel: [c2.mtk.avc.encoder#103] Created output block pool with allocatorID 16 => poolID 2165 - OK
09-29 00:32:37.169 21361 21885 D CCodecBufferChannel: [c2.mtk.avc.encoder#103] Configured output block pool ids 2165 => OK
09-29 00:32:37.176 21361 21563 D eCameraEngR18F: DLEAK reply value=7
09-29 00:32:37.176 21361 21563 D MediaCodecList: DLEAK matchIndex=7
09-29 00:32:37.177 21361 21563 D MediaCodecList: codecHandlesFormat: no format, so no extra checks
09-29 00:32:37.177 21361 21563 D MediaCodecList: DLEAK matching 'c2.android.aac.encoder'
09-29 00:32:37.177 21361 21563 D eCameraEngR18F: DLEAK reply value=31
09-29 00:32:37.177 21361 21563 D MediaCodecList: DLEAK matchIndex=31
09-29 00:32:37.178 21361 21563 D MediaCodecList: codecHandlesFormat: no format, so no extra checks
09-29 00:32:37.178 21361 21563 D MediaCodecList: DLEAK matching 'OMX.google.aac.encoder'
09-29 00:32:37.178 21361 21563 D eCameraEngR18F: DLEAK reply value=-2
09-29 00:32:37.178 21361 21563 D MediaCodecList: DLEAK matchIndex=18446744073709551614
09-29 00:32:37.185 21361 21894 D CCodec : allocate(c2.android.aac.encoder)
09-29 00:32:37.191 21361 21894 I CCodec : setting up 'default' as default (vendor) store
09-29 00:32:37.193 21361 21894 I CCodec : Created component [c2.android.aac.encoder]
09-29 00:32:37.194 21361 21894 D CCodecConfig: read media type: audio/mp4a-latm
09-29 00:32:37.197 21361 21894 D ReflectedParamUpdater: extent() != 1 for single value type: algo.buffers.max-count.values
09-29 00:32:37.197 21361 21894 D ReflectedParamUpdater: extent() != 1 for single value type: output.subscribed-indices.values
09-29 00:32:37.197 21361 21894 D ReflectedParamUpdater: extent() != 1 for single value type: input.buffers.allocator-ids.values
09-29 00:32:37.197 21361 21894 D ReflectedParamUpdater: extent() != 1 for single value type: output.buffers.allocator-ids.values
09-29 00:32:37.201 21361 21894 D ReflectedParamUpdater: extent() != 1 for single value type: algo.buffers.allocator-ids.values
09-29 00:32:37.203 21361 21894 D ReflectedParamUpdater: extent() != 1 for single value type: output.buffers.pool-ids.values
09-29 00:32:37.203 21361 21894 D ReflectedParamUpdater: extent() != 1 for single value type: algo.buffers.pool-ids.values
09-29 00:32:37.207 21361 21894 I CCodecConfig: query failed after returning 9 values (BAD_INDEX)
09-29 00:32:37.208 21361 21894 D CCodecConfig: c2 config diff is Dict {
09-29 00:32:37.208 21361 21894 D CCodecConfig: c2::u32 coded.bitrate.value = 64000
09-29 00:32:37.208 21361 21894 D CCodecConfig: c2::u32 coded.pl.level = 0
09-29 00:32:37.208 21361 21894 D CCodecConfig: c2::u32 coded.pl.profile = 8192
09-29 00:32:37.208 21361 21894 D CCodecConfig: c2::u32 coding.aac-sbr-mode.value = 3
09-29 00:32:37.208 21361 21894 D CCodecConfig: c2::u32 input.buffers.max- size.value = 2048
09-29 00:32:37.208 21361 21894 D CCodecConfig: c2::u32 input.delay.value = 0
09-29 00:32:37.208 21361 21894 D CCodecConfig: string input.media-type.value = "audio/raw"
09-29 00:32:37.208 21361 21894 D CCodecConfig: string output.media-type.value = "audio/mp4a-latm"
09-29 00:32:37.208 21361 21894 D CCodecConfig: c2::u32 raw.channel-count.value = 1
09-29 00:32:37.208 21361 21894 D CCodecConfig: c2::u32 raw.sample-rate.value = 44100
09-29 00:32:37.208 21361 21894 D CCodecConfig: }
09-29 00:32:37.209 21361 21894 I MediaCodec: MediaCodec will operate in async mode
09-29 00:32:37.210 21361 21563 D MediaCodec: shapeMediaFormat: deltas(0): AMessage(what = 0x00000000) = {
09-29 00:32:37.210 21361 21563 D MediaCodec: }
09-29 00:32:37.210 21361 21894 D CCodec : [c2.android.aac.encoder] buffers are bound to CCodec for this session
09-29 00:32:37.210 21361 21894 D CCodecConfig: no c2 equivalents for oo.muxer.force_sequential
09-29 00:32:37.210 21361 21894 D CCodecConfig: no c2 equivalents for flags
09-29 00:32:37.210 21361 21894 D CCodecConfig: no c2 equivalents for encoder
09-29 00:32:37.211 21361 21894 D CCodecConfig: c2 config diff is c2::u32 coded.bitrate.value = 128000
09-29 00:32:37.211 21361 21894 D CCodecConfig: c2::u32 input.buffers.max- size.value = 4096
09-29 00:32:37.211 21361 21894 D CCodecConfig: c2::u32 raw.channel-count.value = 2
09-29 00:32:37.211 21361 21894 D CCodecConfig: c2::u32 raw.sample-rate.value = 48000
09-29 00:32:37.212 21361 21894 W Codec2Client: query -- param skipped: index = 1107298332.
09-29 00:32:37.212 21361 21894 D CCodec : setup formats input: AMessage(what = 0x00000000) = {
09-29 00:32:37.212 21361 21894 D CCodec : int32_t sample-rate = 48000
09-29 00:32:37.212 21361 21894 D CCodec : int32_t channel-count = 2
09-29 00:32:37.212 21361 21894 D CCodec : int32_t max-input-size = 76800
09-29 00:32:37.212 21361 21894 D CCodec : string mime = "audio/raw"
09-29 00:32:37.212 21361 21894 D CCodec : }
09-29 00:32:37.212 21361 21894 D CCodec : setup formats output: AMessage(what = 0x00000000) = {
09-29 00:32:37.212 21361 21894 D CCodec : int32_t sample-rate = 48000
09-29 00:32:37.212 21361 21894 D CCodec : int32_t bitrate = 128000
09-29 00:32:37.212 21361 21894 D CCodec : int32_t channel-count = 2
09-29 00:32:37.212 21361 21894 D CCodec : int32_t level = 0
09-29 00:32:37.212 21361 21894 D CCodec : int32_t max-bitrate = 128000
09-29 00:32:37.212 21361 21894 D CCodec : string mime = "audio/mp4a-latm"
09-29 00:32:37.212 21361 21894 D CCodec : int32_t profile = 2
09-29 00:32:37.212 21361 21894 D CCodec : }
09-29 00:32:37.213 21361 21894 I CCodecConfig: query failed after returning 9 values (BAD_INDEX)
09-29 00:32:37.213 21361 21563 D MediaCodec: keep callback message for reclaim
09-29 00:32:37.215 21361 21894 W Codec2Client: query -- param skipped: index = 1342179345.
09-29 00:32:37.215 21361 21894 W Codec2Client: query -- param skipped: index = 2415921170.
09-29 00:32:37.217 21361 21894 W Codec2Client: query -- param skipped: index = 3254792206.
09-29 00:32:37.217 21361 21894 W Codec2Client: query -- param skipped: index = 3254792194.
09-29 00:32:37.218 21361 21894 D CCodecBufferChannel: [c2.android.aac.encoder#220] Created input block pool with allocatorID 16 => poolID 20 - OK (0)
09-29 00:32:37.220 21361 21571 D BufferPoolAccessor2.0: bufferpool2 0x73acdc0228 : 0(0 size) total buffers - 0(0 size) used buffers - 2/7 (recycle/alloc) - 5/82 (fetch/transfer)
09-29 00:32:37.220 21361 21571 D BufferPoolAccessor2.0: Destruction - bufferpool2 0x73acdc0228 cached: 0/0M, 0/0% in use; allocs: 7, 29% recycled; transfers: 82, 94% unfetched
09-29 00:32:37.221 21361 21894 I CCodecBufferChannel: [c2.android.aac.encoder#220] Created output block pool with allocatorID 16 => poolID 2096 - OK
09-29 00:32:37.221 21361 21571 D BufferPoolAccessor2.0: bufferpool2 0x73acde4228 : 0(0 size) total buffers - 0(0 size) used buffers - 2/7 (recycle/alloc) - 5/40 (fetch/transfer)
09-29 00:32:37.221 21361 21571 D BufferPoolAccessor2.0: Destruction - bufferpool2 0x73acde4228 cached: 0/0M, 0/0% in use; allocs: 7, 29% recycled; transfers: 40, 88% unfetched
09-29 00:32:37.221 21361 21894 D CCodecBufferChannel: [c2.android.aac.encoder#220] Configured output block pool ids 2096 => OK
09-29 00:32:37.312 21361 21819 W CAM_A : PHOTO > abs Δ(result sensor timestamp) = 150,15 ms > 70,00 ms
09-29 00:32:37.312 21361 21819 W CAM_A : PHOTO > rel Δ(result sensor timestamp) = 1,00 > 0,25
09-29 00:32:37.312 21361 21819 W CAM_A : PHOTO > result sensor delay = 2,00 > 1,10
09-29 00:32:37.312 21361 21819 W CameraMetadataJV: Expect face scores and rectangles to be non-null
09-29 00:32:37.313 21361 21391 W gralloc4: Could not find component description for FourCC value 20363152
09-29 00:32:37.326 21361 21374 W eCameraEngR18F: Cleared Reference was only reachable from finalizer (only reported once)
09-29 00:32:37.331 21361 21374 I eCameraEngR18F: NativeAlloc concurrent copying GC freed 167514(7490KB) AllocSpace objects, 8(416KB) LOS objects, 49% free, 14MB/28MB, paused 79us,122us total 106.984ms
09-29 00:32:37.386 21361 21361 W CameraMetadataJV: Expect face scores and rectangles to be non-null
09-29 00:32:37.386 21361 21819 W CAM_A : PHOTO > abs Δ(result sensor timestamp) = 75,07 ms > 70,00 ms
09-29 00:32:37.386 21361 21819 W CAM_A : PHOTO > rel Δ(result sensor timestamp) = 0,50 > 0,25
09-29 00:32:37.457 21361 21392 I mali_config: @get_buffer_dataspace_setting: update dataspace (0x10020000 -> 0x08020000)
09-29 00:32:37.459 21361 21392 I GED : ged_boost_gpu_freq, level 100, eOrigin 2, final_idx 29, oppidx_max 29, oppidx_min 0
09-29 00:32:37.476 21361 21361 D CameraManager2: GotArray:0
09-29 00:32:37.476 21361 21361 D CameraManager2: GotArray:1
09-29 00:32:37.476 21361 21361 D CameraManager2: GotArray:20
09-29 00:32:37.476 21361 21361 D CameraManager2: GotArray:21
09-29 00:32:37.477 21361 21361 D CameraManager2: GotArray:0
09-29 00:32:37.477 21361 21361 D CameraManager2: GotArray:1
09-29 00:32:37.477 21361 21361 D CameraManager2: GotArray:20
09-29 00:32:37.477 21361 21361 D CameraManager2: GotArray:21
09-29 00:32:37.478 21361 21361 D CameraManager2: GotArray:0
09-29 00:32:37.478 21361 21361 D CameraManager2: GotArray:1
09-29 00:32:37.478 21361 21361 D CameraManager2: GotArray:20
09-29 00:32:37.478 21361 21361 D CameraManager2: GotArray:21
09-29 00:32:37.484 21361 21361 D CameraManager2: GotArray:0
09-29 00:32:37.484 21361 21361 D CameraManager2: GotArray:1
09-29 00:32:37.484 21361 21361 D CameraManager2: GotArray:20
09-29 00:32:37.484 21361 21361 D CameraManager2: GotArray:21
09-29 00:32:37.485 21361 21361 D CameraManager2: GotArray:0
09-29 00:32:37.485 21361 21361 D CameraManager2: GotArray:1
09-29 00:32:37.485 21361 21361 D CameraManager2: GotArray:20
09-29 00:32:37.485 21361 21361 D CameraManager2: GotArray:21
09-29 00:32:37.496 21361 21874 D libMEOW : meow delete tls: 0x73e9acc9c0
09-29 00:32:37.499 21361 21876 D libMEOW : meow delete tls: 0x73d30b9f40
09-29 00:32:37.500 21361 21879 D libMEOW : meow delete tls: 0x73e9ca4c00
09-29 00:32:37.504 21361 21407 D AudioRecord: stop mSessionID=80161
09-29 00:32:37.504 21361 21407 D AudioRecord: stop(10153): 0x73ea0cf800, mActive:0
09-29 00:32:37.504 21361 21407 D AudioRecord: stop mSessionID=80161
09-29 00:32:37.504 21361 21407 D AudioRecord: stop(10153): 0x73ea0cf800, mActive:0
09-29 00:32:37.504 21361 21407 D AudioRecord: ~AudioRecord(10153): mStatus 0
09-29 00:32:37.504 21361 21407 D AudioRecord: stop mSessionID=80161
09-29 00:32:37.504 21361 21407 D AudioRecord: stop(10153): 0x73ea0cf800, mActive:0
09-29 00:32:37.510 21361 21883 I BufferQueueProducer: [GraphicBufferSource] (id:53710000000d,api:1,p:21361,c:21361) disconnect: api 1
09-29 00:32:37.510 21361 21883 W GraphicBufferSource: released unpopulated slots: [0, 1, 2, 3, 4, 5, 6, 7, 8, 9, 10, 11, 12, 13, 14, 15, 16, 17, 18, 19, 20, 21, 22, 23, 24, 25, 26, 27, 28, 29, 30, 31, 32, 33, 34, 35, 36, 37, 38, 39, 40, 41, 42, 43, 44, 45, 46, 47, 48, 49, 50, 51, 52, 53, 54, 55, 56, 57, 58, 59, 60, 61, 62, 63]
09-29 00:32:37.511 21361 21894 D CCodecBufferChannel: [c2.android.aac.encoder#220] MediaCodec discarded an unknown buffer
09-29 00:32:37.511 21361 21894 D CCodecBufferChannel: [c2.android.aac.encoder#220] MediaCodec discarded an unknown buffer
09-29 00:32:37.511 21361 21894 D CCodecBufferChannel: [c2.android.aac.encoder#220] MediaCodec discarded an unknown buffer
09-29 00:32:37.513 21361 21894 I hw-BpHwBinder: onLastStrongRef automatically unlinking death recipients
09-29 00:32:37.514 21361 21894 D BufferPoolAccessor2.0: Destruction - bufferpool2 0x73e97b0628 cached: 0/0M, 0/0% in use; allocs: 5, 0% recycled; transfers: 0, 0% unfetched
09-29 00:32:37.522 21361 21901 W CAM_A : Expected portrait segmenter to be initialized, but it wasn't. Initializing again.
09-29 00:32:37.524 21361 21361 D CameraManager2: GotArray:0
09-29 00:32:37.524 21361 21361 D CameraManager2: GotArray:1
09-29 00:32:37.524 21361 21361 D CameraManager2: GotArray:20
09-29 00:32:37.524 21361 21361 D CameraManager2: GotArray:21
09-29 00:32:37.528 21361 21361 D CameraManager2: GotArray:0
09-29 00:32:37.528 21361 21361 D CameraManager2: GotArray:1
09-29 00:32:37.528 21361 21885 I BufferQueueConsumer: [GraphicBufferSource] (id:53710000000d,api:0,p:-1,c:21361) disconnect
09-29 00:32:37.528 21361 21361 D CameraManager2: GotArray:20
09-29 00:32:37.528 21361 21361 D CameraManager2: GotArray:21
09-29 00:32:37.529 21361 21883 D libMEOW : meow delete tls: 0x73d341abc0
09-29 00:32:37.530 21361 21361 D CameraManager2: GotArray:0
09-29 00:32:37.531 21361 21361 D CameraManager2: GotArray:1
09-29 00:32:37.531 21361 21361 D CameraManager2: GotArray:20
09-29 00:32:37.531 21361 21361 D CameraManager2: GotArray:21
09-29 00:32:37.531 21361 21361 D CameraManager2: GotArray:0
09-29 00:32:37.531 21361 21361 D CameraManager2: GotArray:1
09-29 00:32:37.531 21361 21361 D CameraManager2: GotArray:20
09-29 00:32:37.531 21361 21361 D CameraManager2: GotArray:21
09-29 00:32:37.532 21361 21903 I hw-BpHwBinder: onLastStrongRef automatically unlinking death recipients
09-29 00:32:37.534 21361 21361 D CameraManager2: GotArray:0
09-29 00:32:37.534 21361 21361 D CameraManager2: GotArray:1
09-29 00:32:37.534 21361 21361 D CameraManager2: GotArray:20
09-29 00:32:37.534 21361 21361 D CameraManager2: GotArray:21
09-29 00:32:37.535 21361 21361 D CameraManager2: GotArray:0
09-29 00:32:37.535 21361 21361 D CameraManager2: GotArray:1
09-29 00:32:37.535 21361 21361 D CameraManager2: GotArray:20
09-29 00:32:37.535 21361 21361 D CameraManager2: GotArray:21
09-29 00:32:37.539 21361 21361 I BufferQueueProducer: [SurfaceView[com.google.android.GoogleCameraEngR18F1/com.google.android.apps.camera .legacy.app.activity.main.CameraActivity]#5(BLAST Consumer)5] (id:53710000000c,api:4,p:1223,c:21361) disconnect: api -1
09-29 00:32:37.540 21361 21361 I BLASTBufferQueue: [SurfaceView[com.google.android.GoogleCameraEngR18F1/com.google.android.apps.camera .legacy.app.activity.main.CameraActivity]#5] destructor()
09-29 00:32:37.540 21361 21361 I BufferQueueConsumer: [SurfaceView[com.google.android.GoogleCameraEngR18F1/com.google.android.apps.camera .legacy.app.activity.main.CameraActivity]#5(BLAST Consumer)5] (id:53710000000c,api:4,p:1223,c:21361) disconnect
09-29 00:32:37.540 21361 21361 D SurfaceView: UPDATE Surface(name=SurfaceView[com.google.android.GoogleCameraEngR18F1/com.google.android .apps.camera.legacy.app.activity.main.CameraActivity])/@0x13c199d, mIsCastMode = false
09-29 00:32:37.541 21361 21361 D SurfaceView: UPDATE Surface(name=SurfaceView[com.google.android.GoogleCameraEngR18F1/com.google.android .apps.camera.legacy.app.activity.main.CameraActivity])/@0x13c199d, mIsProjectionMode = false
09-29 00:32:37.557 21361 21407 I BufferQueueConsumer: [](id:53710000000e,api:0,p:- 1,c:21361) connect: controlledByApp=true
09-29 00:32:37.570 21361 21724 E BufferQueueProducer: [SurfaceView[com.google.android.GoogleCameraEngR18F1/com.google.android.apps.camera .legacy.app.activity.main.CameraActivity]#5(BLAST Consumer)5] (id:53710000000c,api:4,p:1223,c:21361) cancelBuffer: BufferQueue has been abandoned
09-29 00:32:37.576 21361 21724 E BufferQueueProducer: [SurfaceView[com.google.android.GoogleCameraEngR18F1/com.google.android.apps.camera .legacy.app.activity.main.CameraActivity]#5(BLAST Consumer)5] (id:53710000000c,api:4,p:1223,c:21361) dequeueBuffer: BufferQueue has been abandoned
09-29 00:32:37.576 21361 21379 E BufferQueueProducer: [SurfaceView[com.google.android.GoogleCameraEngR18F1/com.google.android.apps.camera .legacy.app.activity.main.CameraActivity]#5(BLAST Consumer)5] (id:53710000000c,api:4,p:1223,c:21361) cancelBuffer: BufferQueue has been abandoned
09-29 00:32:37.608 21361 21361 D SurfaceView: UPDATE null, mIsCastMode = false
09-29 00:32:37.610 21361 21361 I BufferQueueConsumer: [](id:53710000000f,api:0,p:- 1,c:21361) connect: controlledByApp=false
09-29 00:32:37.610 21361 21361 I BLASTBufferQueue: [SurfaceView[com.google.android.GoogleCameraEngR18F1/com.google.android.apps.camera .legacy.app.activity.main.CameraActivity]#6] constructor()
09-29 00:32:37.612 21361 21361 D SurfaceView: UPDATE Surface(name=SurfaceView[com.google.android.GoogleCameraEngR18F1/com.google.android .apps.camera.legacy.app.activity.main.CameraActivity])/@0x3b11cad, mIsProjectionMode = false
09-29 00:32:37.629 21361 21413 I BufferQueueProducer: [SurfaceView[com.google.android.GoogleCameraEngR18F1/com.google.android.apps.camera .legacy.app.activity.main.CameraActivity]#5(BLAST Consumer)5] (id:53710000000c,api:4,p:1223,c:21361) disconnect: api 4
09-29 00:32:37.632 21361 21413 I BufferQueueProducer: [ImageReader-640x480f23m52- 21361-3](id:53710000000a,api:4,p:1223,c:21361) disconnect: api 4
09-29 00:32:37.636 21361 21413 I BufferQueueProducer: [ImageReader-4208x3120f20m42- 21361-4](id:53710000000b,api:4,p:1223,c:21361) disconnect: api 4
09-29 00:32:37.642 21361 21379 I BLASTBufferQueue: releaseBufferCallbackThunk bufferId:91744796409956 framenumber:2 blastBufferQueue is dead
09-29 00:32:37.656 21361 21361 W CAM_A : ModeSwitcher WAS ALREADY ENABLED!
09-29 00:32:37.677 21361 21901 I tflite : Initialized TensorFlow Lite runtime.
09-29 00:32:37.677 21361 21445 E GoLog : INFO: Initialized TensorFlow Lite runtime.
09-29 00:32:37.690 21361 21901 E native : E0929 00:32:37.685706 21901 inference_engine_tf_lite.cc:938] Delegate not initialized, cannot serialize cache data.
09-29 00:32:37.690 21361 21445 E GoLog : E0929 00:32:37.685706 21901 inference_engine_tf_lite.cc:938] Delegate not initialized, cannot serialize cache data.
09-29 00:32:37.725 21361 21413 I BufferQueueProducer: [ImageReader-4208x3120f20m42- 21361-5](id:53710000000e,api:4,p:1223,c:21361) connect: api=4 producerControlledByApp=false
09-29 00:32:37.737 21361 21907 W CAM_SurfaceMap: Surface(name=null)/@0x46fd6a9 is valid but deferred streams are not yet available for CaptureSession-4
09-29 00:32:37.737 21361 21907 W CAM_SimpleReqProcessor: Failed to add Stream-10 to CaptureRequest for Request-63. The surface is not yet available.
09-29 00:32:37.740 21361 21820 W CAM_MetadataDst: onCaptureFailed for Frame 164 (images were captured)
09-29 00:32:37.740 21361 21820 W CAM_MetadataDst: onCaptureFailed for Frame 166 (images were captured)
09-29 00:32:37.740 21361 21820 W CAM_MetadataDst: onCaptureFailed for Frame 165 (images were captured)
09-29 00:32:37.751 21361 21907 W CAM_SurfaceMap: Surface(name=null)/@0x46fd6a9 is valid but deferred streams are not yet available for CaptureSession-4
09-29 00:32:37.751 21361 21907 W CAM_SimpleReqProcessor: Failed to add Stream-10 to CaptureRequest for Request-64. The surface is not yet available.
09-29 00:32:37.762 21361 21374 I eCameraEngR18F: Background concurrent copying GC freed 32468(1468KB) AllocSpace objects, 4(17MB) LOS objects, 43% free, 31MB/55MB, paused 437us,56us total 136.789ms
09-29 00:32:37.775 21361 21907 I BufferQueueProducer: [SurfaceView[com.google.android.GoogleCameraEngR18F1/com.google.android.apps.camera .legacy.app.activity.main.CameraActivity]#6(BLAST Consumer)6] (id:53710000000f,api:4,p:1223,c:21361) connect: api=4 producerControlledByApp=true
09-29 00:32:37.993 21361 21570 D BufferPoolAccessor2.0: evictor expired: 1, evicted: 0
09-29 00:32:38.114 21361 21906 W CameraMetadataJV: Expect face scores and rectangles to be non-null
09-29 00:32:38.114 21361 21906 W CAM_A : PORTRAIT > abs Δ(result sensor timestamp) = 733,61 ms > 70,00 ms
09-29 00:32:38.115 21361 21971 D libMEOW : meow new tls: 0x74b6624b00
09-29 00:32:38.115 21361 21971 D libMEOW : applied 1 plugins for [com.google.android.GoogleCameraEngR18F1]:
09-29 00:32:38.115 21361 21971 D libMEOW : plugin 1: [libMEOW_gift.so]:
09-29 00:32:38.115 21361 21906 W CAM_A : PORTRAIT > rel Δ(result sensor timestamp) = 8,77 > 0,25
09-29 00:32:38.115 21361 21906 W CAM_A : PORTRAIT > result sensor delay = 9,75 > 1,10
09-29 00:32:38.116 21361 21391 W gralloc4: Could not find component description for FourCC value 20363152
09-29 00:32:38.117 21361 21973 D libMEOW : meow new tls: 0x73d2e72680
09-29 00:32:38.117 21361 21973 D libMEOW : applied 1 plugins for [com.google.android.GoogleCameraEngR18F1]:
09-29 00:32:38.117 21361 21973 D libMEOW : plugin 1: [libMEOW_gift.so]:
09-29 00:32:38.119 21361 21975 D libMEOW : meow new tls: 0x73e98eea80
09-29 00:32:38.119 21361 21975 D libMEOW : applied 1 plugins for [com.google.android.GoogleCameraEngR18F1]:
09-29 00:32:38.119 21361 21975 D libMEOW : plugin 1: [libMEOW_gift.so]:
09-29 00:32:38.206 21361 21906 W CameraMetadataJV: Expect face scores and rectangles to be non-null
09-29 00:32:38.207 21361 21906 W CAM_A : PORTRAIT > abs Δ(result sensor timestamp) = 75,08 ms > 70,00 ms
09-29 00:32:38.207 21361 21906 W CAM_A : PORTRAIT > rel Δ(result sensor timestamp) = 0,90 > 0,25
09-29 00:32:38.234 21361 21392 I mali_config: @get_buffer_dataspace_setting: update dataspace (0x10020000 -> 0x08020000)
09-29 00:32:38.236 21361 21392 I GED : ged_boost_gpu_freq, level 100, eOrigin 2, final_idx 29, oppidx_max 29, oppidx_min 0
09-29 00:32:38.275 21361 21361 D CameraManager2: GotArray:0
09-29 00:32:38.275 21361 21361 D CameraManager2: GotArray:1
09-29 00:32:38.275 21361 21361 D CameraManager2: GotArray:20
09-29 00:32:38.275 21361 21361 D CameraManager2: GotArray:21
09-29 00:32:38.276 21361 21361 D CameraManager2: GotArray:0
09-29 00:32:38.276 21361 21361 D CameraManager2: GotArray:1
09-29 00:32:38.276 21361 21361 D CameraManager2: GotArray:20
09-29 00:32:38.276 21361 21361 D CameraManager2: GotArray:21
09-29 00:32:38.277 21361 21361 D CameraManager2: GotArray:0
09-29 00:32:38.277 21361 21361 D CameraManager2: GotArray:1
09-29 00:32:38.277 21361 21361 D CameraManager2: GotArray:20
09-29 00:32:38.277 21361 21361 D CameraManager2: GotArray:21
09-29 00:32:38.278 21361 21361 D CameraManager2: GotArray:0
09-29 00:32:38.278 21361 21361 D CameraManager2: GotArray:1
09-29 00:32:38.278 21361 21361 D CameraManager2: GotArray:20
09-29 00:32:38.278 21361 21361 D CameraManager2: GotArray:21
09-29 00:32:38.284 21361 21361 D CameraManager2: GotArray:0
09-29 00:32:38.284 21361 21361 D CameraManager2: GotArray:1
09-29 00:32:38.284 21361 21361 D CameraManager2: GotArray:20
09-29 00:32:38.284 21361 21361 D CameraManager2: GotArray:21
09-29 00:32:38.286 21361 21971 D libMEOW : meow delete tls: 0x74b6624b00
09-29 00:32:38.287 21361 21973 D libMEOW : meow delete tls: 0x73d2e72680
09-29 00:32:38.287 21361 21361 D CameraManager2: GotArray:0
09-29 00:32:38.287 21361 21361 D CameraManager2: GotArray:1
09-29 00:32:38.287 21361 21361 D CameraManager2: GotArray:20
09-29 00:32:38.287 21361 21361 D CameraManager2: GotArray:21
09-29 00:32:38.288 21361 21975 D libMEOW : meow delete tls: 0x73e98eea80
09-29 00:32:38.292 21361 21361 D CameraManager2: GotArray:0
09-29 00:32:38.292 21361 21361 D CameraManager2: GotArray:1
09-29 00:32:38.292 21361 21361 D CameraManager2: GotArray:20
09-29 00:32:38.292 21361 21361 D CameraManager2: GotArray:21
09-29 00:32:38.308 21361 21907 W CAM_MetadataDst: onCaptureFailed for Frame 169 (images were captured)
09-29 00:32:38.308 21361 21907 W CAM_MetadataDst: onCaptureFailed for Frame 171 (images were captured)
09-29 00:32:38.308 21361 21907 W CAM_MetadataDst: onCaptureFailed for Frame 170 (images were captured)
09-29 00:32:38.374 21361 21361 D CameraManager2: GotArray:0
09-29 00:32:38.374 21361 21361 D CameraManager2: GotArray:1
09-29 00:32:38.374 21361 21361 D CameraManager2: GotArray:20
09-29 00:32:38.374 21361 21361 D CameraManager2: GotArray:21
09-29 00:32:38.376 21361 21361 D CameraManager2: GotArray:0
09-29 00:32:38.376 21361 21361 D CameraManager2: GotArray:1
09-29 00:32:38.376 21361 21361 D CameraManager2: GotArray:20
09-29 00:32:38.376 21361 21361 D CameraManager2: GotArray:21
09-29 00:32:38.379 21361 21361 D CameraManager2: GotArray:0
09-29 00:32:38.379 21361 21361 D CameraManager2: GotArray:1
09-29 00:32:38.379 21361 21361 D CameraManager2: GotArray:20
09-29 00:32:38.379 21361 21361 D CameraManager2: GotArray:21
09-29 00:32:38.380 21361 21361 D CameraManager2: GotArray:0
09-29 00:32:38.380 21361 21361 D CameraManager2: GotArray:1
09-29 00:32:38.380 21361 21361 D CameraManager2: GotArray:20
09-29 00:32:38.380 21361 21361 D CameraManager2: GotArray:21
09-29 00:32:38.382 21361 21361 W CAM_A : ModeSwitcher WAS ALREADY ENABLED!
09-29 00:32:38.388 21361 21361 I BufferQueueProducer: [SurfaceView[com.google.android.GoogleCameraEngR18F1/com.google.android.apps.camera .legacy.app.activity.main.CameraActivity]#6(BLAST Consumer)6] (id:53710000000f,api:4,p:1223,c:21361) disconnect: api -1
09-29 00:32:38.388 21361 21361 I BLASTBufferQueue: [SurfaceView[com.google.android.GoogleCameraEngR18F1/com.google.android.apps.camera .legacy.app.activity.main.CameraActivity]#6] destructor()
09-29 00:32:38.388 21361 21361 I BufferQueueConsumer: [SurfaceView[com.google.android.GoogleCameraEngR18F1/com.google.android.apps.camera .legacy.app.activity.main.CameraActivity]#6(BLAST Consumer)6] (id:53710000000f,api:4,p:1223,c:21361) disconnect
09-29 00:32:38.389 21361 21361 D SurfaceView: UPDATE Surface(name=SurfaceView[com.google.android.GoogleCameraEngR18F1/com.google.android .apps.camera.legacy.app.activity.main.CameraActivity])/@0x3b11cad, mIsCastMode = false
09-29 00:32:38.390 21361 21361 D SurfaceView: UPDATE Surface(name=SurfaceView[com.google.android.GoogleCameraEngR18F1/com.google.android .apps.camera.legacy.app.activity.main.CameraActivity])/@0x3b11cad, mIsProjectionMode = false
09-29 00:32:38.392 21361 21407 I BufferQueueConsumer: [](id:537100000010,api:0,p:- 1,c:21361) connect: controlledByApp=true
09-29 00:32:38.393 21361 21407 I BufferQueueConsumer: [](id:537100000011,api:0,p:- 1,c:21361) connect: controlledByApp=true
09-29 00:32:38.403 21361 21413 I BufferQueueProducer: [SurfaceView[com.google.android.GoogleCameraEngR18F1/com.google.android.apps.camera .legacy.app.activity.main.CameraActivity]#6(BLAST Consumer)6] (id:53710000000f,api:4,p:1223,c:21361) disconnect: api 4
09-29 00:32:38.404 21361 21361 D SurfaceView: UPDATE null, mIsCastMode = false
09-29 00:32:38.405 21361 21413 I BufferQueueProducer: [ImageReader-4208x3120f20m42- 21361-5](id:53710000000e,api:4,p:1223,c:21361) disconnect: api 4
09-29 00:32:38.407 21361 21361 I BufferQueueConsumer: [](id:537100000012,api:0,p:- 1,c:21361) connect: controlledByApp=false
09-29 00:32:38.407 21361 21361 I BLASTBufferQueue: [SurfaceView[com.google.android.GoogleCameraEngR18F1/com.google.android.apps.camera .legacy.app.activity.main.CameraActivity]#7] constructor()
09-29 00:32:38.437 21361 21381 I BLASTBufferQueue: releaseBufferCallbackThunk bufferId:91744796409965 framenumber:1 blastBufferQueue is dead
09-29 00:32:38.437 21361 21361 D SurfaceView: UPDATE Surface(name=SurfaceView[com.google.android.GoogleCameraEngR18F1/com.google.android .apps.camera.legacy.app.activity.main.CameraActivity])/@0xd910548, mIsProjectionMode = false
09-29 00:32:38.475 21361 21413 I BufferQueueProducer: [ImageReader-640x480f23m52- 21361-6](id:537100000010,api:4,p:1223,c:21361) connect: api=4 producerControlledByApp=false
09-29 00:32:38.480 21361 21413 I BufferQueueProducer: [ImageReader-4208x3120f20m42- 21361-7](id:537100000011,api:4,p:1223,c:21361) connect: api=4 producerControlledByApp=false
09-29 00:32:38.489 21361 21413 W CAM_SurfaceMap: Surface(name=null)/@0xb1ab83d is valid but deferred streams are not yet available for CaptureSession-5
09-29 00:32:38.489 21361 21413 W CAM_SimpleReqProcessor: Failed to add Stream-13 to CaptureRequest for Request-80. The surface is not yet available.
09-29 00:32:38.513 21361 21413 W CAM_SurfaceMap: Surface(name=null)/@0xb1ab83d is valid but deferred streams are not yet available for CaptureSession-5
09-29 00:32:38.513 21361 21413 W CAM_SimpleReqProcessor: Failed to add Stream-13 to CaptureRequest for Request-81. The surface is not yet available.
09-29 00:32:38.537 21361 21983 I BufferQueueProducer: [SurfaceView[com.google.android.GoogleCameraEngR18F1/com.google.android.apps.camera .legacy.app.activity.main.CameraActivity]#7(BLAST Consumer)7] (id:537100000012,api:4,p:1223,c:21361) connect: api=4 producerControlledByApp=true
09-29 00:32:38.545 21361 21749 I BufferQueueConsumer: [ImageReader-3840x2160f100m5- 21361-2](id:537100000009,api:0,p:-1,c:21361) disconnect
09-29 00:32:38.865 21361 21982 W CameraMetadataJV: Expect face scores and rectangles to be non-null
09-29 00:32:38.866 21361 22055 D libMEOW : meow new tls: 0x73d3260f00
09-29 00:32:38.866 21361 22055 D libMEOW : applied 1 plugins for [com.google.android.GoogleCameraEngR18F1]:
09-29 00:32:38.866 21361 22055 D libMEOW : plugin 1: [libMEOW_gift.so]:
09-29 00:32:38.868 21361 22057 D libMEOW : meow new tls: 0x73d341a680
09-29 00:32:38.868 21361 22057 D libMEOW : applied 1 plugins for [com.google.android.GoogleCameraEngR18F1]:
09-29 00:32:38.868 21361 22057 D libMEOW : plugin 1: [libMEOW_gift.so]:
09-29 00:32:38.871 21361 22058 D libMEOW : meow new tls: 0x73e9ca45c0
09-29 00:32:38.871 21361 22058 D libMEOW : applied 1 plugins for [com.google.android.GoogleCameraEngR18F1]:
09-29 00:32:38.871 21361 22058 D libMEOW : plugin 1: [libMEOW_gift.so]:
09-29 00:32:38.875 21361 21391 W CAM_A : Extractor (frame) of type feature.acmi.imu.frame-straightness depends on foreign type feature.acmi.imu.camera-orientation! Feature values may be calculated out of order!
09-29 00:32:38.875 21361 21391 W CAM_A : Extractor (frame) of type feature.acmi.imu.frame-straightness depends on foreign type feature.acmi.imu.camera-orientation! Feature values may be calculated out of order!
09-29 00:32:38.885 21361 21982 E native : E0929 00:32:38.884830 21982 gyro.cc:431] error getting quat at time 299819157537100
09-29 00:32:38.885 21361 21982 E native : E0929 00:32:38.885070 21982 gyro_stabilization_jni.cc:139] Cannot get the projection matrix.
09-29 00:32:38.885 21361 21445 E GoLog : E0929 00:32:38.884830 21982 gyro.cc:431] error getting quat at time 299819157537100
09-29 00:32:38.885 21361 21445 E GoLog : E0929 00:32:38.885070 21982 gyro_stabilization_jni.cc:139] Cannot get the projection matrix.
09-29 00:32:38.885 21361 21982 W CAM_A : Projection matrix could not be computed for timestamp = 299819157537100
09-29 00:32:38.885 21361 21982 W CAM_A : Previous or current projection matrix cannot be computed. Defaulting to identity
09-29 00:32:38.886 21361 21982 W CAM_A : LONG_EXPOSURE > abs Δ(result sensor timestamp) = 670,89 ms > 70,00 ms
09-29 00:32:38.886 21361 21982 W CAM_A : LONG_EXPOSURE > rel Δ(result sensor timestamp) = 7,94 > 0,25
09-29 00:32:38.887 21361 21982 W CAM_A : LONG_EXPOSURE > result sensor delay = 8,92 > 1,10
09-29 00:32:38.887 21361 21401 W gralloc4: Could not find component description for FourCC value 20363152
09-29 00:32:38.947 21361 21982 W CameraMetadataJV: Expect face scores and rectangles to be non-null
09-29 00:32:38.947 21361 21982 W CAM_A : LONG_EXPOSURE > abs Δ(result sensor timestamp) = 75,07 ms > 70,00 ms
09-29 00:32:38.947 21361 21982 W CAM_A : LONG_EXPOSURE > rel Δ(result sensor timestamp) = 0,89 > 0,25
09-29 00:32:39.083 21361 21982 W CameraMetadataJV: Expect face scores and rectangles to be non-null
09-29 00:32:39.083 21361 21982 W CAM_A : LONG_EXPOSURE > abs Δ(result sensor timestamp) = 150,15 ms > 70,00 ms
09-29 00:32:39.083 21361 21982 W CAM_A : LONG_EXPOSURE > rel Δ(result sensor timestamp) = 1,00 > 0,25
09-29 00:32:39.083 21361 21982 W CAM_A : LONG_EXPOSURE > result sensor delay = 2,00 > 1,10
09-29 00:32:39.084 21361 21391 W gralloc4: Could not find component description for FourCC value 20363152
09-29 00:32:39.163 21361 21982 W CameraMetadataJV: Expect face scores and rectangles to be non-null
09-29 00:32:39.163 21361 21982 W CAM_A : LONG_EXPOSURE > abs Δ(result sensor timestamp) = 75,07 ms > 70,00 ms
09-29 00:32:39.163 21361 21982 W CAM_A : LONG_EXPOSURE > rel Δ(result sensor timestamp) = 0,50 > 0,25
09-29 00:32:39.312 21361 21982 W CameraMetadataJV: Expect face scores and rectangles to be non-null
09-29 00:32:39.312 21361 21982 W CAM_A : LONG_EXPOSURE > abs Δ(result sensor timestamp) = 150,15 ms > 70,00 ms
09-29 00:32:39.313 21361 21982 W CAM_A : LONG_EXPOSURE > rel Δ(result sensor timestamp) = 1,00 > 0,25
09-29 00:32:39.313 21361 21982 W CAM_A : LONG_EXPOSURE > result sensor delay = 2,00 > 1,10
09-29 00:32:39.313 21361 21401 W gralloc4: Could not find component description for FourCC value 20363152
09-29 00:32:39.396 21361 21982 W CameraMetadataJV: Expect face scores and rectangles to be non-null
09-29 00:32:39.398 21361 21982 E native : E0929 00:32:39.398542 21982 gyro.cc:431] error getting quat at time 299819683062100
09-29 00:32:39.398 21361 21982 E native : E0929 00:32:39.398696 21982 gyro_stabilization_jni.cc:139] Cannot get the projection matrix.
09-29 00:32:39.398 21361 21982 W CAM_A : Projection matrix could not be computed for timestamp = 299819683062100
09-29 00:32:39.398 21361 21982 W CAM_A : Previous or current projection matrix cannot be computed. Defaulting to identity
09-29 00:32:39.399 21361 21445 E GoLog : E0929 00:32:39.398542 21982 gyro.cc:431] error getting quat at time 299819683062100
09-29 00:32:39.399 21361 21445 E GoLog : E0929 00:32:39.398696 21982 gyro_stabilization_jni.cc:139] Cannot get the projection matrix.
