09-29 00:33:08.078 21361 22462 W CAM_A : PHOTO > result sensor delay = 2,00 > 1,10
09-29 00:33:08.079 21361 21391 W gralloc4: Could not find component description for FourCC value 20363152
09-29 00:33:08.159 21361 22462 W CameraMetadataJV: Expect face scores and rectangles to be non-null
09-29 00:33:08.160 21361 22462 W CAM_A : PHOTO > abs Δ(result sensor timestamp) = 75,07 ms > 70,00 ms
09-29 00:33:08.160 21361 22462 W CAM_A : PHOTO > rel Δ(result sensor timestamp) = 0,50 > 0,25
09-29 00:33:08.293 21361 22462 W CameraMetadataJV: Expect face scores and rectangles to be non-null
09-29 00:33:08.294 21361 22462 W CAM_A : PHOTO > abs Δ(result sensor timestamp) = 150,15 ms > 70,00 ms
09-29 00:33:08.294 21361 22462 W CAM_A : PHOTO > rel Δ(result sensor timestamp) = 1,00 > 0,25
09-29 00:33:08.295 21361 22462 W CAM_A : PHOTO > result sensor delay = 2,00 > 1,10
09-29 00:33:08.296 21361 21401 W gralloc4: Could not find component description for FourCC value 20363152
09-29 00:33:08.395 21361 22462 W CameraMetadataJV: Expect face scores and rectangles to be non-null
09-29 00:33:08.396 21361 22462 W CAM_A : PHOTO > abs Δ(result sensor timestamp) = 75,07 ms > 70,00 ms
09-29 00:33:08.396 21361 22462 W CAM_A : PHOTO > rel Δ(result sensor timestamp) = 0,50 > 0,25
09-29 00:33:08.524 21361 22462 W CameraMetadataJV: Expect face scores and rectangles to be non-null
09-29 00:33:08.525 21361 22462 W CAM_A : PHOTO > abs Δ(result sensor timestamp) = 150,15 ms > 70,00 ms
09-29 00:33:08.525 21361 22462 W CAM_A : PHOTO > rel Δ(result sensor timestamp) = 1,00 > 0,25
09-29 00:33:08.525 21361 22462 W CAM_A : PHOTO > result sensor delay = 2,00 > 1,10
09-29 00:33:08.527 21361 21391 W gralloc4: Could not find component description for FourCC value 20363152
09-29 00:33:08.668 21361 22462 W CameraMetadataJV: Expect face scores and rectangles to be non-null
09-29 00:33:08.669 21361 22462 W CAM_A : PHOTO > abs Δ(result sensor timestamp) = 150,15 ms > 70,00 ms
09-29 00:33:08.669 21361 22462 W CAM_A : PHOTO > result sensor delay = 2,00 > 1,10
09-29 00:33:08.746 21361 22462 W CameraMetadataJV: Expect face scores and rectangles to be non-null
09-29 00:33:08.747 21361 22462 W CAM_A : PHOTO > abs Δ(result sensor timestamp) = 75,07 ms > 70,00 ms
09-29 00:33:08.748 21361 22462 W CAM_A : PHOTO > rel Δ(result sensor timestamp) = 0,50 > 0,25
09-29 00:33:08.749 21361 21401 W gralloc4: Could not find component description for FourCC value 20363152
09-29 00:33:08.893 21361 22462 W CameraMetadataJV: Expect face scores and rectangles to be non-null
09-29 00:33:08.894 21361 22462 W CAM_A : PHOTO > abs Δ(result sensor timestamp) = 150,15 ms > 70,00 ms
09-29 00:33:08.894 21361 22462 W CAM_A : PHOTO > rel Δ(result sensor timestamp) = 1,00 > 0,25
09-29 00:33:08.894 21361 22462 W CAM_A : PHOTO > result sensor delay = 2,00 > 1,10
09-29 00:33:08.969 21361 22462 W CameraMetadataJV: Expect face scores and rectangles to be non-null
09-29 00:33:08.970 21361 22462 W CAM_A : PHOTO > abs Δ(result sensor timestamp) = 75,08 ms > 70,00 ms
09-29 00:33:08.971 21361 22462 W CAM_A : PHOTO > rel Δ(result sensor timestamp) = 0,50 > 0,25
09-29 00:33:09.062 21361 21405 W CAM_A : Can not update PitchRollIndicator: cameraCoachHudController = true, inAppNotificationController = true, isHintEnabled = false
09-29 00:33:09.095 21361 21405 W CAM_A : Can not update PitchRollIndicator: cameraCoachHudController = true, inAppNotificationController = true, isHintEnabled = false
09-29 00:33:09.127 21361 22462 W CameraMetadataJV: Expect face scores and rectangles to be non-null
09-29 00:33:09.128 21361 21405 W CAM_A : Can not update PitchRollIndicator: cameraCoachHudController = true, inAppNotificationController = true, isHintEnabled = false
09-29 00:33:09.129 21361 22462 W CAM_A : PHOTO > abs Δ(result sensor timestamp) = 150,15 ms > 70,00 ms
09-29 00:33:09.130 21361 22462 W CAM_A : PHOTO > rel Δ(result sensor timestamp) = 1,00 > 0,25
09-29 00:33:09.131 21361 22462 W CAM_A : PHOTO > result sensor delay = 2,00 > 1,10
09-29 00:33:09.160 21361 21405 W CAM_A : Can not update PitchRollIndicator: cameraCoachHudController = true, inAppNotificationController = true, isHintEnabled = false
09-29 00:33:09.194 21361 21405 W CAM_A : Can not update PitchRollIndicator: cameraCoachHudController = true, inAppNotificationController = true, isHintEnabled = false
09-29 00:33:09.206 21361 22462 W CameraMetadataJV: Expect face scores and rectangles to be non-null
09-29 00:33:09.207 21361 22462 W CAM_A : PHOTO > abs Δ(result sensor timestamp) = 75,07 ms > 70,00 ms
09-29 00:33:09.207 21361 22462 W CAM_A : PHOTO > rel Δ(result sensor timestamp) = 0,50 > 0,25
09-29 00:33:09.227 21361 21405 W CAM_A : Can not update PitchRollIndicator: cameraCoachHudController = true, inAppNotificationController = true, isHintEnabled = false
09-29 00:33:09.259 21361 21405 W CAM_A : Can not update PitchRollIndicator: cameraCoachHudController = true, inAppNotificationController = true, isHintEnabled = false
09-29 00:33:09.293 21361 21405 W CAM_A : Can not update PitchRollIndicator: cameraCoachHudController = true, inAppNotificationController = true, isHintEnabled = false
09-29 00:33:09.326 21361 21405 W CAM_A : Can not update PitchRollIndicator: cameraCoachHudController = true, inAppNotificationController = true, isHintEnabled = false
09-29 00:33:09.351 21361 22462 W CameraMetadataJV: Expect face scores and rectangles to be non-null
09-29 00:33:09.353 21361 22462 W CAM_A : PHOTO > abs Δ(result sensor timestamp) = 150,15 ms > 70,00 ms
09-29 00:33:09.353 21361 22462 W CAM_A : PHOTO > rel Δ(result sensor timestamp) = 1,00 > 0,25
09-29 00:33:09.355 21361 22462 W CAM_A : PHOTO > result sensor delay = 2,00 > 1,10
09-29 00:33:09.357 21361 21391 W gralloc4: Could not find component description for FourCC value 20363152
09-29 00:33:09.358 21361 21405 W CAM_A : Can not update PitchRollIndicator: cameraCoachHudController = true, inAppNotificationController = true, isHintEnabled = false
09-29 00:33:09.369 21361 21374 I eCameraEngR18F: Background concurrent copying GC freed 518257(22MB) AllocSpace objects, 6(17MB) LOS objects, 50% free, 15MB/31MB, paused 92us,62us total 180.067ms
09-29 00:33:09.391 21361 21405 W CAM_A : Can not update PitchRollIndicator: cameraCoachHudController = true, inAppNotificationController = true, isHintEnabled = false
09-29 00:33:09.424 21361 21405 W CAM_A : Can not update PitchRollIndicator: cameraCoachHudController = true, inAppNotificationController = true, isHintEnabled = false
09-29 00:33:09.425 21361 22462 W CameraMetadataJV: Expect face scores and rectangles to be non-null
09-29 00:33:09.426 21361 22462 W CAM_A : PHOTO > abs Δ(result sensor timestamp) = 75,07 ms > 70,00 ms
09-29 00:33:09.426 21361 22462 W CAM_A : PHOTO > rel Δ(result sensor timestamp) = 0,50 > 0,25
09-29 00:33:09.457 21361 21405 W CAM_A : Can not update PitchRollIndicator: cameraCoachHudController = true, inAppNotificationController = true, isHintEnabled = false
09-29 00:33:09.491 21361 21405 W CAM_A : Can not update PitchRollIndicator: cameraCoachHudController = true, inAppNotificationController = true, isHintEnabled = false
09-29 00:33:09.523 21361 21405 W CAM_A : Can not update PitchRollIndicator: cameraCoachHudController = true, inAppNotificationController = true, isHintEnabled = false
09-29 00:33:09.557 21361 21405 W CAM_A : Can not update PitchRollIndicator: cameraCoachHudController = true, inAppNotificationController = true, isHintEnabled = false
09-29 00:33:09.589 21361 21405 W CAM_A : Can not update PitchRollIndicator: cameraCoachHudController = true, inAppNotificationController = true, isHintEnabled = false
09-29 00:33:09.623 21361 21405 W CAM_A : Can not update PitchRollIndicator: cameraCoachHudController = true, inAppNotificationController = true, isHintEnabled = false
09-29 00:33:09.655 21361 21405 W CAM_A : Can not update PitchRollIndicator: cameraCoachHudController = true, inAppNotificationController = true, isHintEnabled = false
09-29 00:33:09.689 21361 21405 W CAM_A : Can not update PitchRollIndicator: cameraCoachHudController = true, inAppNotificationController = true, isHintEnabled = false
09-29 00:33:09.708 21361 22462 W CameraMetadataJV: Expect face scores and rectangles to be non-null
09-29 00:33:09.709 21361 22462 W CAM_A : PHOTO > abs Δ(result sensor timestamp) = 150,14 ms > 70,00 ms
09-29 00:33:09.709 21361 22462 W CAM_A : PHOTO > rel Δ(result sensor timestamp) = 1,00 > 0,25
09-29 00:33:09.722 21361 21405 W CAM_A : Can not update PitchRollIndicator: cameraCoachHudController = true, inAppNotificationController = true, isHintEnabled = false
09-29 00:33:09.733 21361 22629 W gralloc4: Could not find component description for FourCC value 20363152
09-29 00:33:09.739 21361 21492 E libgcam : [camera_motion_blur_estimator.cc:57]: EstimateCameraMotionBlur: Can't estimate camera motion blur, because gyro data is missing.
09-29 00:33:09.755 21361 21405 W CAM_A : Can not update PitchRollIndicator: cameraCoachHudController = true, inAppNotificationController = true, isHintEnabled = false
09-29 00:33:09.787 21361 21405 W CAM_A : Can not update PitchRollIndicator: cameraCoachHudController = true, inAppNotificationController = true, isHintEnabled = false
09-29 00:33:09.820 21361 21405 W CAM_A : Can not update PitchRollIndicator: cameraCoachHudController = true, inAppNotificationController = true, isHintEnabled = false
09-29 00:33:09.854 21361 21405 W CAM_A : Can not update PitchRollIndicator: cameraCoachHudController = true, inAppNotificationController = true, isHintEnabled = false
09-29 00:33:09.887 21361 21405 W CAM_A : Can not update PitchRollIndicator: cameraCoachHudController = true, inAppNotificationController = true, isHintEnabled = false
09-29 00:33:09.912 21361 22462 W CameraMetadataJV: Expect face scores and rectangles to be non-null
09-29 00:33:09.913 21361 22462 W CAM_A : PHOTO > abs Δ(result sensor timestamp) = 208,40 ms > 70,00 ms
09-29 00:33:09.913 21361 22462 W CAM_A : PHOTO > rel Δ(result sensor timestamp) = 0,39 > 0,25
09-29 00:33:09.920 21361 21405 W CAM_A : Can not update PitchRollIndicator: cameraCoachHudController = true, inAppNotificationController = true, isHintEnabled = false
09-29 00:33:09.944 21361 22629 W gralloc4: Could not find component description for FourCC value 20363152
09-29 00:33:09.949 21361 21492 E libgcam : [camera_motion_blur_estimator.cc:57]: EstimateCameraMotionBlur: Can't estimate camera motion blur, because gyro data is missing.
09-29 00:33:09.952 21361 21405 W CAM_A : Can not update PitchRollIndicator: cameraCoachHudController = true, inAppNotificationController = true, isHintEnabled = false
09-29 00:33:09.985 21361 21405 W CAM_A : Can not update PitchRollIndicator: cameraCoachHudController = true, inAppNotificationController = true, isHintEnabled = false
09-29 00:33:10.019 21361 21405 W CAM_A : Can not update PitchRollIndicator: cameraCoachHudController = true, inAppNotificationController = true, isHintEnabled = false
09-29 00:33:10.052 21361 21405 W CAM_A : Can not update PitchRollIndicator: cameraCoachHudController = true, inAppNotificationController = true, isHintEnabled = false
09-29 00:33:10.055 21361 21392 W RenderInspector: DequeueBuffer time out on com.google.android.GoogleCameraEngR18F1/com.google.android.apps.camera.legacy.app.a ctivity.main.CameraActivity, count=1, avg=18 ms, max=18 ms.
09-29 00:33:10.085 21361 21405 W CAM_A : Can not update PitchRollIndicator: cameraCoachHudController = true, inAppNotificationController = true, isHintEnabled = false
09-29 00:33:10.118 21361 21405 W CAM_A : Can not update PitchRollIndicator: cameraCoachHudController = true, inAppNotificationController = true, isHintEnabled = false
09-29 00:33:10.151 21361 21405 W CAM_A : Can not update PitchRollIndicator: cameraCoachHudController = true, inAppNotificationController = true, isHintEnabled = false
09-29 00:33:10.154 21361 22462 W CameraMetadataJV: Expect face scores and rectangles to be non-null
09-29 00:33:10.155 21361 22462 W CAM_A : PHOTO > abs Δ(result sensor timestamp) = 242,18 ms > 70,00 ms
09-29 00:33:10.155 21361 22462 W CAM_A : PHOTO > result sensor delay = 1,16 > 1,10
09-29 00:33:10.179 21361 22629 W gralloc4: Could not find component description for FourCC value 20363152
09-29 00:33:10.183 21361 21405 W CAM_A : Can not update PitchRollIndicator: cameraCoachHudController = true, inAppNotificationController = true, isHintEnabled = false
09-29 00:33:10.185 21361 21492 E libgcam : [camera_motion_blur_estimator.cc:57]: EstimateCameraMotionBlur: Can't estimate camera motion blur, because gyro data is missing.
09-29 00:33:10.216 21361 21405 W CAM_A : Can not update PitchRollIndicator: cameraCoachHudController = true, inAppNotificationController = true, isHintEnabled = false
09-29 00:33:10.249 21361 21405 W CAM_A : Can not update PitchRollIndicator: cameraCoachHudController = true, inAppNotificationController = true, isHintEnabled = false
09-29 00:33:10.282 21361 21405 W CAM_A : Can not update PitchRollIndicator: cameraCoachHudController = true, inAppNotificationController = true, isHintEnabled = false
09-29 00:33:10.315 21361 21405 W CAM_A : Can not update PitchRollIndicator: cameraCoachHudController = true, inAppNotificationController = true, isHintEnabled = false
09-29 00:33:10.348 21361 21405 W CAM_A : Can not update PitchRollIndicator: cameraCoachHudController = true, inAppNotificationController = true, isHintEnabled = false
09-29 00:33:10.381 21361 21405 W CAM_A : Can not update PitchRollIndicator: cameraCoachHudController = true, inAppNotificationController = true, isHintEnabled = false
09-29 00:33:10.396 21361 22462 W CameraMetadataJV: Expect face scores and rectangles to be non-null
09-29 00:33:10.397 21361 22462 W CAM_A : PHOTO > abs Δ(result sensor timestamp) = 242,18 ms > 70,00 ms
09-29 00:33:10.397 21361 22462 W CAM_A : PHOTO > result sensor delay = 1,16 > 1,10
09-29 00:33:10.415 21361 21405 W CAM_A : Can not update PitchRollIndicator: cameraCoachHudController = true, inAppNotificationController = true, isHintEnabled = false
09-29 00:33:10.425 21361 22629 W gralloc4: Could not find component description for FourCC value 20363152
09-29 00:33:10.429 21361 21492 E libgcam : [camera_motion_blur_estimator.cc:57]: EstimateCameraMotionBlur: Can't estimate camera motion blur, because gyro data is missing.
09-29 00:33:10.447 21361 21405 W CAM_A : Can not update PitchRollIndicator: cameraCoachHudController = true, inAppNotificationController = true, isHintEnabled = false
09-29 00:33:10.480 21361 21405 W CAM_A : Can not update PitchRollIndicator: cameraCoachHudController = true, inAppNotificationController = true, isHintEnabled = false
09-29 00:33:10.513 21361 21405 W CAM_A : Can not update PitchRollIndicator: cameraCoachHudController = true, inAppNotificationController = true, isHintEnabled = false
09-29 00:33:10.546 21361 21405 W CAM_A : Can not update PitchRollIndicator: cameraCoachHudController = true, inAppNotificationController = true, isHintEnabled = false
09-29 00:33:10.579 21361 21405 W CAM_A : Can not update PitchRollIndicator: cameraCoachHudController = true, inAppNotificationController = true, isHintEnabled = false
09-29 00:33:10.586 21361 21392 W RenderInspector: DequeueBuffer time out on com.google.android.GoogleCameraEngR18F1/com.google.android.apps.camera.legacy.app.a ctivity.main.CameraActivity, count=1, avg=19 ms, max=19 ms.
09-29 00:33:10.613 21361 21405 W CAM_A : Can not update PitchRollIndicator: cameraCoachHudController = true, inAppNotificationController = true, isHintEnabled = false
09-29 00:33:10.636 21361 22462 W CameraMetadataJV: Expect face scores and rectangles to be non-null
09-29 00:33:10.636 21361 22462 W CAM_A : PHOTO > abs Δ(result sensor timestamp) = 242,18 ms > 70,00 ms
09-29 00:33:10.636 21361 22462 W CAM_A : PHOTO > result sensor delay = 1,16 > 1,10
09-29 00:33:10.646 21361 21405 W CAM_A : Can not update PitchRollIndicator: cameraCoachHudController = true, inAppNotificationController = true, isHintEnabled = false
09-29 00:33:10.654 21361 22629 W gralloc4: Could not find component description for FourCC value 20363152
09-29 00:33:10.659 21361 21492 E libgcam : [camera_motion_blur_estimator.cc:57]: EstimateCameraMotionBlur: Can't estimate camera motion blur, because gyro data is missing.
09-29 00:33:10.678 21361 21405 W CAM_A : Can not update PitchRollIndicator: cameraCoachHudController = true, inAppNotificationController = true, isHintEnabled = false
09-29 00:33:10.712 21361 21405 W CAM_A : Can not update PitchRollIndicator: cameraCoachHudController = true, inAppNotificationController = true, isHintEnabled = false
09-29 00:33:10.745 21361 21405 W CAM_A : Can not update PitchRollIndicator: cameraCoachHudController = true, inAppNotificationController = true, isHintEnabled = false
09-29 00:33:10.777 21361 21405 W CAM_A : Can not update PitchRollIndicator: cameraCoachHudController = true, inAppNotificationController = true, isHintEnabled = false
09-29 00:33:10.811 21361 21405 W CAM_A : Can not update PitchRollIndicator: cameraCoachHudController = true, inAppNotificationController = true, isHintEnabled = false
09-29 00:33:10.844 21361 21405 W CAM_A : Can not update PitchRollIndicator: cameraCoachHudController = true, inAppNotificationController = true, isHintEnabled = false
09-29 00:33:10.878 21361 21405 W CAM_A : Can not update PitchRollIndicator: cameraCoachHudController = true, inAppNotificationController = true, isHintEnabled = false
09-29 00:33:10.882 21361 22462 W CameraMetadataJV: Expect face scores and rectangles to be non-null
09-29 00:33:10.884 21361 22462 W CAM_A : PHOTO > abs Δ(result sensor timestamp) = 242,18 ms > 70,00 ms
09-29 00:33:10.884 21361 22462 W CAM_A : PHOTO > result sensor delay = 1,16 > 1,10
09-29 00:33:10.910 21361 21405 W CAM_A : Can not update PitchRollIndicator: cameraCoachHudController = true, inAppNotificationController = true, isHintEnabled = false
09-29 00:33:10.935 21361 21392 W RenderInspector: QueueBuffer time out on com.google.android.GoogleCameraEngR18F1/com.google.android.apps.camera.legacy.app.a ctivity.main.CameraActivity, count=1, avg=30 ms, max=30 ms.
09-29 00:33:10.945 21361 21405 W CAM_A : Can not update PitchRollIndicator: cameraCoachHudController = true, inAppNotificationController = true, isHintEnabled = false
09-29 00:33:10.945 21361 22629 W gralloc4: Could not find component description for FourCC value 20363152
09-29 00:33:10.959 21361 21492 E libgcam : [camera_motion_blur_estimator.cc:57]: EstimateCameraMotionBlur: Can't estimate camera motion blur, because gyro data is missing.
09-29 00:33:10.976 21361 21405 W CAM_A : Can not update PitchRollIndicator: cameraCoachHudController = true, inAppNotificationController = true, isHintEnabled = false
09-29 00:33:11.009 21361 21405 W CAM_A : Can not update PitchRollIndicator: cameraCoachHudController = true, inAppNotificationController = true, isHintEnabled = false
09-29 00:33:11.041 21361 21405 W CAM_A : Can not update PitchRollIndicator: cameraCoachHudController = true, inAppNotificationController = true, isHintEnabled = false
09-29 00:33:11.075 21361 21405 W CAM_A : Can not update PitchRollIndicator: cameraCoachHudController = true, inAppNotificationController = true, isHintEnabled = false
09-29 00:33:11.108 21361 21405 W CAM_A : Can not update PitchRollIndicator: cameraCoachHudController = true, inAppNotificationController = true, isHintEnabled = false
09-29 00:33:11.123 21361 22462 W CameraMetadataJV: Expect face scores and rectangles to be non-null
09-29 00:33:11.124 21361 22462 W CAM_A : PHOTO > abs Δ(result sensor timestamp) = 242,18 ms > 70,00 ms
09-29 00:33:11.124 21361 22462 W CAM_A : PHOTO > result sensor delay = 1,16 > 1,10
09-29 00:33:11.142 21361 21405 W CAM_A : Can not update PitchRollIndicator: cameraCoachHudController = true, inAppNotificationController = true, isHintEnabled = false
09-29 00:33:11.156 21361 22629 W gralloc4: Could not find component description for FourCC value 20363152
09-29 00:33:11.163 21361 21374 I eCameraEngR18F: NativeAlloc concurrent copying GC freed 55730(2620KB) AllocSpace objects, 0(0B) LOS objects, 49% free, 15MB/30MB, paused 399us,111us total 212.909ms
09-29 00:33:11.164 21361 21492 E libgcam : [camera_motion_blur_estimator.cc:57]: EstimateCameraMotionBlur: Can't estimate camera motion blur, because gyro data is missing.
09-29 00:33:11.174 21361 21405 W CAM_A : Can not update PitchRollIndicator: cameraCoachHudController = true, inAppNotificationController = true, isHintEnabled = false
09-29 00:33:11.206 21361 21405 W CAM_A : Can not update PitchRollIndicator: cameraCoachHudController = true, inAppNotificationController = true, isHintEnabled = false
09-29 00:33:11.240 21361 21405 W CAM_A : Can not update PitchRollIndicator: cameraCoachHudController = true, inAppNotificationController = true, isHintEnabled = false
09-29 00:33:11.266 21361 21392 W RenderInspector: DequeueBuffer time out on com.google.android.GoogleCameraEngR18F1/com.google.android.apps.camera.legacy.app.a ctivity.main.CameraActivity, count=1, avg=18 ms, max=18 ms.
09-29 00:33:11.273 21361 21405 W CAM_A : Can not update PitchRollIndicator: cameraCoachHudController = true, inAppNotificationController = true, isHintEnabled = false
09-29 00:33:11.305 21361 21405 W CAM_A : Can not update PitchRollIndicator: cameraCoachHudController = true, inAppNotificationController = true, isHintEnabled = false
09-29 00:33:11.338 21361 21405 W CAM_A : Can not update PitchRollIndicator: cameraCoachHudController = true, inAppNotificationController = true, isHintEnabled = false
09-29 00:33:11.361 21361 22462 W CameraMetadataJV: Expect face scores and rectangles to be non-null
09-29 00:33:11.362 21361 22462 W CAM_A : PHOTO > abs Δ(result sensor timestamp) = 242,18 ms > 70,00 ms
09-29 00:33:11.362 21361 22462 W CAM_A : PHOTO > result sensor delay = 1,16 > 1,10
09-29 00:33:11.371 21361 21405 W CAM_A : Can not update PitchRollIndicator: cameraCoachHudController = true, inAppNotificationController = true, isHintEnabled = false
09-29 00:33:11.379 21361 22629 W gralloc4: Could not find component description for FourCC value 20363152
09-29 00:33:11.385 21361 21492 E libgcam : [camera_motion_blur_estimator.cc:57]: EstimateCameraMotionBlur: Can't estimate camera motion blur, because gyro data is missing.
09-29 00:33:11.404 21361 21405 W CAM_A : Can not update PitchRollIndicator: cameraCoachHudController = true, inAppNotificationController = true, isHintEnabled = false
09-29 00:33:11.437 21361 21405 W CAM_A : Can not update PitchRollIndicator: cameraCoachHudController = true, inAppNotificationController = true, isHintEnabled = false
09-29 00:33:11.470 21361 21405 W CAM_A : Can not update PitchRollIndicator: cameraCoachHudController = true, inAppNotificationController = true, isHintEnabled = false
09-29 00:33:11.503 21361 21405 W CAM_A : Can not update PitchRollIndicator: cameraCoachHudController = true, inAppNotificationController = true, isHintEnabled = false
09-29 00:33:11.536 21361 21405 W CAM_A : Can not update PitchRollIndicator: cameraCoachHudController = true, inAppNotificationController = true, isHintEnabled = false
09-29 00:33:11.570 21361 21405 W CAM_A : Can not update PitchRollIndicator: cameraCoachHudController = true, inAppNotificationController = true, isHintEnabled = false
09-29 00:33:11.604 21361 21405 W CAM_A : Can not update PitchRollIndicator: cameraCoachHudController = true, inAppNotificationController = true, isHintEnabled = false
09-29 00:33:11.606 21361 22462 W CameraMetadataJV: Expect face scores and rectangles to be non-null
09-29 00:33:11.607 21361 22462 W CAM_A : PHOTO > abs Δ(result sensor timestamp) = 242,18 ms > 70,00 ms
09-29 00:33:11.608 21361 22462 W CAM_A : PHOTO > result sensor delay = 1,16 > 1,10
09-29 00:33:11.636 21361 21405 W CAM_A : Can not update PitchRollIndicator: cameraCoachHudController = true, inAppNotificationController = true, isHintEnabled = false
09-29 00:33:11.638 21361 22629 W gralloc4: Could not find component description for FourCC value 20363152
09-29 00:33:11.644 21361 21492 E libgcam : [camera_motion_blur_estimator.cc:57]: EstimateCameraMotionBlur: Can't estimate camera motion blur, because gyro data is missing.
09-29 00:33:11.669 21361 21405 W CAM_A : Can not update PitchRollIndicator: cameraCoachHudController = true, inAppNotificationController = true, isHintEnabled = false
09-29 00:33:11.701 21361 21405 W CAM_A : Can not update PitchRollIndicator: cameraCoachHudController = true, inAppNotificationController = true, isHintEnabled = false
09-29 00:33:11.734 21361 21405 W CAM_A : Can not update PitchRollIndicator: cameraCoachHudController = true, inAppNotificationController = true, isHintEnabled = false
09-29 00:33:11.767 21361 21405 W CAM_A : Can not update PitchRollIndicator: cameraCoachHudController = true, inAppNotificationController = true, isHintEnabled = false
09-29 00:33:11.801 21361 21405 W CAM_A : Can not update PitchRollIndicator: cameraCoachHudController = true, inAppNotificationController = true, isHintEnabled = false
09-29 00:33:11.839 21361 21405 W CAM_A : Can not update PitchRollIndicator: cameraCoachHudController = true, inAppNotificationController = true, isHintEnabled = false
09-29 00:33:11.851 21361 22462 W CameraMetadataJV: Expect face scores and rectangles to be non-null
09-29 00:33:11.852 21361 22462 W CAM_A : PHOTO > abs Δ(result sensor timestamp) = 242,18 ms > 70,00 ms
09-29 00:33:11.852 21361 22462 W CAM_A : PHOTO > result sensor delay = 1,16 > 1,10
09-29 00:33:11.866 21361 21405 W CAM_A : Can not update PitchRollIndicator: cameraCoachHudController = true, inAppNotificationController = true, isHintEnabled = false
09-29 00:33:11.875 21361 22629 W gralloc4: Could not find component description for FourCC value 20363152
09-29 00:33:11.882 21361 21492 E libgcam : [camera_motion_blur_estimator.cc:57]: EstimateCameraMotionBlur: Can't estimate camera motion blur, because gyro data is missing.
09-29 00:33:11.899 21361 21405 W CAM_A : Can not update PitchRollIndicator: cameraCoachHudController = true, inAppNotificationController = true, isHintEnabled = false
09-29 00:33:11.933 21361 21405 W CAM_A : Can not update PitchRollIndicator: cameraCoachHudController = true, inAppNotificationController = true, isHintEnabled = false
09-29 00:33:11.966 21361 21405 W CAM_A : Can not update PitchRollIndicator: cameraCoachHudController = true, inAppNotificationController = true, isHintEnabled = false
09-29 00:33:11.999 21361 21405 W CAM_A : Can not update PitchRollIndicator: cameraCoachHudController = true, inAppNotificationController = true, isHintEnabled = false
09-29 00:33:12.032 21361 21405 W CAM_A : Can not update PitchRollIndicator: cameraCoachHudController = true, inAppNotificationController = true, isHintEnabled = false
09-29 00:33:12.064 21361 21405 W CAM_A : Can not update PitchRollIndicator: cameraCoachHudController = true, inAppNotificationController = true, isHintEnabled = false
09-29 00:33:12.092 21361 22462 W CameraMetadataJV: Expect face scores and rectangles to be non-null
09-29 00:33:12.092 21361 22462 W CAM_A : PHOTO > abs Δ(result sensor timestamp) = 242,18 ms > 70,00 ms
09-29 00:33:12.092 21361 22462 W CAM_A : PHOTO > result sensor delay = 1,16 > 1,10
09-29 00:33:12.098 21361 21405 W CAM_A : Can not update PitchRollIndicator: cameraCoachHudController = true, inAppNotificationController = true, isHintEnabled = false
09-29 00:33:12.120 21361 22629 W gralloc4: Could not find component description for FourCC value 20363152
09-29 00:33:12.132 21361 21405 W CAM_A : Can not update PitchRollIndicator: cameraCoachHudController = true, inAppNotificationController = true, isHintEnabled = false
09-29 00:33:12.136 21361 21492 E libgcam : [camera_motion_blur_estimator.cc:57]: EstimateCameraMotionBlur: Can't estimate camera motion blur, because gyro data is missing.
09-29 00:33:12.163 21361 21405 W CAM_A : Can not update PitchRollIndicator: cameraCoachHudController = true, inAppNotificationController = true, isHintEnabled = false
09-29 00:33:12.196 21361 21405 W CAM_A : Can not update PitchRollIndicator: cameraCoachHudController = true, inAppNotificationController = true, isHintEnabled = false
09-29 00:33:12.230 21361 21405 W CAM_A : Can not update PitchRollIndicator: cameraCoachHudController = true, inAppNotificationController = true, isHintEnabled = false
09-29 00:33:12.263 21361 21405 W CAM_A : Can not update PitchRollIndicator: cameraCoachHudController = true, inAppNotificationController = true, isHintEnabled = false
09-29 00:33:12.295 21361 21405 W CAM_A : Can not update PitchRollIndicator: cameraCoachHudController = true, inAppNotificationController = true, isHintEnabled = false
09-29 00:33:12.329 21361 21405 W CAM_A : Can not update PitchRollIndicator: cameraCoachHudController = true, inAppNotificationController = true, isHintEnabled = false
09-29 00:33:12.334 21361 22462 W CameraMetadataJV: Expect face scores and rectangles to be non-null
09-29 00:33:12.334 21361 22462 W CAM_A : PHOTO > abs Δ(result sensor timestamp) = 242,18 ms > 70,00 ms
09-29 00:33:12.334 21361 22462 W CAM_A : PHOTO > result sensor delay = 1,16 > 1,10
09-29 00:33:12.361 21361 21405 W CAM_A : Can not update PitchRollIndicator: cameraCoachHudController = true, inAppNotificationController = true, isHintEnabled = false
09-29 00:33:12.395 21361 21405 W CAM_A : Can not update PitchRollIndicator: cameraCoachHudController = true, inAppNotificationController = true, isHintEnabled = false
09-29 00:33:12.395 21361 22629 W gralloc4: Could not find component description for FourCC value 20363152
09-29 00:33:12.406 21361 21492 E libgcam : [camera_motion_blur_estimator.cc:57]: EstimateCameraMotionBlur: Can't estimate camera motion blur, because gyro data is missing.
09-29 00:33:12.428 21361 21405 W CAM_A : Can not update PitchRollIndicator: cameraCoachHudController = true, inAppNotificationController = true, isHintEnabled = false
09-29 00:33:12.460 21361 21405 W CAM_A : Can not update PitchRollIndicator: cameraCoachHudController = true, inAppNotificationController = true, isHintEnabled = false
09-29 00:33:12.493 21361 21405 W CAM_A : Can not update PitchRollIndicator: cameraCoachHudController = true, inAppNotificationController = true, isHintEnabled = false
09-29 00:33:12.526 21361 21405 W CAM_A : Can not update PitchRollIndicator: cameraCoachHudController = true, inAppNotificationController = true, isHintEnabled = false
09-29 00:33:12.560 21361 21405 W CAM_A : Can not update PitchRollIndicator: cameraCoachHudController = true, inAppNotificationController = true, isHintEnabled = false
09-29 00:33:12.573 21361 22462 W CameraMetadataJV: Expect face scores and rectangles to be non-null
09-29 00:33:12.574 21361 22462 W CAM_A : PHOTO > abs Δ(result sensor timestamp) = 242,18 ms > 70,00 ms
09-29 00:33:12.574 21361 22462 W CAM_A : PHOTO > result sensor delay = 1,16 > 1,10
09-29 00:33:12.593 21361 21405 W CAM_A : Can not update PitchRollIndicator: cameraCoachHudController = true, inAppNotificationController = true, isHintEnabled = false
09-29 00:33:12.599 21361 22629 W gralloc4: Could not find component description for FourCC value 20363152
09-29 00:33:12.606 21361 21492 E libgcam : [camera_motion_blur_estimator.cc:57]: EstimateCameraMotionBlur: Can't estimate camera motion blur, because gyro data is missing.
09-29 00:33:12.626 21361 21405 W CAM_A : Can not update PitchRollIndicator: cameraCoachHudController = true, inAppNotificationController = true, isHintEnabled = false
09-29 00:33:12.659 21361 21405 W CAM_A : Can not update PitchRollIndicator: cameraCoachHudController = true, inAppNotificationController = true, isHintEnabled = false
09-29 00:33:12.692 21361 21405 W CAM_A : Can not update PitchRollIndicator: cameraCoachHudController = true, inAppNotificationController = true, isHintEnabled = false
09-29 00:33:12.724 21361 21405 W CAM_A : Can not update PitchRollIndicator: cameraCoachHudController = true, inAppNotificationController = true, isHintEnabled = false
09-29 00:33:12.740 21361 21361 W Choreographer: Frame time is 0.083349 now = 299853107642408 timestampNanos = 299853107725757 ms in the future! Check that graphics HAL is generating vsync timestamps using the correct timebase.
09-29 00:33:12.757 21361 21405 W CAM_A : Can not update PitchRollIndicator: cameraCoachHudController = true, inAppNotificationController = true, isHintEnabled = false
09-29 00:33:12.790 21361 21405 W CAM_A : Can not update PitchRollIndicator: cameraCoachHudController = true, inAppNotificationController = true, isHintEnabled = false
09-29 00:33:12.817 21361 22462 W CameraMetadataJV: Expect face scores and rectangles to be non-null
09-29 00:33:12.818 21361 22462 W CAM_A : PHOTO > abs Δ(result sensor timestamp) = 242,18 ms > 70,00 ms
09-29 00:33:12.818 21361 22462 W CAM_A : PHOTO > result sensor delay = 1,16 > 1,10
09-29 00:33:12.823 21361 21405 W CAM_A : Can not update PitchRollIndicator: cameraCoachHudController = true, inAppNotificationController = true, isHintEnabled = false
09-29 00:33:12.840 21361 22629 W gralloc4: Could not find component description for FourCC value 20363152
09-29 00:33:12.844 21361 21492 E libgcam : [camera_motion_blur_estimator.cc:57]: EstimateCameraMotionBlur: Can't estimate camera motion blur, because gyro data is missing.
09-29 00:33:12.856 21361 21405 W CAM_A : Can not update PitchRollIndicator: cameraCoachHudController = true, inAppNotificationController = true, isHintEnabled = false
09-29 00:33:12.889 21361 21405 W CAM_A : Can not update PitchRollIndicator: cameraCoachHudController = true, inAppNotificationController = true, isHintEnabled = false
09-29 00:33:12.923 21361 21405 W CAM_A : Can not update PitchRollIndicator: cameraCoachHudController = true, inAppNotificationController = true, isHintEnabled = false
09-29 00:33:12.955 21361 21405 W CAM_A : Can not update PitchRollIndicator: cameraCoachHudController = true, inAppNotificationController = true, isHintEnabled = false
09-29 00:33:12.988 21361 21405 W CAM_A : Can not update PitchRollIndicator: cameraCoachHudController = true, inAppNotificationController = true, isHintEnabled = false
09-29 00:33:13.021 21361 21405 W CAM_A : Can not update PitchRollIndicator: cameraCoachHudController = true, inAppNotificationController = true, isHintEnabled = false
09-29 00:33:13.055 21361 21405 W CAM_A : Can not update PitchRollIndicator: cameraCoachHudController = true, inAppNotificationController = true, isHintEnabled = false
09-29 00:33:13.060 21361 22462 W CameraMetadataJV: Expect face scores and rectangles to be non-null
09-29 00:33:13.061 21361 22462 W CAM_A : PHOTO > abs Δ(result sensor timestamp) = 242,18 ms > 70,00 ms
09-29 00:33:13.061 21361 22462 W CAM_A : PHOTO > result sensor delay = 1,16 > 1,10
09-29 00:33:13.091 21361 22629 W gralloc4: Could not find component description for FourCC value 20363152
09-29 00:33:13.104 21361 21492 E libgcam : [camera_motion_blur_estimator.cc:57]: EstimateCameraMotionBlur: Can't estimate camera motion blur, because gyro data is missing.
09-29 00:33:13.133 21361 21492 W libgcam : [shot_helper.cc:352]: LogViewfinderAeWarnings: viewfinder_short_tet (0.000ms) is further than expected from the capture TET (6393.740ms). Relative error: 100%.
09-29 00:33:13.213 21361 22462 W CameraMetadataJV: Expect face scores and rectangles to be non-null
09-29 00:33:13.221 21361 22462 W CAM_A : PHOTO > abs Δ(result sensor timestamp) = 242,19 ms > 70,00 ms
09-29 00:33:13.221 21361 22462 W CAM_A : PHOTO > result sensor delay = 3,22 > 1,10
09-29 00:33:13.227 21361 21401 W gralloc4: Could not find component description for FourCC value 20363152
09-29 00:33:13.320 21361 22462 W CameraMetadataJV: Expect face scores and rectangles to be non-null
09-29 00:33:13.321 21361 22462 W CAM_A : PHOTO > abs Δ(result sensor timestamp) = 150,15 ms > 70,00 ms
09-29 00:33:13.321 21361 22462 W CAM_A : PHOTO > rel Δ(result sensor timestamp) = 0,38 > 0,25
09-29 00:33:13.321 21361 22462 W CAM_A : PHOTO > result sensor delay = 2,00 > 1,10
09-29 00:33:13.467 21361 22462 W CameraMetadataJV: Expect face scores and rectangles to be non-null
09-29 00:33:13.468 21361 22462 W CAM_A : PHOTO > abs Δ(result sensor timestamp) = 150,15 ms > 70,00 ms
09-29 00:33:13.468 21361 22462 W CAM_A : PHOTO > result sensor delay = 2,00 > 1,10
09-29 00:33:13.469 21361 21401 W gralloc4: Could not find component description for FourCC value 20363152
09-29 00:33:13.549 21361 22462 W CameraMetadataJV: Expect face scores and rectangles to be non-null
09-29 00:33:13.550 21361 22462 W CAM_A : PHOTO > abs Δ(result sensor timestamp) = 75,07 ms > 70,00 ms
09-29 00:33:13.550 21361 22462 W CAM_A : PHOTO > rel Δ(result sensor timestamp) = 0,50 > 0,25
09-29 00:33:13.700 21361 22462 W CameraMetadataJV: Expect face scores and rectangles to be non-null
09-29 00:33:13.701 21361 22462 W CAM_A : PHOTO > abs Δ(result sensor timestamp) = 150,15 ms > 70,00 ms
09-29 00:33:13.701 21361 22462 W CAM_A : PHOTO > rel Δ(result sensor timestamp) = 1,00 > 0,25
09-29 00:33:13.701 21361 22462 W CAM_A : PHOTO > result sensor delay = 2,00 > 1,10
09-29 00:33:13.703 21361 21391 W gralloc4: Could not find component description for FourCC value 20363152
09-29 00:33:13.783 21361 22462 W CameraMetadataJV: Expect face scores and rectangles to be non-null
09-29 00:33:13.784 21361 22462 W CAM_A : PHOTO > abs Δ(result sensor timestamp) = 75,07 ms > 70,00 ms
09-29 00:33:13.784 21361 22462 W CAM_A : PHOTO > rel Δ(result sensor timestamp) = 0,50 > 0,25
09-29 00:33:13.923 21361 22462 W CameraMetadataJV: Expect face scores and rectangles to be non-null
09-29 00:33:13.924 21361 22462 W CAM_A : PHOTO > abs Δ(result sensor timestamp) = 150,15 ms > 70,00 ms
09-29 00:33:13.925 21361 22462 W CAM_A : PHOTO > rel Δ(result sensor timestamp) = 1,00 > 0,25
09-29 00:33:13.925 21361 22462 W CAM_A : PHOTO > result sensor delay = 2,00 > 1,10
09-29 00:33:13.927 21361 21391 W gralloc4: Could not find component description for FourCC value 20363152
09-29 00:33:14.002 21361 22462 W CameraMetadataJV: Expect face scores and rectangles to be non-null
09-29 00:33:14.003 21361 22462 W CAM_A : PHOTO > abs Δ(result sensor timestamp) = 75,08 ms > 70,00 ms
09-29 00:33:14.004 21361 22462 W CAM_A : PHOTO > rel Δ(result sensor timestamp) = 0,50 > 0,25
09-29 00:33:14.152 21361 22462 W CameraMetadataJV: Expect face scores and rectangles to be non-null
09-29 00:33:14.153 21361 22462 W CAM_A : PHOTO > abs Δ(result sensor timestamp) = 150,15 ms > 70,00 ms
09-29 00:33:14.153 21361 22462 W CAM_A : PHOTO > rel Δ(result sensor timestamp) = 1,00 > 0,25
09-29 00:33:14.154 21361 22462 W CAM_A : PHOTO > result sensor delay = 2,00 > 1,10
09-29 00:33:14.155 21361 21401 W gralloc4: Could not find component description for FourCC value 20363152
09-29 00:33:14.219 21361 22462 W CameraMetadataJV: Expect face scores and rectangles to be non-null
09-29 00:33:14.220 21361 22462 W CAM_A : PHOTO > abs Δ(result sensor timestamp) = 75,07 ms > 70,00 ms
09-29 00:33:14.221 21361 22462 W CAM_A : PHOTO > rel Δ(result sensor timestamp) = 0,50 > 0,25
09-29 00:33:14.372 21361 22462 W CameraMetadataJV: Expect face scores and rectangles to be non-null
09-29 00:33:14.373 21361 22462 W CAM_A : PHOTO > abs Δ(result sensor timestamp) = 150,15 ms > 70,00 ms
09-29 00:33:14.373 21361 22462 W CAM_A : PHOTO > rel Δ(result sensor timestamp) = 1,00 > 0,25
09-29 00:33:14.373 21361 22462 W CAM_A : PHOTO > result sensor delay = 2,00 > 1,10
09-29 00:33:14.374 21361 21401 W gralloc4: Could not find component description for FourCC value 20363152
09-29 00:33:14.457 21361 22462 W CameraMetadataJV: Expect face scores and rectangles to be non-null
09-29 00:33:14.460 21361 22462 W CAM_A : PHOTO > abs Δ(result sensor timestamp) = 75,07 ms > 70,00 ms
09-29 00:33:14.460 21361 22462 W CAM_A : PHOTO > rel Δ(result sensor timestamp) = 0,50 > 0,25
09-29 00:33:14.609 21361 22462 W CameraMetadataJV: Expect face scores and rectangles to be non-null
09-29 00:33:14.610 21361 22462 W CAM_A : PHOTO > abs Δ(result sensor timestamp) = 150,15 ms > 70,00 ms
09-29 00:33:14.610 21361 22462 W CAM_A : PHOTO > rel Δ(result sensor timestamp) = 1,00 > 0,25
09-29 00:33:14.610 21361 22462 W CAM_A : PHOTO > result sensor delay = 2,00 > 1,10
09-29 00:33:14.611 21361 21391 W gralloc4: Could not find component description for FourCC value 20363152
09-29 00:33:14.674 21361 22462 W CameraMetadataJV: Expect face scores and rectangles to be non-null
09-29 00:33:14.676 21361 22462 W CAM_A : PHOTO > abs Δ(result sensor timestamp) = 75,07 ms > 70,00 ms
09-29 00:33:14.676 21361 22462 W CAM_A : PHOTO > rel Δ(result sensor timestamp) = 0,50 > 0,25
09-29 00:33:14.817 21361 22462 W CameraMetadataJV: Expect face scores and rectangles to be non-null
09-29 00:33:14.818 21361 22462 W CAM_A : PHOTO > abs Δ(result sensor timestamp) = 150,15 ms > 70,00 ms
09-29 00:33:14.818 21361 22462 W CAM_A : PHOTO > rel Δ(result sensor timestamp) = 1,00 > 0,25
09-29 00:33:14.818 21361 22462 W CAM_A : PHOTO > result sensor delay = 2,00 > 1,10
09-29 00:33:14.819 21361 21391 W gralloc4: Could not find component description for FourCC value 20363152
09-29 00:33:14.867 21361 21492 W libc : Access denied finding property "ro.hardware.chipname"
09-29 00:33:14.908 21361 22462 W CameraMetadataJV: Expect face scores and rectangles to be non-null
09-29 00:33:14.910 21361 22462 W CAM_A : PHOTO > abs Δ(result sensor timestamp) = 75,07 ms > 70,00 ms
09-29 00:33:14.911 21361 22462 W CAM_A : PHOTO > rel Δ(result sensor timestamp) = 0,50 > 0,25
09-29 00:33:14.976 21361 22956 W libgcam : [shot_helper.cc:202]: CheckFrameDuration: Unexpected timestamp gap between payload frames 1 and 2 (of 15). Expected 208.3 ms gap; actual gap was 242.2 ms. This could indicate dropped frames.
09-29 00:33:14.976 21361 22956 W libgcam : [shot_helper.cc:202]: CheckFrameDuration: Unexpected timestamp gap between payload frames 2 and 3 (of 15). Expected 208.3 ms gap; actual gap was 242.2 ms. This could indicate dropped frames.
09-29 00:33:14.976 21361 22956 W libgcam : [shot_helper.cc:202]: CheckFrameDuration: Unexpected timestamp gap between payload frames 3 and 4 (of 15). Expected 208.3 ms gap; actual gap was 242.2 ms. This could indicate dropped frames.
09-29 00:33:14.976 21361 22956 W libgcam : [shot_helper.cc:202]: CheckFrameDuration: Unexpected timestamp gap between payload frames 4 and 5 (of 15). Expected 208.3 ms gap; actual gap was 242.2 ms. This could indicate dropped frames.
09-29 00:33:14.977 21361 22956 W libgcam : [shot_helper.cc:202]: CheckFrameDuration: Unexpected timestamp gap between payload frames 5 and 6 (of 15). Expected 208.3 ms gap; actual gap was 242.2 ms. This could indicate dropped frames.
09-29 00:33:14.977 21361 22956 W libgcam : [shot_helper.cc:202]: CheckFrameDuration: Unexpected timestamp gap between payload frames 6 and 7 (of 15). Expected 208.3 ms gap; actual gap was 242.2 ms. This could indicate dropped frames.
09-29 00:33:14.977 21361 22956 W libgcam : [shot_helper.cc:202]: CheckFrameDuration: Unexpected timestamp gap between payload frames 7 and 8 (of 15). Expected 208.3 ms gap; actual gap was 242.2 ms. This could indicate dropped frames.
09-29 00:33:14.977 21361 22956 W libgcam : [shot_helper.cc:202]: CheckFrameDuration: Unexpected timestamp gap between payload frames 8 and 9 (of 15). Expected 208.3 ms gap; actual gap was 242.2 ms. This could indicate dropped frames.
09-29 00:33:14.977 21361 22956 W libgcam : [shot_helper.cc:202]: CheckFrameDuration: Unexpected timestamp gap between payload frames 9 and 10 (of 15). Expected 208.3 ms gap; actual gap was 242.2 ms. This could indicate dropped frames.
09-29 00:33:14.977 21361 22956 W libgcam : [shot_helper.cc:202]: CheckFrameDuration: Unexpected timestamp gap between payload frames 10 and 11 (of 15). Expected 208.3 ms gap; actual gap was 242.2 ms. This could indicate dropped frames.
09-29 00:33:14.977 21361 22956 W libgcam : [shot_helper.cc:202]: CheckFrameDuration: Unexpected timestamp gap between payload frames 11 and 12 (of 15). Expected 208.3 ms gap; actual gap was 242.2 ms. This could indicate dropped frames.
09-29 00:33:14.977 21361 22956 W libgcam : [shot_helper.cc:202]: CheckFrameDuration: Unexpected timestamp gap between payload frames 12 and 13 (of 15). Expected 208.3 ms gap; actual gap was 242.2 ms. This could indicate dropped frames.
09-29 00:33:14.977 21361 22956 W libgcam : [shot_helper.cc:202]: CheckFrameDuration: Unexpected timestamp gap between payload frames 13 and 14 (of 15). Expected 208.3 ms gap; actual gap was 242.2 ms. This could indicate dropped frames.
09-29 00:33:15.046 21361 22462 W CameraMetadataJV: Expect face scores and rectangles to be non-null
09-29 00:33:15.046 21361 22462 W CAM_A : PHOTO > abs Δ(result sensor timestamp) = 150,15 ms > 70,00 ms
09-29 00:33:15.047 21361 22462 W CAM_A : PHOTO > rel Δ(result sensor timestamp) = 1,00 > 0,25
09-29 00:33:15.047 21361 22462 W CAM_A : PHOTO > result sensor delay = 2,00 > 1,10
09-29 00:33:15.047 21361 21401 W gralloc4: Could not find component description for FourCC value 20363152
09-29 00:33:15.132 21361 22462 W CameraMetadataJV: Expect face scores and rectangles to be non-null
09-29 00:33:15.133 21361 22462 W CAM_A : PHOTO > abs Δ(result sensor timestamp) = 75,08 ms > 70,00 ms
09-29 00:33:15.134 21361 22462 W CAM_A : PHOTO > rel Δ(result sensor timestamp) = 0,50 > 0,25
09-29 00:33:15.213 21361 21361 W BpBinder: Slow Binder: BpBinder transact took 468 ms, interface=android.app.IActivityTaskManager, code=1 oneway=false
09-29 00:33:15.275 21361 22462 W CameraMetadataJV: Expect face scores and rectangles to be non-null
09-29 00:33:15.276 21361 22462 W CAM_A : PHOTO > abs Δ(result sensor timestamp) = 150,15 ms > 70,00 ms
09-29 00:33:15.276 21361 22462 W CAM_A : PHOTO > rel Δ(result sensor timestamp) = 1,00 > 0,25
09-29 00:33:15.276 21361 22462 W CAM_A : PHOTO > result sensor delay = 2,00 > 1,10
09-29 00:33:15.277 21361 21391 W gralloc4: Could not find component description for FourCC value 20363152
09-29 00:33:15.300 21361 21361 I BufferQueueConsumer: [](id:537100000020,api:0,p:- 1,c:21361) connect: controlledByApp=true
09-29 00:33:15.304 21361 21392 I BufferQueueProducer: [ImageReader- 253x253f1u2816m2-21361-0](id:537100000020,api:1,p:21361,c:21361) connect: api=1 producerControlledByApp=true
09-29 00:33:15.334 21361 21392 E FrameEvents: updateAcquireFence: Did not find frame.
09-29 00:33:15.337 21361 21392 I BufferQueueProducer: [ImageReader- 253x253f1u2816m2-21361-0](id:537100000020,api:1,p:21361,c:21361) disconnect: api 1
09-29 00:33:15.338 21361 21361 I BufferQueueConsumer: [ImageReader- 253x253f1u2816m2-21361-0](id:537100000020,api:0,p:-1,c:21361) disconnect
09-29 00:33:15.341 21361 21361 W Looper : PerfMonitor doFrame : time=726ms vsyncFrame=0 latency=15ms procState=-1 historyMsgCount=3 (msgIndex=1 wall=128ms seq=3457 h=android.view.Choreographer$FrameHandler c=android.view.Choreographer$FrameDisplayEventReceiver)
09-29 00:33:15.362 21361 21378 I OpenGLRenderer: Davey! duration=747ms; Flags=0, FrameTimelineVsyncId=17434149, IntendedVsync=299854968805520, Vsync=299854968805520, InputEventId=0, HandleInputStart=299854983296870, AnimationStart=299854983298485, PerformTraversalsStart=299855620674716, DrawStart=299855706611639, FrameDeadline=299855005472187, FrameInterval=299854983261870, FrameStartTime=16666667, SyncQueued=299855707849793, SyncStart=299855708225870, IssueDrawCommandsStart=299855708696562, SwapBuffers=299855711017178, FrameCompleted=299855716806485, DequeueBufferDuration=44384, QueueBufferDuration=1447077, GpuCompleted=299855716806485, SwapBuffersCompleted=299855714777562, DisplayPresentTime=-6639902925723324029,
09-29 00:33:15.371 21361 22462 W CameraMetadataJV: Expect face scores and rectangles to be non-null
09-29 00:33:15.372 21361 22462 W CAM_A : PHOTO > abs Δ(result sensor timestamp) = 75,07 ms > 70,00 ms
09-29 00:33:15.372 21361 22462 W CAM_A : PHOTO > rel Δ(result sensor timestamp) = 0,50 > 0,25
09-29 00:33:15.460 21361 21361 I Choreographer: Skipped 50 frames! The application may be doing too much work on its main thread.
09-29 00:33:15.485 21361 21361 W Looper : PerfMonitor doFrame : time=26ms vsyncFrame=0 latency=842ms procState=-1 historyMsgCount=11 (msgIndex=1 wall=726ms seq=3460 late=15ms h=android.view.Choreographer$FrameHandler c=android.view.Choreographer$FrameDisplayEventReceiver) (msgIndex=2 wall=85ms seq=3461 late=756ms h=android.os.Handler c=bwx)
09-29 00:33:15.507 21361 22462 W CameraMetadataJV: Expect face scores and rectangles to be non-null
09-29 00:33:15.509 21361 22462 W CAM_A : PHOTO > abs Δ(result sensor timestamp) = 150,15 ms > 70,00 ms
09-29 00:33:15.510 21361 21378 I OpenGLRenderer: Davey! duration=875ms; Flags=0, FrameTimelineVsyncId=17434151, IntendedVsync=299854985469035, Vsync=299855818802385, InputEventId=0, HandleInputStart=299855827770101, AnimationStart=299855827772255, PerformTraversalsStart=299855827977178, DrawStart=299855833104870, FrameDeadline=299855022135702, FrameInterval=299855827637255, FrameStartTime=16666667, SyncQueued=299855846479332, SyncStart=299855846812562, IssueDrawCommandsStart=299855853205870, SwapBuffers=299855855807332, FrameCompleted=299855861508947, DequeueBufferDuration=40616, QueueBufferDuration=1656000, GpuCompleted=299855861508947, SwapBuffersCompleted=299855859889255, DisplayPresentTime=-1950761403384130798,
09-29 00:33:15.519 21361 21361 W Looper : PerfMonitor looperActivity : package=com.google.android.GoogleCameraEngR18F1/com.google.android.apps.camera.lega cy.app.activity.main.CameraActivity time=14ms latency=311ms running=0ms procState=-1 historyMsgCount=45 (msgIndex=1 wall=726ms seq=3460 late=15ms h=android.view.Choreographer$FrameHandler c=android.view.Choreographer$FrameDisplayEventReceiver) (msgIndex=2 wall=85ms seq=3461 late=756ms h=android.os.Handler c=bwx)
09-29 00:33:15.537 21361 22462 W CAM_A : PHOTO > rel Δ(result sensor timestamp) = 1,00 > 0,25
09-29 00:33:15.539 21361 22462 W CAM_A : PHOTO > result sensor delay = 2,00 > 1,10
09-29 00:33:15.540 21361 21401 W gralloc4: Could not find component description for FourCC value 20363152
