09-29 00:33:15.564 21361 21361 W CAM_A : Disconnecting the camera device because filmstrip was launched.
09-29 00:33:15.675 21361 21361 W Activity: PerfMonitor: Slow Operation: Activity com.google.android.GoogleCameraEngR18F1/com.google.android.apps.camera.legacy.app.a ctivity.main.CameraActivity onPause took 149ms
09-29 00:33:15.675 21361 21361 W Looper : PerfMonitor looperActivity : package=com.google.android.GoogleCameraEngR18F1/com.google.android.apps.camera.lega cy.app.activity.main.CameraActivity time=156ms latency=325ms running=0ms procState=-1 historyMsgCount=46 (msgIndex=1 wall=726ms seq=3460 late=15ms h=android.view.Choreographer$FrameHandler c=android.view.Choreographer$FrameDisplayEventReceiver) (msgIndex=2 wall=85ms seq=3461 late=756ms h=android.os.Handler c=bwx)
09-29 00:33:15.815 21361 21391 E PhenotypeFlagCommitter: Retrieving snapshot for com.google.android.apps.camera#com.google.android.GoogleCameraEngR18F1 failed
09-29 00:33:15.815 21361 21391 E PhenotypeFlagCommitter: java.util.concurrent.ExecutionException: java.lang.SecurityException: GoogleCertificatesRslt: not allowed: pkg=com.google.android.GoogleCameraEngR18F1, sha256=[a40da80a59d170caa950cf15c18c454d47a39b26989d8b640ecd745ba71bf5dc], atk=false, ver=243734029.true (go/gsrlt)
09-29 00:33:15.815 21361 21391 E PhenotypeFlagCommitter: at mip.fb(Unknown Source:27)
09-29 00:33:15.815 21361 21391 E PhenotypeFlagCommitter: at mip.cd(Unknown Source:63)
09-29 00:33:15.815 21361 21391 E PhenotypeFlagCommitter: at kuc.c(Unknown Source:12)
09-29 00:33:15.815 21361 21391 E PhenotypeFlagCommitter: at kuc.e(Unknown Source:35)
09-29 00:33:15.815 21361 21391 E PhenotypeFlagCommitter: at kuc.b(Unknown Source:1)
09-29 00:33:15.815 21361 21391 E PhenotypeFlagCommitter: at gvh.a(Unknown Source:35)
09-29 00:33:15.815 21361 21391 E PhenotypeFlagCommitter: at gvj.run(Unknown Source:9)
09-29 00:33:15.815 21361 21391 E PhenotypeFlagCommitter: at law.run(Unknown Source:2)
09-29 00:33:15.815 21361 21391 E PhenotypeFlagCommitter: at java.util.concurrent.Executors$RunnableAdapter.call(Executors.java:487)
09-29 00:33:15.815 21361 21391 E PhenotypeFlagCommitter: at pio.a(Unknown Source:2)
09-29 00:33:15.815 21361 21391 E PhenotypeFlagCommitter: at phs.run(Unknown Source:20)
09-29 00:33:15.815 21361 21391 E PhenotypeFlagCommitter: at pip.run(Unknown Source:4)
09-29 00:33:15.815 21361 21391 E PhenotypeFlagCommitter: at java.util.concurrent.Executors$RunnableAdapter.call(Executors.java:487)
09-29 00:33:15.815 21361 21391 E PhenotypeFlagCommitter: at java.util.concurrent.FutureTask.run(FutureTask.java:264)
09-29 00:33:15.815 21361 21391 E PhenotypeFlagCommitter: at java.util.concurrent.ScheduledThreadPoolExecutor$ScheduledFutureTask.run(ScheduledT hreadPoolExecutor.java:307)
09-29 00:33:15.815 21361 21391 E PhenotypeFlagCommitter: at lbh.run(Unknown Source:2)
09-29 00:33:15.815 21361 21391 E PhenotypeFlagCommitter: at lbg.run(Unknown Source:0)
09-29 00:33:15.815 21361 21391 E PhenotypeFlagCommitter: at java.util.concurrent.ThreadPoolExecutor.runWorker(ThreadPoolExecutor.java:1145)
09-29 00:33:15.815 21361 21391 E PhenotypeFlagCommitter: at java.util.concurrent.ThreadPoolExecutor$Worker.run(ThreadPoolExecutor.java:644)
09-29 00:33:15.815 21361 21391 E PhenotypeFlagCommitter: at java.lang.Thread.run(Thread.java:1012)
09-29 00:33:15.815 21361 21391 E PhenotypeFlagCommitter: at lab.run(Unknown Source:5)
09-29 00:33:15.815 21361 21391 E PhenotypeFlagCommitter: Caused by: java.lang.SecurityException: GoogleCertificatesRslt: not allowed: pkg=com.google.android.GoogleCameraEngR18F1, sha256=[a40da80a59d170caa950cf15c18c454d47a39b26989d8b640ecd745ba71bf5dc], atk=false, ver=243734029.true (go/gsrlt)
09-29 00:33:15.815 21361 21391 E PhenotypeFlagCommitter: at android.os.Parcel.createExceptionOrNull(Parcel.java:2426)
09-29 00:33:15.815 21361 21391 E PhenotypeFlagCommitter: at android.os.Parcel.createException(Parcel.java:2410)
09-29 00:33:15.815 21361 21391 E PhenotypeFlagCommitter: at android.os.Parcel.readException(Parcel.java:2393)
09-29 00:33:15.815 21361 21391 E PhenotypeFlagCommitter: at android.os.Parcel.readException(Parcel.java:2335)
09-29 00:33:15.815 21361 21391 E PhenotypeFlagCommitter: at bmn.z(Unknown Source:10)
09-29 00:33:15.815 21361 21391 E PhenotypeFlagCommitter: at ktz.a(Unknown Source:38)
09-29 00:33:15.815 21361 21391 E PhenotypeFlagCommitter: at kjd.f(Unknown Source:10)
09-29 00:33:15.815 21361 21391 E PhenotypeFlagCommitter: at kkc.t(Unknown Source:9)
09-29 00:33:15.815 21361 21391 E PhenotypeFlagCommitter: at kkc.u(Unknown Source:22)
09-29 00:33:15.815 21361 21391 E PhenotypeFlagCommitter: at kkc.e(Unknown Source:15)
09-29 00:33:15.815 21361 21391 E PhenotypeFlagCommitter: at kkg.handleMessage(Unknown Source:920)
09-29 00:33:15.815 21361 21391 E PhenotypeFlagCommitter: at android.os.Handler.dispatchMessage(Handler.java:102)
09-29 00:33:15.815 21361 21391 E PhenotypeFlagCommitter: at ksg.b(Unknown Source:0)
09-29 00:33:15.815 21361 21391 E PhenotypeFlagCommitter: at ksg.dispatchMessage(Unknown Source:0)
09-29 00:33:15.815 21361 21391 E PhenotypeFlagCommitter: at android.os.Looper.loopOnce(Looper.java:210)
09-29 00:33:15.815 21361 21391 E PhenotypeFlagCommitter: at android.os.Looper.loop(Looper.java:299)
09-29 00:33:15.815 21361 21391 E PhenotypeFlagCommitter: at android.os.HandlerThread.run(HandlerThread.java:67)
09-29 00:33:15.816 21361 21374 I eCameraEngR18F: NativeAlloc concurrent copying GC freed 119537(5622KB) AllocSpace objects, 1(68KB) LOS objects, 49% free, 16MB/32MB, paused 642us,130us total 592.138ms
09-29 00:33:15.978 21361 22629 E native : E0929 00:33:15.959024 22629 jni_environment.cc:81] Failed to detach current thread from the JVM. JavaVM::DetachCurrentThread returned: -1
09-29 00:33:15.989 21361 21361 D DecorView[]: onWindowFocusChanged hasWindowFocus false
09-29 00:33:16.021 21361 21407 D AudioRecord: stop mSessionID=80169
09-29 00:33:16.021 21361 21407 D AudioRecord: stop(10155): 0x73d3083700, mActive:0
09-29 00:33:16.062 21361 21407 D AudioRecord: stop mSessionID=80169
09-29 00:33:16.062 21361 21407 D AudioRecord: stop(10155): 0x73d3083700, mActive:0
09-29 00:33:16.062 21361 21407 D AudioRecord: ~AudioRecord(10155): mStatus 0
09-29 00:33:16.062 21361 21407 D AudioRecord: stop mSessionID=80169
09-29 00:33:16.062 21361 21407 D AudioRecord: stop(10155): 0x73d3083700, mActive:0
09-29 00:33:16.077 21361 21361 I Choreographer: Skipped 36 frames! The application may be doing too much work on its main thread.
09-29 00:33:16.088 21361 21413 W BpBinder: Slow Binder: BpBinder transact took 517 ms, interface=android.hardware.camera2.ICameraDeviceUser, code=15 oneway=false
09-29 00:33:16.089 21361 21412 W eCameraEngR18F: Long monitor contention with owner Camera-Ex (21413) at void android.hardware.camera2.impl.CameraDeviceImpl.flush() (CameraDeviceImpl.java:1344) waiters=0 in void android.hardware.camera2.impl.CameraDeviceImpl$4.run() for 518ms
09-29 00:33:16.090 21361 21396 W eCameraEngR18F: Long monitor contention with owner Camera-Ex (21413) at void android.hardware.camera2.impl.CameraDeviceImpl.flush() (CameraDeviceImpl.java:1344) waiters=1 in void android.hardware.camera2.impl.CameraDeviceImpl$CameraDeviceCallbacks.onResultReceiv ed(android.hardware.camera2.impl.CameraMetadataNative, android.hardware.camera2.impl.CaptureResultExtras, android.hardware.camera2.impl.PhysicalCaptureResultInfo[]) for 513ms
09-29 00:33:16.090 21361 21413 D CameraExtImplXiaoMi: releaseCameraDevice: 0
09-29 00:33:16.136 21361 21445 E GoLog : E0929 00:33:15.959024 22629 jni_environment.cc:81] Failed to detach current thread from the JVM. JavaVM::DetachCurrentThread returned: -1
09-29 00:33:16.162 21361 21361 D DecorView[]: getWindowModeFromSystem windowmode is 1
09-29 00:33:16.165 21361 22524 I BufferQueueProducer: [GraphicBufferSource] (id:53710000001f,api:1,p:21361,c:21361) disconnect: api 1
09-29 00:33:16.168 21361 21361 D DecorView[]: updateDecorCaptionStatus displayWindowDecor is false
09-29 00:33:16.178 21361 22524 W GraphicBufferSource: released unpopulated slots: [0, 1, 2, 3, 4, 5, 6, 7, 8, 9, 10, 11, 12, 13, 14, 15, 16, 17, 18, 19, 20, 21, 22, 23, 24, 25, 26, 27, 28, 29, 30, 31, 32, 33, 34, 35, 36, 37, 38, 39, 40, 41, 42, 43, 44, 45, 46, 47, 48, 49, 50, 51, 52, 53, 54, 55, 56, 57, 58, 59, 60, 61, 62, 63]
09-29 00:33:16.357 21361 22536 D CCodecBufferChannel: [c2.android.aac.encoder#178] MediaCodec discarded an unknown buffer
09-29 00:33:16.357 21361 22536 D CCodecBufferChannel: [c2.android.aac.encoder#178] MediaCodec discarded an unknown buffer
09-29 00:33:16.357 21361 22536 D CCodecBufferChannel: [c2.android.aac.encoder#178] MediaCodec discarded an unknown buffer
09-29 00:33:16.400 21361 21361 W Looper : PerfMonitor doFrame : time=324ms vsyncFrame=0 latency=612ms procState=-1 historyMsgCount=53 (msgIndex=36 wall=156ms seq=3506 late=325ms h=android.app.ActivityThread$H w=159) (msgIndex=37 wall=164ms seq=3507 late=535ms h=android.os.Handler c=bwx) (msgIndex=43 wall=62ms seq=3513 late=626ms h=android.view.ViewRootImpl$ViewRootHandler w=6)
09-29 00:33:16.413 21361 22536 I hw-BpHwBinder: onLastStrongRef automatically unlinking death recipients
09-29 00:33:16.414 21361 22536 D BufferPoolAccessor2.0: bufferpool2 0x73acdc0828 : 0(0 size) total buffers - 0(0 size) used buffers - 0/5 (recycle/alloc) - 0/0 (fetch/transfer)
09-29 00:33:16.414 21361 22536 D BufferPoolAccessor2.0: Destruction - bufferpool2 0x73acdc0828 cached: 0/0M, 0/0% in use; allocs: 5, 0% recycled; transfers: 0, 0% unfetched
09-29 00:33:16.486 21361 21378 I OpenGLRenderer: Davey! duration=1004ms; Flags=0, FrameTimelineVsyncId=17434221, IntendedVsync=299855832784913, Vsync=299856432784925, InputEventId=0, HandleInputStart=299856445077178, AnimationStart=299856445079639, PerformTraversalsStart=299856445596255, DrawStart=299856551380639, FrameDeadline=299855869451580, FrameInterval=299856444876024, FrameStartTime=16666667, SyncQueued=299856638449178, SyncStart=299856638636332, IssueDrawCommandsStart=299856767459101, SwapBuffers=299856832712024, FrameCompleted=299856837204332, DequeueBufferDuration=54770, QueueBufferDuration=3481538, GpuCompleted=299856835768870, SwapBuffersCompleted=299856837204332, DisplayPresentTime=-4076749665826411827,
09-29 00:33:16.520 21361 21361 W CAM_A : isListed: unknown activity. mimeType=image/* className=com.facebook.lite.composer.activities.ShareIntentMultiPhotoAlphabeticalAl ias
09-29 00:33:16.521 21361 21361 W CAM_A : isListed: unknown activity. mimeType=image/* className=com.facebook.lite.composer.activities.ShareIntentMultiPhotoGroupsAlias
09-29 00:33:16.521 21361 21361 W CAM_A : isListed: unknown activity. mimeType=image/* className=com.instagram.share.handleractivity.ShareHandlerActivity
09-29 00:33:16.521 21361 21361 W CAM_A : isListed: unknown activity. mimeType=image/* className=com.instagram.share.handleractivity.ReelShareHandlerActivity
09-29 00:33:16.521 21361 21361 W CAM_A : isListed: unknown activity. mimeType=image/* className=com.instagram.direct.share.handler.DirectExternalMediaShareActivityPhotoI nterop
09-29 00:33:16.525 21361 21361 W CAM_A : isListed: unknown activity. mimeType=video/* className=com.facebook.lite.composer.activities.ShareIntentVideoGroupsAlias
09-29 00:33:16.525 21361 21361 W CAM_A : isListed: unknown activity. mimeType=video/* className=com.facebook.lite.composer.activities.ShareIntentVideoAlphabeticalAlias
09-29 00:33:16.525 21361 21361 W CAM_A : isListed: unknown activity. mimeType=video/* className=com.instagram.share.handleractivity.ShareHandlerActivity
09-29 00:33:16.525 21361 21361 W CAM_A : isListed: unknown activity. mimeType=video/* className=com.instagram.share.handleractivity.ReelShareHandlerActivity
09-29 00:33:16.525 21361 21361 W CAM_A : isListed: unknown activity. mimeType=video/* className=com.instagram.direct.share.handler.DirectExternalMediaShareActivityVideoI nterop
09-29 00:33:16.613 21361 22527 I BufferQueueConsumer: [GraphicBufferSource] (id:53710000001f,api:0,p:-1,c:21361) disconnect
09-29 00:33:16.614 21361 21361 I Choreographer: Skipped 32 frames! The application may be doing too much work on its main thread.
09-29 00:33:16.629 21361 22527 I hw-BpHwBinder: onLastStrongRef automatically unlinking death recipients
09-29 00:33:16.638 21361 21361 W Looper : PerfMonitor doFrame : time=23ms vsyncFrame=0 latency=535ms procState=-1 historyMsgCount=35 (msgIndex=1 wall=324ms seq=3524 late=612ms h=android.view.Choreographer$FrameHandler c=android.view.Choreographer$FrameDisplayEventReceiver) (msgIndex=12 wall=196ms seq=3535 late=833ms h=android.os.Handler c=ibc)
09-29 00:33:16.651 21361 22524 D libMEOW : meow delete tls: 0x73e98eec00
09-29 00:33:17.025 21361 21378 W libc : Access denied finding property "vendor.camera.aux.packagelist"
09-29 00:33:17.025 21361 21378 W CameraManagerGlobal: ignore the torch status update of camera: 20
09-29 00:33:17.026 21361 21378 W libc : Access denied finding property "vendor.camera.aux.packagelist"
09-29 00:33:17.026 21361 21378 W CameraManagerGlobal: ignore the torch status update of camera: 21
09-29 00:33:17.026 21361 21378 W libc : Access denied finding property "vendor.camera.aux.packagelist"
09-29 00:33:17.026 21361 21378 W CameraManagerGlobal: ignore the torch status update of camera: 22
09-29 00:33:17.026 21361 21378 W libc : Access denied finding property "vendor.camera.aux.packagelist"
09-29 00:33:17.026 21361 21378 W CameraManagerGlobal: ignore the torch status update of camera: 61
09-29 00:33:17.129 21361 21413 I BufferQueueProducer: [SurfaceView[com.google.android.GoogleCameraEngR18F1/com.google.android.apps.camera .legacy.app.activity.main.CameraActivity]#13(BLAST Consumer)13] (id:53710000001e,api:4,p:1223,c:21361) disconnect: api 4
09-29 00:33:17.138 21361 21413 I BufferQueueProducer: [ImageReader-640x480f23m52- 21361-12](id:53710000001c,api:4,p:1223,c:21361) disconnect: api 4
09-29 00:33:17.156 21361 21413 I BufferQueueProducer: [ImageReader-4208x3120f20m42- 21361-13](id:53710000001d,api:4,p:1223,c:21361) disconnect: api 4
09-29 00:33:17.187 21361 21378 E CameraManagerGlobal: Camera 61 is not available. Ignore physical camera status change
09-29 00:33:17.192 21361 21413 W BpBinder: Slow Binder: BpBinder transact took 1101 ms, interface=android.hardware.camera2.ICameraDeviceUser, code=1 oneway=false
09-29 00:33:17.196 21361 21396 W eCameraEngR18F: Long monitor contention with owner Camera-Ex (21413) at void android.hardware.camera2.impl.CameraDeviceImpl.close() (CameraDeviceImpl.java:1387) waiters=0 in void android.hardware.camera2.impl.CameraDeviceImpl$CameraDeviceCallbacks.onResultReceiv ed(android.hardware.camera2.impl.CameraMetadataNative, android.hardware.camera2.impl.CaptureResultExtras, android.hardware.camera2.impl.PhysicalCaptureResultInfo[]) for 1.105s
09-29 00:33:17.259 21361 21413 W CAM_VirtualCameraMgr: Failed to set audio restriction on camera device.
09-29 00:33:17.259 21361 21413 W CAM_VirtualCameraMgr: llv: java.lang.IllegalStateException: CameraDevice was already closed
09-29 00:33:17.259 21361 21413 W CAM_VirtualCameraMgr: at luw.a(Unknown Source:18)
09-29 00:33:17.259 21361 21413 W CAM_VirtualCameraMgr: at lzt.a(Unknown Source:2)
09-29 00:33:17.259 21361 21413 W CAM_VirtualCameraMgr: at lzt.a(Unknown Source:2)
09-29 00:33:17.259 21361 21413 W CAM_VirtualCameraMgr: at llg.a(Unknown Source:15)
09-29 00:33:17.259 21361 21413 W CAM_VirtualCameraMgr: at ljq.run(Unknown Source:32)
09-29 00:33:17.259 21361 21413 W CAM_VirtualCameraMgr: at pie.run(Unknown Source:2)
09-29 00:33:17.259 21361 21413 W CAM_VirtualCameraMgr: at pif.run(Unknown Source:75)
09-29 00:33:17.259 21361 21413 W CAM_VirtualCameraMgr: at java.util.concurrent.ThreadPoolExecutor.runWorker(ThreadPoolExecutor.java:1145)
09-29 00:33:17.259 21361 21413 W CAM_VirtualCameraMgr: at java.util.concurrent.ThreadPoolExecutor$Worker.run(ThreadPoolExecutor.java:644)
09-29 00:33:17.259 21361 21413 W CAM_VirtualCameraMgr: at java.lang.Thread.run(Thread.java:1012)
09-29 00:33:17.259 21361 21413 W CAM_VirtualCameraMgr: at lab.run(Unknown Source:5)
09-29 00:33:17.259 21361 21413 W CAM_VirtualCameraMgr: Caused by: java.lang.IllegalStateException: CameraDevice was already closed
09-29 00:33:17.259 21361 21413 W CAM_VirtualCameraMgr: at android.hardware.camera2.impl.CameraDeviceImpl.checkIfCameraClosedOrInError(CameraD eviceImpl.java:2386)
09-29 00:33:17.259 21361 21413 W CAM_VirtualCameraMgr: at android.hardware.camera2.impl.CameraDeviceImpl.getCameraAudioRestriction(CameraDevi ceImpl.java:2446)
09-29 00:33:17.259 21361 21413 W CAM_VirtualCameraMgr: at luw.a(Unknown Source:2)
09-29 00:33:17.259 21361 21413 W CAM_VirtualCameraMgr: ... 10 more
09-29 00:33:17.259 21361 21413 W CAM_VirtualCameraMgr: Failed to set audio restriction on camera device.
09-29 00:33:17.259 21361 21413 W CAM_VirtualCameraMgr: llv: java.lang.IllegalStateException: CameraDevice was already closed
09-29 00:33:17.259 21361 21413 W CAM_VirtualCameraMgr: at luw.a(Unknown Source:18)
09-29 00:33:17.259 21361 21413 W CAM_VirtualCameraMgr: at lzt.a(Unknown Source:2)
09-29 00:33:17.259 21361 21413 W CAM_VirtualCameraMgr: at lzt.a(Unknown Source:2)
09-29 00:33:17.259 21361 21413 W CAM_VirtualCameraMgr: at llg.a(Unknown Source:15)
09-29 00:33:17.259 21361 21413 W CAM_VirtualCameraMgr: at ljq.run(Unknown Source:32)
09-29 00:33:17.259 21361 21413 W CAM_VirtualCameraMgr: at pif.run(Unknown Source:75)
09-29 00:33:17.259 21361 21413 W CAM_VirtualCameraMgr: at java.util.concurrent.ThreadPoolExecutor.runWorker(ThreadPoolExecutor.java:1145)
09-29 00:33:17.259 21361 21413 W CAM_VirtualCameraMgr: at java.util.concurrent.ThreadPoolExecutor$Worker.run(ThreadPoolExecutor.java:644)
09-29 00:33:17.259 21361 21413 W CAM_VirtualCameraMgr: at java.lang.Thread.run(Thread.java:1012)
09-29 00:33:17.259 21361 21413 W CAM_VirtualCameraMgr: at lab.run(Unknown Source:5)
09-29 00:33:17.259 21361 21413 W CAM_VirtualCameraMgr: Caused by: java.lang.IllegalStateException: CameraDevice was already closed
09-29 00:33:17.259 21361 21413 W CAM_VirtualCameraMgr: at android.hardware.camera2.impl.CameraDeviceImpl.checkIfCameraClosedOrInError(CameraD eviceImpl.java:2386)
09-29 00:33:17.259 21361 21413 W CAM_VirtualCameraMgr: at android.hardware.camera2.impl.CameraDeviceImpl.getCameraAudioRestriction(CameraDevi ceImpl.java:2446)
09-29 00:33:17.259 21361 21413 W CAM_VirtualCameraMgr: at luw.a(Unknown Source:2)
09-29 00:33:17.259 21361 21413 W CAM_VirtualCameraMgr: ... 9 more
09-29 00:33:17.802 21361 21392 I GED : ged_boost_gpu_freq, level 100, eOrigin 2, final_idx 29, oppidx_max 29, oppidx_min 0
09-29 00:33:17.875 21361 21361 D MIUIInput: [KeyEvent] ViewRootImpl windowName 'com.google.android.GoogleCameraEngR18F1/com.google.android.apps.camera.legacy.app. activity.main.CameraActivity', KeyEvent { action=ACTION_DOWN, keyCode=KEYCODE_BACK, scanCode=0, metaState=0, flags=0x8, repeatCount=0, eventTime=299856552, downTime=299856552, deviceId=-1, source=0x101, displayId=0 }, phoneEventTime=00:33:16.184
09-29 00:33:17.875 21361 21361 D DecorView[]: onWindowFocusChanged hasWindowFocus true
09-29 00:33:17.889 21361 21361 D MIUIInput: [KeyEvent] ViewRootImpl windowName 'com.google.android.GoogleCameraEngR18F1/com.google.android.apps.camera.legacy.app. activity.main.CameraActivity', KeyEvent { action=ACTION_UP, keyCode=KEYCODE_BACK, scanCode=0, metaState=0, flags=0x8, repeatCount=0, eventTime=299856552, downTime=299856552, deviceId=-1, source=0x101, displayId=0 }, phoneEventTime=00:33:16.185
09-29 00:33:18.019 21361 21361 D DecorView[]: getWindowModeFromSystem windowmode is 1
09-29 00:33:18.019 21361 21361 D DecorView[]: updateDecorCaptionStatus displayWindowDecor is false
09-29 00:33:18.105 21361 21361 D DecorView[]: onWindowFocusChanged hasWindowFocus false
09-29 00:33:18.594 21361 21361 W CAM_A : Duplicate call to stopModule; skipping stop.
09-29 00:33:18.594 21361 21361 I BufferQueueProducer: [SurfaceView[com.google.android.GoogleCameraEngR18F1/com.google.android.apps.camera .legacy.app.activity.main.CameraActivity]#13(BLAST Consumer)13] (id:53710000001e,api:0,p:-1,c:21361) disconnect: api -1
09-29 00:33:18.600 21361 21361 I BLASTBufferQueue: [SurfaceView[com.google.android.GoogleCameraEngR18F1/com.google.android.apps.camera .legacy.app.activity.main.CameraActivity]#13] destructor()
09-29 00:33:18.600 21361 21361 I BufferQueueConsumer: [SurfaceView[com.google.android.GoogleCameraEngR18F1/com.google.android.apps.camera .legacy.app.activity.main.CameraActivity]#13(BLAST Consumer)13] (id:53710000001e,api:0,p:-1,c:21361) disconnect
09-29 00:33:18.606 21361 21392 I BufferQueueProducer: [ViewRootImpl[CameraActivity]#0(BLAST Consumer)0] (id:537100000002,api:1,p:21361,c:21361) disconnect: api 1
09-29 00:33:18.609 21361 21381 I BLASTBufferQueue: releaseBufferCallbackThunk bufferId:91744796410040 framenumber:110 blastBufferQueue is dead
09-29 00:33:19.125 21361 21361 W BpBinder: Slow Binder: BpBinder transact took 507 ms, interface=android.view.IWindowSession, code=5 oneway=false
09-29 00:33:19.126 21361 21361 I BLASTBufferQueue: [ViewRootImpl[CameraActivity]#0] destructor()
09-29 00:33:19.126 21361 21361 I BufferQueueConsumer: [ViewRootImpl[CameraActivity]#0(BLAST Consumer)0](id:537100000002,api:0,p:- 1,c:21361) disconnect
09-29 00:33:19.135 21361 21361 W Looper : PerfMonitor doFrame : time=562ms vsyncFrame=0 latency=1ms procState=-1
09-29 00:33:19.296 21361 21361 W CAM_A : Duplicate call to stopModule; skipping stop.
09-29 00:33:19.442 21361 21361 W Activity: PerfMonitor: Slow Operation: Activity com.google.android.GoogleCameraEngR18F1/com.google.android.apps.camera.legacy.app.a ctivity.main.CameraActivity onStop took 292ms
09-29 00:33:19.456 21361 21361 W Looper : PerfMonitor looperActivity : package=com.google.android.GoogleCameraEngR18F1/com.google.android.apps.camera.lega cy.app.activity.main.CameraActivity time=320ms latency=547ms running=0ms procState=-1 historyMsgCount=5 (msgIndex=1 wall=562ms seq=3630 late=1ms h=android.view.Choreographer$FrameHandler c=android.view.Choreographer$FrameDisplayEventReceiver)
09-29 00:33:19.510 21361 21396 I BLASTBufferQueue: releaseBufferCallbackThunk bufferId:91744796409866 framenumber:711 blastBufferQueue is dead
09-29 00:33:19.510 21361 21396 I BLASTBufferQueue: releaseBufferCallbackThunk bufferId:91744796410036 framenumber:130 blastBufferQueue is dead
09-29 00:33:21.415 21361 21570 D BufferPoolAccessor2.0: evictor expired: 1, evicted: 0
09-29 00:33:21.864 21361 21361 W BpBinder: Slow Binder: BpBinder transact took 375 ms, interface=android.app.INotificationManager, code=9 oneway=false
09-29 00:33:23.927 21361 21495 I BufferQueueConsumer: [ImageReader-4208x3120f20m42- 21361-13](id:53710000001d,api:0,p:-1,c:21361) disconnect
09-29 00:33:25.763 21361 24033 D libMEOW : meow new tls: 0x739cee6c00
09-29 00:33:25.764 21361 24033 D libMEOW : applied 1 plugins for [com.google.android.GoogleCameraEngR18F1]:
09-29 00:33:25.764 21361 24033 D libMEOW : plugin 1: [libMEOW_gift.so]:
09-29 00:33:25.835 21361 24033 I tflite : Replacing 975 node(s) with delegate (TfLiteGpuDelegate_New) node, yielding 1 partitions.
09-29 00:33:25.881 21361 21445 E GoLog : INFO: Replacing 975 node(s) with delegate (TfLiteGpuDelegate_New) node, yielding 1 partitions.
09-29 00:33:26.062 21361 24033 D OPENCL_ICD_LOADER: initCLTraceLevel sCLTraceLevel = 0
09-29 00:33:26.118 21361 24033 E tflite : TfLiteGpuDelegate: GL sharing is not supported
09-29 00:33:26.118 21361 24033 E tflite : TfLiteGpuDelegate: fast GL to CL sync is not supported
09-29 00:33:26.118 21361 21445 E GoLog : ERROR: TfLiteGpuDelegate: GL sharing is not supported
09-29 00:33:26.119 21361 21445 E GoLog : ERROR: TfLiteGpuDelegate: fast GL to CL sync is not supported
09-29 00:33:27.884 21361 24033 D libMEOW : meow delete tls: 0x739cee6c00
09-29 00:33:30.598 21361 21374 I eCameraEngR18F: Background young concurrent copying GC freed 87240(3961KB) AllocSpace objects, 11(700KB) LOS objects, 0% free, 41MB/41MB, paused 4.269ms,1.993ms total 463.570ms
09-29 00:33:31.034 21361 21374 I eCameraEngR18F: Background concurrent copying GC freed 21912(872KB) AllocSpace objects, 22(16MB) LOS objects, 49% free, 24MB/48MB, paused 1.963ms,451us total 430.568ms
09-29 00:33:31.062 21361 24695 W BpBinder: Slow Binder: BpBinder transact took 408 ms, interface=android.content.IContentProvider, code=20 oneway=false
09-29 00:33:31.123 21361 22516 D libMEOW : meow delete tls: 0x74b6624340
09-29 00:33:31.138 21361 22518 D libMEOW : meow delete tls: 0x74b5a39bc0
09-29 00:33:31.155 21361 22525 D libMEOW : meow delete tls: 0x73d304aa00
09-29 00:33:31.155 21361 21361 W CAM_A : Placeholder drawable removed: key=ShotId-0 evicted=false
09-29 00:33:31.229 21361 23181 D CompatibilityChangeReporter: Compat change id reported: 149924527; UID 10383; state: ENABLED
09-29 00:33:31.230 21361 23181 D CompatibilityChangeReporter: Compat change id reported: 132649864; UID 10383; state: DISABLED
09-29 00:33:31.235 21361 21392 I GED : ged_boost_gpu_freq, level 100, eOrigin 2, final_idx 29, oppidx_max 29, oppidx_min 0
09-29 00:33:31.626 21361 23181 D skia : stream getLength() not supported, use temp buffer for loading stream, buffer addr 0x742e564000 length 2617975
09-29 00:33:31.656 21361 23181 D skia : LoadInputStreamToMem va 0x742e564000 size 2620160
09-29 00:33:31.653 21361 21361 W glide-source-th: type=1400 audit(0.0:272543): avc: denied { search } for name="ppm" dev="proc" ino=4026531936 scontext=u:r:untrusted_app_29:s0:c127,c257,c512,c768 tcontext=u:object_r:proc_ppm:s0 tclass=dir permissive=0 app=com.google.android.GoogleCameraEngR18F1
09-29 00:33:31.718 21361 23181 D libjpeg-alpha: Huffman Builder run in subthread
09-29 00:33:31.719 21361 23181 D libjpeg-alpha: Tile Decoder (#thread:4, size:768 768 768 816x1040, alignment:256x16)
09-29 00:33:31.749 21361 21361 W glide-source-th: type=1400 audit(0.0:272544): avc: denied { search } for name="ppm" dev="proc" ino=4026531936 scontext=u:r:untrusted_app_29:s0:c127,c257,c512,c768 tcontext=u:object_r:proc_ppm:s0 tclass=dir permissive=0 app=com.google.android.GoogleCameraEngR18F1