Download as TXT, PDF, TXT or read online from Scribd
Download as txt, pdf, or txt
You are on page 1/ 130
org.json.
JSONException: No value for lancelot
at org.json.JSONObject.get(JSONObject.java:398)
at org.json.JSONObject.getJSONObject(JSONObject.java:618)
at android.util.MiuiMultiWindowUtils.initFreeFormResolutionArgsOfDevice(MiuiMultiWindo wUtils.java:1433)
at android.util.MiuiMultiWindowUtils.initFreeFormResolutionArgs(MiuiMultiWindowUtils.j ava:1427)
at android.util.MiuiMultiWindowUtils.<clinit>(MiuiMultiWindowUtils.java:209)
at com.android.internal.policy.DecorViewMultiWinStubImpl.<init>(DecorViewMultiWinStubI mpl.java:19)
at com.android.internal.policy.DecorViewMultiWinStubImpl$Provider.provideNewInstance(D ecorViewMultiWinStubImpl$Provider.java:14)
at com.android.internal.policy.DecorViewMultiWinStubImpl$Provider.provideNewInstance(D ecorViewMultiWinStubImpl$Provider.java:8)
at com.miui.base.MiuiStubRegistry.get(MiuiStubRegistry.java:129)
at com.miui.base.MiuiStubUtil.newInstance(MiuiStubUtil.java:77)
at com.android.internal.policy.DecorViewMultiWinStub.newInstance(DecorViewMultiWinStub .java:11)
at com.android.internal.policy.DecorView.<init>(DecorView.java:335)
at com.android.internal.policy.PhoneWindow.generateDecor(PhoneWindow.java:2380)
at com.android.internal.policy.PhoneWindow.installDecor(PhoneWindow.java:2760)
at com.android.internal.policy.PhoneWindow.getDecorView(PhoneWindow.java:2140)
at com.google.android.apps.camera.legacy.app.activity.main.CameraActivity.onCreate(Unk nown Source:611)
at android.app.Activity.performCreate(Activity.java:8163)
at android.app.Activity.performCreate(Activity.java:8130)
at android.app.Instrumentation.callActivityOnCreate(Instrumentation.java:1329)
at android.app.ActivityThread.performLaunchActivity(ActivityThread.java:3753)
at android.app.ActivityThread.handleLaunchActivity(ActivityThread.java:3947)
at android.app.servertransaction.LaunchActivityItem.execute(LaunchActivityItem.java:10 6)
at android.app.servertransaction.TransactionExecutor.executeCallbacks(TransactionExecu tor.java:135)
at android.app.servertransaction.TransactionExecutor.execute(TransactionExecutor.java: 95)
at android.app.ActivityThread$H.handleMessage(ActivityThread.java:2325)
at android.os.Handler.dispatchMessage(Handler.java:106)
at android.os.Looper.loopOnce(Looper.java:210)
at android.os.Looper.loop(Looper.java:299)
at android.app.ActivityThread.main(ActivityThread.java:8280)
at java.lang.reflect.Method.invoke(Native Method)
at com.android.internal.os.RuntimeInit$MethodAndArgsCaller.run(RuntimeInit.java:576)
at com.android.internal.os.ZygoteInit.main(ZygoteInit.java:1073) --------- beginning of main
09-29 00:32:24.527 21361 21401 D CameraExtStub: init android.hardware.camera2.impl.CameraExtImplXiaoMi
09-29 00:32:24.529 21361 21402 D CameraInjector: updateCloudCameraControllerInfoAsync: E
09-29 00:32:24.552 21361 21391 W AudioCapabilities: Unsupported mime audio/x-adpcm- dvi-ima
09-29 00:32:24.552 21361 21391 W AudioCapabilities: Unsupported mime audio/x-adpcm- dvi-ima
09-29 00:32:24.552 21361 21391 W AudioCapabilities: Unsupported mime audio/x-adpcm- ms
09-29 00:32:24.552 21361 21391 W AudioCapabilities: Unsupported mime audio/x-adpcm- ms
09-29 00:32:24.552 21361 21391 W AudioCapabilities: Unsupported mime audio/alac
09-29 00:32:24.552 21361 21402 D CameraInjector: updateCloudCameraControllerInfoAsync: X
09-29 00:32:24.552 21361 21391 W AudioCapabilities: Unsupported mime audio/alac
09-29 00:32:24.553 21361 21391 W AudioCapabilities: Unsupported mime audio/ape
09-29 00:32:24.553 21361 21391 W AudioCapabilities: Unsupported mime audio/ape
09-29 00:32:24.553 21361 21401 W libc : Access denied finding property "vendor.camera.aux.packagelist"
09-29 00:32:24.553 21361 21401 W CameraManagerGlobal: [soar.cts] ignore the status update of camera: 20
09-29 00:32:24.553 21361 21401 W libc : Access denied finding property "vendor.camera.aux.packagelist"
09-29 00:32:24.553 21361 21401 W CameraManagerGlobal: [soar.cts] ignore the status update of camera: 21
09-29 00:32:24.553 21361 21401 W libc : Access denied finding property "vendor.camera.aux.packagelist"
09-29 00:32:24.553 21361 21401 W CameraManagerGlobal: [soar.cts] ignore the status update of camera: 22
09-29 00:32:24.553 21361 21401 W libc : Access denied finding property "vendor.camera.aux.packagelist"
09-29 00:32:24.553 21361 21401 W CameraManagerGlobal: [soar.cts] ignore the status update of camera: 61
09-29 00:32:24.554 21361 21401 W libc : Access denied finding property "vendor.camera.aux.packagelist"
09-29 00:32:24.554 21361 21396 W libc : Access denied finding property "vendor.camera.aux.packagelist"
09-29 00:32:24.554 21361 21396 W CameraManagerGlobal: ignore the torch status update of camera: 20 --------- beginning of system
09-29 00:32:24.554 21361 21361 D ViewScrollStubImpl: the value of mScrollFrictionRes is: 0.015
09-29 00:32:24.555 21361 21379 W libc : Access denied finding property "vendor.camera.aux.packagelist"
09-29 00:32:24.555 21361 21379 W CameraManagerGlobal: ignore the torch status update of camera: 21
09-29 00:32:24.555 21361 21379 W libc : Access denied finding property "vendor.camera.aux.packagelist"
09-29 00:32:24.555 21361 21379 W CameraManagerGlobal: ignore the torch status update of camera: 22
09-29 00:32:24.555 21361 21379 W libc : Access denied finding property "vendor.camera.aux.packagelist"
09-29 00:32:24.555 21361 21379 W CameraManagerGlobal: ignore the torch status update of camera: 61
09-29 00:32:24.566 21361 21361 D MiuiMultiWindowUtils: freeform resolution args raw data:{ "zizhan":{ "freeform_args": { "inner":{ "vertical_portrait": {"aspect_ratio":0.626, "original_ratio":0.5643,"original_scale":0.74,"top_margin":0.168,"left_margin":0.48 4}, "horizontal_portrait":{"aspect_ratio":0.626, "original_ratio":0.5643,"original_scale":0.74,"top_margin":0.1222,"left_margin":0.5 9745}, "vertical_landscape":{"aspect_ratio":1.6, "original_ratio":1,"original_scale":0.604,"top_margin":0.2596,"left_margin":0.2624} , "horizontal_landscape":{"aspect_ratio":1.6, "original_ratio":1,"original_scale":0.604,"top_margin":0.213,"left_margin":0.3758} }, "outer":{ "vertical_portrait":{"aspect_ratio":0.626, "original_ratio":1,"original_scale":0.74,"top_margin":0.0753,"left_margin":-1}, "horizontal_portrait":{"aspect_ratio":0.626, "original_ratio":1,"original_scale":0.5756,"top_margin":-1,"left_margin":0.0753}, "vertical_landscape":{"aspect_ratio":1.6, "original_ratio":0.6847,"original_scale":0.587,"top_margin":0.0753,"left_margin":- 1}, "horizontal_landscape":{"aspect_ratio":1.6, "original_ratio":0.6847,"original_scale":0.587,"top_margin":- 1,"left_margin":0.0753}} }, "mini_freeform_args":{ "inner": { "vertical_portrait":{"aspect_ratio":0.626, "original_ratio":0.147}, "horizontal_portrait":{"aspect_ratio":0.626, "original_ratio":0.147}, "vertical_landscape":{"aspect_ratio":1.6, "original_ratio":0.165}, "horizontal_landscape":{"aspect_ratio":1.6, "original_ratio":0.165} }, "outer":{ "vertical_portrait":{"aspect_ratio":0.626, "original_ratio":0.26}, "horizontal_portrait":{"aspect_ratio":0.626, "original_ratio":0.26}, "vertical_landscape":{"aspect_ratio":1.6, "original_ratio":0.293}, "horizontal_landscape":{"aspect_ratio":1.6, "original_ratio":0.293}} } }, "wide_default":{ "freeform_args": { "vertical_portrait": {"aspect_ratio":0.625, "original_ratio":0.58,"original_scale":0.7574,"top_margin":0.125,"left_margin":-1}, "horizontal_portrait":{"aspect_ratio":0.625, "original_ratio":0.58,"original_scale":0.7574,"top_margin":- 1,"left_margin":0.0714}, "vertical_landscape":{"aspect_ratio":1.6, "original_ratio":1,"original_scale":0.5153,"top_margin":0.125,"left_margin":-1}, "horizontal_landscape":{"aspect_ratio":1.6, "original_ratio":1,"original_scale":0.5153,"top_margin":-1,"left_margin":0.0714} }, "mini_freeform_args":{ "vertical_portrait":{"aspect_ratio":0.5625, "original_ratio":0.144}, "horizontal_portrait":{"aspect_ratio":0.5625, "original_ratio":0.144}, "vertical_landscape":{"aspect_ratio":-1, "original_ratio":0.144}, "horizontal_landscape":{"aspect_ratio":-1, "original_ratio":0.144} } }, "narrow_default": { "freeform_args": { "vertical_portrait":{"aspect_ratio":0.5625, "original_ratio":1,"original_scale":0.7182,"top_margin":0.142,"left_margin":-1}, "horizontal_portrait":{"aspect_ratio":0.8, "original_ratio":1,"original_scale":0.7182,"top_margin":-1,"left_margin":0.05}, "vertical_landscape":{"aspect_ratio":1.6, "original_ratio":0.6545,"original_scale":0.4473,"top_margin":0.142,"left_margin":- 1}, "horizontal_landscape":{"aspect_ratio":1.6, "original_ratio":0.6545,"original_scale":0.4473,"top_margin":-1,"left_margin":0.05} }, "mini_freeform_args":{ "vertical_portrait":{"aspect_ratio":0.5625, "original_ratio":0.3}, "horizontal_portrait":{"aspect_ratio":0.5625, "original_ratio":0.3}, "vertical_landscape":{"aspect_ratio":1.7778, "original_ratio":0.3}, "horizontal_landscape":{"aspect_ratio":1.7778, "original_ratio":0.3} } }, "regular_default": { "freeform_args": { "vertical_portrait":{"aspect_ratio":0.625, "original_ratio":1,"original_scale":0.7,"top_margin":0.109,"left_margin":-1}, "horizontal_portrait":{"aspect_ratio":0.6667, "original_ratio":1,"original_scale":0.6102,"top_margin":-1,"left_margin":0.026}, "vertical_landscape":{"aspect_ratio
09-29 00:32:24.566 21361 21405 D CameraManager2: GotArray:0
09-29 00:32:24.566 21361 21405 D CameraManager2: GotArray:1
09-29 00:32:24.566 21361 21405 D CameraManager2: GotArray:20
09-29 00:32:24.566 21361 21405 D CameraManager2: GotArray:21
09-29 00:32:24.568 21361 21407 D CameraManager2: GotArray:0
09-29 00:32:24.568 21361 21407 D CameraManager2: GotArray:1
09-29 00:32:24.568 21361 21407 D CameraManager2: GotArray:20
09-29 00:32:24.568 21361 21407 D CameraManager2: GotArray:21
09-29 00:32:24.571 21361 21361 D IS_CTS_MODE: false
09-29 00:32:24.571 21361 21361 D MULTI_WINDOW_SWITCH_ENABLED: false
09-29 00:32:24.572 21361 21361 D IS_CTS_MODE: false
09-29 00:32:24.572 21361 21361 D MULTI_WINDOW_SWITCH_ENABLED: false
09-29 00:32:24.573 21361 21391 W VideoCapabilities: Unsupported mime video/x-ms-wmv
09-29 00:32:24.573 21361 21391 W VideoCapabilities: Unsupported mime video/x-ms-wmv
09-29 00:32:24.576 21361 21361 D DecorView[]: getWindowModeFromSystem windowmode is 1
09-29 00:32:24.583 21361 21407 D CameraManager2: GotArray:0
09-29 00:32:24.583 21361 21407 D CameraManager2: GotArray:1
09-29 00:32:24.583 21361 21407 D CameraManager2: GotArray:20
09-29 00:32:24.583 21361 21407 D CameraManager2: GotArray:21
09-29 00:32:24.587 21361 21407 I CameraManager: zyk get pkg namecom.google.android.GoogleCameraEngR18F1
09-29 00:32:24.589 21361 21407 D CameraManager2: GotArray:0
09-29 00:32:24.589 21361 21407 D CameraManager2: GotArray:1
09-29 00:32:24.589 21361 21407 D CameraManager2: GotArray:20
09-29 00:32:24.589 21361 21407 D CameraManager2: GotArray:21
09-29 00:32:24.590 21361 21407 I CameraManager: zyk get pkg namecom.google.android.GoogleCameraEngR18F1
09-29 00:32:24.593 21361 21391 D CameraManager2: GotArray:0
09-29 00:32:24.593 21361 21391 D CameraManager2: GotArray:1
09-29 00:32:24.593 21361 21391 D CameraManager2: GotArray:20
09-29 00:32:24.593 21361 21391 D CameraManager2: GotArray:21
09-29 00:32:24.597 21361 21407 D CameraManager2: GotArray:0
09-29 00:32:24.597 21361 21407 D CameraManager2: GotArray:1
09-29 00:32:24.597 21361 21407 D CameraManager2: GotArray:20
09-29 00:32:24.597 21361 21407 D CameraManager2: GotArray:21
09-29 00:32:24.612 21361 21391 W CAM_A : Build number (V13.0.1.0.SJCIDXM) is not a number. Ignoring version check for b/149569689.
09-29 00:32:24.612 21361 21413 I CameraManager: zyk get pkg namecom.google.android.GoogleCameraEngR18F1
09-29 00:32:24.613 21361 21413 W libc : Access denied finding property "persist.vendor.camera.privapp.list"
09-29 00:32:24.613 21361 21413 D CameraExtImplXiaoMi: initCameraDevice: 0
09-29 00:32:24.625 21361 21379 E CameraManagerGlobal: Camera 61 is not available. Ignore physical camera status change
09-29 00:32:24.640 21361 21379 W libc : Access denied finding property "vendor.camera.aux.packagelist"
09-29 00:32:24.641 21361 21379 W CameraManagerGlobal: ignore the torch status update of camera: 20
09-29 00:32:24.644 21361 21379 W libc : Access denied finding property "vendor.camera.aux.packagelist"
09-29 00:32:24.644 21361 21379 W CameraManagerGlobal: ignore the torch status update of camera: 21
09-29 00:32:24.646 21361 21407 I BufferQueueConsumer: [](id:537100000000,api:0,p:- 1,c:21361) connect: controlledByApp=true
09-29 00:32:24.646 21361 21379 W libc : Access denied finding property "vendor.camera.aux.packagelist"
09-29 00:32:24.646 21361 21379 W CameraManagerGlobal: ignore the torch status update of camera: 22
09-29 00:32:24.646 21361 21379 W libc : Access denied finding property "vendor.camera.aux.packagelist"
09-29 00:32:24.646 21361 21379 W CameraManagerGlobal: ignore the torch status update of camera: 61
09-29 00:32:24.648 21361 21407 I SurfaceFactory: [static] sSurfaceFactory = com.mediatek.view.impl.SurfaceFactoryImpl@2d3ce4e
09-29 00:32:24.653 21361 21407 I BufferQueueConsumer: [](id:537100000001,api:0,p:- 1,c:21361) connect: controlledByApp=true
09-29 00:32:24.674 21361 21407 D CameraManager2: GotArray:0
09-29 00:32:24.674 21361 21407 D CameraManager2: GotArray:1
09-29 00:32:24.674 21361 21407 D CameraManager2: GotArray:20
09-29 00:32:24.674 21361 21407 D CameraManager2: GotArray:21
09-29 00:32:24.704 21361 21413 D hw-ProcessState: Binder ioctl to enable oneway spam detection failed: Invalid argument
09-29 00:32:24.704 21361 21413 I BufferQueueProducer: [ImageReader-640x480f23m52- 21361-0](id:537100000000,api:4,p:1223,c:21361) connect: api=4 producerControlledByApp=false
09-29 00:32:24.709 21361 21413 I BufferQueueProducer: [ImageReader-4208x3120f20m42- 21361-1](id:537100000001,api:4,p:1223,c:21361) connect: api=4 producerControlledByApp=false
09-29 00:32:24.751 21361 21407 D CameraManager2: GotArray:0
09-29 00:32:24.751 21361 21407 D CameraManager2: GotArray:1
09-29 00:32:24.751 21361 21407 D CameraManager2: GotArray:20
09-29 00:32:24.751 21361 21407 D CameraManager2: GotArray:21
09-29 00:32:24.782 21361 21407 W CAM_SimpleReqProcessor: Failed to add Stream-1 to CaptureRequest for Request-0. The surface (null) was not valid.
09-29 00:32:24.782 21361 21407 W CAM_SimpleReqProcessor: Failed to submit a CaptureRequest for Request-0: There were no surfaces on the request.
09-29 00:32:24.784 21361 21407 W CAM_SimpleReqProcessor: Failed to add Stream-1 to CaptureRequest for Request-1. The surface (null) was not valid.
09-29 00:32:24.794 21361 21361 I DeezNuts: MSG: SLIDER 1 FOCUS: 1.0E-4
09-29 00:32:24.794 21361 21361 I ProReC : setprogres0
09-29 00:32:24.795 21361 21361 I DeezNuts: MSG: SLIDER 0 IDX: 0
09-29 00:32:24.795 21361 21361 I ProReC : setprogres_iso0
09-29 00:32:24.796 21361 21379 E ion : ioctl c0044901 failed with code -1: Invalid argument
09-29 00:32:24.796 21361 21361 I za.defcomk.prorec.cust2.RotSeek: setprogres_iso0
09-29 00:32:24.797 21361 21407 W CAM_SimpleReqProcessor: Failed to add Stream-1 to CaptureRequest for Request-2. The surface (null) was not valid.
09-29 00:32:24.798 21361 21361 D CompatibilityChangeReporter: Compat change id reported: 171228096; UID 10383; state: ENABLED
09-29 00:32:24.809 21361 21407 W CAM_SimpleReqProcessor: Failed to add Stream-1 to CaptureRequest for Request-3. The surface (null) was not valid.
09-29 00:32:24.819 21361 21407 W CAM_SimpleReqProcessor: Failed to add Stream-1 to CaptureRequest for Request-4. The surface (null) was not valid.
09-29 00:32:24.825 21361 21407 W CAM_SimpleReqProcessor: Failed to add Stream-1 to CaptureRequest for Request-5. The surface (null) was not valid.
09-29 00:32:24.830 21361 21407 W CAM_A : UI view not yet initialized
09-29 00:32:24.830 21361 21501 W CAM_SimpleReqProcessor: Failed to add Stream-1 to CaptureRequest for Request-6. The surface (null) was not valid.
09-29 00:32:24.838 21361 21501 W CAM_SimpleReqProcessor: Failed to add Stream-1 to CaptureRequest for Request-7. The surface (null) was not valid.
09-29 00:32:24.846 21361 21501 W CAM_SimpleReqProcessor: Failed to add Stream-1 to CaptureRequest for Request-8. The surface (null) was not valid.
09-29 00:32:24.859 21361 21401 D skia : SkJpegCodec::onGetPixels +
09-29 00:32:24.860 21361 21401 E ion : ioctl c0044901 failed with code -1: Invalid argument
09-29 00:32:24.860 21361 21401 D skia : stream getLength() not supported, use temp buffer for loading stream, buffer addr 0x743ec65000 length 263828
09-29 00:32:24.861 21361 21401 D skia : LoadInputStreamToMem va 0x743ec65000 size 266112
09-29 00:32:24.857 21361 21361 W GcaGeneric-2: type=1400 audit(0.0:272383): avc: denied { search } for name="ppm" dev="proc" ino=4026531936 scontext=u:r:untrusted_app_29:s0:c127,c257,c512,c768 tcontext=u:object_r:proc_ppm:s0 tclass=dir permissive=0 app=com.google.android.GoogleCameraEngR18F1
09-29 00:32:24.862 21361 21401 D libjpeg-alpha: Huffman Builder run in subthread
09-29 00:32:24.862 21361 21401 D libjpeg-alpha: Tile Decoder (#thread:4, size:256 256 256 312x480, alignment:256x16)
09-29 00:32:24.857 21361 21361 W GcaGeneric-2: type=1400 audit(0.0:272384): avc: denied { search } for name="ppm" dev="proc" ino=4026531936 scontext=u:r:untrusted_app_29:s0:c127,c257,c512,c768 tcontext=u:object_r:proc_ppm:s0 tclass=dir permissive=0 app=com.google.android.GoogleCameraEngR18F1
09-29 00:32:24.873 21361 21361 E MsyncFactory: [static] ClassNotFoundException
09-29 00:32:24.873 21361 21361 E MsyncFactory: java.lang.ClassNotFoundException: com.mediatek.view.impl.MsyncFactoryImpl
09-29 00:32:24.873 21361 21361 E MsyncFactory: at java.lang.Class.classForName(Native Method)
09-29 00:32:24.873 21361 21361 E MsyncFactory: at java.lang.Class.forName(Class.java:536)
09-29 00:32:24.873 21361 21361 E MsyncFactory: at java.lang.Class.forName(Class.java:467)
09-29 00:32:24.873 21361 21361 E MsyncFactory: at com.mediatek.view.MsyncFactory.<clinit>(MsyncFactory.java:14)
09-29 00:32:24.873 21361 21361 E MsyncFactory: at android.view.ViewRootImpl.<init>(ViewRootImpl.java:763)
09-29 00:32:24.873 21361 21361 E MsyncFactory: at android.view.ViewRootImpl.<init>(ViewRootImpl.java:859)
09-29 00:32:24.873 21361 21361 E MsyncFactory: at android.view.WindowManagerGlobal.addView(WindowManagerGlobal.java:393)
09-29 00:32:24.873 21361 21361 E MsyncFactory: at android.view.WindowManagerImpl.addView(WindowManagerImpl.java:134)
09-29 00:32:24.873 21361 21361 E MsyncFactory: at android.app.ActivityThread.handleResumeActivity(ActivityThread.java:5012)
09-29 00:32:24.873 21361 21361 E MsyncFactory: at android.app.servertransaction.ResumeActivityItem.execute(ResumeActivityItem.java:54 )
09-29 00:32:24.873 21361 21361 E MsyncFactory: at android.app.servertransaction.ActivityTransactionItem.execute(ActivityTransactionIt em.java:45)
09-29 00:32:24.873 21361 21361 E MsyncFactory: at android.app.servertransaction.TransactionExecutor.executeLifecycleState(Transaction Executor.java:176)
09-29 00:32:24.873 21361 21361 E MsyncFactory: at android.app.servertransaction.TransactionExecutor.execute(TransactionExecutor.java: 97)
09-29 00:32:24.873 21361 21361 E MsyncFactory: at android.app.ActivityThread$H.handleMessage(ActivityThread.java:2325)
09-29 00:32:24.873 21361 21361 E MsyncFactory: at android.os.Handler.dispatchMessage(Handler.java:106)
09-29 00:32:24.873 21361 21361 E MsyncFactory: at android.os.Looper.loopOnce(Looper.java:210)
09-29 00:32:24.873 21361 21361 E MsyncFactory: at android.os.Looper.loop(Looper.java:299)
09-29 00:32:24.873 21361 21361 E MsyncFactory: at android.app.ActivityThread.main(ActivityThread.java:8280)
09-29 00:32:24.873 21361 21361 E MsyncFactory: at java.lang.reflect.Method.invoke(Native Method)
09-29 00:32:24.873 21361 21361 E MsyncFactory: at com.android.internal.os.RuntimeInit$MethodAndArgsCaller.run(RuntimeInit.java:576)
09-29 00:32:24.873 21361 21361 E MsyncFactory: at com.android.internal.os.ZygoteInit.main(ZygoteInit.java:1073)
09-29 00:32:24.873 21361 21361 E MsyncFactory: Caused by: java.lang.ClassNotFoundException: com.mediatek.view.impl.MsyncFactoryImpl
09-29 00:32:24.873 21361 21361 E MsyncFactory: ... 21 more
09-29 00:32:24.873 21361 21361 I MsyncFactory: [static] sMsyncFactory = com.mediatek.view.MsyncFactory@985ecbd
09-29 00:32:24.875 21361 21401 D skia : SkJpegCodec::onGetPixels -
09-29 00:32:24.880 21361 21361 D ViewRootImpl[CameraActivity]: hardware acceleration = true, sRendererEnabled = true, forceHwAccelerated = false
09-29 00:32:24.881 21361 21361 D DecorView[]: getWindowModeFromSystem windowmode is 1
09-29 00:32:24.881 21361 21361 D DecorView[]: updateDecorCaptionStatus displayWindowDecor is false
09-29 00:32:24.889 21361 21361 D libMEOW : meow new tls: 0x7428fdba40
09-29 00:32:24.889 21361 21361 D libMEOW : applied 1 plugins for [com.google.android.GoogleCameraEngR18F1]:
09-29 00:32:24.889 21361 21361 D libMEOW : plugin 1: [libMEOW_gift.so]:
09-29 00:32:24.906 21361 21361 D DecorView[]: getWindowModeFromSystem windowmode is 1
09-29 00:32:24.906 21361 21361 D DecorView[]: updateDecorCaptionStatus displayWindowDecor is false
09-29 00:32:24.908 21361 21405 D CameraManager2: GotArray:0
09-29 00:32:24.908 21361 21405 D CameraManager2: GotArray:1
09-29 00:32:24.908 21361 21405 D CameraManager2: GotArray:20
09-29 00:32:24.908 21361 21405 D CameraManager2: GotArray:21
09-29 00:32:24.915 21361 21361 I BufferQueueConsumer: [](id:537100000002,api:0,p:- 1,c:21361) connect: controlledByApp=false
09-29 00:32:24.917 21361 21361 I BLASTBufferQueue: [ViewRootImpl[CameraActivity]#0] constructor()
09-29 00:32:24.918 21361 21392 D libMEOW : meow new tls: 0x74b5dcb900
09-29 00:32:24.918 21361 21392 D libMEOW : applied 1 plugins for [com.google.android.GoogleCameraEngR18F1]:
09-29 00:32:24.918 21361 21392 D libMEOW : plugin 1: [libMEOW_gift.so]:
09-29 00:32:24.927 21361 21392 E OpenGLRenderer: Device claims wide gamut support, cannot find matching config, error = EGL_SUCCESS
09-29 00:32:24.927 21361 21392 W OpenGLRenderer: Failed to initialize 101010-2 format, error = EGL_SUCCESS
09-29 00:32:24.939 21361 21392 I BufferQueueProducer: [ViewRootImpl[CameraActivity]#0(BLAST Consumer)0] (id:537100000002,api:1,p:21361,c:21361) connect: api=1 producerControlledByApp=true
09-29 00:32:24.949 21361 21392 D hw-ProcessState: Binder ioctl to enable oneway spam detection failed: Invalid argument
09-29 00:32:24.988 21361 21392 E OpenGLRenderer: fbcNotifyFrameComplete error: undefined symbol: fbcNotifyFrameComplete
09-29 00:32:24.988 21361 21392 E OpenGLRenderer: fbcNotifyNoRender error: undefined symbol: fbcNotifyNoRender
09-29 00:32:24.990 21361 21401 I tflite : Initialized TensorFlow Lite runtime.
09-29 00:32:24.990 21361 21445 E GoLog : INFO: Initialized TensorFlow Lite runtime.
09-29 00:32:24.991 21361 21389 W ProtoDataStoreFlagStore: Unable to retrieve flag snapshot for com.google.android.libraries.consentverifier#com.google.android.GoogleCameraEngR18F 1, using defaults.
09-29 00:32:24.991 21361 21401 W libc : Access denied finding property "ro.hardware.chipname"
09-29 00:32:24.992 21361 21401 I tflite : Created TensorFlow Lite XNNPACK delegate for CPU.
09-29 00:32:24.992 21361 21401 I tflite : Replacing 5 node(s) with delegate (TfLiteXNNPackDelegate) node, yielding 1 partitions.
09-29 00:32:24.993 21361 21445 E GoLog : INFO: Created TensorFlow Lite XNNPACK delegate for CPU.
09-29 00:32:24.993 21361 21445 E GoLog : INFO: Replacing 5 node(s) with delegate (TfLiteXNNPackDelegate) node, yielding 1 partitions.
09-29 00:32:25.004 21361 21361 W CAM_SimpleReqProcessor: Failed to add Stream-1 to CaptureRequest for Request-9. The surface (null) was not valid.
09-29 00:32:25.016 21361 21391 D AudioRecord: set(): 0x74bd61a500, inputSource 5, sampleRate 48000, format 0x1, channelMask 0xc, frameCount 19200, notificationFrames 0, sessionId 0, transferType 0, flags 0, identity AttributionSourceState{pid: -1, uid: 10383, packageName: com.google.android.GoogleCameraEngR18F1, attributionTag: (null), token: , renouncedPermissions: (null), next: []} uid -1, pid -1
09-29 00:32:25.017 21361 21433 W CAM_A : UNINITIALIZED > rel Δ(result sensor timestamp) = 3,97 > 0,25
09-29 00:32:25.018 21361 21361 W CAM_A : Was already registered as ThermalStatusListener on AppStart
09-29 00:32:25.059 21361 21433 W CameraMetadataJV: Expect face scores and rectangles to be non-null
09-29 00:32:25.078 21361 21361 W FontsContract: Platform version of downloadable fonts is deprecated. Please use androidx version instead.
09-29 00:32:25.078 21361 21391 D AudioRecord: openRecord_l: 0x74bd61a500, mCblk = 0x749f411000
09-29 00:32:25.093 21361 21539 D libMEOW : meow new tls: 0x74b5a05d40
09-29 00:32:25.093 21361 21539 D libMEOW : applied 1 plugins for [com.google.android.GoogleCameraEngR18F1]:
09-29 00:32:25.093 21361 21539 D libMEOW : plugin 1: [libMEOW_gift.so]:
09-29 00:32:25.099 21361 21433 W CameraMetadataJV: Expect face scores and rectangles to be non-null
09-29 00:32:25.140 21361 21361 D CameraManager2: GotArray:0
09-29 00:32:25.140 21361 21361 D CameraManager2: GotArray:1
09-29 00:32:25.140 21361 21361 D CameraManager2: GotArray:20
09-29 00:32:25.140 21361 21361 D CameraManager2: GotArray:21
09-29 00:32:25.144 21361 21361 D CameraManager2: GotArray:0
09-29 00:32:25.144 21361 21361 D CameraManager2: GotArray:1
09-29 00:32:25.144 21361 21361 D CameraManager2: GotArray:20
09-29 00:32:25.144 21361 21361 D CameraManager2: GotArray:21
09-29 00:32:25.147 21361 21361 D CameraManager2: GotArray:0
09-29 00:32:25.147 21361 21361 D CameraManager2: GotArray:1
09-29 00:32:25.147 21361 21361 D CameraManager2: GotArray:20
09-29 00:32:25.147 21361 21361 D CameraManager2: GotArray:21
09-29 00:32:25.150 21361 21361 D CameraManager2: GotArray:0
09-29 00:32:25.150 21361 21361 D CameraManager2: GotArray:1
09-29 00:32:25.150 21361 21361 D CameraManager2: GotArray:20
09-29 00:32:25.150 21361 21361 D CameraManager2: GotArray:21
09-29 00:32:25.175 21361 21433 W CameraMetadataJV: Expect face scores and rectangles to be non-null
09-29 00:32:25.177 21361 21361 D CameraManager2: GotArray:0
09-29 00:32:25.177 21361 21361 D CameraManager2: GotArray:1
09-29 00:32:25.177 21361 21361 D CameraManager2: GotArray:20
09-29 00:32:25.177 21361 21361 D CameraManager2: GotArray:21
09-29 00:32:25.226 21361 21501 W CAM_SimpleReqProcessor: Failed to add Stream-1 to CaptureRequest for Request-10. The surface (null) was not valid.
09-29 00:32:25.231 21361 21501 W CAM_SimpleReqProcessor: Failed to add Stream-1 to CaptureRequest for Request-11. The surface (null) was not valid.
09-29 00:32:25.234 21361 21361 D CameraManager2: GotArray:0
09-29 00:32:25.234 21361 21361 D CameraManager2: GotArray:1
09-29 00:32:25.234 21361 21361 D CameraManager2: GotArray:20
09-29 00:32:25.234 21361 21361 D CameraManager2: GotArray:21
09-29 00:32:25.235 21361 21361 D CameraManager2: GotArray:0
09-29 00:32:25.235 21361 21361 D CameraManager2: GotArray:1
09-29 00:32:25.235 21361 21361 D CameraManager2: GotArray:20
09-29 00:32:25.235 21361 21361 D CameraManager2: GotArray:21
09-29 00:32:25.238 21361 21361 D CameraManager2: GotArray:0
09-29 00:32:25.238 21361 21361 D CameraManager2: GotArray:1
09-29 00:32:25.238 21361 21361 D CameraManager2: GotArray:20
09-29 00:32:25.238 21361 21361 D CameraManager2: GotArray:21
09-29 00:32:25.239 21361 21361 D CameraManager2: GotArray:0
09-29 00:32:25.239 21361 21361 D CameraManager2: GotArray:1
09-29 00:32:25.239 21361 21361 D CameraManager2: GotArray:20
09-29 00:32:25.239 21361 21361 D CameraManager2: GotArray:21
09-29 00:32:25.248 21361 21361 W FontsContract: Platform version of downloadable fonts is deprecated. Please use androidx version instead.
09-29 00:32:25.264 21361 21361 W CAM_A : ModeSwitcher WAS ALREADY ENABLED!
09-29 00:32:25.266 21361 21361 D CameraManager2: GotArray:0
09-29 00:32:25.266 21361 21361 D CameraManager2: GotArray:1
09-29 00:32:25.266 21361 21361 D CameraManager2: GotArray:20
09-29 00:32:25.266 21361 21361 D CameraManager2: GotArray:21
09-29 00:32:25.267 21361 21361 D CameraManager2: GotArray:0
09-29 00:32:25.267 21361 21361 D CameraManager2: GotArray:1
09-29 00:32:25.267 21361 21361 D CameraManager2: GotArray:20
09-29 00:32:25.267 21361 21361 D CameraManager2: GotArray:21
09-29 00:32:25.269 21361 21361 D CameraManager2: GotArray:0
09-29 00:32:25.269 21361 21361 D CameraManager2: GotArray:1
09-29 00:32:25.269 21361 21361 D CameraManager2: GotArray:20
09-29 00:32:25.269 21361 21361 D CameraManager2: GotArray:21
09-29 00:32:25.298 21361 21501 W CAM_SimpleReqProcessor: Failed to add Stream-1 to CaptureRequest for Request-12. The surface (null) was not valid.
09-29 00:32:25.309 21361 21501 W CAM_SimpleReqProcessor: Failed to add Stream-1 to CaptureRequest for Request-13. The surface (null) was not valid.
09-29 00:32:25.323 21361 21361 D DecorView[]: getWindowModeFromSystem windowmode is 1
09-29 00:32:25.323 21361 21361 D DecorView[]: updateDecorCaptionStatus displayWindowDecor is false
09-29 00:32:25.328 21361 21433 W CameraMetadataJV: Expect face scores and rectangles to be non-null
09-29 00:32:25.328 21361 21433 W CAM_A : UNINITIALIZED > abs Δ(result sensor timestamp) = 150,15 ms > 70,00 ms
09-29 00:32:25.328 21361 21433 W CAM_A : UNINITIALIZED > rel Δ(result sensor timestamp) = 2,60 > 0,25
09-29 00:32:25.329 21361 21433 W CAM_A : UNINITIALIZED > result sensor delay = 2,00 > 1,10
09-29 00:32:25.331 21361 21391 W gralloc4: Could not find component description for FourCC value 20363152
09-29 00:32:25.341 21361 21361 I DeezNuts: MSG: SLIDER 1 FOCUS: 1.0E-4
09-29 00:32:25.341 21361 21361 I ProReC : setprogres0
09-29 00:32:25.342 21361 21361 I DeezNuts: MSG: SLIDER 0 IDX: 0
09-29 00:32:25.342 21361 21361 I ProReC : setprogres_iso0
09-29 00:32:25.342 21361 21361 I za.defcomk.prorec.cust2.RotSeek: setprogres_iso0
09-29 00:32:25.345 21361 21361 D SurfaceView: UPDATE null, mIsCastMode = false
09-29 00:32:25.348 21361 21361 I BufferQueueConsumer: [](id:537100000003,api:0,p:- 1,c:21361) connect: controlledByApp=false
09-29 00:32:25.348 21361 21361 I BLASTBufferQueue: [SurfaceView[com.google.android.GoogleCameraEngR18F1/com.google.android.apps.camera .legacy.app.activity.main.CameraActivity]#1] constructor()
09-29 00:32:25.350 21361 21361 D SurfaceView: UPDATE Surface(name=SurfaceView[com.google.android.GoogleCameraEngR18F1/com.google.android .apps.camera.legacy.app.activity.main.CameraActivity])/@0x7c71b31, mIsProjectionMode = false
09-29 00:32:25.378 21361 21361 W Looper : PerfMonitor doFrame : time=77ms vsyncFrame=0 latency=395ms procState=-1 historyMsgCount=70 (msgIndex=1 wall=110ms seq=15 late=186ms h=android.view.Choreographer$FrameHandler c=android.view.Choreographer$FrameDisplayEventReceiver) (msgIndex=38 wall=283ms seq=52 late=121ms h=android.os.Handler c=bwx)
09-29 00:32:25.379 21361 21435 W CAM_SurfaceMap: Surface(name=null)/@0x1e3b797 is valid but deferred streams are not yet available for CaptureSession-0
09-29 00:32:25.379 21361 21435 W CAM_SimpleReqProcessor: Failed to add Stream-1 to CaptureRequest for Request-14. The surface is not yet available.
09-29 00:32:25.384 21361 21361 D CameraManager2: GotArray:0
09-29 00:32:25.384 21361 21361 D CameraManager2: GotArray:1
09-29 00:32:25.384 21361 21361 D CameraManager2: GotArray:20
09-29 00:32:25.384 21361 21361 D CameraManager2: GotArray:21
09-29 00:32:25.390 21361 21361 W CAM_A : ModeSwitcher WAS ALREADY ENABLED!
09-29 00:32:25.391 21361 21391 W CAM_A : Extractor (frame) of type feature.acmi.imu.frame-straightness depends on foreign type feature.acmi.imu.camera-orientation! Feature values may be calculated out of order!
09-29 00:32:25.391 21361 21391 W CAM_A : Extractor (frame) of type feature.acmi.imu.frame-straightness depends on foreign type feature.acmi.imu.camera-orientation! Feature values may be calculated out of order!
09-29 00:32:25.396 21361 21435 W CAM_SurfaceMap: Surface(name=null)/@0x1e3b797 is valid but deferred streams are not yet available for CaptureSession-0
09-29 00:32:25.396 21361 21435 W CAM_SimpleReqProcessor: Failed to add Stream-1 to CaptureRequest for Request-15. The surface is not yet available.
09-29 00:32:25.398 21361 21554 D libMEOW : meow new tls: 0x73d324bf40
09-29 00:32:25.398 21361 21554 D libMEOW : applied 1 plugins for [com.google.android.GoogleCameraEngR18F1]:
09-29 00:32:25.398 21361 21554 D libMEOW : plugin 1: [libMEOW_gift.so]:
09-29 00:32:25.415 21361 21433 W CameraMetadataJV: Expect face scores and rectangles to be non-null
09-29 00:32:25.415 21361 21433 W CAM_A : UNINITIALIZED > abs Δ(result sensor timestamp) = 75,07 ms > 70,00 ms
09-29 00:32:25.415 21361 21433 W CAM_A : UNINITIALIZED > rel Δ(result sensor timestamp) = 0,50 > 0,25
09-29 00:32:25.417 21361 21435 I BufferQueueProducer: [SurfaceView[com.google.android.GoogleCameraEngR18F1/com.google.android.apps.camera .legacy.app.activity.main.CameraActivity]#1(BLAST Consumer)1] (id:537100000003,api:4,p:1223,c:21361) connect: api=4 producerControlledByApp=true
09-29 00:32:25.421 21361 21361 D DecorView[]: onWindowFocusChanged hasWindowFocus true
09-29 00:32:25.422 21361 21556 D libMEOW : meow new tls: 0x73d347cd80
09-29 00:32:25.422 21361 21556 D libMEOW : applied 1 plugins for [com.google.android.GoogleCameraEngR18F1]:
09-29 00:32:25.422 21361 21556 D libMEOW : plugin 1: [libMEOW_gift.so]:
09-29 00:32:25.430 21361 21558 D libMEOW : meow new tls: 0x73ac9e15c0
09-29 00:32:25.430 21361 21558 D libMEOW : applied 1 plugins for [com.google.android.GoogleCameraEngR18F1]:
09-29 00:32:25.430 21361 21558 D libMEOW : plugin 1: [libMEOW_gift.so]:
09-29 00:32:25.436 21361 21527 W ProtoDataStoreFlagStore: Unable to update local snapshot for com.google.android.libraries.consentverifier#com.google.android.GoogleCameraEngR18F 1, may result in stale flags.
09-29 00:32:25.436 21361 21527 W ProtoDataStoreFlagStore: java.util.concurrent.ExecutionException: java.lang.SecurityException: GoogleCertificatesRslt: not allowed: pkg=com.google.android.GoogleCameraEngR18F1, sha256=[a40da80a59d170caa950cf15c18c454d47a39b26989d8b640ecd745ba71bf5dc], atk=false, ver=243734029.true (go/gsrlt)
09-29 00:32:25.436 21361 21527 W ProtoDataStoreFlagStore: at pfx.s(Unknown Source:20)
09-29 00:32:25.436 21361 21527 W ProtoDataStoreFlagStore: at pfx.get(Unknown Source:21)
09-29 00:32:25.436 21361 21527 W ProtoDataStoreFlagStore: at plk.I(Unknown Source:1)
09-29 00:32:25.436 21361 21527 W ProtoDataStoreFlagStore: at plk.ad(Unknown Source:9)
09-29 00:32:25.436 21361 21527 W ProtoDataStoreFlagStore: at nfm.d(Unknown Source:0)
09-29 00:32:25.436 21361 21527 W ProtoDataStoreFlagStore: at ngq.run(Unknown Source:9)
09-29 00:32:25.436 21361 21527 W ProtoDataStoreFlagStore: at java.util.concurrent.Executors$RunnableAdapter.call(Executors.java:487)
09-29 00:32:25.436 21361 21527 W ProtoDataStoreFlagStore: at java.util.concurrent.FutureTask.run(FutureTask.java:264)
09-29 00:32:25.436 21361 21527 W ProtoDataStoreFlagStore: at java.util.concurrent.ScheduledThreadPoolExecutor$ScheduledFutureTask.run(ScheduledT hreadPoolExecutor.java:307)
09-29 00:32:25.436 21361 21527 W ProtoDataStoreFlagStore: at java.util.concurrent.ThreadPoolExecutor.runWorker(ThreadPoolExecutor.java:1145)
09-29 00:32:25.436 21361 21527 W ProtoDataStoreFlagStore: at java.util.concurrent.ThreadPoolExecutor$Worker.run(ThreadPoolExecutor.java:644)
09-29 00:32:25.436 21361 21527 W ProtoDataStoreFlagStore: at java.lang.Thread.run(Thread.java:1012)
09-29 00:32:25.436 21361 21527 W ProtoDataStoreFlagStore: Caused by: java.lang.SecurityException: GoogleCertificatesRslt: not allowed: pkg=com.google.android.GoogleCameraEngR18F1, sha256=[a40da80a59d170caa950cf15c18c454d47a39b26989d8b640ecd745ba71bf5dc], atk=false, ver=243734029.true (go/gsrlt)
09-29 00:32:25.436 21361 21527 W ProtoDataStoreFlagStore: at android.os.Parcel.createExceptionOrNull(Parcel.java:2426)
09-29 00:32:25.436 21361 21527 W ProtoDataStoreFlagStore: at android.os.Parcel.createException(Parcel.java:2410)
09-29 00:32:25.436 21361 21527 W ProtoDataStoreFlagStore: at android.os.Parcel.readException(Parcel.java:2393)
09-29 00:32:25.436 21361 21527 W ProtoDataStoreFlagStore: at android.os.Parcel.readException(Parcel.java:2335)
09-29 00:32:25.436 21361 21527 W ProtoDataStoreFlagStore: at bmn.z(Unknown Source:10)
09-29 00:32:25.436 21361 21527 W ProtoDataStoreFlagStore: at ktz.a(Unknown Source:38)
09-29 00:32:25.436 21361 21527 W ProtoDataStoreFlagStore: at kjd.f(Unknown Source:10)
09-29 00:32:25.436 21361 21527 W ProtoDataStoreFlagStore: at kkc.t(Unknown Source:9)
09-29 00:32:25.436 21361 21527 W ProtoDataStoreFlagStore: at kkc.u(Unknown Source:22)
09-29 00:32:25.436 21361 21527 W ProtoDataStoreFlagStore: at kkc.g(Unknown Source:29)
09-29 00:32:25.436 21361 21527 W ProtoDataStoreFlagStore: at kkc.h(Unknown Source:76)
09-29 00:32:25.436 21361 21527 W ProtoDataStoreFlagStore: at kkc.b(Unknown Source:14)
09-29 00:32:25.436 21361 21527 W ProtoDataStoreFlagStore: at klz.c(Unknown Source:114)
09-29 00:32:25.436 21361 21527 W ProtoDataStoreFlagStore: at klt.d(Unknown Source:6)
09-29 00:32:25.436 21361 21527 W ProtoDataStoreFlagStore: at klu.handleMessage(Unknown Source:307)
09-29 00:32:25.436 21361 21527 W ProtoDataStoreFlagStore: at android.os.Handler.dispatchMessage(Handler.java:106)
09-29 00:32:25.436 21361 21527 W ProtoDataStoreFlagStore: at ksg.b(Unknown Source:0)
09-29 00:32:25.436 21361 21527 W ProtoDataStoreFlagStore: at ksg.dispatchMessage(Unknown Source:0)
09-29 00:32:25.436 21361 21527 W ProtoDataStoreFlagStore: at android.os.Looper.loopOnce(Looper.java:210)
09-29 00:32:25.436 21361 21527 W ProtoDataStoreFlagStore: at android.os.Looper.loop(Looper.java:299)
09-29 00:32:25.436 21361 21527 W ProtoDataStoreFlagStore: at android.os.HandlerThread.run(HandlerThread.java:67)
09-29 00:32:25.448 21361 21563 D eCameraEngR18F: DLEAK reply value=42
09-29 00:32:25.448 21361 21563 D MediaCodecList: DLEAK matchIndex=42
09-29 00:32:25.448 21361 21563 D MediaCodecList: codecHandlesFormat: no format, so no extra checks
09-29 00:32:25.448 21361 21563 D MediaCodecList: DLEAK matching 'c2.mtk.avc.encoder'
09-29 00:32:25.449 21361 21563 D eCameraEngR18F: DLEAK reply value=43
09-29 00:32:25.449 21361 21563 D MediaCodecList: DLEAK matchIndex=43
09-29 00:32:25.449 21361 21563 D MediaCodecList: codecHandlesFormat: no format, so no extra checks
09-29 00:32:25.449 21361 21563 D MediaCodecList: DLEAK matching 'c2.mtk.avc.encoder.secure'
09-29 00:32:25.449 21361 21401 W CAM_CameraDeviceVerifie: Tag CameraDeviceVerifier is 1 chars longer than limit.
09-29 00:32:25.449 21361 21563 D eCameraEngR18F: DLEAK reply value=57
09-29 00:32:25.449 21361 21563 D MediaCodecList: DLEAK matchIndex=57
09-29 00:32:25.449 21361 21563 D MediaCodecList: codecHandlesFormat: no format, so no extra checks
09-29 00:32:25.449 21361 21563 D MediaCodecList: DLEAK matching 'c2.android.avc.encoder'
09-29 00:32:25.449 21361 21563 D eCameraEngR18F: DLEAK reply value=-2
09-29 00:32:25.449 21361 21563 D MediaCodecList: DLEAK matchIndex=18446744073709551614
09-29 00:32:25.451 21361 21391 D CameraManager2: GotArray:0
09-29 00:32:25.451 21361 21391 D CameraManager2: GotArray:1
09-29 00:32:25.451 21361 21391 D CameraManager2: GotArray:20
09-29 00:32:25.451 21361 21391 D CameraManager2: GotArray:21
09-29 00:32:25.452 21361 21565 D CCodec : allocate(c2.mtk.avc.encoder)
09-29 00:32:25.453 21361 21407 D CameraManager2: GotArray:0
09-29 00:32:25.453 21361 21407 D CameraManager2: GotArray:1
09-29 00:32:25.453 21361 21407 D CameraManager2: GotArray:20
09-29 00:32:25.453 21361 21407 D CameraManager2: GotArray:21
09-29 00:32:25.454 21361 21565 I Codec2Client: Available Codec2 services: "default" "software"
09-29 00:32:25.457 21361 21565 I CCodec : setting up 'default' as default (vendor) store
09-29 00:32:25.465 21361 21391 D skia : SkJpegCodec::onGetPixels +
09-29 00:32:25.466 21361 21391 D skia : stream getLength() not supported, use temp buffer for loading stream, buffer addr 0x73d2d7c000 length 263786
09-29 00:32:25.467 21361 21391 D skia : LoadInputStreamToMem va 0x73d2d7c000 size 265984
09-29 00:32:25.461 21361 21361 W GcaGeneric-1: type=1400 audit(0.0:272385): avc: denied { search } for name="ppm" dev="proc" ino=4026531936 scontext=u:r:untrusted_app_29:s0:c127,c257,c512,c768 tcontext=u:object_r:proc_ppm:s0 tclass=dir permissive=0 app=com.google.android.GoogleCameraEngR18F1
09-29 00:32:25.468 21361 21391 D libjpeg-alpha: Huffman Builder run in subthread
09-29 00:32:25.468 21361 21391 D libjpeg-alpha: Tile Decoder (#thread:4, size:256 256 256 312x480, alignment:256x16)
09-29 00:32:25.465 21361 21361 W GcaGeneric-1: type=1400 audit(0.0:272386): avc: denied { search } for name="ppm" dev="proc" ino=4026531936 scontext=u:r:untrusted_app_29:s0:c127,c257,c512,c768 tcontext=u:object_r:proc_ppm:s0 tclass=dir permissive=0 app=com.google.android.GoogleCameraEngR18F1
09-29 00:32:25.476 21361 21568 D eCameraEngR18F: DLEAK reply value=20
09-29 00:32:25.476 21361 21568 D MediaCodecList: DLEAK matchIndex=20
09-29 00:32:25.477 21361 21568 D MediaCodecList: codecHandlesFormat: no format, so no extra checks
09-29 00:32:25.477 21361 21568 D MediaCodecList: DLEAK matching 'c2.android.vorbis.decoder'
09-29 00:32:25.480 21361 21568 D eCameraEngR18F: DLEAK reply value=30
09-29 00:32:25.480 21361 21568 D MediaCodecList: DLEAK matchIndex=30
09-29 00:32:25.481 21361 21568 D MediaCodecList: codecHandlesFormat: no format, so no extra checks
09-29 00:32:25.481 21361 21568 D MediaCodecList: DLEAK matching 'OMX.google.vorbis.decoder'
09-29 00:32:25.482 21361 21568 D eCameraEngR18F: DLEAK reply value=-2
09-29 00:32:25.482 21361 21568 D MediaCodecList: DLEAK matchIndex=18446744073709551614
09-29 00:32:25.482 21361 21361 W BitmapDrawable: BitmapDrawable cannot decode
09-29 00:32:25.487 21361 21565 I CCodec : Created component [c2.mtk.avc.encoder]
09-29 00:32:25.487 21361 21565 D CCodecConfig: read media type: video/avc
09-29 00:32:25.488 21361 21579 D CCodec : allocate(c2.android.vorbis.decoder)
09-29 00:32:25.492 21361 21579 I CCodec : setting up 'default' as default (vendor) store
09-29 00:32:25.498 21361 21565 D ReflectedParamUpdater: extent() != 1 for single value type: algo.buffers.max-count.values
09-29 00:32:25.502 21361 21565 D ReflectedParamUpdater: extent() != 1 for single value type: output.subscribed-indices.values
09-29 00:32:25.502 21361 21565 D ReflectedParamUpdater: extent() != 1 for single value type: input.buffers.allocator-ids.values
09-29 00:32:25.502 21361 21565 D ReflectedParamUpdater: extent() != 1 for single value type: output.buffers.allocator-ids.values
09-29 00:32:25.502 21361 21565 D ReflectedParamUpdater: extent() != 1 for single value type: algo.buffers.allocator-ids.values
09-29 00:32:25.503 21361 21565 D ReflectedParamUpdater: extent() != 1 for single value type: output.buffers.pool-ids.values
09-29 00:32:25.503 21361 21565 D ReflectedParamUpdater: extent() != 1 for single value type: algo.buffers.pool-ids.values
09-29 00:32:25.503 21361 21579 I CCodec : Created component [c2.android.vorbis.decoder]
09-29 00:32:25.504 21361 21579 D CCodecConfig: read media type: audio/vorbis
09-29 00:32:25.504 21361 21391 D skia : SkJpegCodec::onGetPixels -
09-29 00:32:25.507 21361 21579 D ReflectedParamUpdater: extent() != 1 for single value type: algo.buffers.max-count.values
09-29 00:32:25.508 21361 21579 D ReflectedParamUpdater: extent() != 1 for single value type: output.subscribed-indices.values
09-29 00:32:25.508 21361 21579 D ReflectedParamUpdater: extent() != 1 for single value type: input.buffers.allocator-ids.values
09-29 00:32:25.508 21361 21579 D ReflectedParamUpdater: extent() != 1 for single value type: output.buffers.allocator-ids.values
09-29 00:32:25.509 21361 21579 D ReflectedParamUpdater: extent() != 1 for single value type: algo.buffers.allocator-ids.values
09-29 00:32:25.510 21361 21579 D ReflectedParamUpdater: extent() != 1 for single value type: output.buffers.pool-ids.values
09-29 00:32:25.510 21361 21579 D ReflectedParamUpdater: extent() != 1 for single value type: algo.buffers.pool-ids.values
09-29 00:32:25.511 21361 21565 D ReflectedParamUpdater: ignored struct field coding.gop.values
09-29 00:32:25.512 21361 21579 I CCodecConfig: query failed after returning 7 values (BAD_INDEX)
09-29 00:32:25.512 21361 21579 D CCodecConfig: c2 config diff is Dict {
09-29 00:32:25.512 21361 21579 D CCodecConfig: c2::u32 coded.bitrate.value = 64000
09-29 00:32:25.512 21361 21579 D CCodecConfig: c2::u32 input.buffers.max- size.value = 32768
09-29 00:32:25.512 21361 21579 D CCodecConfig: c2::u32 input.delay.value = 0
09-29 00:32:25.512 21361 21579 D CCodecConfig: string input.media-type.value = "audio/vorbis"
09-29 00:32:25.512 21361 21579 D CCodecConfig: string output.media-type.value = "audio/raw"
09-29 00:32:25.512 21361 21579 D CCodecConfig: c2::u32 raw.channel-count.value = 1
09-29 00:32:25.512 21361 21579 D CCodecConfig: c2::u32 raw.sample-rate.value = 48000
09-29 00:32:25.512 21361 21579 D CCodecConfig: }
09-29 00:32:25.515 21361 21579 D CCodec : [c2.android.vorbis.decoder] buffers are bound to CCodec for this session
09-29 00:32:25.516 21361 21579 D CCodecConfig: no c2 equivalents for durationUs
09-29 00:32:25.516 21361 21579 D CCodecConfig: no c2 equivalents for track-id
09-29 00:32:25.516 21361 21579 D CCodecConfig: no c2 equivalents for csd-1
09-29 00:32:25.516 21361 21579 D CCodecConfig: no c2 equivalents for channel-mask
09-29 00:32:25.516 21361 21579 D CCodecConfig: no c2 equivalents for flags
09-29 00:32:25.516 21361 21565 D ReflectedParamUpdater: ignored struct field coding.qp.values
09-29 00:32:25.516 21361 21565 D CCodecConfig: ignoring local param raw.color (0xc2001809) as it is already supported
09-29 00:32:25.517 21361 21565 I CCodecConfig: query failed after returning 22 values (BAD_INDEX)
09-29 00:32:25.518 21361 21579 D CCodecConfig: c2 config diff is c2::u32 coded.bitrate.value = 80000
09-29 00:32:25.518 21361 21579 D CCodecConfig: c2::u32 raw.sample-rate.value = 44100
09-29 00:32:25.518 21361 21565 D CCodecConfig: c2 config diff is Dict {
09-29 00:32:25.518 21361 21565 D CCodecConfig: c2::u32 algo.bitrate-mode.value = 3
09-29 00:32:25.518 21361 21565 D CCodecConfig: c2::u32 algo.delay.value = 8
09-29 00:32:25.518 21361 21565 D CCodecConfig: c2::i32 algo.priority.value = 0
09-29 00:32:25.518 21361 21565 D CCodecConfig: c2::u32 algo.quality.value = 80
09-29 00:32:25.518 21361 21565 D CCodecConfig: c2::float algo.rate.value = 0
09-29 00:32:25.518 21361 21565 D CCodecConfig: c2::u32 coded.bitrate.value = 64000
09-29 00:32:25.518 21361 21565 D CCodecConfig: c2::float coded.frame-rate.value = 30
09-29 00:32:25.518 21361 21565 D CCodecConfig: c2::u32 coded.pl.level = 20494
09-29 00:32:25.518 21361 21565 D CCodecConfig: c2::u32 coded.pl.profile = 20484
09-29 00:32:25.518 21361 21565 D CCodecConfig: c2::u32 coded.tile-layout.columns = 2
09-29 00:32:25.518 21361 21565 D CCodecConfig: c2::u32 coded.tile-layout.order = 0
09-29 00:32:25.518 21361 21565 D CCodecConfig: c2::u32 coded.tile-layout.rows = 1
09-29 00:32:25.518 21361 21565 D CCodecConfig: c2::u32 coded.tile- layout.tile.height = 256
09-29 00:32:25.518 21361 21565 D CCodecConfig: c2::u32 coded.tile- layout.tile.width = 256
09-29 00:32:25.518 21361 21565 D CCodecConfig: c2::u32 coded.vui.color.matrix = 0
09-29 00:32:25.518 21361 21565 D CCodecConfig: c2::u32 coded.vui.color.primaries = 0
09-29 00:32:25.518 21361 21565 D CCodecConfig: c2::u32 coded.vui.color.range = 0
09-29 00:32:25.518 21361 21565 D CCodecConfig: c2::u32 coded.vui.color.transfer = 0
09-29 00:32:25.518 21361 21565 D CCodecConfig: c2::u32 coding.intra-refresh.mode = 0
09-29 00:32:25.518 21361 21565 D CCodecConfig: c2::float coding.intra- refresh.period = 0
09-29 00:32:25.518 21361 21565 D CCodecConfig: c2::u32 coding.request-sync- frame.value = 0
09-29 00:32:25.518 21361 21565 D CCodecConfig: c2::i64 coding.sync-frame- interval.value = 1000000
09-29 00:32:25.518 21361 21565 D CCodecConfig: Buffer coding.temporal-layering = {
09-29 00:32:25.518 21361 21565 D CCodecConfig: 00000000: 10 00 00 00 07 20 01 52 00 00 00 00 00 00 00 00 ..... .R........
09-29 00:32:25.518 21361 21565 D CCodecConfig: }
09-29 00:32:25.518 21361 21565 D CCodecConfig: c2::u32 input.de
09-29 00:32:25.518 21361 21565 W ColorUtils: expected specified color aspects (0:0:0:0)
09-29 00:32:25.520 21361 21579 W Codec2Client: query -- param skipped: index = 1107298332.
09-29 00:32:25.520 21361 21579 D CCodec : setup formats input: AMessage(what = 0x00000000) = {
09-29 00:32:25.520 21361 21579 D CCodec : int32_t bitrate = 80000
09-29 00:32:25.520 21361 21579 D CCodec : int32_t channel-count = 1
09-29 00:32:25.520 21361 21579 D CCodec : int32_t max-input-size = 32768
09-29 00:32:25.520 21361 21579 D CCodec : string mime = "audio/vorbis"
09-29 00:32:25.520 21361 21579 D CCodec : int32_t sample-rate = 44100
09-29 00:32:25.520 21361 21579 D CCodec : }
09-29 00:32:25.520 21361 21579 D CCodec : setup formats output: AMessage(what = 0x00000000) = {
09-29 00:32:25.520 21361 21579 D CCodec : int32_t channel-count = 1
09-29 00:32:25.520 21361 21579 D CCodec : string mime = "audio/raw"
09-29 00:32:25.520 21361 21579 D CCodec : int32_t sample-rate = 44100
09-29 00:32:25.520 21361 21579 D CCodec : int32_t channel-mask = 1
09-29 00:32:25.520 21361 21579 D CCodec : }
09-29 00:32:25.522 21361 21579 I CCodecConfig: query failed after returning 7 values (BAD_INDEX)
09-29 00:32:25.522 21361 21564 I MediaCodec: MediaCodec will operate in async mode
09-29 00:32:25.523 21361 21579 W Codec2Client: query -- param skipped: index = 1342179345.
09-29 00:32:25.523 21361 21579 W Codec2Client: query -- param skipped: index = 2415921170.
09-29 00:32:25.523 21361 21579 D C2Store : Using ION
09-29 00:32:25.525 21361 21579 D CCodecBufferChannel: [c2.android.vorbis.decoder#347] Created input block pool with allocatorID 16 => poolID 17 - OK (0)
09-29 00:32:25.527 21361 21579 I CCodecBufferChannel: [c2.android.vorbis.decoder#347] Created output block pool with allocatorID 16 => poolID 2093 - OK
