09-29 00:32:59.537 21361 22524 D libMEOW : applied 1 plugins for [com.google.android.GoogleCameraEngR18F1]:
09-29 00:32:59.537 21361 22524 D libMEOW : plugin 1: [libMEOW_gift.so]:
09-29 00:32:59.542 21361 21391 W gralloc4: Could not find component description for FourCC value 20363152
09-29 00:32:59.542 21361 21563 D eCameraEngR18F: DLEAK reply value=42
09-29 00:32:59.542 21361 21563 D MediaCodecList: DLEAK matchIndex=42
09-29 00:32:59.543 21361 21563 D MediaCodecList: codecHandlesFormat: no format, so no extra checks
09-29 00:32:59.543 21361 21563 D MediaCodecList: DLEAK matching 'c2.mtk.avc.encoder'
09-29 00:32:59.543 21361 21563 D eCameraEngR18F: DLEAK reply value=43
09-29 00:32:59.543 21361 21563 D MediaCodecList: DLEAK matchIndex=43
09-29 00:32:59.543 21361 21563 D MediaCodecList: codecHandlesFormat: no format, so no extra checks
09-29 00:32:59.543 21361 21563 D MediaCodecList: DLEAK matching 'c2.mtk.avc.encoder.secure'
09-29 00:32:59.543 21361 21563 D eCameraEngR18F: DLEAK reply value=57
09-29 00:32:59.543 21361 21563 D MediaCodecList: DLEAK matchIndex=57
09-29 00:32:59.543 21361 21563 D MediaCodecList: codecHandlesFormat: no format, so no extra checks
09-29 00:32:59.543 21361 21563 D MediaCodecList: DLEAK matching 'c2.android.avc.encoder'
09-29 00:32:59.544 21361 21563 D eCameraEngR18F: DLEAK reply value=-2
09-29 00:32:59.544 21361 21563 D MediaCodecList: DLEAK matchIndex=18446744073709551614
09-29 00:32:59.544 21361 21401 I tflite : Replacing 5 node(s) with delegate (TfLiteXNNPackDelegate) node, yielding 1 partitions.
09-29 00:32:59.544 21361 21445 E GoLog : INFO: Replacing 5 node(s) with delegate (TfLiteXNNPackDelegate) node, yielding 1 partitions.
09-29 00:32:59.545 21361 22527 D CCodec : allocate(c2.mtk.avc.encoder)
09-29 00:32:59.547 21361 22527 I CCodec : setting up 'default' as default (vendor) store
09-29 00:32:59.557 21361 22527 I CCodec : Created component [c2.mtk.avc.encoder]
09-29 00:32:59.558 21361 22527 D CCodecConfig: read media type: video/avc
09-29 00:32:59.561 21361 22527 D ReflectedParamUpdater: extent() != 1 for single value type: algo.buffers.max-count.values
09-29 00:32:59.562 21361 22527 D ReflectedParamUpdater: extent() != 1 for single value type: output.subscribed-indices.values
09-29 00:32:59.562 21361 22527 D ReflectedParamUpdater: extent() != 1 for single value type: input.buffers.allocator-ids.values
09-29 00:32:59.562 21361 22527 D ReflectedParamUpdater: extent() != 1 for single value type: output.buffers.allocator-ids.values
09-29 00:32:59.562 21361 22527 D ReflectedParamUpdater: extent() != 1 for single value type: algo.buffers.allocator-ids.values
09-29 00:32:59.562 21361 22527 D ReflectedParamUpdater: extent() != 1 for single value type: output.buffers.pool-ids.values
09-29 00:32:59.562 21361 22527 D ReflectedParamUpdater: extent() != 1 for single value type: algo.buffers.pool-ids.values
09-29 00:32:59.572 21361 22527 D ReflectedParamUpdater: ignored struct field coding.gop.values
09-29 00:32:59.574 21361 22527 D ReflectedParamUpdater: ignored struct field coding.qp.values
09-29 00:32:59.574 21361 22527 D CCodecConfig: ignoring local param raw.color (0xc2001809) as it is already supported
09-29 00:32:59.575 21361 22527 I CCodecConfig: query failed after returning 22 values (BAD_INDEX)
09-29 00:32:59.576 21361 22527 D CCodecConfig: c2 config diff is Dict {
09-29 00:32:59.576 21361 22527 D CCodecConfig: c2::u32 algo.bitrate-mode.value = 3
09-29 00:32:59.576 21361 22527 D CCodecConfig: c2::u32 algo.delay.value = 8
09-29 00:32:59.576 21361 22527 D CCodecConfig: c2::i32 algo.priority.value = 0
09-29 00:32:59.576 21361 22527 D CCodecConfig: c2::u32 algo.quality.value = 80
09-29 00:32:59.576 21361 22527 D CCodecConfig: c2::float algo.rate.value = 0
09-29 00:32:59.576 21361 22527 D CCodecConfig: c2::u32 coded.bitrate.value = 64000
09-29 00:32:59.576 21361 22527 D CCodecConfig: c2::float coded.frame-rate.value = 30
09-29 00:32:59.576 21361 22527 D CCodecConfig: c2::u32 coded.pl.level = 20494
09-29 00:32:59.576 21361 22527 D CCodecConfig: c2::u32 coded.pl.profile = 20484
09-29 00:32:59.576 21361 22527 D CCodecConfig: c2::u32 coded.tile-layout.columns = 2
09-29 00:32:59.576 21361 22527 D CCodecConfig: c2::u32 coded.tile-layout.order = 0
09-29 00:32:59.576 21361 22527 D CCodecConfig: c2::u32 coded.tile-layout.rows = 1
09-29 00:32:59.576 21361 22527 D CCodecConfig: c2::u32 coded.tile- layout.tile.height = 256
09-29 00:32:59.576 21361 22527 D CCodecConfig: c2::u32 coded.tile- layout.tile.width = 256
09-29 00:32:59.576 21361 22527 D CCodecConfig: c2::u32 coded.vui.color.matrix = 0
09-29 00:32:59.576 21361 22527 D CCodecConfig: c2::u32 coded.vui.color.primaries = 0
09-29 00:32:59.576 21361 22527 D CCodecConfig: c2::u32 coded.vui.color.range = 0
09-29 00:32:59.576 21361 22527 D CCodecConfig: c2::u32 coded.vui.color.transfer = 0
09-29 00:32:59.576 21361 22527 D CCodecConfig: c2::u32 coding.intra-refresh.mode = 0
09-29 00:32:59.576 21361 22527 D CCodecConfig: c2::float coding.intra- refresh.period = 0
09-29 00:32:59.576 21361 22527 D CCodecConfig: c2::u32 coding.request-sync- frame.value = 0
09-29 00:32:59.576 21361 22527 D CCodecConfig: c2::i64 coding.sync-frame- interval.value = 1000000
09-29 00:32:59.576 21361 22527 D CCodecConfig: Buffer coding.temporal-layering = {
09-29 00:32:59.576 21361 22527 D CCodecConfig: 00000000: 10 00 00 00 07 20 01 52 00 00 00 00 00 00 00 00 ..... .R........
09-29 00:32:59.576 21361 22527 D CCodecConfig: }
09-29 00:32:59.576 21361 22527 D CCodecConfig: c2::u32 input.de
09-29 00:32:59.576 21361 22527 W ColorUtils: expected specified color aspects (0:0:0:0)
09-29 00:32:59.578 21361 22526 I MediaCodec: MediaCodec will operate in async mode
09-29 00:32:59.580 21361 21563 D MediaCodec: shapeMediaFormat: deltas(1): AMessage(what = 0x00000000) = {
09-29 00:32:59.580 21361 21563 D MediaCodec: int32_t android._encoding-quality- level = 0
09-29 00:32:59.580 21361 21563 D MediaCodec: }
09-29 00:32:59.580 21361 22527 D CCodec : [c2.mtk.avc.encoder] buffers are bound to CCodec for this session
09-29 00:32:59.581 21361 22527 D CCodecConfig: no c2 equivalents for color-format
09-29 00:32:59.581 21361 22527 D CCodecConfig: no c2 equivalents for color-standard
09-29 00:32:59.581 21361 22527 D CCodecConfig: no c2 equivalents for oo.muxer.drop_initial_non_keyframes
09-29 00:32:59.581 21361 22527 D CCodecConfig: no c2 equivalents for flags
09-29 00:32:59.581 21361 22527 D CCodecConfig: no c2 equivalents for encoder
09-29 00:32:59.582 21361 22527 D CCodecConfig: c2 config diff is c2::u32 coded.bitrate.value = 12000000
09-29 00:32:59.582 21361 22527 D CCodecConfig: c2::u32 coded.pl.level = 20495
09-29 00:32:59.582 21361 22527 D CCodecConfig: c2::u32 coded.vui.color.matrix = 3
09-29 00:32:59.582 21361 22527 D CCodecConfig: c2::u32 coded.vui.color.primaries = 3
09-29 00:32:59.582 21361 22527 D CCodecConfig: c2::u32 coded.vui.color.range = 2
09-29 00:32:59.582 21361 22527 D CCodecConfig: c2::u32 coded.vui.color.transfer = 3
09-29 00:32:59.582 21361 22527 D CCodecConfig: c2::i64 coding.sync-frame- interval.value = 233333
09-29 00:32:59.582 21361 22527 D CCodecConfig: c2::u32 raw.color.matrix = 3
09-29 00:32:59.582 21361 22527 D CCodecConfig: c2::u32 raw.color.primaries = 3
09-29 00:32:59.582 21361 22527 D CCodecConfig: c2::u32 raw.color.range = 2
09-29 00:32:59.582 21361 22527 D CCodecConfig: c2::u32 raw.color.transfer = 3
09-29 00:32:59.582 21361 22527 D CCodecConfig: c2::u32 raw.pixel-format.value = 34
09-29 00:32:59.582 21361 22527 D CCodecConfig: c2::u32 raw.size.height = 480
09-29 00:32:59.582 21361 22527 D CCodecConfig: c2::u32 raw.size.width = 640
09-29 00:32:59.583 21361 22527 W Codec2Client: query -- param skipped: index = 3254781982.
09-29 00:32:59.583 21361 22527 D CCodec : setup formats input: AMessage(what = 0x00000000) = {
09-29 00:32:59.583 21361 22527 D CCodec : int32_t android._color-format = 2130708361
09-29 00:32:59.583 21361 22527 D CCodec : Rect crop(0, 0, 639, 479)
09-29 00:32:59.583 21361 22527 D CCodec : int32_t color-standard = 2
09-29 00:32:59.583 21361 22527 D CCodec : int32_t color-range = 2
09-29 00:32:59.583 21361 22527 D CCodec : int32_t color-transfer = 3
09-29 00:32:59.583 21361 22527 D CCodec : int32_t frame-rate = 30
09-29 00:32:59.583 21361 22527 D CCodec : int32_t height = 480
09-29 00:32:59.583 21361 22527 D CCodec : float input.time-stretch = 1.000000
09-29 00:32:59.583 21361 22527 D CCodec : int32_t intra-refresh-period = 0
09-29 00:32:59.583 21361 22527 D CCodec : int32_t latency = 8
09-29 00:32:59.583 21361 22527 D CCodec : string mime = "video/raw"
09-29 00:32:59.583 21361 22527 D CCodec : int32_t prepend-sps-pps-to-idr-frames = 0
09-29 00:32:59.583 21361 22527 D CCodec : int32_t priority = 0
09-29 00:32:59.583 21361 22527 D CCodec : int32_t width = 640
09-29 00:32:59.583 21361 22527 D CCodec : int32_t android._dataspace = 258
09-29 00:32:59.583 21361 22527 D CCodec : int64_t android._C2MemoryUsage = 0
09-29 00:32:59.583 21361 22527 D CCodec : int32_t color-format = 2130708361
09-29 00:32:59.583 21361 22527 D CCodec : }
09-29 00:32:59.583 21361 22527 D CCodec : setup formats output: AMessage(what = 0x00000000) = {
09-29 00:32:59.583 21361 22527 D CCodec : int32_t bitrate = 12000000
09-29 00:32:59.583 21361 22527 D CCodec : int32_t bitrate-mode = 1
09-29 00:32:59.583 21361 22527 D CCodec : Rect crop(0, 0, 639, 479)
09-29 00:32:59.583 21361 22527 D CCodec : int32_t width = 640
09-29 00:32:59.583 21361 22527 D CCodec : int32_t color-standard = 2
09-29 00:32:59.583 21361 22527 D CCodec : int32_t color-range = 2
09-29 00:32:59.583 21361 22527 D CCodec : int32_t color-transfer = 3
09-29 00:32:59.583 21361 22527 D CCodec : int32_t frame-rate = 30
09-29 00:32:59.583 21361 22527 D CCodec : int32_t height = 480
09-29 00:32:59.583 21361 22527 D CCodec : float input.time-stretch = 1.000000
09-29 00:32:59.583 21361 22527 D CCodec : int32_t intra-refresh-period = 0
09-29 00:32:59.583 21361 22527 D CCodec : int32_t latency = 8
09-29 00:32:59.583 21361 22527 D CCodec : int32_t level = 32768
09-29 00:32:59.583 21361 22527 D CCodec : int32_t max-bitrate = 12000000
09-29 00:32:59.583 21361 22527 D CCodec : string mime = "video/avc"
09-29 00:32:59.583 21361 22527 D CCodec : int32_t prepend-sps-pps-to-idr-frames = 0
09-29 00:32:59.583 21361 22527 D CCodec : int32_t priority = 0
09-29 00:32:59.583 21361 22527 D CCodec : int32_t profile = 8
09-29 00:32:59.583 21361 22527 D CCodec : }
09-29 00:32:59.583 21361 22527 I CCodecConfig: query failed after returning 23 values (BAD_INDEX)
09-29 00:32:59.583 21361 22527 D CCodecConfig: c2 config diff is c2::u32 coded.tile-layout.columns = 3
09-29 00:32:59.583 21361 22527 D CCodecConfig: c2::u32 coded.tile-layout.rows = 2
09-29 00:32:59.585 21361 22527 I BufferQueueConsumer: [GraphicBufferSource] (id:53710000001f,api:0,p:-1,c:21361) connect: controlledByApp=false
09-29 00:32:59.585 21361 22527 D CCodec : input format unchanged to AMessage(what = 0x00000000) = {
09-29 00:32:59.585 21361 22527 D CCodec : int32_t android._color-format = 2130708361
09-29 00:32:59.585 21361 22527 D CCodec : Rect crop(0, 0, 639, 479)
09-29 00:32:59.585 21361 22527 D CCodec : int32_t color-standard = 2
09-29 00:32:59.585 21361 22527 D CCodec : int32_t color-range = 2
09-29 00:32:59.585 21361 22527 D CCodec : int32_t color-transfer = 3
09-29 00:32:59.585 21361 22527 D CCodec : int32_t frame-rate = 30
09-29 00:32:59.585 21361 22527 D CCodec : int32_t height = 480
09-29 00:32:59.585 21361 22527 D CCodec : float input.time-stretch = 1.000000
09-29 00:32:59.585 21361 22527 D CCodec : int32_t intra-refresh-period = 0
09-29 00:32:59.585 21361 22527 D CCodec : int32_t latency = 8
09-29 00:32:59.585 21361 22527 D CCodec : string mime = "video/raw"
09-29 00:32:59.585 21361 22527 D CCodec : int32_t prepend-sps-pps-to-idr-frames = 0
09-29 00:32:59.585 21361 22527 D CCodec : int32_t priority = 0
09-29 00:32:59.585 21361 22527 D CCodec : int32_t width = 640
09-29 00:32:59.585 21361 22527 D CCodec : int32_t android._dataspace = 258
09-29 00:32:59.585 21361 22527 D CCodec : int64_t android._C2MemoryUsage = 0
09-29 00:32:59.585 21361 22527 D CCodec : int32_t color-format = 2130708361
09-29 00:32:59.585 21361 22527 D CCodec : }
09-29 00:32:59.586 21361 22527 D GraphicBufferSource: setting dataspace: 0x102, acquired=0
09-29 00:32:59.586 21361 22527 D CCodec : ISConfig not changed
09-29 00:32:59.587 21361 21563 D MediaCodec: keep callback message for reclaim
09-29 00:32:59.587 21361 22524 I BufferQueueProducer: [GraphicBufferSource] (id:53710000001f,api:1,p:21361,c:21361) connect: api=1 producerControlledByApp=true
09-29 00:32:59.588 21361 22462 W CameraMetadataJV: Expect face scores and rectangles to be non-null
09-29 00:32:59.588 21361 22527 W Codec2Client: query -- param skipped: index = 1342179345.
09-29 00:32:59.588 21361 22527 W Codec2Client: query -- param skipped: index = 2415921170.
09-29 00:32:59.589 21361 22527 D CCodecBufferChannel: [c2.mtk.avc.encoder#354] Using basic input block pool with poolID 1 => got 1 - OK (0)
09-29 00:32:59.589 21361 22462 W CAM_A : PHOTO > abs Δ(result sensor timestamp) = 75,08 ms > 70,00 ms
09-29 00:32:59.589 21361 22462 W CAM_A : PHOTO > rel Δ(result sensor timestamp) = 0,86 > 0,25
09-29 00:32:59.590 21361 22527 I CCodecBufferChannel: [c2.mtk.avc.encoder#354] Created output block pool with allocatorID 16 => poolID 2166 - OK
09-29 00:32:59.590 21361 22527 D CCodecBufferChannel: [c2.mtk.avc.encoder#354] Configured output block pool ids 2166 => OK
09-29 00:32:59.592 21361 21563 D eCameraEngR18F: DLEAK reply value=7
09-29 00:32:59.592 21361 21563 D MediaCodecList: DLEAK matchIndex=7
09-29 00:32:59.592 21361 21563 D MediaCodecList: codecHandlesFormat: no format, so no extra checks
09-29 00:32:59.592 21361 21563 D MediaCodecList: DLEAK matching 'c2.android.aac.encoder'
09-29 00:32:59.593 21361 21563 D eCameraEngR18F: DLEAK reply value=31
09-29 00:32:59.593 21361 21563 D MediaCodecList: DLEAK matchIndex=31
09-29 00:32:59.593 21361 21563 D MediaCodecList: codecHandlesFormat: no format, so no extra checks
09-29 00:32:59.593 21361 21563 D MediaCodecList: DLEAK matching 'OMX.google.aac.encoder'
09-29 00:32:59.593 21361 21563 D eCameraEngR18F: DLEAK reply value=-2
09-29 00:32:59.593 21361 21563 D MediaCodecList: DLEAK matchIndex=18446744073709551614
09-29 00:32:59.594 21361 22536 D CCodec : allocate(c2.android.aac.encoder)
09-29 00:32:59.596 21361 22536 I CCodec : setting up 'default' as default (vendor) store
09-29 00:32:59.601 21361 22536 I CCodec : Created component [c2.android.aac.encoder]
09-29 00:32:59.602 21361 22536 D CCodecConfig: read media type: audio/mp4a-latm
09-29 00:32:59.606 21361 22536 D ReflectedParamUpdater: extent() != 1 for single value type: algo.buffers.max-count.values
09-29 00:32:59.606 21361 22536 D ReflectedParamUpdater: extent() != 1 for single value type: output.subscribed-indices.values
09-29 00:32:59.606 21361 22536 D ReflectedParamUpdater: extent() != 1 for single value type: input.buffers.allocator-ids.values
09-29 00:32:59.607 21361 22536 D ReflectedParamUpdater: extent() != 1 for single value type: output.buffers.allocator-ids.values
09-29 00:32:59.608 21361 22536 D ReflectedParamUpdater: extent() != 1 for single value type: algo.buffers.allocator-ids.values
09-29 00:32:59.609 21361 22536 D ReflectedParamUpdater: extent() != 1 for single value type: output.buffers.pool-ids.values
09-29 00:32:59.609 21361 22536 D ReflectedParamUpdater: extent() != 1 for single value type: algo.buffers.pool-ids.values
09-29 00:32:59.612 21361 22536 I CCodecConfig: query failed after returning 9 values (BAD_INDEX)
09-29 00:32:59.612 21361 22536 D CCodecConfig: c2 config diff is Dict {
09-29 00:32:59.612 21361 22536 D CCodecConfig: c2::u32 coded.bitrate.value = 64000
09-29 00:32:59.612 21361 22536 D CCodecConfig: c2::u32 coded.pl.level = 0
09-29 00:32:59.612 21361 22536 D CCodecConfig: c2::u32 coded.pl.profile = 8192
09-29 00:32:59.612 21361 22536 D CCodecConfig: c2::u32 coding.aac-sbr-mode.value = 3
09-29 00:32:59.612 21361 22536 D CCodecConfig: c2::u32 input.buffers.max- size.value = 2048
09-29 00:32:59.612 21361 22536 D CCodecConfig: c2::u32 input.delay.value = 0
09-29 00:32:59.612 21361 22536 D CCodecConfig: string input.media-type.value = "audio/raw"
09-29 00:32:59.612 21361 22536 D CCodecConfig: string output.media-type.value = "audio/mp4a-latm"
09-29 00:32:59.612 21361 22536 D CCodecConfig: c2::u32 raw.channel-count.value = 1
09-29 00:32:59.612 21361 22536 D CCodecConfig: c2::u32 raw.sample-rate.value = 44100
09-29 00:32:59.612 21361 22536 D CCodecConfig: }
09-29 00:32:59.613 21361 22536 I MediaCodec: MediaCodec will operate in async mode
09-29 00:32:59.614 21361 21563 D MediaCodec: shapeMediaFormat: deltas(0): AMessage(what = 0x00000000) = {
09-29 00:32:59.614 21361 21563 D MediaCodec: }
09-29 00:32:59.614 21361 22536 D CCodec : [c2.android.aac.encoder] buffers are bound to CCodec for this session
09-29 00:32:59.614 21361 22536 D CCodecConfig: no c2 equivalents for oo.muxer.force_sequential
09-29 00:32:59.614 21361 22536 D CCodecConfig: no c2 equivalents for flags
09-29 00:32:59.614 21361 22536 D CCodecConfig: no c2 equivalents for encoder
09-29 00:32:59.615 21361 22536 D CCodecConfig: c2 config diff is c2::u32 coded.bitrate.value = 128000
09-29 00:32:59.615 21361 22536 D CCodecConfig: c2::u32 input.buffers.max- size.value = 4096
09-29 00:32:59.615 21361 22536 D CCodecConfig: c2::u32 raw.channel-count.value = 2
09-29 00:32:59.615 21361 22536 D CCodecConfig: c2::u32 raw.sample-rate.value = 48000
09-29 00:32:59.616 21361 22536 W Codec2Client: query -- param skipped: index = 1107298332.
09-29 00:32:59.617 21361 22536 D CCodec : setup formats input: AMessage(what = 0x00000000) = {
09-29 00:32:59.617 21361 22536 D CCodec : int32_t sample-rate = 48000
09-29 00:32:59.617 21361 22536 D CCodec : int32_t channel-count = 2
09-29 00:32:59.617 21361 22536 D CCodec : int32_t max-input-size = 76800
09-29 00:32:59.617 21361 22536 D CCodec : string mime = "audio/raw"
09-29 00:32:59.617 21361 22536 D CCodec : }
09-29 00:32:59.617 21361 22536 D CCodec : setup formats output: AMessage(what = 0x00000000) = {
09-29 00:32:59.617 21361 22536 D CCodec : int32_t sample-rate = 48000
09-29 00:32:59.617 21361 22536 D CCodec : int32_t bitrate = 128000
09-29 00:32:59.617 21361 22536 D CCodec : int32_t channel-count = 2
09-29 00:32:59.617 21361 22536 D CCodec : int32_t level = 0
09-29 00:32:59.617 21361 22536 D CCodec : int32_t max-bitrate = 128000
09-29 00:32:59.617 21361 22536 D CCodec : string mime = "audio/mp4a-latm"
09-29 00:32:59.617 21361 22536 D CCodec : int32_t profile = 2
09-29 00:32:59.617 21361 22536 D CCodec : }
09-29 00:32:59.617 21361 22536 I CCodecConfig: query failed after returning 9 values (BAD_INDEX)
09-29 00:32:59.617 21361 21563 D MediaCodec: keep callback message for reclaim
09-29 00:32:59.619 21361 22536 W Codec2Client: query -- param skipped: index = 1342179345.
09-29 00:32:59.619 21361 22536 W Codec2Client: query -- param skipped: index = 2415921170.
09-29 00:32:59.620 21361 22536 W Codec2Client: query -- param skipped: index = 3254792206.
09-29 00:32:59.620 21361 22536 W Codec2Client: query -- param skipped: index = 3254792194.
09-29 00:32:59.622 21361 22536 D CCodecBufferChannel: [c2.android.aac.encoder#178] Created input block pool with allocatorID 16 => poolID 21 - OK (0)
09-29 00:32:59.624 21361 22536 I CCodecBufferChannel: [c2.android.aac.encoder#178] Created output block pool with allocatorID 16 => poolID 2097 - OK
09-29 00:32:59.625 21361 22536 D CCodecBufferChannel: [c2.android.aac.encoder#178] Configured output block pool ids 2097 => OK
09-29 00:32:59.665 21361 21361 W Choreographer: Frame time is 0.195797 now = 299840032836946 timestampNanos = 299840033032743 ms in the future! Check that graphics HAL is generating vsync timestamps using the correct timebase.
09-29 00:32:59.737 21361 22462 W CameraMetadataJV: Expect face scores and rectangles to be non-null
09-29 00:32:59.738 21361 22462 W CAM_A : PHOTO > abs Δ(result sensor timestamp) = 150,15 ms > 70,00 ms
09-29 00:32:59.739 21361 22462 W CAM_A : PHOTO > rel Δ(result sensor timestamp) = 1,00 > 0,25
09-29 00:32:59.739 21361 22462 W CAM_A : PHOTO > result sensor delay = 2,00 > 1,10
09-29 00:32:59.740 21361 21401 W gralloc4: Could not find component description for FourCC value 20363152
09-29 00:32:59.822 21361 22462 W CameraMetadataJV: Expect face scores and rectangles to be non-null
09-29 00:32:59.822 21361 22462 W CAM_A : PHOTO > abs Δ(result sensor timestamp) = 75,07 ms > 70,00 ms
09-29 00:32:59.823 21361 22462 W CAM_A : PHOTO > rel Δ(result sensor timestamp) = 0,50 > 0,25
09-29 00:32:59.958 21361 22462 W CameraMetadataJV: Expect face scores and rectangles to be non-null
09-29 00:32:59.959 21361 22462 W CAM_A : PHOTO > abs Δ(result sensor timestamp) = 150,15 ms > 70,00 ms
09-29 00:32:59.959 21361 22462 W CAM_A : PHOTO > rel Δ(result sensor timestamp) = 1,00 > 0,25
09-29 00:32:59.959 21361 22462 W CAM_A : PHOTO > result sensor delay = 2,00 > 1,10
09-29 00:32:59.960 21361 21401 W gralloc4: Could not find component description for FourCC value 20363152
09-29 00:33:00.036 21361 22462 W CameraMetadataJV: Expect face scores and rectangles to be non-null
09-29 00:33:00.036 21361 22462 W CAM_A : PHOTO > abs Δ(result sensor timestamp) = 75,07 ms > 70,00 ms
09-29 00:33:00.036 21361 22462 W CAM_A : PHOTO > rel Δ(result sensor timestamp) = 0,50 > 0,25
09-29 00:33:00.184 21361 22462 W CameraMetadataJV: Expect face scores and rectangles to be non-null
09-29 00:33:00.185 21361 22462 W CAM_A : PHOTO > abs Δ(result sensor timestamp) = 150,15 ms > 70,00 ms
09-29 00:33:00.185 21361 22462 W CAM_A : PHOTO > rel Δ(result sensor timestamp) = 1,00 > 0,25
09-29 00:33:00.185 21361 22462 W CAM_A : PHOTO > result sensor delay = 2,00 > 1,10
09-29 00:33:00.186 21361 22462 I BufferQueueConsumer: [ImageReader-640x480f23m52- 21361-6](id:537100000010,api:0,p:-1,c:21361) disconnect
09-29 00:33:00.186 21361 21391 W gralloc4: Could not find component description for FourCC value 20363152
09-29 00:33:00.261 21361 22462 W CameraMetadataJV: Expect face scores and rectangles to be non-null
09-29 00:33:00.263 21361 22462 W CAM_A : PHOTO > abs Δ(result sensor timestamp) = 75,07 ms > 70,00 ms
09-29 00:33:00.263 21361 22462 W CAM_A : PHOTO > rel Δ(result sensor timestamp) = 0,50 > 0,25
09-29 00:33:00.406 21361 22462 W CameraMetadataJV: Expect face scores and rectangles to be non-null
09-29 00:33:00.407 21361 22462 W CAM_A : PHOTO > abs Δ(result sensor timestamp) = 150,15 ms > 70,00 ms
09-29 00:33:00.407 21361 22462 W CAM_A : PHOTO > rel Δ(result sensor timestamp) = 1,00 > 0,25
09-29 00:33:00.407 21361 22462 W CAM_A : PHOTO > result sensor delay = 2,00 > 1,10
09-29 00:33:00.407 21361 21391 W gralloc4: Could not find component description for FourCC value 20363152
09-29 00:33:00.492 21361 22462 W CameraMetadataJV: Expect face scores and rectangles to be non-null
09-29 00:33:00.492 21361 22462 W CAM_A : PHOTO > abs Δ(result sensor timestamp) = 75,07 ms > 70,00 ms
09-29 00:33:00.493 21361 22462 W CAM_A : PHOTO > rel Δ(result sensor timestamp) = 0,50 > 0,25
09-29 00:33:00.633 21361 22462 W CameraMetadataJV: Expect face scores and rectangles to be non-null
09-29 00:33:00.634 21361 22462 W CAM_A : PHOTO > abs Δ(result sensor timestamp) = 150,15 ms > 70,00 ms
09-29 00:33:00.634 21361 22462 W CAM_A : PHOTO > rel Δ(result sensor timestamp) = 1,00 > 0,25
09-29 00:33:00.634 21361 22462 W CAM_A : PHOTO > result sensor delay = 2,00 > 1,10
09-29 00:33:00.635 21361 21401 W gralloc4: Could not find component description for FourCC value 20363152
09-29 00:33:00.713 21361 22462 W CameraMetadataJV: Expect face scores and rectangles to be non-null
09-29 00:33:00.714 21361 22462 W CAM_A : PHOTO > abs Δ(result sensor timestamp) = 75,08 ms > 70,00 ms
09-29 00:33:00.714 21361 22462 W CAM_A : PHOTO > rel Δ(result sensor timestamp) = 0,50 > 0,25
09-29 00:33:00.870 21361 22462 W CameraMetadataJV: Expect face scores and rectangles to be non-null
09-29 00:33:00.871 21361 22462 W CAM_A : PHOTO > abs Δ(result sensor timestamp) = 150,15 ms > 70,00 ms
09-29 00:33:00.871 21361 22462 W CAM_A : PHOTO > rel Δ(result sensor timestamp) = 1,00 > 0,25
09-29 00:33:00.871 21361 22462 W CAM_A : PHOTO > result sensor delay = 2,00 > 1,10
09-29 00:33:00.873 21361 21401 W gralloc4: Could not find component description for FourCC value 20363152
09-29 00:33:00.939 21361 22462 W CameraMetadataJV: Expect face scores and rectangles to be non-null
09-29 00:33:00.941 21361 22462 W CAM_A : PHOTO > abs Δ(result sensor timestamp) = 75,07 ms > 70,00 ms
09-29 00:33:00.941 21361 22462 W CAM_A : PHOTO > rel Δ(result sensor timestamp) = 0,50 > 0,25
09-29 00:33:00.979 21361 22373 I BufferQueueConsumer: [ImageReader-3840x2160f100m5- 21361-11](id:53710000001b,api:0,p:-1,c:21361) disconnect
09-29 00:33:01.089 21361 22462 W CameraMetadataJV: Expect face scores and rectangles to be non-null
09-29 00:33:01.090 21361 22462 W CAM_A : PHOTO > abs Δ(result sensor timestamp) = 150,15 ms > 70,00 ms
09-29 00:33:01.091 21361 22462 W CAM_A : PHOTO > rel Δ(result sensor timestamp) = 1,00 > 0,25
09-29 00:33:01.091 21361 22462 W CAM_A : PHOTO > result sensor delay = 2,00 > 1,10
09-29 00:33:01.092 21361 21391 W gralloc4: Could not find component description for FourCC value 20363152
09-29 00:33:01.174 21361 22462 W CameraMetadataJV: Expect face scores and rectangles to be non-null
09-29 00:33:01.174 21361 22462 W CAM_A : PHOTO > abs Δ(result sensor timestamp) = 75,07 ms > 70,00 ms
09-29 00:33:01.175 21361 22462 W CAM_A : PHOTO > rel Δ(result sensor timestamp) = 0,50 > 0,25
09-29 00:33:01.314 21361 22462 W CameraMetadataJV: Expect face scores and rectangles to be non-null
09-29 00:33:01.315 21361 22462 W CAM_A : PHOTO > abs Δ(result sensor timestamp) = 150,15 ms > 70,00 ms
09-29 00:33:01.315 21361 22462 W CAM_A : PHOTO > rel Δ(result sensor timestamp) = 1,00 > 0,25
09-29 00:33:01.315 21361 22462 W CAM_A : PHOTO > result sensor delay = 2,00 > 1,10
09-29 00:33:01.316 21361 21401 W gralloc4: Could not find component description for FourCC value 20363152
09-29 00:33:01.392 21361 22462 W CameraMetadataJV: Expect face scores and rectangles to be non-null
09-29 00:33:01.394 21361 22462 W CAM_A : PHOTO > abs Δ(result sensor timestamp) = 75,07 ms > 70,00 ms
09-29 00:33:01.394 21361 22462 W CAM_A : PHOTO > rel Δ(result sensor timestamp) = 0,50 > 0,25
09-29 00:33:01.541 21361 22462 W CameraMetadataJV: Expect face scores and rectangles to be non-null
09-29 00:33:01.542 21361 22462 W CAM_A : PHOTO > abs Δ(result sensor timestamp) = 150,15 ms > 70,00 ms
09-29 00:33:01.543 21361 22462 W CAM_A : PHOTO > rel Δ(result sensor timestamp) = 1,00 > 0,25
09-29 00:33:01.543 21361 22462 W CAM_A : PHOTO > result sensor delay = 2,00 > 1,10
09-29 00:33:01.544 21361 21401 W gralloc4: Could not find component description for FourCC value 20363152
09-29 00:33:01.616 21361 22462 W CameraMetadataJV: Expect face scores and rectangles to be non-null
09-29 00:33:01.617 21361 22462 W CAM_A : PHOTO > abs Δ(result sensor timestamp) = 75,07 ms > 70,00 ms
09-29 00:33:01.620 21361 22462 W CAM_A : PHOTO > rel Δ(result sensor timestamp) = 0,50 > 0,25
09-29 00:33:01.764 21361 22462 W CameraMetadataJV: Expect face scores and rectangles to be non-null
09-29 00:33:01.765 21361 22462 W CAM_A : PHOTO > abs Δ(result sensor timestamp) = 150,15 ms > 70,00 ms
09-29 00:33:01.765 21361 22462 W CAM_A : PHOTO > rel Δ(result sensor timestamp) = 1,00 > 0,25
09-29 00:33:01.765 21361 22462 W CAM_A : PHOTO > result sensor delay = 2,00 > 1,10
09-29 00:33:01.766 21361 21401 W gralloc4: Could not find component description for FourCC value 20363152
09-29 00:33:01.848 21361 22462 W CameraMetadataJV: Expect face scores and rectangles to be non-null
09-29 00:33:01.850 21361 22462 W CAM_A : PHOTO > abs Δ(result sensor timestamp) = 75,08 ms > 70,00 ms
09-29 00:33:01.850 21361 22462 W CAM_A : PHOTO > rel Δ(result sensor timestamp) = 0,50 > 0,25
09-29 00:33:01.987 21361 22462 W CameraMetadataJV: Expect face scores and rectangles to be non-null
09-29 00:33:01.988 21361 22462 W CAM_A : PHOTO > abs Δ(result sensor timestamp) = 150,15 ms > 70,00 ms
09-29 00:33:01.988 21361 22462 W CAM_A : PHOTO > rel Δ(result sensor timestamp) = 1,00 > 0,25
09-29 00:33:01.988 21361 22462 W CAM_A : PHOTO > result sensor delay = 2,00 > 1,10
09-29 00:33:01.990 21361 21401 W gralloc4: Could not find component description for FourCC value 20363152
09-29 00:33:02.083 21361 22462 W CameraMetadataJV: Expect face scores and rectangles to be non-null
09-29 00:33:02.088 21361 22462 W CAM_A : PHOTO > abs Δ(result sensor timestamp) = 75,07 ms > 70,00 ms
09-29 00:33:02.089 21361 22462 W CAM_A : PHOTO > rel Δ(result sensor timestamp) = 0,50 > 0,25
09-29 00:33:02.217 21361 22462 W CameraMetadataJV: Expect face scores and rectangles to be non-null
09-29 00:33:02.218 21361 22462 W CAM_A : PHOTO > abs Δ(result sensor timestamp) = 150,15 ms > 70,00 ms
09-29 00:33:02.219 21361 22462 W CAM_A : PHOTO > rel Δ(result sensor timestamp) = 1,00 > 0,25
09-29 00:33:02.219 21361 22462 W CAM_A : PHOTO > result sensor delay = 2,00 > 1,10
09-29 00:33:02.220 21361 21401 W gralloc4: Could not find component description for FourCC value 20363152
09-29 00:33:02.295 21361 22462 W CameraMetadataJV: Expect face scores and rectangles to be non-null
09-29 00:33:02.296 21361 22462 W CAM_A : PHOTO > abs Δ(result sensor timestamp) = 75,07 ms > 70,00 ms
09-29 00:33:02.296 21361 22462 W CAM_A : PHOTO > rel Δ(result sensor timestamp) = 0,50 > 0,25
09-29 00:33:02.439 21361 22462 W CameraMetadataJV: Expect face scores and rectangles to be non-null
09-29 00:33:02.440 21361 22462 W CAM_A : PHOTO > abs Δ(result sensor timestamp) = 150,15 ms > 70,00 ms
09-29 00:33:02.441 21361 22462 W CAM_A : PHOTO > rel Δ(result sensor timestamp) = 1,00 > 0,25
09-29 00:33:02.441 21361 22462 W CAM_A : PHOTO > result sensor delay = 2,00 > 1,10
09-29 00:33:02.442 21361 21401 W gralloc4: Could not find component description for FourCC value 20363152
09-29 00:33:02.518 21361 22462 W CameraMetadataJV: Expect face scores and rectangles to be non-null
09-29 00:33:02.519 21361 22462 W CAM_A : PHOTO > abs Δ(result sensor timestamp) = 75,07 ms > 70,00 ms
09-29 00:33:02.519 21361 22462 W CAM_A : PHOTO > rel Δ(result sensor timestamp) = 0,50 > 0,25
09-29 00:33:02.664 21361 22462 W CameraMetadataJV: Expect face scores and rectangles to be non-null
09-29 00:33:02.665 21361 22462 W CAM_A : PHOTO > abs Δ(result sensor timestamp) = 150,15 ms > 70,00 ms
09-29 00:33:02.665 21361 22462 W CAM_A : PHOTO > rel Δ(result sensor timestamp) = 1,00 > 0,25
09-29 00:33:02.666 21361 22462 W CAM_A : PHOTO > result sensor delay = 2,00 > 1,10
09-29 00:33:02.667 21361 21391 W gralloc4: Could not find component description for FourCC value 20363152
09-29 00:33:02.747 21361 22462 W CameraMetadataJV: Expect face scores and rectangles to be non-null
09-29 00:33:02.748 21361 22462 W CAM_A : PHOTO > abs Δ(result sensor timestamp) = 75,07 ms > 70,00 ms
09-29 00:33:02.748 21361 22462 W CAM_A : PHOTO > rel Δ(result sensor timestamp) = 0,50 > 0,25
09-29 00:33:02.892 21361 22462 W CameraMetadataJV: Expect face scores and rectangles to be non-null
09-29 00:33:02.893 21361 22462 W CAM_A : PHOTO > abs Δ(result sensor timestamp) = 150,15 ms > 70,00 ms
09-29 00:33:02.893 21361 22462 W CAM_A : PHOTO > rel Δ(result sensor timestamp) = 1,00 > 0,25
09-29 00:33:02.894 21361 22462 W CAM_A : PHOTO > result sensor delay = 2,00 > 1,10
09-29 00:33:02.896 21361 21391 W gralloc4: Could not find component description for FourCC value 20363152
09-29 00:33:02.967 21361 22462 W CameraMetadataJV: Expect face scores and rectangles to be non-null
09-29 00:33:02.967 21361 22462 W CAM_A : PHOTO > abs Δ(result sensor timestamp) = 75,08 ms > 70,00 ms
09-29 00:33:02.968 21361 22462 W CAM_A : PHOTO > rel Δ(result sensor timestamp) = 0,50 > 0,25
09-29 00:33:03.114 21361 22462 W CameraMetadataJV: Expect face scores and rectangles to be non-null
09-29 00:33:03.115 21361 22462 W CAM_A : PHOTO > abs Δ(result sensor timestamp) = 150,15 ms > 70,00 ms
09-29 00:33:03.115 21361 22462 W CAM_A : PHOTO > rel Δ(result sensor timestamp) = 1,00 > 0,25
09-29 00:33:03.116 21361 22462 W CAM_A : PHOTO > result sensor delay = 2,00 > 1,10
09-29 00:33:03.117 21361 21391 W gralloc4: Could not find component description for FourCC value 20363152
09-29 00:33:03.200 21361 22462 W CameraMetadataJV: Expect face scores and rectangles to be non-null
09-29 00:33:03.201 21361 22462 W CAM_A : PHOTO > abs Δ(result sensor timestamp) = 75,07 ms > 70,00 ms
09-29 00:33:03.201 21361 22462 W CAM_A : PHOTO > rel Δ(result sensor timestamp) = 0,50 > 0,25
09-29 00:33:03.342 21361 22462 W CameraMetadataJV: Expect face scores and rectangles to be non-null
09-29 00:33:03.343 21361 22462 W CAM_A : PHOTO > abs Δ(result sensor timestamp) = 150,15 ms > 70,00 ms
09-29 00:33:03.343 21361 22462 W CAM_A : PHOTO > rel Δ(result sensor timestamp) = 1,00 > 0,25
09-29 00:33:03.343 21361 22462 W CAM_A : PHOTO > result sensor delay = 2,00 > 1,10
09-29 00:33:03.344 21361 21401 W gralloc4: Could not find component description for FourCC value 20363152
09-29 00:33:03.418 21361 22462 W CameraMetadataJV: Expect face scores and rectangles to be non-null
09-29 00:33:03.420 21361 22462 W CAM_A : PHOTO > abs Δ(result sensor timestamp) = 75,07 ms > 70,00 ms
09-29 00:33:03.420 21361 22462 W CAM_A : PHOTO > rel Δ(result sensor timestamp) = 0,50 > 0,25
09-29 00:33:03.567 21361 22462 W CameraMetadataJV: Expect face scores and rectangles to be non-null
09-29 00:33:03.568 21361 22462 W CAM_A : PHOTO > abs Δ(result sensor timestamp) = 150,15 ms > 70,00 ms
09-29 00:33:03.568 21361 22462 W CAM_A : PHOTO > rel Δ(result sensor timestamp) = 1,00 > 0,25
09-29 00:33:03.569 21361 22462 W CAM_A : PHOTO > result sensor delay = 2,00 > 1,10
09-29 00:33:03.570 21361 21401 W gralloc4: Could not find component description for FourCC value 20363152
09-29 00:33:03.645 21361 22462 W CameraMetadataJV: Expect face scores and rectangles to be non-null
09-29 00:33:03.646 21361 22462 W CAM_A : PHOTO > abs Δ(result sensor timestamp) = 75,07 ms > 70,00 ms
09-29 00:33:03.647 21361 22462 W CAM_A : PHOTO > rel Δ(result sensor timestamp) = 0,50 > 0,25
09-29 00:33:03.793 21361 22462 W CameraMetadataJV: Expect face scores and rectangles to be non-null
09-29 00:33:03.794 21361 22462 W CAM_A : PHOTO > abs Δ(result sensor timestamp) = 150,15 ms > 70,00 ms
09-29 00:33:03.794 21361 22462 W CAM_A : PHOTO > rel Δ(result sensor timestamp) = 1,00 > 0,25
09-29 00:33:03.795 21361 22462 W CAM_A : PHOTO > result sensor delay = 2,00 > 1,10
09-29 00:33:03.796 21361 21401 W gralloc4: Could not find component description for FourCC value 20363152
09-29 00:33:03.874 21361 22462 W CameraMetadataJV: Expect face scores and rectangles to be non-null
09-29 00:33:03.875 21361 22462 W CAM_A : PHOTO > abs Δ(result sensor timestamp) = 75,07 ms > 70,00 ms
09-29 00:33:03.875 21361 22462 W CAM_A : PHOTO > rel Δ(result sensor timestamp) = 0,50 > 0,25
09-29 00:33:04.019 21361 22462 W CameraMetadataJV: Expect face scores and rectangles to be non-null
09-29 00:33:04.020 21361 22462 W CAM_A : PHOTO > abs Δ(result sensor timestamp) = 150,15 ms > 70,00 ms
09-29 00:33:04.020 21361 22462 W CAM_A : PHOTO > rel Δ(result sensor timestamp) = 1,00 > 0,25
09-29 00:33:04.021 21361 22462 W CAM_A : PHOTO > result sensor delay = 2,00 > 1,10
09-29 00:33:04.022 21361 21401 W gralloc4: Could not find component description for FourCC value 20363152
09-29 00:33:04.093 21361 22462 W CameraMetadataJV: Expect face scores and rectangles to be non-null
09-29 00:33:04.094 21361 22462 W CAM_A : PHOTO > abs Δ(result sensor timestamp) = 75,08 ms > 70,00 ms
09-29 00:33:04.094 21361 22462 W CAM_A : PHOTO > rel Δ(result sensor timestamp) = 0,50 > 0,25
09-29 00:33:04.244 21361 22462 W CameraMetadataJV: Expect face scores and rectangles to be non-null
09-29 00:33:04.245 21361 22462 W CAM_A : PHOTO > abs Δ(result sensor timestamp) = 150,15 ms > 70,00 ms
09-29 00:33:04.245 21361 22462 W CAM_A : PHOTO > rel Δ(result sensor timestamp) = 1,00 > 0,25
09-29 00:33:04.246 21361 22462 W CAM_A : PHOTO > result sensor delay = 2,00 > 1,10
09-29 00:33:04.247 21361 21401 W gralloc4: Could not find component description for FourCC value 20363152
09-29 00:33:04.321 21361 22462 W CameraMetadataJV: Expect face scores and rectangles to be non-null
09-29 00:33:04.322 21361 22462 W CAM_A : PHOTO > abs Δ(result sensor timestamp) = 75,07 ms > 70,00 ms
09-29 00:33:04.322 21361 22462 W CAM_A : PHOTO > rel Δ(result sensor timestamp) = 0,50 > 0,25
09-29 00:33:04.471 21361 22462 W CameraMetadataJV: Expect face scores and rectangles to be non-null
09-29 00:33:04.472 21361 22462 W CAM_A : PHOTO > abs Δ(result sensor timestamp) = 150,15 ms > 70,00 ms
09-29 00:33:04.473 21361 22462 W CAM_A : PHOTO > rel Δ(result sensor timestamp) = 1,00 > 0,25
09-29 00:33:04.473 21361 22462 W CAM_A : PHOTO > result sensor delay = 2,00 > 1,10
09-29 00:33:04.474 21361 21401 W gralloc4: Could not find component description for FourCC value 20363152
09-29 00:33:04.548 21361 22462 W CameraMetadataJV: Expect face scores and rectangles to be non-null
09-29 00:33:04.549 21361 22462 W CAM_A : PHOTO > abs Δ(result sensor timestamp) = 75,07 ms > 70,00 ms
09-29 00:33:04.549 21361 22462 W CAM_A : PHOTO > rel Δ(result sensor timestamp) = 0,50 > 0,25
09-29 00:33:04.622 21361 21570 D BufferPoolAccessor2.0: bufferpool2 0x73acdc0828 : 5(384000 size) total buffers - 4(307200 size) used buffers - 0/5 (recycle/alloc) - 0/0 (fetch/transfer)
09-29 00:33:04.622 21361 21570 D BufferPoolAccessor2.0: evictor expired: 1, evicted: 1
09-29 00:33:04.695 21361 22462 W CameraMetadataJV: Expect face scores and rectangles to be non-null
09-29 00:33:04.696 21361 22462 W CAM_A : PHOTO > abs Δ(result sensor timestamp) = 150,15 ms > 70,00 ms
09-29 00:33:04.697 21361 22462 W CAM_A : PHOTO > rel Δ(result sensor timestamp) = 1,00 > 0,25
09-29 00:33:04.697 21361 22462 W CAM_A : PHOTO > result sensor delay = 2,00 > 1,10
09-29 00:33:04.699 21361 21401 W gralloc4: Could not find component description for FourCC value 20363152
09-29 00:33:04.776 21361 22462 W CameraMetadataJV: Expect face scores and rectangles to be non-null
09-29 00:33:04.777 21361 22462 W CAM_A : PHOTO > abs Δ(result sensor timestamp) = 75,07 ms > 70,00 ms
09-29 00:33:04.778 21361 22462 W CAM_A : PHOTO > rel Δ(result sensor timestamp) = 0,50 > 0,25
09-29 00:33:04.923 21361 22462 W CameraMetadataJV: Expect face scores and rectangles to be non-null
09-29 00:33:04.924 21361 22462 W CAM_A : PHOTO > abs Δ(result sensor timestamp) = 150,15 ms > 70,00 ms
09-29 00:33:04.925 21361 22462 W CAM_A : PHOTO > rel Δ(result sensor timestamp) = 1,00 > 0,25
09-29 00:33:04.925 21361 22462 W CAM_A : PHOTO > result sensor delay = 2,00 > 1,10
09-29 00:33:04.926 21361 21391 W gralloc4: Could not find component description for FourCC value 20363152
09-29 00:33:05.003 21361 22462 W CameraMetadataJV: Expect face scores and rectangles to be non-null
09-29 00:33:05.005 21361 22462 W CAM_A : PHOTO > abs Δ(result sensor timestamp) = 75,07 ms > 70,00 ms
09-29 00:33:05.005 21361 22462 W CAM_A : PHOTO > rel Δ(result sensor timestamp) = 0,50 > 0,25
09-29 00:33:05.146 21361 22462 W CameraMetadataJV: Expect face scores and rectangles to be non-null
09-29 00:33:05.148 21361 22462 W CAM_A : PHOTO > abs Δ(result sensor timestamp) = 150,15 ms > 70,00 ms
09-29 00:33:05.149 21361 22462 W CAM_A : PHOTO > rel Δ(result sensor timestamp) = 1,00 > 0,25
09-29 00:33:05.149 21361 22462 W CAM_A : PHOTO > result sensor delay = 2,00 > 1,10
09-29 00:33:05.151 21361 21391 W gralloc4: Could not find component description for FourCC value 20363152
09-29 00:33:05.226 21361 22462 W CameraMetadataJV: Expect face scores and rectangles to be non-null
09-29 00:33:05.227 21361 22462 W CAM_A : PHOTO > abs Δ(result sensor timestamp) = 75,08 ms > 70,00 ms
09-29 00:33:05.227 21361 22462 W CAM_A : PHOTO > rel Δ(result sensor timestamp) = 0,50 > 0,25
09-29 00:33:05.371 21361 22462 W CameraMetadataJV: Expect face scores and rectangles to be non-null
09-29 00:33:05.373 21361 22462 W CAM_A : PHOTO > abs Δ(result sensor timestamp) = 150,15 ms > 70,00 ms
09-29 00:33:05.373 21361 22462 W CAM_A : PHOTO > rel Δ(result sensor timestamp) = 1,00 > 0,25
09-29 00:33:05.373 21361 22462 W CAM_A : PHOTO > result sensor delay = 2,00 > 1,10
09-29 00:33:05.374 21361 21401 W gralloc4: Could not find component description for FourCC value 20363152
09-29 00:33:05.451 21361 22462 W CameraMetadataJV: Expect face scores and rectangles to be non-null
09-29 00:33:05.452 21361 22462 W CAM_A : PHOTO > abs Δ(result sensor timestamp) = 75,07 ms > 70,00 ms
09-29 00:33:05.452 21361 22462 W CAM_A : PHOTO > rel Δ(result sensor timestamp) = 0,50 > 0,25
09-29 00:33:05.599 21361 22462 W CameraMetadataJV: Expect face scores and rectangles to be non-null
09-29 00:33:05.601 21361 22462 W CAM_A : PHOTO > abs Δ(result sensor timestamp) = 150,15 ms > 70,00 ms
09-29 00:33:05.601 21361 22462 W CAM_A : PHOTO > rel Δ(result sensor timestamp) = 1,00 > 0,25
09-29 00:33:05.601 21361 22462 W CAM_A : PHOTO > result sensor delay = 2,00 > 1,10
09-29 00:33:05.602 21361 21391 W gralloc4: Could not find component description for FourCC value 20363152
09-29 00:33:05.677 21361 22462 W CameraMetadataJV: Expect face scores and rectangles to be non-null
09-29 00:33:05.678 21361 22462 W CAM_A : PHOTO > abs Δ(result sensor timestamp) = 75,07 ms > 70,00 ms
09-29 00:33:05.679 21361 22462 W CAM_A : PHOTO > rel Δ(result sensor timestamp) = 0,50 > 0,25
09-29 00:33:05.819 21361 22462 W CameraMetadataJV: Expect face scores and rectangles to be non-null
09-29 00:33:05.820 21361 22462 W CAM_A : PHOTO > abs Δ(result sensor timestamp) = 150,15 ms > 70,00 ms
09-29 00:33:05.820 21361 22462 W CAM_A : PHOTO > rel Δ(result sensor timestamp) = 1,00 > 0,25
09-29 00:33:05.820 21361 22462 W CAM_A : PHOTO > result sensor delay = 2,00 > 1,10
09-29 00:33:05.821 21361 21391 W gralloc4: Could not find component description for FourCC value 20363152
09-29 00:33:05.907 21361 22462 W CameraMetadataJV: Expect face scores and rectangles to be non-null
09-29 00:33:05.909 21361 22462 W CAM_A : PHOTO > abs Δ(result sensor timestamp) = 75,07 ms > 70,00 ms
09-29 00:33:05.909 21361 22462 W CAM_A : PHOTO > rel Δ(result sensor timestamp) = 0,50 > 0,25
09-29 00:33:06.042 21361 22462 W CameraMetadataJV: Expect face scores and rectangles to be non-null
09-29 00:33:06.042 21361 22462 W CAM_A : PHOTO > abs Δ(result sensor timestamp) = 150,15 ms > 70,00 ms
09-29 00:33:06.043 21361 22462 W CAM_A : PHOTO > rel Δ(result sensor timestamp) = 1,00 > 0,25
09-29 00:33:06.043 21361 22462 W CAM_A : PHOTO > result sensor delay = 2,00 > 1,10
09-29 00:33:06.044 21361 21391 W gralloc4: Could not find component description for FourCC value 20363152
09-29 00:33:06.125 21361 22462 W CameraMetadataJV: Expect face scores and rectangles to be non-null
09-29 00:33:06.126 21361 22462 W CAM_A : PHOTO > abs Δ(result sensor timestamp) = 75,07 ms > 70,00 ms
09-29 00:33:06.126 21361 22462 W CAM_A : PHOTO > rel Δ(result sensor timestamp) = 0,50 > 0,25
09-29 00:33:06.270 21361 22462 W CameraMetadataJV: Expect face scores and rectangles to be non-null
09-29 00:33:06.271 21361 22462 W CAM_A : PHOTO > abs Δ(result sensor timestamp) = 150,15 ms > 70,00 ms
09-29 00:33:06.271 21361 22462 W CAM_A : PHOTO > rel Δ(result sensor timestamp) = 1,00 > 0,25
09-29 00:33:06.271 21361 22462 W CAM_A : PHOTO > result sensor delay = 2,00 > 1,10
09-29 00:33:06.272 21361 21391 W gralloc4: Could not find component description for FourCC value 20363152
09-29 00:33:06.299 21361 21361 D CameraManager2: GotArray:0
09-29 00:33:06.299 21361 21361 D CameraManager2: GotArray:1
09-29 00:33:06.299 21361 21361 D CameraManager2: GotArray:20
09-29 00:33:06.299 21361 21361 D CameraManager2: GotArray:21
09-29 00:33:06.354 21361 22462 W CameraMetadataJV: Expect face scores and rectangles to be non-null
09-29 00:33:06.355 21361 22462 W CAM_A : PHOTO > abs Δ(result sensor timestamp) = 75,08 ms > 70,00 ms
09-29 00:33:06.355 21361 22462 W CAM_A : PHOTO > rel Δ(result sensor timestamp) = 0,50 > 0,25
09-29 00:33:06.493 21361 22462 W CameraMetadataJV: Expect face scores and rectangles to be non-null
09-29 00:33:06.494 21361 22462 W CAM_A : PHOTO > abs Δ(result sensor timestamp) = 150,15 ms > 70,00 ms
09-29 00:33:06.494 21361 22462 W CAM_A : PHOTO > rel Δ(result sensor timestamp) = 1,00 > 0,25
09-29 00:33:06.494 21361 22462 W CAM_A : PHOTO > result sensor delay = 2,00 > 1,10
09-29 00:33:06.495 21361 21401 W gralloc4: Could not find component description for FourCC value 20363152
09-29 00:33:06.571 21361 22462 W CameraMetadataJV: Expect face scores and rectangles to be non-null
09-29 00:33:06.572 21361 22462 W CAM_A : PHOTO > abs Δ(result sensor timestamp) = 75,07 ms > 70,00 ms
09-29 00:33:06.573 21361 22462 W CAM_A : PHOTO > rel Δ(result sensor timestamp) = 0,50 > 0,25
09-29 00:33:06.716 21361 22462 W CameraMetadataJV: Expect face scores and rectangles to be non-null
09-29 00:33:06.717 21361 22462 W CAM_A : PHOTO > abs Δ(result sensor timestamp) = 150,15 ms > 70,00 ms
09-29 00:33:06.717 21361 22462 W CAM_A : PHOTO > rel Δ(result sensor timestamp) = 1,00 > 0,25
09-29 00:33:06.718 21361 22462 W CAM_A : PHOTO > result sensor delay = 2,00 > 1,10
09-29 00:33:06.718 21361 21401 W gralloc4: Could not find component description for FourCC value 20363152
09-29 00:33:06.797 21361 22462 W CameraMetadataJV: Expect face scores and rectangles to be non-null
09-29 00:33:06.798 21361 22462 W CAM_A : PHOTO > abs Δ(result sensor timestamp) = 75,07 ms > 70,00 ms
09-29 00:33:06.798 21361 22462 W CAM_A : PHOTO > rel Δ(result sensor timestamp) = 0,50 > 0,25
09-29 00:33:06.940 21361 22462 W CameraMetadataJV: Expect face scores and rectangles to be non-null
09-29 00:33:06.941 21361 22462 W CAM_A : PHOTO > abs Δ(result sensor timestamp) = 150,15 ms > 70,00 ms
09-29 00:33:06.942 21361 22462 W CAM_A : PHOTO > rel Δ(result sensor timestamp) = 1,00 > 0,25
09-29 00:33:06.942 21361 22462 W CAM_A : PHOTO > result sensor delay = 2,00 > 1,10
09-29 00:33:06.942 21361 21401 W gralloc4: Could not find component description for FourCC value 20363152
09-29 00:33:07.022 21361 22462 W CameraMetadataJV: Expect face scores and rectangles to be non-null
09-29 00:33:07.023 21361 22462 W CAM_A : PHOTO > abs Δ(result sensor timestamp) = 75,07 ms > 70,00 ms
09-29 00:33:07.023 21361 22462 W CAM_A : PHOTO > rel Δ(result sensor timestamp) = 0,50 > 0,25
09-29 00:33:07.168 21361 22462 W CameraMetadataJV: Expect face scores and rectangles to be non-null
09-29 00:33:07.169 21361 22462 W CAM_A : PHOTO > abs Δ(result sensor timestamp) = 150,15 ms > 70,00 ms
09-29 00:33:07.170 21361 22462 W CAM_A : PHOTO > rel Δ(result sensor timestamp) = 1,00 > 0,25
09-29 00:33:07.170 21361 22462 W CAM_A : PHOTO > result sensor delay = 2,00 > 1,10
09-29 00:33:07.171 21361 21391 W gralloc4: Could not find component description for FourCC value 20363152
09-29 00:33:07.247 21361 22462 W CameraMetadataJV: Expect face scores and rectangles to be non-null
09-29 00:33:07.249 21361 22462 W CAM_A : PHOTO > abs Δ(result sensor timestamp) = 75,07 ms > 70,00 ms
09-29 00:33:07.250 21361 22462 W CAM_A : PHOTO > rel Δ(result sensor timestamp) = 0,50 > 0,25
09-29 00:33:07.398 21361 22462 W CameraMetadataJV: Expect face scores and rectangles to be non-null
09-29 00:33:07.399 21361 22462 W CAM_A : PHOTO > abs Δ(result sensor timestamp) = 150,15 ms > 70,00 ms
09-29 00:33:07.399 21361 22462 W CAM_A : PHOTO > rel Δ(result sensor timestamp) = 1,00 > 0,25
09-29 00:33:07.400 21361 22462 W CAM_A : PHOTO > result sensor delay = 2,00 > 1,10
09-29 00:33:07.401 21361 21401 W gralloc4: Could not find component description for FourCC value 20363152
09-29 00:33:07.471 21361 22462 W CameraMetadataJV: Expect face scores and rectangles to be non-null
09-29 00:33:07.472 21361 22462 W CAM_A : PHOTO > abs Δ(result sensor timestamp) = 75,08 ms > 70,00 ms
09-29 00:33:07.472 21361 22462 W CAM_A : PHOTO > rel Δ(result sensor timestamp) = 0,50 > 0,25
09-29 00:33:07.616 21361 22462 W CameraMetadataJV: Expect face scores and rectangles to be non-null
09-29 00:33:07.617 21361 22462 W CAM_A : PHOTO > abs Δ(result sensor timestamp) = 150,15 ms > 70,00 ms
09-29 00:33:07.617 21361 22462 W CAM_A : PHOTO > rel Δ(result sensor timestamp) = 1,00 > 0,25
09-29 00:33:07.617 21361 22462 W CAM_A : PHOTO > result sensor delay = 2,00 > 1,10
09-29 00:33:07.618 21361 21391 W gralloc4: Could not find component description for FourCC value 20363152
09-29 00:33:07.698 21361 22462 W CameraMetadataJV: Expect face scores and rectangles to be non-null
09-29 00:33:07.701 21361 22462 W CAM_A : PHOTO > abs Δ(result sensor timestamp) = 75,07 ms > 70,00 ms
09-29 00:33:07.701 21361 22462 W CAM_A : PHOTO > rel Δ(result sensor timestamp) = 0,50 > 0,25
09-29 00:33:07.841 21361 22462 W CameraMetadataJV: Expect face scores and rectangles to be non-null
09-29 00:33:07.842 21361 22462 W CAM_A : PHOTO > abs Δ(result sensor timestamp) = 150,15 ms > 70,00 ms
09-29 00:33:07.842 21361 22462 W CAM_A : PHOTO > rel Δ(result sensor timestamp) = 1,00 > 0,25
09-29 00:33:07.842 21361 22462 W CAM_A : PHOTO > result sensor delay = 2,00 > 1,10
09-29 00:33:07.843 21361 21401 W gralloc4: Could not find component description for FourCC value 20363152
09-29 00:33:07.925 21361 22462 W CameraMetadataJV: Expect face scores and rectangles to be non-null
09-29 00:33:07.926 21361 22462 W CAM_A : PHOTO > abs Δ(result sensor timestamp) = 75,07 ms > 70,00 ms
09-29 00:33:07.926 21361 22462 W CAM_A : PHOTO > rel Δ(result sensor timestamp) = 0,50 > 0,25
09-29 00:33:08.028 21361 22629 W CAM_PckLongExposureCmd: Capture session not a LongExposureCaptureSession: hqu@923dee6
09-29 00:33:08.076 21361 22462 W CameraMetadataJV: Expect face scores and rectangles to be non-null
09-29 00:33:08.077 21361 22462 W CAM_A : PHOTO > abs Δ(result sensor timestamp) = 150,15 ms > 70,00 ms
09-29 00:33:08.077 21361 22462 W CAM_A : PHOTO > rel Δ(result sensor timestamp) = 1,00 > 0,25
