09-29 00:32:39.399 21361 21982 W CAM_A : LONG_EXPOSURE > abs Δ(result sensor timestamp) = 75,07 ms > 70,00 ms
09-29 00:32:39.399 21361 21982 W CAM_A : LONG_EXPOSURE > rel Δ(result sensor timestamp) = 0,50 > 0,25
09-29 00:32:39.485 21361 21816 I BufferQueueConsumer: [ImageReader-640x480f23m52- 21361-3](id:53710000000a,api:0,p:-1,c:21361) disconnect
09-29 00:32:39.485 21361 21816 I BufferQueueConsumer: [ImageReader-4208x3120f20m42- 21361-4](id:53710000000b,api:0,p:-1,c:21361) disconnect
09-29 00:32:39.543 21361 21982 W CameraMetadataJV: Expect face scores and rectangles to be non-null
09-29 00:32:39.543 21361 21982 W CAM_A : LONG_EXPOSURE > abs Δ(result sensor timestamp) = 150,15 ms > 70,00 ms
09-29 00:32:39.544 21361 21982 W CAM_A : LONG_EXPOSURE > rel Δ(result sensor timestamp) = 1,00 > 0,25
09-29 00:32:39.544 21361 21982 W CAM_A : LONG_EXPOSURE > result sensor delay = 2,00 > 1,10
09-29 00:32:39.547 21361 21982 I BufferQueueConsumer: [ImageReader-640x480f23m52- 21361-0](id:537100000000,api:0,p:-1,c:21361) disconnect
09-29 00:32:39.550 21361 21391 W gralloc4: Could not find component description for FourCC value 20363152
09-29 00:32:39.620 21361 21982 W CameraMetadataJV: Expect face scores and rectangles to be non-null
09-29 00:32:39.620 21361 21982 W CAM_A : LONG_EXPOSURE > abs Δ(result sensor timestamp) = 75,07 ms > 70,00 ms
09-29 00:32:39.620 21361 21982 W CAM_A : LONG_EXPOSURE > rel Δ(result sensor timestamp) = 0,50 > 0,25
09-29 00:32:39.636 21361 21392 I mali_config: @get_buffer_dataspace_setting: update dataspace (0x10020000 -> 0x08020000)
09-29 00:32:39.639 21361 21392 I GED : ged_boost_gpu_freq, level 100, eOrigin 2, final_idx 29, oppidx_max 29, oppidx_min 0
09-29 00:32:39.656 21361 21361 D CameraManager2: GotArray:0
09-29 00:32:39.656 21361 21361 D CameraManager2: GotArray:1
09-29 00:32:39.656 21361 21361 D CameraManager2: GotArray:20
09-29 00:32:39.656 21361 21361 D CameraManager2: GotArray:21
09-29 00:32:39.657 21361 21361 D CameraManager2: GotArray:0
09-29 00:32:39.657 21361 21361 D CameraManager2: GotArray:1
09-29 00:32:39.657 21361 21361 D CameraManager2: GotArray:20
09-29 00:32:39.657 21361 21361 D CameraManager2: GotArray:21
09-29 00:32:39.658 21361 21361 D CameraManager2: GotArray:0
09-29 00:32:39.658 21361 21361 D CameraManager2: GotArray:1
09-29 00:32:39.658 21361 21361 D CameraManager2: GotArray:20
09-29 00:32:39.658 21361 21361 D CameraManager2: GotArray:21
09-29 00:32:39.664 21361 21361 D CameraManager2: GotArray:0
09-29 00:32:39.664 21361 21361 D CameraManager2: GotArray:1
09-29 00:32:39.664 21361 21361 D CameraManager2: GotArray:20
09-29 00:32:39.664 21361 21361 D CameraManager2: GotArray:21
09-29 00:32:39.666 21361 21361 D CameraManager2: GotArray:0
09-29 00:32:39.666 21361 21361 D CameraManager2: GotArray:1
09-29 00:32:39.666 21361 21361 D CameraManager2: GotArray:20
09-29 00:32:39.666 21361 21361 D CameraManager2: GotArray:21
09-29 00:32:39.674 21361 22055 D libMEOW : meow delete tls: 0x73d3260f00
09-29 00:32:39.675 21361 22057 D libMEOW : meow delete tls: 0x73d341a680
09-29 00:32:39.676 21361 21361 D CameraManager2: GotArray:0
09-29 00:32:39.676 21361 21361 D CameraManager2: GotArray:1
09-29 00:32:39.676 21361 21361 D CameraManager2: GotArray:20
09-29 00:32:39.676 21361 21361 D CameraManager2: GotArray:21
09-29 00:32:39.676 21361 22058 D libMEOW : meow delete tls: 0x73e9ca45c0
09-29 00:32:39.677 21361 21361 D CameraManager2: GotArray:0
09-29 00:32:39.677 21361 21361 D CameraManager2: GotArray:1
09-29 00:32:39.677 21361 21361 D CameraManager2: GotArray:20
09-29 00:32:39.677 21361 21361 D CameraManager2: GotArray:21
09-29 00:32:39.695 21361 21361 W CAM_A : init() called on an already initialized PortraitController.
09-29 00:32:39.696 21361 21361 D CameraManager2: GotArray:0
09-29 00:32:39.697 21361 21361 D CameraManager2: GotArray:1
09-29 00:32:39.697 21361 21361 D CameraManager2: GotArray:20
09-29 00:32:39.697 21361 21361 D CameraManager2: GotArray:21
09-29 00:32:39.698 21361 21361 D CameraManager2: GotArray:0
09-29 00:32:39.698 21361 21361 D CameraManager2: GotArray:1
09-29 00:32:39.698 21361 21361 D CameraManager2: GotArray:20
09-29 00:32:39.698 21361 21361 D CameraManager2: GotArray:21
09-29 00:32:39.700 21361 21361 D CameraManager2: GotArray:0
09-29 00:32:39.701 21361 21361 D CameraManager2: GotArray:1
09-29 00:32:39.701 21361 21361 D CameraManager2: GotArray:20
09-29 00:32:39.701 21361 21361 D CameraManager2: GotArray:21
09-29 00:32:39.701 21361 21361 D CameraManager2: GotArray:0
09-29 00:32:39.701 21361 21361 D CameraManager2: GotArray:1
09-29 00:32:39.701 21361 21361 D CameraManager2: GotArray:20
09-29 00:32:39.701 21361 21361 D CameraManager2: GotArray:21
09-29 00:32:39.703 21361 21361 D CameraManager2: GotArray:0
09-29 00:32:39.703 21361 21361 D CameraManager2: GotArray:1
09-29 00:32:39.703 21361 21361 D CameraManager2: GotArray:20
09-29 00:32:39.703 21361 21361 D CameraManager2: GotArray:21
09-29 00:32:39.704 21361 21361 D CameraManager2: GotArray:0
09-29 00:32:39.704 21361 21361 D CameraManager2: GotArray:1
09-29 00:32:39.704 21361 21361 D CameraManager2: GotArray:20
09-29 00:32:39.704 21361 21361 D CameraManager2: GotArray:21
09-29 00:32:39.708 21361 21361 I BufferQueueProducer: [SurfaceView[com.google.android.GoogleCameraEngR18F1/com.google.android.apps.camera .legacy.app.activity.main.CameraActivity]#7(BLAST Consumer)7] (id:537100000012,api:4,p:1223,c:21361) disconnect: api -1
09-29 00:32:39.708 21361 21361 I BLASTBufferQueue: [SurfaceView[com.google.android.GoogleCameraEngR18F1/com.google.android.apps.camera .legacy.app.activity.main.CameraActivity]#7] destructor()
09-29 00:32:39.708 21361 21361 I BufferQueueConsumer: [SurfaceView[com.google.android.GoogleCameraEngR18F1/com.google.android.apps.camera .legacy.app.activity.main.CameraActivity]#7(BLAST Consumer)7] (id:537100000012,api:4,p:1223,c:21361) disconnect
09-29 00:32:39.709 21361 21361 D SurfaceView: UPDATE Surface(name=SurfaceView[com.google.android.GoogleCameraEngR18F1/com.google.android .apps.camera.legacy.app.activity.main.CameraActivity])/@0xd910548, mIsCastMode = false
09-29 00:32:39.709 21361 21361 D SurfaceView: UPDATE Surface(name=SurfaceView[com.google.android.GoogleCameraEngR18F1/com.google.android .apps.camera.legacy.app.activity.main.CameraActivity])/@0xd910548, mIsProjectionMode = false
09-29 00:32:39.713 21361 21378 E BufferQueueProducer: [SurfaceView[com.google.android.GoogleCameraEngR18F1/com.google.android.apps.camera .legacy.app.activity.main.CameraActivity]#7(BLAST Consumer)7] (id:537100000012,api:4,p:1223,c:21361) cancelBuffer: BufferQueue has been abandoned
09-29 00:32:39.715 21361 21396 E BufferQueueProducer: [SurfaceView[com.google.android.GoogleCameraEngR18F1/com.google.android.apps.camera .legacy.app.activity.main.CameraActivity]#7(BLAST Consumer)7] (id:537100000012,api:4,p:1223,c:21361) dequeueBuffer: BufferQueue has been abandoned
09-29 00:32:39.717 21361 21396 E BufferQueueProducer: [SurfaceView[com.google.android.GoogleCameraEngR18F1/com.google.android.apps.camera .legacy.app.activity.main.CameraActivity]#7(BLAST Consumer)7] (id:537100000012,api:4,p:1223,c:21361) cancelBuffer: BufferQueue has been abandoned
09-29 00:32:39.719 21361 21407 I BufferQueueConsumer: [](id:537100000013,api:0,p:- 1,c:21361) connect: controlledByApp=true
09-29 00:32:39.721 21361 21983 W CAM_MetadataDst: onCaptureFailed for Frame 180 (images were captured)
09-29 00:32:39.721 21361 21983 W CAM_MetadataDst: onCaptureFailed for Frame 182 (images were captured)
09-29 00:32:39.721 21361 21983 W CAM_MetadataDst: onCaptureFailed for Frame 181 (images were captured)
09-29 00:32:39.747 21361 21361 D SurfaceView: UPDATE null, mIsCastMode = false
09-29 00:32:39.748 21361 21361 I BufferQueueConsumer: [](id:537100000014,api:0,p:- 1,c:21361) connect: controlledByApp=false
09-29 00:32:39.749 21361 21361 I BLASTBufferQueue: [SurfaceView[com.google.android.GoogleCameraEngR18F1/com.google.android.apps.camera .legacy.app.activity.main.CameraActivity]#8] constructor()
09-29 00:32:39.767 21361 21413 I BufferQueueProducer: [SurfaceView[com.google.android.GoogleCameraEngR18F1/com.google.android.apps.camera .legacy.app.activity.main.CameraActivity]#7(BLAST Consumer)7] (id:537100000012,api:4,p:1223,c:21361) disconnect: api 4
09-29 00:32:39.768 21361 21378 I BLASTBufferQueue: releaseBufferCallbackThunk bufferId:91744796409980 framenumber:7 blastBufferQueue is dead
09-29 00:32:39.769 21361 21413 I BufferQueueProducer: [ImageReader-640x480f23m52- 21361-6](id:537100000010,api:4,p:1223,c:21361) disconnect: api 4
09-29 00:32:39.769 21361 21361 D SurfaceView: UPDATE Surface(name=SurfaceView[com.google.android.GoogleCameraEngR18F1/com.google.android .apps.camera.legacy.app.activity.main.CameraActivity])/@0xadca47, mIsProjectionMode = false
09-29 00:32:39.773 21361 21413 I BufferQueueProducer: [ImageReader-4208x3120f20m42- 21361-7](id:537100000011,api:4,p:1223,c:21361) disconnect: api 4
09-29 00:32:39.780 21361 21361 W CAM_A : ModeSwitcher WAS ALREADY ENABLED!
09-29 00:32:39.841 21361 21413 I BufferQueueProducer: [ImageReader-4208x3120f20m42- 21361-8](id:537100000013,api:4,p:1223,c:21361) connect: api=4 producerControlledByApp=false
09-29 00:32:39.850 21361 22066 W CAM_SurfaceMap: Surface(name=null)/@0x2190803 is valid but deferred streams are not yet available for CaptureSession-6
09-29 00:32:39.850 21361 22066 W CAM_SimpleReqProcessor: Failed to add Stream-15 to CaptureRequest for Request-99. The surface is not yet available.
09-29 00:32:39.870 21361 22066 W CAM_SurfaceMap: Surface(name=null)/@0x2190803 is valid but deferred streams are not yet available for CaptureSession-6
09-29 00:32:39.870 21361 22066 W CAM_SimpleReqProcessor: Failed to add Stream-15 to CaptureRequest for Request-100. The surface is not yet available.
09-29 00:32:39.885 21361 22066 I BufferQueueProducer: [SurfaceView[com.google.android.GoogleCameraEngR18F1/com.google.android.apps.camera .legacy.app.activity.main.CameraActivity]#8(BLAST Consumer)8] (id:537100000014,api:4,p:1223,c:21361) connect: api=4 producerControlledByApp=true
09-29 00:32:40.209 21361 22065 W CAM_A : PORTRAIT > abs Δ(result sensor timestamp) = 596,67 ms > 70,00 ms
09-29 00:32:40.209 21361 22065 W CAM_A : PORTRAIT > rel Δ(result sensor timestamp) = 6,95 > 0,25
09-29 00:32:40.210 21361 22065 W CAM_A : PORTRAIT > result sensor delay = 7,93 > 1,10
09-29 00:32:40.210 21361 22119 D libMEOW : meow new tls: 0x73e9b5f040
09-29 00:32:40.210 21361 22119 D libMEOW : applied 1 plugins for [com.google.android.GoogleCameraEngR18F1]:
09-29 00:32:40.210 21361 22119 D libMEOW : plugin 1: [libMEOW_gift.so]:
09-29 00:32:40.210 21361 22065 W CameraMetadataJV: Expect face scores and rectangles to be non-null
09-29 00:32:40.212 21361 21391 W gralloc4: Could not find component description for FourCC value 20363152
09-29 00:32:40.213 21361 22124 D libMEOW : meow new tls: 0x73d33f7700
09-29 00:32:40.213 21361 22124 D libMEOW : applied 1 plugins for [com.google.android.GoogleCameraEngR18F1]:
09-29 00:32:40.213 21361 22124 D libMEOW : plugin 1: [libMEOW_gift.so]:
09-29 00:32:40.214 21361 22125 D libMEOW : meow new tls: 0x73e9b89400
09-29 00:32:40.215 21361 22125 D libMEOW : applied 1 plugins for [com.google.android.GoogleCameraEngR18F1]:
09-29 00:32:40.215 21361 22125 D libMEOW : plugin 1: [libMEOW_gift.so]:
09-29 00:32:40.286 21361 21904 I BufferQueueConsumer: [ImageReader-4208x3120f20m42- 21361-5](id:53710000000e,api:0,p:-1,c:21361) disconnect
09-29 00:32:40.297 21361 22065 W CAM_A : PORTRAIT > abs Δ(result sensor timestamp) = 75,07 ms > 70,00 ms
09-29 00:32:40.297 21361 22065 W CAM_A : PORTRAIT > rel Δ(result sensor timestamp) = 0,87 > 0,25
09-29 00:32:40.297 21361 22065 W CameraMetadataJV: Expect face scores and rectangles to be non-null
09-29 00:32:40.437 21361 22065 W CAM_A : PORTRAIT > abs Δ(result sensor timestamp) = 150,15 ms > 70,00 ms
09-29 00:32:40.437 21361 22065 W CAM_A : PORTRAIT > rel Δ(result sensor timestamp) = 1,00 > 0,25
09-29 00:32:40.437 21361 22065 W CAM_A : PORTRAIT > result sensor delay = 2,00 > 1,10
09-29 00:32:40.438 21361 22065 W CameraMetadataJV: Expect face scores and rectangles to be non-null
09-29 00:32:40.438 21361 21391 W gralloc4: Could not find component description for FourCC value 20363152
09-29 00:32:40.511 21361 22065 W CAM_A : PORTRAIT > abs Δ(result sensor timestamp) = 75,07 ms > 70,00 ms
09-29 00:32:40.511 21361 22065 W CAM_A : PORTRAIT > rel Δ(result sensor timestamp) = 0,50 > 0,25
09-29 00:32:40.511 21361 22065 W CameraMetadataJV: Expect face scores and rectangles to be non-null
09-29 00:32:40.660 21361 22065 W CAM_A : PORTRAIT > abs Δ(result sensor timestamp) = 150,15 ms > 70,00 ms
09-29 00:32:40.660 21361 22065 W CAM_A : PORTRAIT > rel Δ(result sensor timestamp) = 1,00 > 0,25
09-29 00:32:40.660 21361 22065 W CAM_A : PORTRAIT > result sensor delay = 2,00 > 1,10
09-29 00:32:40.660 21361 22065 W CameraMetadataJV: Expect face scores and rectangles to be non-null
09-29 00:32:40.661 21361 21391 W gralloc4: Could not find component description for FourCC value 20363152
09-29 00:32:40.742 21361 22065 W CAM_A : PORTRAIT > abs Δ(result sensor timestamp) = 75,07 ms > 70,00 ms
09-29 00:32:40.742 21361 22065 W CAM_A : PORTRAIT > rel Δ(result sensor timestamp) = 0,50 > 0,25
09-29 00:32:40.742 21361 22065 W CameraMetadataJV: Expect face scores and rectangles to be non-null
09-29 00:32:40.867 21361 21392 I mali_config: @get_buffer_dataspace_setting: update dataspace (0x10020000 -> 0x08020000)
09-29 00:32:40.870 21361 21392 I GED : ged_boost_gpu_freq, level 100, eOrigin 2, final_idx 29, oppidx_max 29, oppidx_min 0
09-29 00:32:40.891 21361 21361 D CameraManager2: GotArray:0
09-29 00:32:40.891 21361 21361 D CameraManager2: GotArray:1
09-29 00:32:40.891 21361 21361 D CameraManager2: GotArray:20
09-29 00:32:40.891 21361 21361 D CameraManager2: GotArray:21
09-29 00:32:40.892 21361 22065 W CAM_A : PORTRAIT > abs Δ(result sensor timestamp) = 150,15 ms > 70,00 ms
09-29 00:32:40.893 21361 22065 W CAM_A : PORTRAIT > rel Δ(result sensor timestamp) = 1,00 > 0,25
09-29 00:32:40.893 21361 22065 W CAM_A : PORTRAIT > result sensor delay = 2,00 > 1,10
09-29 00:32:40.893 21361 22065 W CameraMetadataJV: Expect face scores and rectangles to be non-null
09-29 00:32:40.893 21361 21361 D CameraManager2: GotArray:0
09-29 00:32:40.893 21361 21361 D CameraManager2: GotArray:1
09-29 00:32:40.893 21361 21361 D CameraManager2: GotArray:20
09-29 00:32:40.893 21361 21361 D CameraManager2: GotArray:21
09-29 00:32:40.894 21361 21391 W gralloc4: Could not find component description for FourCC value 20363152
09-29 00:32:40.897 21361 21361 D CameraManager2: GotArray:0
09-29 00:32:40.897 21361 21361 D CameraManager2: GotArray:1
09-29 00:32:40.897 21361 21361 D CameraManager2: GotArray:20
09-29 00:32:40.897 21361 21361 D CameraManager2: GotArray:21
09-29 00:32:40.900 21361 21361 D CameraManager2: GotArray:0
09-29 00:32:40.900 21361 21361 D CameraManager2: GotArray:1
09-29 00:32:40.900 21361 21361 D CameraManager2: GotArray:20
09-29 00:32:40.900 21361 21361 D CameraManager2: GotArray:21
09-29 00:32:40.905 21361 21392 I mali_config: @get_buffer_dataspace_setting: update dataspace (0x10020000 -> 0x08020000)
09-29 00:32:40.905 21361 21392 I GED : ged_boost_gpu_freq, level 100, eOrigin 2, final_idx 29, oppidx_max 29, oppidx_min 0
09-29 00:32:40.920 21361 21361 D CameraManager2: GotArray:0
09-29 00:32:40.920 21361 21361 D CameraManager2: GotArray:1
09-29 00:32:40.920 21361 21361 D CameraManager2: GotArray:20
09-29 00:32:40.920 21361 21361 D CameraManager2: GotArray:21
09-29 00:32:40.922 21361 22124 D libMEOW : meow delete tls: 0x73d33f7700
09-29 00:32:40.923 21361 22119 D libMEOW : meow delete tls: 0x73e9b5f040
09-29 00:32:40.924 21361 22125 D libMEOW : meow delete tls: 0x73e9b89400
09-29 00:32:40.924 21361 21361 D CameraManager2: GotArray:0
09-29 00:32:40.924 21361 21361 D CameraManager2: GotArray:1
09-29 00:32:40.924 21361 21361 D CameraManager2: GotArray:20
09-29 00:32:40.924 21361 21361 D CameraManager2: GotArray:21
09-29 00:32:40.928 21361 21361 D CameraManager2: GotArray:0
09-29 00:32:40.928 21361 21361 D CameraManager2: GotArray:1
09-29 00:32:40.928 21361 21361 D CameraManager2: GotArray:20
09-29 00:32:40.928 21361 21361 D CameraManager2: GotArray:21
09-29 00:32:40.994 21361 22066 W CAM_MetadataDst: onCaptureFailed for Frame 190 (images were captured)
09-29 00:32:40.994 21361 22066 W CAM_MetadataDst: onCaptureFailed for Frame 192 (images were captured)
09-29 00:32:40.994 21361 22066 W CAM_MetadataDst: onCaptureFailed for Frame 191 (images were captured)
09-29 00:32:41.015 21361 21361 W CAM_A : Module is already stopped; skipping pause.
09-29 00:32:41.015 21361 21361 W CAM_A : Duplicate call to stopModule; skipping stop.
09-29 00:32:41.017 21361 21361 W CAM_A : Override external mic state: 1. This should never be in prod.
09-29 00:32:41.021 21361 22128 W CAM_A : Override external mic state: 1. This should never be in prod.
09-29 00:32:41.030 21361 21361 D CameraManager2: GotArray:0
09-29 00:32:41.030 21361 21361 D CameraManager2: GotArray:1
09-29 00:32:41.030 21361 21361 D CameraManager2: GotArray:20
09-29 00:32:41.030 21361 21361 D CameraManager2: GotArray:21
09-29 00:32:41.032 21361 21361 D CameraManager2: GotArray:0
09-29 00:32:41.032 21361 21361 D CameraManager2: GotArray:1
09-29 00:32:41.032 21361 21361 D CameraManager2: GotArray:20
09-29 00:32:41.032 21361 21361 D CameraManager2: GotArray:21
09-29 00:32:41.033 21361 21361 D CameraManager2: GotArray:0
09-29 00:32:41.033 21361 21361 D CameraManager2: GotArray:1
09-29 00:32:41.033 21361 21361 D CameraManager2: GotArray:20
09-29 00:32:41.033 21361 21361 D CameraManager2: GotArray:21
09-29 00:32:41.042 21361 21361 D CameraManager2: GotArray:0
09-29 00:32:41.042 21361 21361 D CameraManager2: GotArray:1
09-29 00:32:41.042 21361 21361 D CameraManager2: GotArray:20
09-29 00:32:41.042 21361 21361 D CameraManager2: GotArray:21
09-29 00:32:41.045 21361 21361 I BufferQueueProducer: [SurfaceView[com.google.android.GoogleCameraEngR18F1/com.google.android.apps.camera .legacy.app.activity.main.CameraActivity]#8(BLAST Consumer)8] (id:537100000014,api:4,p:1223,c:21361) disconnect: api -1
09-29 00:32:41.045 21361 21361 I BLASTBufferQueue: [SurfaceView[com.google.android.GoogleCameraEngR18F1/com.google.android.apps.camera .legacy.app.activity.main.CameraActivity]#8] destructor()
09-29 00:32:41.046 21361 21361 I BufferQueueConsumer: [SurfaceView[com.google.android.GoogleCameraEngR18F1/com.google.android.apps.camera .legacy.app.activity.main.CameraActivity]#8(BLAST Consumer)8] (id:537100000014,api:4,p:1223,c:21361) disconnect
09-29 00:32:41.049 21361 21361 D SurfaceView: UPDATE Surface(name=SurfaceView[com.google.android.GoogleCameraEngR18F1/com.google.android .apps.camera.legacy.app.activity.main.CameraActivity])/@0xadca47, mIsCastMode = false
09-29 00:32:41.050 21361 21361 D SurfaceView: UPDATE Surface(name=SurfaceView[com.google.android.GoogleCameraEngR18F1/com.google.android .apps.camera.legacy.app.activity.main.CameraActivity])/@0xadca47, mIsProjectionMode = false
09-29 00:32:41.070 21361 21361 D SurfaceView: UPDATE null, mIsCastMode = false
09-29 00:32:41.073 21361 21361 I BufferQueueConsumer: [](id:537100000015,api:0,p:- 1,c:21361) connect: controlledByApp=false
09-29 00:32:41.074 21361 21361 I BLASTBufferQueue: [SurfaceView[com.google.android.GoogleCameraEngR18F1/com.google.android.apps.camera .legacy.app.activity.main.CameraActivity]#9] constructor()
09-29 00:32:41.083 21361 21407 I BufferQueueConsumer: [](id:537100000016,api:0,p:- 1,c:21361) connect: controlledByApp=true
09-29 00:32:41.098 21361 21379 I BLASTBufferQueue: releaseBufferCallbackThunk bufferId:91744796409995 framenumber:6 blastBufferQueue is dead
09-29 00:32:41.098 21361 21361 W BitmapDrawable: BitmapDrawable cannot decode
09-29 00:32:41.099 21361 22132 I BufferQueueProducer: [SurfaceView[com.google.android.GoogleCameraEngR18F1/com.google.android.apps.camera .legacy.app.activity.main.CameraActivity]#8(BLAST Consumer)8] (id:537100000014,api:4,p:1223,c:21361) disconnect: api 4
09-29 00:32:41.102 21361 22132 I BufferQueueProducer: [ImageReader-4208x3120f20m42- 21361-8](id:537100000013,api:4,p:1223,c:21361) disconnect: api 4
09-29 00:32:41.154 21361 21361 D SurfaceView: UPDATE Surface(name=SurfaceView[com.google.android.GoogleCameraEngR18F1/com.google.android .apps.camera.legacy.app.activity.main.CameraActivity])/@0x29764b8, mIsProjectionMode = false
09-29 00:32:41.179 21361 21361 D ViewRootImpl[PopupWindow:9762291]: hardware acceleration = true, sRendererEnabled = true, forceHwAccelerated = false
09-29 00:32:41.198 21361 22132 I BufferQueueProducer: [GraphicBufferSource] (id:537100000007,api:4,p:1223,c:21361) connect: api=4 producerControlledByApp=false
09-29 00:32:41.203 21361 22132 I BufferQueueProducer: [ImageReader-3840x2160f100m5- 21361-9](id:537100000016,api:4,p:1223,c:21361) connect: api=4 producerControlledByApp=false
09-29 00:32:41.208 21361 21412 W eCameraEngR18F: Long monitor contention with owner Session-Handler (22132) at boolean android.hardware.camera2.impl.CameraDeviceImpl.configureStreamsChecked(android.hard ware.camera2.params.InputConfiguration, java.util.List, int, android.hardware.camera2.CaptureRequest, long)(CameraDeviceImpl.java:549) waiters=0 in void android.hardware.camera2.impl.CameraDeviceImpl$4.run() for 108ms
09-29 00:32:41.208 21361 22132 W CAM_SurfaceMap: Surface(name=null)/@0xcb1550d is valid but deferred streams are not yet available for CaptureSession-7
09-29 00:32:41.208 21361 22132 W CAM_SimpleReqProcessor: Failed to add Stream-18 to CaptureRequest for Request-106. The surface is not yet available.
09-29 00:32:41.208 21361 22132 W CAM_SimpleReqProcessor: Failed to submit a CaptureRequest for Request-106: There were no surfaces on the request.
09-29 00:32:41.209 21361 22132 W CAM_SurfaceMap: Surface(name=null)/@0xcb1550d is valid but deferred streams are not yet available for CaptureSession-7
09-29 00:32:41.209 21361 22132 W CAM_SimpleReqProcessor: Failed to add Stream-18 to CaptureRequest for Request-107. The surface is not yet available.
09-29 00:32:41.209 21361 22132 W CAM_SimpleReqProcessor: Failed to submit a CaptureRequest for Request-107: There were no surfaces on the request.
09-29 00:32:41.210 21361 21361 I BufferQueueConsumer: [](id:537100000017,api:0,p:- 1,c:21361) connect: controlledByApp=false
09-29 00:32:41.212 21361 21361 I BLASTBufferQueue: [ViewRootImpl[PopupWindow:9762291]#10] constructor()
09-29 00:32:41.214 21361 22132 I BufferQueueProducer: [SurfaceView[com.google.android.GoogleCameraEngR18F1/com.google.android.apps.camera .legacy.app.activity.main.CameraActivity]#9(BLAST Consumer)9] (id:537100000015,api:4,p:1223,c:21361) connect: api=4 producerControlledByApp=true
09-29 00:32:41.230 21361 21392 I BufferQueueProducer: [ViewRootImpl[PopupWindow:9762291]#10(BLAST Consumer)10] (id:537100000017,api:1,p:21361,c:21361) connect: api=1 producerControlledByApp=true
09-29 00:32:41.291 21361 21392 I BufferQueueProducer: [ViewRootImpl[PopupWindow:9762291]#10(BLAST Consumer)10] (id:537100000017,api:1,p:21361,c:21361) disconnect: api 1
09-29 00:32:41.292 21361 21392 I BufferQueueProducer: [ViewRootImpl[PopupWindow:9762291]#10(BLAST Consumer)10] (id:537100000017,api:1,p:21361,c:21361) connect: api=1 producerControlledByApp=true
09-29 00:32:41.433 21361 21361 W CAM_A : ModeSwitcher WAS ALREADY ENABLED!
09-29 00:32:41.435 21361 21361 W CAM_A : ModeSwitcher WAS ALREADY ENABLED!
09-29 00:32:41.471 21361 22131 W CameraMetadataJV: Expect face scores and rectangles to be non-null
09-29 00:32:41.471 21361 22131 W CAM_A : VIDEO > abs Δ(result sensor timestamp) = 606,76 ms > 70,00 ms
09-29 00:32:41.472 21361 22131 W CAM_A : VIDEO > rel Δ(result sensor timestamp) = 3,04 > 0,25
09-29 00:32:41.472 21361 22131 W CAM_A : VIDEO > result sensor delay = 18,19 > 1,10
09-29 00:32:41.505 21361 22131 W CameraMetadataJV: Expect face scores and rectangles to be non-null
09-29 00:32:41.505 21361 22131 W CAM_A : VIDEO > rel Δ(result sensor timestamp) = 0,94 > 0,25
09-29 00:32:41.536 21361 22131 W CameraMetadataJV: Expect face scores and rectangles to be non-null
09-29 00:32:41.570 21361 22131 W CameraMetadataJV: Expect face scores and rectangles to be non-null
09-29 00:32:41.575 21361 21392 I BufferQueueProducer: [ViewRootImpl[PopupWindow:9762291]#10(BLAST Consumer)10] (id:537100000017,api:1,p:21361,c:21361) disconnect: api 1
09-29 00:32:41.575 21361 21361 D View : [Warning] assignParent to null: this = android.widget.PopupWindow$PopupDecorView{ba9b82 V.E...... R.....ID 0,0-442,156}
09-29 00:32:41.575 21361 21361 I BLASTBufferQueue: [ViewRootImpl[PopupWindow:9762291]#10] destructor()
09-29 00:32:41.575 21361 21361 I BufferQueueConsumer: [ViewRootImpl[PopupWindow:9762291]#10(BLAST Consumer)10](id:537100000017,api:0,p:- 1,c:21361) disconnect
09-29 00:32:41.594 21361 22108 I BLASTBufferQueue: releaseBufferCallbackThunk bufferId:91744796410015 framenumber:1 blastBufferQueue is dead
09-29 00:32:41.604 21361 22131 W CameraMetadataJV: Expect face scores and rectangles to be non-null
09-29 00:32:41.639 21361 22131 W CameraMetadataJV: Expect face scores and rectangles to be non-null
09-29 00:32:41.670 21361 21979 I BufferQueueConsumer: [ImageReader-4208x3120f20m42- 21361-7](id:537100000011,api:0,p:-1,c:21361) disconnect
09-29 00:32:41.672 21361 22131 W CameraMetadataJV: Expect face scores and rectangles to be non-null
09-29 00:32:41.710 21361 22131 W CameraMetadataJV: Expect face scores and rectangles to be non-null
09-29 00:32:41.741 21361 22131 W CameraMetadataJV: Expect face scores and rectangles to be non-null
09-29 00:32:41.775 21361 22131 W CameraMetadataJV: Expect face scores and rectangles to be non-null
09-29 00:32:41.808 21361 22131 W CameraMetadataJV: Expect face scores and rectangles to be non-null
09-29 00:32:41.840 21361 22131 W CameraMetadataJV: Expect face scores and rectangles to be non-null
09-29 00:32:41.875 21361 22131 W CameraMetadataJV: Expect face scores and rectangles to be non-null
09-29 00:32:41.909 21361 22131 W CameraMetadataJV: Expect face scores and rectangles to be non-null
09-29 00:32:41.949 21361 22131 W CameraMetadataJV: Expect face scores and rectangles to be non-null
09-29 00:32:41.981 21361 22131 W CameraMetadataJV: Expect face scores and rectangles to be non-null
09-29 00:32:42.017 21361 22131 W CameraMetadataJV: Expect face scores and rectangles to be non-null
09-29 00:32:42.048 21361 22131 W CameraMetadataJV: Expect face scores and rectangles to be non-null
09-29 00:32:42.082 21361 22131 W CameraMetadataJV: Expect face scores and rectangles to be non-null
09-29 00:32:42.115 21361 22131 W CameraMetadataJV: Expect face scores and rectangles to be non-null
09-29 00:32:42.149 21361 22131 W CameraMetadataJV: Expect face scores and rectangles to be non-null
09-29 00:32:42.181 21361 22131 W CameraMetadataJV: Expect face scores and rectangles to be non-null
09-29 00:32:42.214 21361 22131 W CameraMetadataJV: Expect face scores and rectangles to be non-null
09-29 00:32:42.249 21361 22131 W CameraMetadataJV: Expect face scores and rectangles to be non-null
09-29 00:32:42.283 21361 22131 W CameraMetadataJV: Expect face scores and rectangles to be non-null
09-29 00:32:42.315 21361 22131 W CameraMetadataJV: Expect face scores and rectangles to be non-null
09-29 00:32:42.350 21361 22131 W CameraMetadataJV: Expect face scores and rectangles to be non-null
09-29 00:32:42.384 21361 22131 W CameraMetadataJV: Expect face scores and rectangles to be non-null
09-29 00:32:42.416 21361 22131 W CameraMetadataJV: Expect face scores and rectangles to be non-null
09-29 00:32:42.450 21361 22131 W CameraMetadataJV: Expect face scores and rectangles to be non-null
09-29 00:32:42.483 21361 22131 W CameraMetadataJV: Expect face scores and rectangles to be non-null
09-29 00:32:42.517 21361 22131 W CameraMetadataJV: Expect face scores and rectangles to be non-null
09-29 00:32:42.551 21361 22131 W CameraMetadataJV: Expect face scores and rectangles to be non-null
09-29 00:32:42.585 21361 22131 W CameraMetadataJV: Expect face scores and rectangles to be non-null
09-29 00:32:42.618 21361 22131 W CameraMetadataJV: Expect face scores and rectangles to be non-null
09-29 00:32:42.652 21361 22131 W CameraMetadataJV: Expect face scores and rectangles to be non-null
09-29 00:32:42.686 21361 22131 W CameraMetadataJV: Expect face scores and rectangles to be non-null
09-29 00:32:42.720 21361 22131 W CameraMetadataJV: Expect face scores and rectangles to be non-null
09-29 00:32:42.755 21361 22131 W CameraMetadataJV: Expect face scores and rectangles to be non-null
09-29 00:32:42.787 21361 22131 W CameraMetadataJV: Expect face scores and rectangles to be non-null
09-29 00:32:42.821 21361 22131 W CameraMetadataJV: Expect face scores and rectangles to be non-null
09-29 00:32:42.855 21361 22131 W CameraMetadataJV: Expect face scores and rectangles to be non-null
09-29 00:32:42.889 21361 22131 W CameraMetadataJV: Expect face scores and rectangles to be non-null
09-29 00:32:42.920 21361 22063 I BufferQueueConsumer: [ImageReader-4208x3120f20m42- 21361-8](id:537100000013,api:0,p:-1,c:21361) disconnect
09-29 00:32:42.931 21361 22131 W CameraMetadataJV: Expect face scores and rectangles to be non-null
09-29 00:32:42.964 21361 22131 W CameraMetadataJV: Expect face scores and rectangles to be non-null
09-29 00:32:42.993 21361 21570 D BufferPoolAccessor2.0: evictor expired: 3, evicted: 0
09-29 00:32:42.995 21361 22131 W CameraMetadataJV: Expect face scores and rectangles to be non-null
09-29 00:32:43.029 21361 22131 W CameraMetadataJV: Expect face scores and rectangles to be non-null
09-29 00:32:43.062 21361 22131 W CameraMetadataJV: Expect face scores and rectangles to be non-null
09-29 00:32:43.097 21361 22131 W CameraMetadataJV: Expect face scores and rectangles to be non-null
09-29 00:32:43.129 21361 22131 W CameraMetadataJV: Expect face scores and rectangles to be non-null
09-29 00:32:43.162 21361 22131 W CameraMetadataJV: Expect face scores and rectangles to be non-null
09-29 00:32:43.195 21361 22131 W CameraMetadataJV: Expect face scores and rectangles to be non-null
09-29 00:32:43.228 21361 22131 W CameraMetadataJV: Expect face scores and rectangles to be non-null
09-29 00:32:43.261 21361 22131 W CameraMetadataJV: Expect face scores and rectangles to be non-null
09-29 00:32:43.294 21361 22131 W CameraMetadataJV: Expect face scores and rectangles to be non-null
09-29 00:32:43.327 21361 22131 W CameraMetadataJV: Expect face scores and rectangles to be non-null
09-29 00:32:43.362 21361 22131 W CameraMetadataJV: Expect face scores and rectangles to be non-null
09-29 00:32:43.395 21361 22131 W CameraMetadataJV: Expect face scores and rectangles to be non-null
09-29 00:32:43.429 21361 22131 W CameraMetadataJV: Expect face scores and rectangles to be non-null
09-29 00:32:43.463 21361 22131 W CameraMetadataJV: Expect face scores and rectangles to be non-null
09-29 00:32:43.497 21361 22131 W CameraMetadataJV: Expect face scores and rectangles to be non-null
09-29 00:32:43.531 21361 22131 W CameraMetadataJV: Expect face scores and rectangles to be non-null
09-29 00:32:43.564 21361 22131 W CameraMetadataJV: Expect face scores and rectangles to be non-null
09-29 00:32:43.598 21361 22131 W CameraMetadataJV: Expect face scores and rectangles to be non-null
09-29 00:32:43.632 21361 22131 W CameraMetadataJV: Expect face scores and rectangles to be non-null
09-29 00:32:43.666 21361 22131 W CameraMetadataJV: Expect face scores and rectangles to be non-null
09-29 00:32:43.699 21361 22131 W CameraMetadataJV: Expect face scores and rectangles to be non-null
09-29 00:32:43.734 21361 22131 W CameraMetadataJV: Expect face scores and rectangles to be non-null
09-29 00:32:43.767 21361 22131 W CameraMetadataJV: Expect face scores and rectangles to be non-null
09-29 00:32:43.801 21361 22131 W CameraMetadataJV: Expect face scores and rectangles to be non-null
09-29 00:32:43.836 21361 22131 W CameraMetadataJV: Expect face scores and rectangles to be non-null
09-29 00:32:43.869 21361 22131 W CameraMetadataJV: Expect face scores and rectangles to be non-null
09-29 00:32:43.911 21361 22131 W CameraMetadataJV: Expect face scores and rectangles to be non-null
09-29 00:32:43.943 21361 22131 W CameraMetadataJV: Expect face scores and rectangles to be non-null
09-29 00:32:43.976 21361 22131 W CameraMetadataJV: Expect face scores and rectangles to be non-null
09-29 00:32:44.011 21361 22131 W CameraMetadataJV: Expect face scores and rectangles to be non-null
09-29 00:32:44.043 21361 22131 W CameraMetadataJV: Expect face scores and rectangles to be non-null
09-29 00:32:44.076 21361 22131 W CameraMetadataJV: Expect face scores and rectangles to be non-null
09-29 00:32:44.110 21361 22131 W CameraMetadataJV: Expect face scores and rectangles to be non-null
09-29 00:32:44.142 21361 22131 W CameraMetadataJV: Expect face scores and rectangles to be non-null
09-29 00:32:44.176 21361 22131 W CameraMetadataJV: Expect face scores and rectangles to be non-null
09-29 00:32:44.209 21361 22131 W CameraMetadataJV: Expect face scores and rectangles to be non-null
09-29 00:32:44.242 21361 22131 W CameraMetadataJV: Expect face scores and rectangles to be non-null
09-29 00:32:44.275 21361 22131 W CameraMetadataJV: Expect face scores and rectangles to be non-null
09-29 00:32:44.309 21361 22131 W CameraMetadataJV: Expect face scores and rectangles to be non-null
09-29 00:32:44.341 21361 22131 W CameraMetadataJV: Expect face scores and rectangles to be non-null
09-29 00:32:44.374 21361 22131 W CameraMetadataJV: Expect face scores and rectangles to be non-null
09-29 00:32:44.408 21361 22131 W CameraMetadataJV: Expect face scores and rectangles to be non-null
09-29 00:32:44.442 21361 22131 W CameraMetadataJV: Expect face scores and rectangles to be non-null
09-29 00:32:44.476 21361 22131 W CameraMetadataJV: Expect face scores and rectangles to be non-null
09-29 00:32:44.510 21361 22131 W CameraMetadataJV: Expect face scores and rectangles to be non-null
09-29 00:32:44.545 21361 22131 W CameraMetadataJV: Expect face scores and rectangles to be non-null
09-29 00:32:44.578 21361 22131 W CameraMetadataJV: Expect face scores and rectangles to be non-null
09-29 00:32:44.611 21361 22131 W CameraMetadataJV: Expect face scores and rectangles to be non-null
09-29 00:32:44.645 21361 22131 W CameraMetadataJV: Expect face scores and rectangles to be non-null
09-29 00:32:44.679 21361 22131 W CameraMetadataJV: Expect face scores and rectangles to be non-null
09-29 00:32:44.713 21361 22131 W CameraMetadataJV: Expect face scores and rectangles to be non-null
09-29 00:32:44.746 21361 22131 W CameraMetadataJV: Expect face scores and rectangles to be non-null
09-29 00:32:44.783 21361 22131 W CameraMetadataJV: Expect face scores and rectangles to be non-null
09-29 00:32:44.816 21361 22131 W CameraMetadataJV: Expect face scores and rectangles to be non-null
09-29 00:32:44.850 21361 22131 W CameraMetadataJV: Expect face scores and rectangles to be non-null
09-29 00:32:44.892 21361 22131 W CameraMetadataJV: Expect face scores and rectangles to be non-null
09-29 00:32:44.925 21361 22131 W CameraMetadataJV: Expect face scores and rectangles to be non-null
09-29 00:32:44.959 21361 22131 W CameraMetadataJV: Expect face scores and rectangles to be non-null
09-29 00:32:44.992 21361 22131 W CameraMetadataJV: Expect face scores and rectangles to be non-null
09-29 00:32:45.024 21361 22131 W CameraMetadataJV: Expect face scores and rectangles to be non-null
09-29 00:32:45.057 21361 22131 W CameraMetadataJV: Expect face scores and rectangles to be non-null
09-29 00:32:45.090 21361 22131 W CameraMetadataJV: Expect face scores and rectangles to be non-null
09-29 00:32:45.123 21361 22131 W CameraMetadataJV: Expect face scores and rectangles to be non-null
09-29 00:32:45.156 21361 22131 W CameraMetadataJV: Expect face scores and rectangles to be non-null
09-29 00:32:45.191 21361 22131 W CameraMetadataJV: Expect face scores and rectangles to be non-null
09-29 00:32:45.223 21361 22131 W CameraMetadataJV: Expect face scores and rectangles to be non-null
09-29 00:32:45.257 21361 22131 W CameraMetadataJV: Expect face scores and rectangles to be non-null
09-29 00:32:45.289 21361 22131 W CameraMetadataJV: Expect face scores and rectangles to be non-null
09-29 00:32:45.323 21361 22131 W CameraMetadataJV: Expect face scores and rectangles to be non-null
09-29 00:32:45.357 21361 22131 W CameraMetadataJV: Expect face scores and rectangles to be non-null
09-29 00:32:45.391 21361 22131 W CameraMetadataJV: Expect face scores and rectangles to be non-null
09-29 00:32:45.424 21361 22131 W CameraMetadataJV: Expect face scores and rectangles to be non-null
09-29 00:32:45.456 21361 22131 W CameraMetadataJV: Expect face scores and rectangles to be non-null
09-29 00:32:45.491 21361 22131 W CameraMetadataJV: Expect face scores and rectangles to be non-null
09-29 00:32:45.525 21361 22131 W CameraMetadataJV: Expect face scores and rectangles to be non-null
09-29 00:32:45.558 21361 22131 W CameraMetadataJV: Expect face scores and rectangles to be non-null
09-29 00:32:45.593 21361 22131 W CameraMetadataJV: Expect face scores and rectangles to be non-null
09-29 00:32:45.629 21361 22131 W CameraMetadataJV: Expect face scores and rectangles to be non-null
09-29 00:32:45.661 21361 22131 W CameraMetadataJV: Expect face scores and rectangles to be non-null
09-29 00:32:45.693 21361 22131 W CameraMetadataJV: Expect face scores and rectangles to be non-null
09-29 00:32:45.728 21361 22131 W CameraMetadataJV: Expect face scores and rectangles to be non-null
09-29 00:32:45.762 21361 22131 W CameraMetadataJV: Expect face scores and rectangles to be non-null
09-29 00:32:45.794 21361 22131 W CameraMetadataJV: Expect face scores and rectangles to be non-null
09-29 00:32:45.829 21361 22131 W CameraMetadataJV: Expect face scores and rectangles to be non-null
09-29 00:32:45.864 21361 22131 W CameraMetadataJV: Expect face scores and rectangles to be non-null
09-29 00:32:45.897 21361 22131 W CameraMetadataJV: Expect face scores and rectangles to be non-null
09-29 00:32:45.938 21361 22131 W CameraMetadataJV: Expect face scores and rectangles to be non-null
09-29 00:32:45.973 21361 22131 W CameraMetadataJV: Expect face scores and rectangles to be non-null
09-29 00:32:46.005 21361 22131 W CameraMetadataJV: Expect face scores and rectangles to be non-null
09-29 00:32:46.038 21361 22131 W CameraMetadataJV: Expect face scores and rectangles to be non-null
09-29 00:32:46.071 21361 22131 W CameraMetadataJV: Expect face scores and rectangles to be non-null
09-29 00:32:46.103 21361 22131 W CameraMetadataJV: Expect face scores and rectangles to be non-null
09-29 00:32:46.137 21361 22131 W CameraMetadataJV: Expect face scores and rectangles to be non-null
09-29 00:32:46.171 21361 22131 W CameraMetadataJV: Expect face scores and rectangles to be non-null
09-29 00:32:46.204 21361 22131 W CameraMetadataJV: Expect face scores and rectangles to be non-null
09-29 00:32:46.236 21361 22131 W CameraMetadataJV: Expect face scores and rectangles to be non-null
09-29 00:32:46.269 21361 22131 W CameraMetadataJV: Expect face scores and rectangles to be non-null
09-29 00:32:46.301 21361 22131 W CameraMetadataJV: Expect face scores and rectangles to be non-null
09-29 00:32:46.335 21361 22131 W CameraMetadataJV: Expect face scores and rectangles to be non-null
09-29 00:32:46.370 21361 22131 W CameraMetadataJV: Expect face scores and rectangles to be non-null
09-29 00:32:46.401 21361 22131 W CameraMetadataJV: Expect face scores and rectangles to be non-null
09-29 00:32:46.436 21361 22131 W CameraMetadataJV: Expect face scores and rectangles to be non-null
09-29 00:32:46.470 21361 22131 W CameraMetadataJV: Expect face scores and rectangles to be non-null
09-29 00:32:46.503 21361 22131 W CameraMetadataJV: Expect face scores and rectangles to be non-null
09-29 00:32:46.536 21361 22131 W CameraMetadataJV: Expect face scores and rectangles to be non-null
09-29 00:32:46.572 21361 22131 W CameraMetadataJV: Expect face scores and rectangles to be non-null
09-29 00:32:46.606 21361 22131 W CameraMetadataJV: Expect face scores and rectangles to be non-null
09-29 00:32:46.640 21361 22131 W CameraMetadataJV: Expect face scores and rectangles to be non-null
09-29 00:32:46.674 21361 22131 W CameraMetadataJV: Expect face scores and rectangles to be non-null
09-29 00:32:46.707 21361 22131 W CameraMetadataJV: Expect face scores and rectangles to be non-null
09-29 00:32:46.739 21361 22131 W CameraMetadataJV: Expect face scores and rectangles to be non-null
09-29 00:32:46.774 21361 22131 W CameraMetadataJV: Expect face scores and rectangles to be non-null
09-29 00:32:46.807 21361 22131 W CameraMetadataJV: Expect face scores and rectangles to be non-null
09-29 00:32:46.844 21361 22131 W CameraMetadataJV: Expect face scores and rectangles to be non-null
09-29 00:32:46.877 21361 22131 W CameraMetadataJV: Expect face scores and rectangles to be non-null
09-29 00:32:46.919 21361 22131 W CameraMetadataJV: Expect face scores and rectangles to be non-null
09-29 00:32:46.952 21361 22131 W CameraMetadataJV: Expect face scores and rectangles to be non-null
09-29 00:32:46.985 21361 22131 W CameraMetadataJV: Expect face scores and rectangles to be non-null
09-29 00:32:47.019 21361 22131 W CameraMetadataJV: Expect face scores and rectangles to be non-null
09-29 00:32:47.051 21361 22131 W CameraMetadataJV: Expect face scores and rectangles to be non-null
09-29 00:32:47.084 21361 22131 W CameraMetadataJV: Expect face scores and rectangles to be non-null
09-29 00:32:47.118 21361 22131 W CameraMetadataJV: Expect face scores and rectangles to be non-null
09-29 00:32:47.152 21361 22131 W CameraMetadataJV: Expect face scores and rectangles to be non-null
09-29 00:32:47.184 21361 22131 W CameraMetadataJV: Expect face scores and rectangles to be non-null
09-29 00:32:47.217 21361 22131 W CameraMetadataJV: Expect face scores and rectangles to be non-null
09-29 00:32:47.251 21361 22131 W CameraMetadataJV: Expect face scores and rectangles to be non-null
09-29 00:32:47.283 21361 22131 W CameraMetadataJV: Expect face scores and rectangles to be non-null
09-29 00:32:47.317 21361 22131 W CameraMetadataJV: Expect face scores and rectangles to be non-null
09-29 00:32:47.348 21361 22131 W CameraMetadataJV: Expect face scores and rectangles to be non-null
09-29 00:32:47.380 21361 22131 W CameraMetadataJV: Expect face scores and rectangles to be non-null
09-29 00:32:47.414 21361 22131 W CameraMetadataJV: Expect face scores and rectangles to be non-null
09-29 00:32:47.449 21361 22131 W CameraMetadataJV: Expect face scores and rectangles to be non-null
09-29 00:32:47.484 21361 22131 W CameraMetadataJV: Expect face scores and rectangles to be non-null
09-29 00:32:47.524 21361 22131 W CameraMetadataJV: Expect face scores and rectangles to be non-null
09-29 00:32:47.527 21361 21392 I mali_config: @get_buffer_dataspace_setting: update dataspace (0x10010000 -> 0x08020000)
09-29 00:32:47.529 21361 21392 I GED : ged_boost_gpu_freq, level 100, eOrigin 2, final_idx 29, oppidx_max 29, oppidx_min 0
09-29 00:32:47.557 21361 22131 W CameraMetadataJV: Expect face scores and rectangles to be non-null
09-29 00:32:47.588 21361 21361 D CameraManager2: GotArray:0
09-29 00:32:47.588 21361 21361 D CameraManager2: GotArray:1
09-29 00:32:47.588 21361 21361 D CameraManager2: GotArray:20
09-29 00:32:47.588 21361 21361 D CameraManager2: GotArray:21
09-29 00:32:47.589 21361 21361 D CameraManager2: GotArray:0
09-29 00:32:47.589 21361 21361 D CameraManager2: GotArray:1
09-29 00:32:47.589 21361 21361 D CameraManager2: GotArray:20
09-29 00:32:47.589 21361 21361 D CameraManager2: GotArray:21
09-29 00:32:47.597 21361 21361 D CameraManager2: GotArray:0
09-29 00:32:47.597 21361 21361 D CameraManager2: GotArray:1
09-29 00:32:47.597 21361 21361 D CameraManager2: GotArray:20
09-29 00:32:47.597 21361 21361 D CameraManager2: GotArray:21
09-29 00:32:47.600 21361 21361 I BufferQueueProducer: [SurfaceView[com.google.android.GoogleCameraEngR18F1/com.google.android.apps.camera .legacy.app.activity.main.CameraActivity]#9(BLAST Consumer)9] (id:537100000015,api:4,p:1223,c:21361) disconnect: api -1
09-29 00:32:47.600 21361 21361 I BLASTBufferQueue: [SurfaceView[com.google.android.GoogleCameraEngR18F1/com.google.android.apps.camera .legacy.app.activity.main.CameraActivity]#9] destructor()
09-29 00:32:47.601 21361 21361 I BufferQueueConsumer: [SurfaceView[com.google.android.GoogleCameraEngR18F1/com.google.android.apps.camera .legacy.app.activity.main.CameraActivity]#9(BLAST Consumer)9] (id:537100000015,api:4,p:1223,c:21361) disconnect
09-29 00:32:47.603 21361 21361 D SurfaceView: UPDATE Surface(name=SurfaceView[com.google.android.GoogleCameraEngR18F1/com.google.android .apps.camera.legacy.app.activity.main.CameraActivity])/@0x29764b8, mIsCastMode = false
09-29 00:32:47.603 21361 21361 D SurfaceView: UPDATE Surface(name=SurfaceView[com.google.android.GoogleCameraEngR18F1/com.google.android .apps.camera.legacy.app.activity.main.CameraActivity])/@0x29764b8, mIsProjectionMode = false
09-29 00:32:47.610 21361 21361 D SurfaceView: UPDATE null, mIsCastMode = false
09-29 00:32:47.612 21361 21361 I BufferQueueConsumer: [](id:537100000018,api:0,p:- 1,c:21361) connect: controlledByApp=false
09-29 00:32:47.613 21361 21361 I BLASTBufferQueue: [SurfaceView[com.google.android.GoogleCameraEngR18F1/com.google.android.apps.camera .legacy.app.activity.main.CameraActivity]#11] constructor()
09-29 00:32:47.617 21361 22108 E BufferQueueProducer: [SurfaceView[com.google.android.GoogleCameraEngR18F1/com.google.android.apps.camera .legacy.app.activity.main.CameraActivity]#9(BLAST Consumer)9] (id:537100000015,api:4,p:1223,c:21361) cancelBuffer: BufferQueue has been abandoned
09-29 00:32:47.617 21361 22108 E BufferQueueProducer: [SurfaceView[com.google.android.GoogleCameraEngR18F1/com.google.android.apps.camera .legacy.app.activity.main.CameraActivity]#9(BLAST Consumer)9] (id:537100000015,api:4,p:1223,c:21361) cancelBuffer: BufferQueue has been abandoned
09-29 00:32:47.618 21361 22108 E BufferQueueProducer: [SurfaceView[com.google.android.GoogleCameraEngR18F1/com.google.android.apps.camera .legacy.app.activity.main.CameraActivity]#9(BLAST Consumer)9] (id:537100000015,api:4,p:1223,c:21361) queueBuffer: BufferQueue has been abandoned
09-29 00:32:47.620 21361 22108 E BufferQueueProducer: [SurfaceView[com.google.android.GoogleCameraEngR18F1/com.google.android.apps.camera .legacy.app.activity.main.CameraActivity]#9(BLAST Consumer)9] (id:537100000015,api:4,p:1223,c:21361) cancelBuffer: BufferQueue has been abandoned
09-29 00:32:47.622 21361 21407 I BufferQueueConsumer: [](id:537100000019,api:0,p:- 1,c:21361) connect: controlledByApp=true
09-29 00:32:47.624 21361 22108 E BufferQueueProducer: [SurfaceView[com.google.android.GoogleCameraEngR18F1/com.google.android.apps.camera .legacy.app.activity.main.CameraActivity]#9(BLAST Consumer)9] (id:537100000015,api:4,p:1223,c:21361) cancelBuffer: BufferQueue has been abandoned
09-29 00:32:47.626 21361 22108 I BLASTBufferQueue: releaseBufferCallbackThunk bufferId:91744796410018 framenumber:182 blastBufferQueue is dead
09-29 00:32:47.629 21361 22108 E BufferQueueProducer: [SurfaceView[com.google.android.GoogleCameraEngR18F1/com.google.android.apps.camera .legacy.app.activity.main.CameraActivity]#9(BLAST Consumer)9] (id:537100000015,api:4,p:1223,c:21361) cancelBuffer: BufferQueue has been abandoned
09-29 00:32:47.630 21361 22132 W CAM_MetadataDst: onCaptureFailed for Frame 376 (images were captured)
09-29 00:32:47.630 21361 22132 W CAM_MetadataDst: onCaptureFailed for Frame 377 (images were captured)
09-29 00:32:47.630 21361 22132 W CAM_MetadataDst: onCaptureFailed for Frame 378 (images were captured)
09-29 00:32:47.631 21361 22132 W CAM_MetadataDst: onCaptureFailed for Frame 375
09-29 00:32:47.631 21361 22132 W CAM_MetadataDst: onCaptureFailed for Frame 380 (images were captured)
09-29 00:32:47.631 21361 22132 W CAM_MetadataDst: onCaptureFailed for Frame 379 (images were captured)
09-29 00:32:47.649 21361 21361 D SurfaceView: UPDATE Surface(name=SurfaceView[com.google.android.GoogleCameraEngR18F1/com.google.android .apps.camera.legacy.app.activity.main.CameraActivity])/@0x90b9e65, mIsProjectionMode = false
09-29 00:32:47.672 21361 22219 I BufferQueueProducer: [SurfaceView[com.google.android.GoogleCameraEngR18F1/com.google.android.apps.camera .legacy.app.activity.main.CameraActivity]#9(BLAST Consumer)9] (id:537100000015,api:4,p:1223,c:21361) disconnect: api 4
09-29 00:32:47.673 21361 22219 I BufferQueueProducer: [ImageReader-3840x2160f100m5- 21361-9](id:537100000016,api:4,p:1223,c:21361) disconnect: api 4
09-29 00:32:47.738 21361 22219 I BufferQueueProducer: [ImageReader-1920x1080f100m5- 21361-10](id:537100000019,api:4,p:1223,c:21361) connect: api=4 producerControlledByApp=false
09-29 00:32:47.748 21361 22132 W eCameraEngR18F: Long monitor contention with owner Session-Handler (22219) at void android.hardware.camera2.impl.CameraDeviceImpl.waitUntilIdle() (CameraDeviceImpl.java:1321) waiters=1 in void android.hardware.camera2.impl.CameraCaptureSessionImpl.close() for 113ms
09-29 00:32:47.748 21361 22219 W CAM_SurfaceMap: Surface(name=null)/@0x3c5d859 is valid but deferred streams are not yet available for CaptureSession-8
09-29 00:32:47.748 21361 22219 W CAM_SimpleReqProcessor: Failed to add Stream-21 to CaptureRequest for Request-112. The surface is not yet available.
09-29 00:32:47.748 21361 22219 W CAM_SimpleReqProcessor: Failed to submit a CaptureRequest for Request-112: There were no surfaces on the request.
09-29 00:32:47.749 21361 22219 W CAM_SurfaceMap: Surface(name=null)/@0x3c5d859 is valid but deferred streams are not yet available for CaptureSession-8
09-29 00:32:47.749 21361 22219 W CAM_SimpleReqProcessor: Failed to add Stream-21 to CaptureRequest for Request-113. The surface is not yet available.
