02-07 21:06:47.988 17266 17266 E ArmVmp : Match on catch block at 0xc3 in for 0xa9
02-07 21:06:47.991 17266 17266 E ArmVmp : Match on catch block at 0xc3 in for 0xa1
02-07 21:06:47.993 17266 17266 E ArmVmp : Match on catch block at 0xc3 in for 0xa1
02-07 21:06:48.004 17266 17266 E ArmVmp : Match on catch block at 0xc3 in for 0xa5
02-07 21:06:48.007 17266 17266 E ArmVmp : Match on catch block at 0xc3 in for 0xa9
02-07 21:06:48.009 17266 17266 E ArmVmp : Match on catch block at 0xc3 in for 0xa9
02-07 21:06:48.171 17266 17266 E ArmVmp : Match on catch block at 0xc3 in for 0xa1
02-07 21:06:48.174 17266 17266 E ArmVmp : Match on catch block at 0xc3 in for 0xa5
02-07 21:06:48.176 17266 17266 E ArmVmp : Match on catch block at 0xc3 in for 0xa5
02-07 21:06:48.206 17266 17266 E ArmVmp : Match on catch block at 0xc3 in for 0xa9
02-07 21:06:48.210 17266 17266 E ArmVmp : Match on catch block at 0xc3 in for 0xa1
02-07 21:06:48.213 17266 17266 E ArmVmp : Match on catch block at 0xc3 in for 0xa1
02-07 21:06:48.222 17266 17266 E ArmVmp : Match on catch block at 0xc3 in for 0xa5
02-07 21:06:48.226 17266 17266 E ArmVmp : Match on catch block at 0xc3 in for 0xa9
02-07 21:06:48.234 17266 17266 E ArmVmp : Match on catch block at 0xc3 in for 0xa9
02-07 21:06:48.256 17266 17266 E ArmVmp : Match on catch block at 0xc3 in for 0xa1
02-07 21:06:48.260 17266 17266 E ArmVmp : Match on catch block at 0xc3 in for 0xa5
02-07 21:06:48.264 17266 17266 E ArmVmp : Match on catch block at 0xc3 in for 0xa5
02-07 21:06:48.272 17266 17266 E ArmVmp : Match on catch block at 0xc3 in for 0xa9
02-07 21:06:48.276 17266 17266 E ArmVmp : Match on catch block at 0xc3 in for 0xa1
02-07 21:06:48.280 17266 17266 E ArmVmp : Match on catch block at 0xc3 in for 0xa1
02-07 21:06:48.288 17266 17266 E ArmVmp : Match on catch block at 0xc3 in for 0xa5
02-07 21:06:48.292 17266 17266 E ArmVmp : Match on catch block at 0xc3 in for 0xa9
02-07 21:06:48.295 17266 17266 E ArmVmp : Match on catch block at 0xc3 in for 0xa9
02-07 21:06:48.305 17266 17266 E ArmVmp : Match on catch block at 0xc3 in for 0xa1
02-07 21:06:48.309 17266 17266 E ArmVmp : Match on catch block at 0xc3 in for 0xa5
02-07 21:06:48.312 17266 17266 E ArmVmp : Match on catch block at 0xc3 in for 0xa5
02-07 21:06:48.321 17266 17266 E ArmVmp : Match on catch block at 0xc3 in for 0xa9
02-07 21:06:48.324 17266 17266 E ArmVmp : Match on catch block at 0xc3 in for 0xa1
02-07 21:06:48.327 17266 17266 E ArmVmp : Match on catch block at 0xc3 in for 0xa1
02-07 21:06:48.339 17266 17266 E ArmVmp : Match on catch block at 0xc3 in for 0xa5
02-07 21:06:48.342 17266 17266 E ArmVmp : Match on catch block at 0xc3 in for 0xa9
02-07 21:06:48.345 17266 17266 E ArmVmp : Match on catch block at 0xc3 in for 0xa9
02-07 21:06:48.355 17266 17266 E ArmVmp : Match on catch block at 0xc3 in for 0xa1
02-07 21:06:48.359 17266 17266 E ArmVmp : Match on catch block at 0xc3 in for 0xa5
02-07 21:06:48.362 17266 17266 E ArmVmp : Match on catch block at 0xc3 in for 0xa5
02-07 21:06:48.372 17266 17266 E ArmVmp : Match on catch block at 0xc3 in for 0xa9
02-07 21:06:48.375 17266 17266 E ArmVmp : Match on catch block at 0xc3 in for 0xa1
02-07 21:06:48.378 17266 17266 E ArmVmp : Match on catch block at 0xc3 in for 0xa1
02-07 21:06:48.390 17266 17266 E ArmVmp : Match on catch block at 0xc3 in for 0xa5
02-07 21:06:48.393 17266 17266 E ArmVmp : Match on catch block at 0xc3 in for 0xa9
02-07 21:06:48.397 17266 17266 E ArmVmp : Match on catch block at 0xc3 in for 0xa9
02-07 21:06:48.405 17266 17266 E ArmVmp : Match on catch block at 0xc3 in for 0xa1
02-07 21:06:48.408 17266 17266 E ArmVmp : Match on catch block at 0xc3 in for 0xa5
02-07 21:06:48.411 17266 17266 E ArmVmp : Match on catch block at 0xc3 in for 0xa5
02-07 21:06:48.422 17266 17266 E ArmVmp : Match on catch block at 0xc3 in for 0xa9
02-07 21:06:48.425 17266 17266 E ArmVmp : Match on catch block at 0xc3 in for 0xa1
02-07 21:06:48.428 17266 17266 E ArmVmp : Match on catch block at 0xc3 in for 0xa1
02-07 21:06:48.440 17266 17266 E ArmVmp : Match on catch block at 0xc3 in for 0xa5
02-07 21:06:48.444 17266 17266 E ArmVmp : Match on catch block at 0xc3 in for 0xa9
02-07 21:06:48.447 17266 17266 E ArmVmp : Match on catch block at 0xc3 in for 0xa9
02-07 21:06:48.455 17266 17266 E ArmVmp : Match on catch block at 0xc3 in for 0xa1
02-07 21:06:48.459 17266 17266 E ArmVmp : Match on catch block at 0xc3 in for 0xa5
02-07 21:06:48.462 17266 17266 E ArmVmp : Match on catch block at 0xc3 in for 0xa5
02-07 21:06:48.472 17266 17266 E ArmVmp : Match on catch block at 0xc3 in for 0xa9
02-07 21:06:48.476 17266 17266 E ArmVmp : Match on catch block at 0xc3 in for 0xa1
02-07 21:06:48.479 17266 17266 E ArmVmp : Match on catch block at 0xc3 in for 0xa1
02-07 21:06:48.489 17266 17266 E ArmVmp : Match on catch block at 0xc3 in for 0xa5
02-07 21:06:48.492 17266 17266 E ArmVmp : Match on catch block at 0xc3 in for 0xa9
02-07 21:06:48.495 17266 17266 E ArmVmp : Match on catch block at 0xc3 in for 0xa9
02-07 21:06:48.505 17266 17266 E ArmVmp : Match on catch block at 0xc3 in for 0xa1
02-07 21:06:48.508 17266 17266 E ArmVmp : Match on catch block at 0xc3 in for 0xa5
02-07 21:06:48.511 17266 17266 E ArmVmp : Match on catch block at 0xc3 in for 0xa5
02-07 21:06:48.671 17266 17266 E ArmVmp : Match on catch block at 0xc3 in for 0xa9
02-07 21:06:48.674 17266 17266 E ArmVmp : Match on catch block at 0xc3 in for 0xa1
02-07 21:06:48.676 17266 17266 E ArmVmp : Match on catch block at 0xc3 in for 0xa1
02-07 21:06:49.175 17266 17266 E ArmVmp : Match on catch block at 0xc3 in for 0xa5
02-07 21:06:49.181 17266 17266 E ArmVmp : Match on catch block at 0xc3 in for 0xa9
02-07 21:06:49.185 17266 17266 E ArmVmp : Match on catch block at 0xc3 in for 0xa9
02-07 21:06:49.306 17266 17266 E ArmVmp : Match on catch block at 0xc3 in for 0xa1
02-07 21:06:49.311 17266 17266 E ArmVmp : Match on catch block at 0xc3 in for 0xa5
02-07 21:06:49.315 17266 17266 E ArmVmp : Match on catch block at 0xc3 in for 0xa5
02-07 21:06:49.322 17266 17266 E ArmVmp : Match on catch block at 0xc3 in for 0xa9
02-07 21:06:49.326 17266 17266 E ArmVmp : Match on catch block at 0xc3 in for 0xa1
02-07 21:06:49.330 17266 17266 E ArmVmp : Match on catch block at 0xc3 in for 0xa1
02-07 21:06:49.339 17266 17266 E ArmVmp : Match on catch block at 0xc3 in for 0xa5
02-07 21:06:49.343 17266 17266 E ArmVmp : Match on catch block at 0xc3 in for 0xa9
02-07 21:06:49.345 17266 17266 E ArmVmp : Match on catch block at 0xc3 in for 0xa9
02-07 21:06:49.355 17266 17266 E ArmVmp : Match on catch block at 0xc3 in for 0xa1
02-07 21:06:49.359 17266 17266 E ArmVmp : Match on catch block at 0xc3 in for 0xa5
02-07 21:06:49.362 17266 17266 E ArmVmp : Match on catch block at 0xc3 in for 0xa5
02-07 21:06:49.371 17266 17266 E ArmVmp : Match on catch block at 0xc3 in for 0xa9
02-07 21:06:49.375 17266 17266 E ArmVmp : Match on catch block at 0xc3 in for 0xa1
02-07 21:06:49.378 17266 17266 E ArmVmp : Match on catch block at 0xc3 in for 0xa1
02-07 21:06:49.389 17266 17266 E ArmVmp : Match on catch block at 0xc3 in for 0xa5
02-07 21:06:49.392 17266 17266 E ArmVmp : Match on catch block at 0xc3 in for 0xa9
02-07 21:06:49.395 17266 17266 E ArmVmp : Match on catch block at 0xc3 in for 0xa9
02-07 21:06:49.406 17266 17266 E ArmVmp : Match on catch block at 0xc3 in for 0xa1
02-07 21:06:49.409 17266 17266 E ArmVmp : Match on catch block at 0xc3 in for 0xa5
02-07 21:06:49.412 17266 17266 E ArmVmp : Match on catch block at 0xc3 in for 0xa5
02-07 21:06:49.423 17266 17266 E ArmVmp : Match on catch block at 0xc3 in for 0xa9
02-07 21:06:49.428 17266 17266 E ArmVmp : Match on catch block at 0xc3 in for 0xa1
02-07 21:06:49.431 17266 17266 E ArmVmp : Match on catch block at 0xc3 in for 0xa1
02-07 21:06:49.439 17266 17266 E ArmVmp : Match on catch block at 0xc3 in for 0xa5
02-07 21:06:49.444 17266 17266 E ArmVmp : Match on catch block at 0xc3 in for 0xa9
02-07 21:06:49.447 17266 17266 E ArmVmp : Match on catch block at 0xc3 in for 0xa9
02-07 21:06:49.455 17266 17266 E ArmVmp : Match on catch block at 0xc3 in for 0xa1
02-07 21:06:49.459 17266 17266 E ArmVmp : Match on catch block at 0xc3 in for 0xa5
02-07 21:06:49.462 17266 17266 E ArmVmp : Match on catch block at 0xc3 in for 0xa5
02-07 21:06:49.472 17266 17266 E ArmVmp : Match on catch block at 0xc3 in for 0xa9
02-07 21:06:49.476 17266 17266 E ArmVmp : Match on catch block at 0xc3 in for 0xa1
02-07 21:06:49.478 17266 17266 E ArmVmp : Match on catch block at 0xc3 in for 0xa1
02-07 21:06:49.488 17266 17266 E ArmVmp : Match on catch block at 0xc3 in for 0xa5
02-07 21:06:49.492 17266 17266 E ArmVmp : Match on catch block at 0xc3 in for 0xa9
02-07 21:06:49.495 17266 17266 E ArmVmp : Match on catch block at 0xc3 in for 0xa9
02-07 21:06:49.505 17266 17266 E ArmVmp : Match on catch block at 0xc3 in for 0xa1
02-07 21:06:49.508 17266 17266 E ArmVmp : Match on catch block at 0xc3 in for 0xa5
02-07 21:06:49.512 17266 17266 E ArmVmp : Match on catch block at 0xc3 in for 0xa5
02-07 21:06:49.522 17266 17266 E ArmVmp : Match on catch block at 0xc3 in for 0xa9
02-07 21:06:49.527 17266 17266 E ArmVmp : Match on catch block at 0xc3 in for 0xa1
02-07 21:06:49.530 17266 17266 E ArmVmp : Match on catch block at 0xc3 in for 0xa1
02-07 21:06:49.539 17266 17266 E ArmVmp : Match on catch block at 0xc3 in for 0xa5
02-07 21:06:49.544 17266 17266 E ArmVmp : Match on catch block at 0xc3 in for 0xa9
02-07 21:06:49.547 17266 17266 E ArmVmp : Match on catch block at 0xc3 in for 0xa9
02-07 21:06:49.555 17266 17266 E ArmVmp : Match on catch block at 0xc3 in for 0xa1
02-07 21:06:49.559 17266 17266 E ArmVmp : Match on catch block at 0xc3 in for 0xa5
02-07 21:06:49.561 17266 17266 E ArmVmp : Match on catch block at 0xc3 in for 0xa5
02-07 21:06:49.572 17266 17266 E ArmVmp : Match on catch block at 0xc3 in for 0xa9
02-07 21:06:49.575 17266 17266 E ArmVmp : Match on catch block at 0xc3 in for 0xa1
02-07 21:06:49.577 17266 17266 E ArmVmp : Match on catch block at 0xc3 in for 0xa1
02-07 21:06:49.672 17266 17266 E ArmVmp : Match on catch block at 0xc3 in for 0xa5
02-07 21:06:49.675 17266 17266 E ArmVmp : Match on catch block at 0xc3 in for 0xa9
02-07 21:06:49.678 17266 17266 E ArmVmp : Match on catch block at 0xc3 in for 0xa9
02-07 21:06:50.174 17266 17266 E ArmVmp : Match on catch block at 0xc3 in for 0xa1
02-07 21:06:50.178 17266 17266 E ArmVmp : Match on catch block at 0xc3 in for 0xa5
02-07 21:06:50.182 17266 17266 E ArmVmp : Match on catch block at 0xc3 in for 0xa5
02-07 21:06:50.673 17266 17266 E ArmVmp : Match on catch block at 0xc3 in for 0xa5
02-07 21:06:50.678 17266 17266 E ArmVmp : Match on catch block at 0xc3 in for 0xa9
02-07 21:06:50.682 17266 17266 E ArmVmp : Match on catch block at 0xc3 in for 0xa9
02-07 21:06:51.174 17266 17266 E ArmVmp : Match on catch block at 0xc3 in for 0xa1
02-07 21:06:51.179 17266 17266 E ArmVmp : Match on catch block at 0xc3 in for 0xa5
02-07 21:06:51.183 17266 17266 E ArmVmp : Match on catch block at 0xc3 in for 0xa5
02-07 21:06:51.691 17266 17266 E ArmVmp : Match on catch block at 0xc3 in for 0xa9
02-07 21:06:51.695 17266 17266 E ArmVmp : Match on catch block at 0xc3 in for 0xa1
02-07 21:06:51.701 17266 17266 E ArmVmp : Match on catch block at 0xc3 in for 0xa1
02-07 21:06:52.191 17266 17266 E ArmVmp : Match on catch block at 0xc3 in for 0xa5
02-07 21:06:52.196 17266 17266 E ArmVmp : Match on catch block at 0xc3 in for 0xa9
02-07 21:06:52.199 17266 17266 E ArmVmp : Match on catch block at 0xc3 in for 0xa9
02-07 21:06:52.691 17266 17266 E ArmVmp : Match on catch block at 0xc3 in for 0xa1
02-07 21:06:52.696 17266 17266 E ArmVmp : Match on catch block at 0xc3 in for 0xa5
02-07 21:06:52.699 17266 17266 E ArmVmp : Match on catch block at 0xc3 in for 0xa5
02-07 21:06:53.190 17266 17266 E ArmVmp : Match on catch block at 0xc3 in for 0xa9
02-07 21:06:53.193 17266 17266 E ArmVmp : Match on catch block at 0xc3 in for 0xa1
02-07 21:06:53.197 17266 17266 E ArmVmp : Match on catch block at 0xc3 in for 0xa1
02-07 21:06:53.691 17266 17266 E ArmVmp : Match on catch block at 0xc3 in for 0xa5
02-07 21:06:53.696 17266 17266 E ArmVmp : Match on catch block at 0xc3 in for 0xa9
02-07 21:06:53.699 17266 17266 E ArmVmp : Match on catch block at 0xc3 in for 0xa9
02-07 21:06:54.191 17266 17266 E ArmVmp : Match on catch block at 0xc3 in for 0xa1
02-07 21:06:54.195 17266 17266 E ArmVmp : Match on catch block at 0xc3 in for 0xa5
02-07 21:06:54.199 17266 17266 E ArmVmp : Match on catch block at 0xc3 in for 0xa5
02-07 21:06:54.693 17266 17266 E ArmVmp : Match on catch block at 0xc3 in for 0xa9
02-07 21:06:54.697 17266 17266 E ArmVmp : Match on catch block at 0xc3 in for 0xa1
02-07 21:06:54.701 17266 17266 E ArmVmp : Match on catch block at 0xc3 in for 0xa1
02-07 21:06:55.209 17266 17266 E ArmVmp : Match on catch block at 0xc3 in for 0xa5
02-07 21:06:55.214 17266 17266 E ArmVmp : Match on catch block at 0xc3 in for 0xa9
02-07 21:06:55.224 17266 17266 E ArmVmp : Match on catch block at 0xc3 in for 0xa9
02-07 21:06:55.709 17266 17266 E ArmVmp : Match on catch block at 0xc3 in for 0xa1
02-07 21:06:55.714 17266 17266 E ArmVmp : Match on catch block at 0xc3 in for 0xa5
02-07 21:06:55.718 17266 17266 E ArmVmp : Match on catch block at 0xc3 in for 0xa5
02-07 21:06:56.207 17266 17266 E ArmVmp : Match on catch block at 0xc3 in for 0xa9
02-07 21:06:56.212 17266 17266 E ArmVmp : Match on catch block at 0xc3 in for 0xa1
02-07 21:06:56.215 17266 17266 E ArmVmp : Match on catch block at 0xc3 in for 0xa1
02-07 21:06:56.708 17266 17266 E ArmVmp : Match on catch block at 0xc3 in for 0xa5
02-07 21:06:56.713 17266 17266 E ArmVmp : Match on catch block at 0xc3 in for 0xa9
02-07 21:06:56.717 17266 17266 E ArmVmp : Match on catch block at 0xc3 in for 0xa9
02-07 21:06:57.206 17266 17266 E ArmVmp : Match on catch block at 0xc3 in for 0xa1
02-07 21:06:57.211 17266 17266 E ArmVmp : Match on catch block at 0xc3 in for 0xa5
02-07 21:06:57.215 17266 17266 E ArmVmp : Match on catch block at 0xc3 in for 0xa5
02-07 21:06:57.708 17266 17266 E ArmVmp : Match on catch block at 0xc3 in for 0xa9
02-07 21:06:57.713 17266 17266 E ArmVmp : Match on catch block at 0xc3 in for 0xa1
02-07 21:06:57.717 17266 17266 E ArmVmp : Match on catch block at 0xc3 in for 0xa1
02-07 21:06:58.208 17266 17266 E ArmVmp : Match on catch block at 0xc3 in for 0xa5
02-07 21:06:58.212 17266 17266 E ArmVmp : Match on catch block at 0xc3 in for 0xa9
02-07 21:06:58.216 17266 17266 E ArmVmp : Match on catch block at 0xc3 in for 0xa9
02-07 21:06:58.725 17266 17266 E ArmVmp : Match on catch block at 0xc3 in for 0xa9
02-07 21:06:58.729 17266 17266 E ArmVmp : Match on catch block at 0xc3 in for 0xa1
02-07 21:06:58.733 17266 17266 E ArmVmp : Match on catch block at 0xc3 in for 0xa1
02-07 21:06:58.741 17266 17266 E ArmVmp : Match on catch block at 0xc3 in for 0xa9
02-07 21:06:58.748 17266 17266 E ArmVmp : Match on catch block at 0xc3 in for 0xa1
02-07 21:06:58.750 17266 17266 E ArmVmp : Match on catch block at 0xc3 in for 0xa1
02-07 21:06:58.789 17266 17266 E ArmVmp : Match on catch block at 0xc3 in for 0xa9
02-07 21:06:58.793 17266 17266 E ArmVmp : Match on catch block at 0xc3 in for 0xa1
02-07 21:06:58.795 17266 17266 E ArmVmp : Match on catch block at 0xc3 in for 0xa1
02-07 21:06:58.819 17266 17644 E FrameEvents: updateAcquireFence: Did not find frame.
02-07 21:06:59.000 17266 17266 W ResourceType: Bad XML block: header size 18254 or total size 169478669 is larger than data size 380
02-07 21:06:59.006 17266 17266 W ResourceType: Bad XML block: header size 18254 or total size 169478669 is larger than data size 633
02-07 21:06:59.021 17266 17266 W ResourceType: Bad XML block: header size 18254 or total size 169478669 is larger than data size 677
02-07 21:06:59.024 17266 17266 W ResourceType: Bad XML block: header size 18254 or total size 169478669 is larger than data size 248
02-07 21:06:59.030 17266 17266 W ResourceType: Bad XML block: header size 18254 or total size 169478669 is larger than data size 571
02-07 21:06:59.035 17266 17266 W ResourceType: Bad XML block: header size 18254 or total size 169478669 is larger than data size 333
02-07 21:06:59.038 17266 17266 W ResourceType: Bad XML block: header size 18254 or total size 169478669 is larger than data size 650
02-07 21:06:59.042 17266 17266 W ResourceType: Bad XML block: header size 18254 or total size 169478669 is larger than data size 1150
02-07 21:06:59.047 17266 17266 W ResourceType: Bad XML block: header size 18254 or total size 169478669 is larger than data size 491
02-07 21:06:59.050 17266 17266 W ResourceType: Bad XML block: header size 18254 or total size 169478669 is larger than data size 1150
02-07 21:06:59.054 17266 17266 W ResourceType: Bad XML block: header size 18254 or total size 169478669 is larger than data size 659
02-07 21:06:59.057 17266 17266 W ResourceType: Bad XML block: header size 18254 or total size 169478669 is larger than data size 593
02-07 21:06:59.065 17266 17266 W ResourceType: Bad XML block: header size 18254 or total size 169478669 is larger than data size 1171
02-07 21:06:59.067 17266 17266 W ResourceType: Bad XML block: header size 18254 or total size 169478669 is larger than data size 510
02-07 21:06:59.089 17266 17266 W ResourceType: Bad XML block: header size 18254 or total size 169478669 is larger than data size 853
02-07 21:06:59.138 17266 17266 W ResourceType: Bad XML block: header size 18254 or total size 169478669 is larger than data size 650
02-07 21:06:59.154 17266 17266 E ArmVmp : Match on catch block at 0xc3 in for 0xa9
02-07 21:06:59.156 17266 17266 E ArmVmp : Match on catch block at 0xc3 in for 0xa1
02-07 21:06:59.158 17266 17266 E ArmVmp : Match on catch block at 0xc3 in for 0xa1
02-07 21:06:59.210 17266 17266 W View : requestLayout() improperly called by android.widget.Space{addaec I.ED..... ......I. 32,95-43,106 #7f0b00ba app:id/action_tile_spacing} during layout: running second layout pass
02-07 21:06:59.210 17266 17266 W View : requestLayout() improperly called by android.widget.Space{b13b9d8 I.ED..... ......I. 32,95-43,106 #7f0b00ba app:id/action_tile_spacing} during layout: running second layout pass
02-07 21:06:59.210 17266 17266 W View : requestLayout() improperly called by android.widget.Space{6f69b84 I.ED..... ......I. 32,95-43,106 #7f0b00ba app:id/action_tile_spacing} during layout: running second layout pass
02-07 21:06:59.210 17266 17266 W View : requestLayout() improperly called by android.widget.Space{103ebf0 I.ED..... ......I. 32,95-43,106 #7f0b00ba app:id/action_tile_spacing} during layout: running second layout pass
02-07 21:06:59.263 17266 17266 E ArmVmp : Match on catch block at 0xc3 in for 0xa1
02-07 21:06:59.265 17266 17266 E ArmVmp : Match on catch block at 0xc3 in for 0xa5
02-07 21:06:59.268 17266 17266 E ArmVmp : Match on catch block at 0xc3 in for 0xa5
02-07 21:06:59.355 17266 17266 E ArmVmp : Match on catch block at 0xc3 in for 0xa9
02-07 21:06:59.359 17266 17266 E ArmVmp : Match on catch block at 0xc3 in for 0xa1
02-07 21:06:59.362 17266 17266 E ArmVmp : Match on catch block at 0xc3 in for 0xa1
02-07 21:06:59.617 17266 17266 E ArmVmp : Match on catch block at 0xc3 in for 0xa5
02-07 21:06:59.620 17266 17266 E ArmVmp : Match on catch block at 0xc3 in for 0xa9
02-07 21:06:59.622 17266 17266 E ArmVmp : Match on catch block at 0xc3 in for 0xa9
02-07 21:06:59.905 17266 17266 W ResourceType: Bad XML block: header size 18254 or total size 169478669 is larger than data size 650
02-07 21:07:06.993 17266 17266 E ArmVmp : Match on catch block at 0x0a in for 0xc5
02-07 21:07:06.998 17266 17266 E ArmVmp : Match on catch block at 0x0a in for 0xc1
02-07 21:07:07.031 17266 17266 E ArmVmp : Match on catch block at 0xc3 in for 0xa9
02-07 21:07:07.033 17266 17266 E ArmVmp : Match on catch block at 0xc3 in for 0xa1
02-07 21:07:07.040 17266 17644 E FrameEvents: updateAcquireFence: Did not find frame.
02-07 21:07:07.049 17266 17266 E ArmVmp : Match on catch block at 0xc3 in for 0xa9
02-07 21:07:07.051 17266 17266 E ArmVmp : Match on catch block at 0xc3 in for 0xa1
02-07 21:07:07.071 17266 17266 E ArmVmp : Match on catch block at 0xc3 in for 0xa5
02-07 21:07:07.074 17266 17266 E ArmVmp : Match on catch block at 0xc3 in for 0xa9
02-07 21:07:07.087 17266 17266 E ArmVmp : Match on catch block at 0xc3 in for 0xa5
02-07 21:07:07.091 17266 17266 E ArmVmp : Match on catch block at 0xc3 in for 0xa9
02-07 21:07:07.105 17266 17266 E ArmVmp : Match on catch block at 0xc3 in for 0xa5
02-07 21:07:07.108 17266 17266 E ArmVmp : Match on catch block at 0xc3 in for 0xa9
02-07 21:07:07.122 17266 17266 E ArmVmp : Match on catch block at 0xc3 in for 0xa5
02-07 21:07:07.125 17266 17266 E ArmVmp : Match on catch block at 0xc3 in for 0xa9
02-07 21:07:07.138 17266 17266 E ArmVmp : Match on catch block at 0xc3 in for 0xa5
02-07 21:07:07.141 17266 17266 E ArmVmp : Match on catch block at 0xc3 in for 0xa9
02-07 21:07:07.155 17266 17266 E ArmVmp : Match on catch block at 0xc3 in for 0xa5
02-07 21:07:07.157 17266 17266 E ArmVmp : Match on catch block at 0xc3 in for 0xa9
02-07 21:07:07.172 17266 17266 E ArmVmp : Match on catch block at 0xc3 in for 0xa5
02-07 21:07:07.175 17266 17266 E ArmVmp : Match on catch block at 0xc3 in for 0xa9
02-07 21:07:07.188 17266 17266 E ArmVmp : Match on catch block at 0xc3 in for 0xa5
02-07 21:07:07.191 17266 17266 E ArmVmp : Match on catch block at 0xc3 in for 0xa9
02-07 21:07:07.205 17266 17266 E ArmVmp : Match on catch block at 0xc3 in for 0xa5
02-07 21:07:07.209 17266 17266 E ArmVmp : Match on catch block at 0xc3 in for 0xa9
02-07 21:07:07.222 17266 17266 E ArmVmp : Match on catch block at 0xc3 in for 0xa5
02-07 21:07:07.226 17266 17266 E ArmVmp : Match on catch block at 0xc3 in for 0xa9
02-07 21:07:07.239 17266 17266 E ArmVmp : Match on catch block at 0xc3 in for 0xa5
02-07 21:07:07.242 17266 17266 E ArmVmp : Match on catch block at 0xc3 in for 0xa9
02-07 21:07:07.255 17266 17266 E ArmVmp : Match on catch block at 0xc3 in for 0xa5
02-07 21:07:07.259 17266 17266 E ArmVmp : Match on catch block at 0xc3 in for 0xa9
02-07 21:07:07.272 17266 17266 E ArmVmp : Match on catch block at 0xc3 in for 0xa5
02-07 21:07:07.276 17266 17266 E ArmVmp : Match on catch block at 0xc3 in for 0xa9
02-07 21:07:07.289 17266 17266 E ArmVmp : Match on catch block at 0xc3 in for 0xa5
02-07 21:07:07.292 17266 17266 E ArmVmp : Match on catch block at 0xc3 in for 0xa9
02-07 21:07:07.306 17266 17266 E ArmVmp : Match on catch block at 0xc3 in for 0xa5
02-07 21:07:07.309 17266 17266 E ArmVmp : Match on catch block at 0xc3 in for 0xa9
02-07 21:07:07.323 17266 17266 E ArmVmp : Match on catch block at 0xc3 in for 0xa5
02-07 21:07:07.326 17266 17266 E ArmVmp : Match on catch block at 0xc3 in for 0xa9
02-07 21:07:07.339 17266 17266 E ArmVmp : Match on catch block at 0xc3 in for 0xa5
02-07 21:07:07.343 17266 17266 E ArmVmp : Match on catch block at 0xc3 in for 0xa9
02-07 21:07:07.356 17266 17266 E ArmVmp : Match on catch block at 0xc3 in for 0xa5
02-07 21:07:07.359 17266 17266 E ArmVmp : Match on catch block at 0xc3 in for 0xa9
02-07 21:07:07.405 17266 17266 E ArmVmp : Match on catch block at 0xc3 in for 0xa5
02-07 21:07:07.409 17266 17266 E ArmVmp : Match on catch block at 0xc3 in for 0xa9
02-07 21:07:07.425 17266 17266 E ArmVmp : Match on catch block at 0xc3 in for 0xa1
02-07 21:07:07.428 17266 17266 E ArmVmp : Match on catch block at 0xc3 in for 0xa5
02-07 21:07:07.442 17266 17266 E ArmVmp : Match on catch block at 0xc3 in for 0xa1
02-07 21:07:07.445 17266 17266 E ArmVmp : Match on catch block at 0xc3 in for 0xa5
02-07 21:07:07.611 17266 17266 E ArmVmp : Match on catch block at 0xc3 in for 0xa9
02-07 21:07:07.614 17266 17266 E ArmVmp : Match on catch block at 0xc3 in for 0xa1
02-07 21:07:07.644 17266 17266 E ArmVmp : Match on catch block at 0xc3 in for 0xa1
02-07 21:07:07.647 17266 17266 E ArmVmp : Match on catch block at 0xc3 in for 0xa5
02-07 21:07:07.824 17266 17266 E ArmVmp : Match on catch block at 0xc3 in for 0xa1
02-07 21:07:07.828 17266 17266 E ArmVmp : Match on catch block at 0xc3 in for 0xa5
02-07 21:07:07.839 17266 17266 E ArmVmp : Match on catch block at 0xc3 in for 0xa1
02-07 21:07:07.843 17266 17266 E ArmVmp : Match on catch block at 0xc3 in for 0xa5
02-07 21:07:07.856 17266 17266 E ArmVmp : Match on catch block at 0xc3 in for 0xa1
02-07 21:07:07.860 17266 17266 E ArmVmp : Match on catch block at 0xc3 in for 0xa5
02-07 21:07:07.873 17266 17266 E ArmVmp : Match on catch block at 0xc3 in for 0xa1
02-07 21:07:07.877 17266 17266 E ArmVmp : Match on catch block at 0xc3 in for 0xa5
02-07 21:07:07.889 17266 17266 E ArmVmp : Match on catch block at 0xc3 in for 0xa1
02-07 21:07:07.893 17266 17266 E ArmVmp : Match on catch block at 0xc3 in for 0xa5
02-07 21:07:07.906 17266 17266 E ArmVmp : Match on catch block at 0xc3 in for 0xa1
02-07 21:07:07.910 17266 17266 E ArmVmp : Match on catch block at 0xc3 in for 0xa5
02-07 21:07:07.923 17266 17266 E ArmVmp : Match on catch block at 0xc3 in for 0xa1
02-07 21:07:07.927 17266 17266 E ArmVmp : Match on catch block at 0xc3 in for 0xa5
02-07 21:07:07.939 17266 17266 E ArmVmp : Match on catch block at 0xc3 in for 0xa1
02-07 21:07:07.944 17266 17266 E ArmVmp : Match on catch block at 0xc3 in for 0xa5
02-07 21:07:07.957 17266 17266 E ArmVmp : Match on catch block at 0xc3 in for 0xa1
02-07 21:07:07.961 17266 17266 E ArmVmp : Match on catch block at 0xc3 in for 0xa5
02-07 21:07:07.974 17266 17266 E ArmVmp : Match on catch block at 0xc3 in for 0xa1
02-07 21:07:07.978 17266 17266 E ArmVmp : Match on catch block at 0xc3 in for 0xa5
02-07 21:07:07.989 17266 17266 E ArmVmp : Match on catch block at 0xc3 in for 0xa1
02-07 21:07:07.993 17266 17266 E ArmVmp : Match on catch block at 0xc3 in for 0xa5
02-07 21:07:08.006 17266 17266 E ArmVmp : Match on catch block at 0xc3 in for 0xa1
02-07 21:07:08.010 17266 17266 E ArmVmp : Match on catch block at 0xc3 in for 0xa5
02-07 21:07:08.023 17266 17266 E ArmVmp : Match on catch block at 0xc3 in for 0xa1
02-07 21:07:08.027 17266 17266 E ArmVmp : Match on catch block at 0xc3 in for 0xa5
02-07 21:07:08.041 17266 17266 E ArmVmp : Match on catch block at 0xc3 in for 0xa1
02-07 21:07:08.046 17266 17266 E ArmVmp : Match on catch block at 0xc3 in for 0xa5
02-07 21:07:08.057 17266 17266 E ArmVmp : Match on catch block at 0xc3 in for 0xa1
02-07 21:07:08.061 17266 17266 E ArmVmp : Match on catch block at 0xc3 in for 0xa5
02-07 21:07:08.072 17266 17266 E ArmVmp : Match on catch block at 0xc3 in for 0xa1
02-07 21:07:08.075 17266 17266 E ArmVmp : Match on catch block at 0xc3 in for 0xa5
02-07 21:07:08.089 17266 17266 E ArmVmp : Match on catch block at 0xc3 in for 0xa1
02-07 21:07:08.093 17266 17266 E ArmVmp : Match on catch block at 0xc3 in for 0xa5
02-07 21:07:08.106 17266 17266 E ArmVmp : Match on catch block at 0xc3 in for 0xa1
02-07 21:07:08.110 17266 17266 E ArmVmp : Match on catch block at 0xc3 in for 0xa5
02-07 21:07:08.123 17266 17266 E ArmVmp : Match on catch block at 0xc3 in for 0xa1
02-07 21:07:08.127 17266 17266 E ArmVmp : Match on catch block at 0xc3 in for 0xa5
02-07 21:07:08.140 17266 17266 E ArmVmp : Match on catch block at 0xc3 in for 0xa1
02-07 21:07:08.144 17266 17266 E ArmVmp : Match on catch block at 0xc3 in for 0xa5
02-07 21:07:08.641 17266 17266 E ArmVmp : Match on catch block at 0xc3 in for 0xa1
02-07 21:07:08.646 17266 17266 E ArmVmp : Match on catch block at 0xc3 in for 0xa5
02-07 21:07:09.107 17266 17266 E ArmVmp : Match on catch block at 0xc3 in for 0xa1
02-07 21:07:09.111 17266 17266 E ArmVmp : Match on catch block at 0xc3 in for 0xa5
02-07 21:07:09.208 17266 17266 E ArmVmp : Match on catch block at 0xc3 in for 0xa5
02-07 21:07:09.215 17266 17266 E ArmVmp : Match on catch block at 0xc3 in for 0xa9
02-07 21:07:09.222 17266 17266 E ArmVmp : Match on catch block at 0xc3 in for 0xa5
02-07 21:07:09.224 17266 17266 E ArmVmp : Match on catch block at 0xc3 in for 0xa9
02-07 21:07:09.237 17266 17266 E ArmVmp : Match on catch block at 0xc3 in for 0xa5
02-07 21:07:09.240 17266 17266 E ArmVmp : Match on catch block at 0xc3 in for 0xa9
02-07 21:07:09.255 17266 17266 E ArmVmp : Match on catch block at 0xc3 in for 0xa5
02-07 21:07:09.259 17266 17266 E ArmVmp : Match on catch block at 0xc3 in for 0xa9
02-07 21:07:09.273 17266 17266 E ArmVmp : Match on catch block at 0xc3 in for 0xa5
02-07 21:07:09.277 17266 17266 E ArmVmp : Match on catch block at 0xc3 in for 0xa9
02-07 21:07:09.289 17266 17266 E ArmVmp : Match on catch block at 0xc3 in for 0xa5
02-07 21:07:09.294 17266 17266 E ArmVmp : Match on catch block at 0xc3 in for 0xa9
02-07 21:07:09.306 17266 17266 E ArmVmp : Match on catch block at 0xc3 in for 0xa5
02-07 21:07:09.310 17266 17266 E ArmVmp : Match on catch block at 0xc3 in for 0xa9
02-07 21:07:09.324 17266 17266 E ArmVmp : Match on catch block at 0xc3 in for 0xa5
02-07 21:07:09.328 17266 17266 E ArmVmp : Match on catch block at 0xc3 in for 0xa9
02-07 21:07:09.339 17266 17266 E ArmVmp : Match on catch block at 0xc3 in for 0xa5
02-07 21:07:09.344 17266 17266 E ArmVmp : Match on catch block at 0xc3 in for 0xa9
02-07 21:07:09.356 17266 17266 E ArmVmp : Match on catch block at 0xc3 in for 0xa5
02-07 21:07:09.360 17266 17266 E ArmVmp : Match on catch block at 0xc3 in for 0xa9
02-07 21:07:09.372 17266 17266 E ArmVmp : Match on catch block at 0xc3 in for 0xa5
02-07 21:07:09.376 17266 17266 E ArmVmp : Match on catch block at 0xc3 in for 0xa9
02-07 21:07:09.389 17266 17266 E ArmVmp : Match on catch block at 0xc3 in for 0xa5
02-07 21:07:09.392 17266 17266 E ArmVmp : Match on catch block at 0xc3 in for 0xa9
02-07 21:07:09.405 17266 17266 E ArmVmp : Match on catch block at 0xc3 in for 0xa5
02-07 21:07:09.409 17266 17266 E ArmVmp : Match on catch block at 0xc3 in for 0xa9
02-07 21:07:09.422 17266 17266 E ArmVmp : Match on catch block at 0xc3 in for 0xa5
02-07 21:07:09.427 17266 17266 E ArmVmp : Match on catch block at 0xc3 in for 0xa9
02-07 21:07:09.439 17266 17266 E ArmVmp : Match on catch block at 0xc3 in for 0xa5
02-07 21:07:09.443 17266 17266 E ArmVmp : Match on catch block at 0xc3 in for 0xa9
02-07 21:07:09.455 17266 17266 E ArmVmp : Match on catch block at 0xc3 in for 0xa5
02-07 21:07:09.459 17266 17266 E ArmVmp : Match on catch block at 0xc3 in for 0xa9
02-07 21:07:09.472 17266 17266 E ArmVmp : Match on catch block at 0xc3 in for 0xa5
02-07 21:07:09.475 17266 17266 E ArmVmp : Match on catch block at 0xc3 in for 0xa9
02-07 21:07:11.216 17266 17266 W BottomSheetBehavior: BottomSheetBehavior now supports multiple callbacks. `setBottomSheetCallback()` removes all existing callbacks, including ones set internally by library authors, which may result in unintended behavior. This may change in the future. Please use `addBottomSheetCallback()` and `removeBottomSheetCallback()` instead to set your own callbacks.
02-07 21:07:11.223 17266 17266 E ArmVmp : Match on catch block at 0xc3 in for 0xa1
02-07 21:07:11.228 17266 17266 E ArmVmp : Match on catch block at 0xc3 in for 0xa5
02-07 21:07:19.930 17266 17266 E ArmVmp : Match on catch block at 0xc3 in for 0xa1
02-07 21:07:19.933 17266 17266 E ArmVmp : Match on catch block at 0xc3 in for 0xa5
02-07 21:07:20.425 17266 17266 E ArmVmp : Match on catch block at 0xc3 in for 0xa1
02-07 21:07:20.429 17266 17266 E ArmVmp : Match on catch block at 0xc3 in for 0xa5
02-07 21:07:20.921 17266 17266 E ArmVmp : Match on catch block at 0xc3 in for 0xa1
02-07 21:07:20.927 17266 17266 E ArmVmp : Match on catch block at 0xc3 in for 0xa5
02-07 21:07:21.424 17266 17266 E ArmVmp : Match on catch block at 0xc3 in for 0xa1
02-07 21:07:21.429 17266 17266 E ArmVmp : Match on catch block at 0xc3 in for 0xa5
02-07 21:07:21.923 17266 17266 E ArmVmp : Match on catch block at 0xc3 in for 0xa1
02-07 21:07:21.927 17266 17266 E ArmVmp : Match on catch block at 0xc3 in for 0xa5
02-07 21:07:22.424 17266 17266 E ArmVmp : Match on catch block at 0xc3 in for 0xa1
02-07 21:07:22.428 17266 17266 E ArmVmp : Match on catch block at 0xc3 in for 0xa5
02-07 21:07:22.923 17266 17266 E ArmVmp : Match on catch block at 0xc3 in for 0xa1
02-07 21:07:22.927 17266 17266 E ArmVmp : Match on catch block at 0xc3 in for 0xa5
02-07 21:07:23.438 17266 17266 E ArmVmp : Match on catch block at 0xc3 in for 0xa9
02-07 21:07:23.440 17266 17266 E ArmVmp : Match on catch block at 0xc3 in for 0xa1
02-07 21:07:23.942 17266 17266 E ArmVmp : Match on catch block at 0xc3 in for 0xa9
02-07 21:07:23.947 17266 17266 E ArmVmp : Match on catch block at 0xc3 in for 0xa1
02-07 21:07:24.127 17266 17266 E ArmVmp : Match on catch block at 0xc3 in for 0xa5
02-07 21:07:24.131 17266 17266 E ArmVmp : Match on catch block at 0xc3 in for 0xa9
02-07 21:07:24.248 17266 17266 W com.mbwhatsapp: Class com.mbwhatsapp.HomeActivity failed lock verification and will run slower.
02-07 21:07:24.525 17266 17266 E ArmVmp : Match on catch block at 0x0a in for 0xc5
02-07 21:07:24.549 17266 17266 E ArmVmp : Match on catch block at 0x0a in for 0x135
02-07 21:07:24.670 17266 17266 E ArmVmp : Match on catch block at 0xc3 in for 0xa5
02-07 21:07:24.672 17266 17266 E ArmVmp : Match on catch block at 0xc3 in for 0xa9
02-07 21:07:24.754 17266 17770 W com.mbwhatsapp: Accessing hidden method Lcom/android/org/conscrypt/ConscryptEngineSocket;->setUseSessionTickets(Z)V (greylist-max-q,test-api, reflection, denied)
02-07 21:07:24.754 17266 17770 W com.mbwhatsapp: Accessing hidden method Lcom/android/org/conscrypt/OpenSSLSocketImpl;->setUseSessionTickets(Z)V (greylist- max-q,test-api, reflection, denied)
02-07 21:07:24.754 17266 17770 W com.mbwhatsapp: Accessing hidden method Lcom/android/org/conscrypt/AbstractConscryptSocket;->setUseSessionTickets(Z)V (greylist-max-q, reflection, denied)
02-07 21:07:24.754 17266 17770 W com.mbwhatsapp: Accessing hidden method Lcom/android/org/conscrypt/ConscryptEngineSocket;->setHostname(Ljava/lang/String;)V (greylist-max-q,test-api, reflection, denied)
02-07 21:07:24.755 17266 17770 W com.mbwhatsapp: Accessing hidden method Lcom/android/org/conscrypt/OpenSSLSocketImpl;->setHostname(Ljava/lang/String;)V (greylist-max-q,test-api, reflection, denied)
02-07 21:07:24.755 17266 17770 W com.mbwhatsapp: Accessing hidden method Lcom/android/org/conscrypt/AbstractConscryptSocket;->setHostname(Ljava/lang/ String;)V (greylist-max-q, reflection, denied)
02-07 21:07:24.755 17266 17770 W com.mbwhatsapp: Accessing hidden method Lcom/android/org/conscrypt/OpenSSLSocketImpl;->setAlpnProtocols([B)V (greylist-max- q,test-api, reflection, denied)
02-07 21:07:24.755 17266 17770 W com.mbwhatsapp: Accessing hidden method Lcom/android/org/conscrypt/AbstractConscryptSocket;->setAlpnProtocols([B)V (greylist-max-q, reflection, denied)
02-07 21:07:24.769 17266 17776 W LOTTIE : Animation contains merge paths. Merge paths are only supported on KitKat+ and must be manually enabled by calling enableMergePathsForKitKatAndAbove().
02-07 21:07:24.883 17266 17770 W com.mbwhatsapp: Accessing hidden method Lcom/android/org/conscrypt/OpenSSLSocketImpl;->getAlpnSelectedProtocol()[B (greylist-max-q,test-api, reflection, denied)
02-07 21:07:24.884 17266 17770 W com.mbwhatsapp: Accessing hidden method Lcom/android/org/conscrypt/AbstractConscryptSocket;->getAlpnSelectedProtocol()[B (greylist-max-q, reflection, denied)
02-07 21:07:25.057 17266 17266 W SQLiteLog: (28) double-quoted string literal: ""
02-07 21:07:25.197 17266 17266 E RecyclerView: No adapter attached; skipping layout
02-07 21:07:25.314 17266 17266 E RecyclerView: No adapter attached; skipping layout
02-07 21:07:25.327 17266 17266 W LOTTIE : Animation contains merge paths but they are disabled.
02-07 21:07:25.557 17266 17266 E ArmVmp : Match on catch block at 0x5b in for 0x89
02-07 21:07:25.727 17266 17266 E ArmVmp : Match on catch block at 0x0a in for 0xd5
02-07 21:07:26.233 17266 17280 W System : A resource failed to call release.
02-07 21:07:26.235 17266 17280 W System : A resource failed to call release.
02-07 21:07:28.378 17266 17266 E ArmVmp : Match on catch block at 0x0a in for 0x171
02-07 21:07:33.467 17266 17280 W System : A resource failed to call release.
02-07 21:07:44.793 17266 17266 E ArmVmp : Match on catch block at 0x0a in for 0xd5
02-07 21:07:52.370 17266 17266 E ArmVmp : Match on catch block at 0x0a in for 0xd9
02-07 21:07:54.408 17266 17266 W InputEventReceiver: Attempted to finish an input event but the input event receiver has already been disposed.
02-07 21:07:54.436 17266 17266 E ArmVmp : Match on catch block at 0x0a in for 0xd9
02-07 21:07:54.521 17266 17266 E ArmVmp : Match on catch block at 0x0a in for 0xc9
02-07 21:07:59.131 17266 17266 E ArmVmp : Match on catch block at 0x0a in for 0xd5
02-07 21:08:00.549 17266 17266 E ArmVmp : Match on catch block at 0x0a in for 0xd9
02-07 21:08:00.627 17266 17266 E ArmVmp : Match on catch block at 0x0a in for 0xc9
02-07 21:08:01.159 17266 17280 W System : A resource failed to call release.
02-07 21:08:01.161 17266 17280 W System : A resource failed to call release.
02-07 21:08:05.494 17266 17266 E ArmVmp : Match on catch block at 0x0a in for 0xd5
02-07 21:08:10.738 17266 17266 W InputEventReceiver: Attempted to finish an input event but the input event receiver has already been disposed.
02-07 21:08:15.561 17266 17266 E ArmVmp : Match on catch block at 0x0a in for 0xd9
02-07 21:08:20.073 17266 17266 E ArmVmp : Match on catch block at 0x0a in for 0xd9
02-07 21:08:22.094 17266 17266 W InputEventReceiver: Attempted to finish an input event but the input event receiver has already been disposed.
02-07 21:08:23.953 17266 17266 W IInputConnectionWrapper: requestCursorAnchorInfo on inactive InputConnection --------- beginning of main
02-07 21:08:29.203 17993 17993 E com.mbwhatsapp: Not starting debugger since process cannot load the jdwp agent.
02-07 21:08:29.398 17993 17993 W System.err: java.lang.ClassNotFoundException: mbmodsd.mbmodsw.ui.views.btn.BtnBK
02-07 21:08:29.399 17993 17993 W System.err: at java.lang.Runtime.nativeLoad(Native Method)
02-07 21:08:29.399 17993 17993 W System.err: at java.lang.Runtime.nativeLoad(Runtime.java:1131)
02-07 21:08:29.399 17993 17993 W System.err: at java.lang.Runtime.loadLibrary0(Runtime.java:1085)
02-07 21:08:29.399 17993 17993 W System.err: at java.lang.Runtime.loadLibrary0(Runtime.java:1008)
02-07 21:08:29.399 17993 17993 W System.err: at java.lang.System.loadLibrary(System.java:1664)
02-07 21:08:29.399 17993 17993 W System.err: at arm.EpicVm.<clinit>(Unknown Source:2)
02-07 21:08:29.399 17993 17993 W System.err: at java.lang.Class.newInstance(Native Method)
02-07 21:08:29.399 17993 17993 W System.err: at android.app.AppComponentFactory.instantiateApplication(AppComponentFactory.java:76)
02-07 21:08:29.399 17993 17993 W System.err: at androidx.core.app.CoreComponentFactory.instantiateApplication(Unknown Source:0)
02-07 21:08:29.399 17993 17993 W System.err: at android.app.Instrumentation.newApplication(Instrumentation.java:1158)
02-07 21:08:29.399 17993 17993 W System.err: at android.app.LoadedApk.makeApplication(LoadedApk.java:1244)
02-07 21:08:29.399 17993 17993 W System.err: at android.app.ActivityThread.handleBindApplication(ActivityThread.java:6779)
02-07 21:08:29.399 17993 17993 W System.err: at android.app.ActivityThread.access$1400(ActivityThread.java:250)
02-07 21:08:29.399 17993 17993 W System.err: at android.app.ActivityThread$H.handleMessage(ActivityThread.java:1973)
02-07 21:08:29.399 17993 17993 W System.err: at android.os.Handler.dispatchMessage(Handler.java:106)
02-07 21:08:29.399 17993 17993 W System.err: at android.os.Looper.loop(Looper.java:250)
02-07 21:08:29.399 17993 17993 W System.err: at android.app.ActivityThread.main(ActivityThread.java:7766)
02-07 21:08:29.400 17993 17993 W System.err: at java.lang.reflect.Method.invoke(Native Method)
02-07 21:08:29.400 17993 17993 W System.err: at com.android.internal.os.RuntimeInit$MethodAndArgsCaller.run(RuntimeInit.java:604)
02-07 21:08:29.400 17993 17993 W System.err: at com.android.internal.os.ZygoteInit.main(ZygoteInit.java:958)
02-07 21:08:29.417 17993 17993 E CustomActivityOnCrash: IMPORTANT WARNING! You already have an UncaughtExceptionHandler, are you sure this is correct? If you use a custom UncaughtExceptionHandler, you must initialize it AFTER CustomActivityOnCrash! Installing anyway, but your original handler will not be called.
02-07 21:08:29.494 17993 18016 W LibraryVersion: Failed to get app version for libraryName: firebase-iid
02-07 21:08:29.699 17993 17993 W com.mbwhatsapp: Accessing hidden method Lcom/android/org/conscrypt/OpenSSLSocketImpl;->setUseSessionTickets(Z)V (greylist- max-q,test-api, reflection, denied)
02-07 21:08:29.700 17993 17993 W com.mbwhatsapp: Accessing hidden method Lcom/android/org/conscrypt/AbstractConscryptSocket;->setUseSessionTickets(Z)V (greylist-max-q, reflection, denied)
02-07 21:08:29.755 17993 17993 W com.mbwhatsapp: type=1400 audit(0.0:5282): avc: granted { execute } for path="/data/data/com.mbwhatsapp/files/decompressed/libs.spk.zst/libc++_shared.so" dev="mmcblk0p80" ino=547689 scontext=u:r:untrusted_app:s0:c234,c257,c512,c768 tcontext=u:object_r:app_data_file:s0:c234,c257,c512,c768 tclass=file app=com.mbwhatsapp
02-07 21:08:29.758 17993 17993 W linker : Warning: "/data/data/com.mbwhatsapp/files/decompressed/libs.spk.zst/libc++_shared.so" unused DT entry: unknown processor-specific (type 0x70000001 arg 0x0) (ignoring)
02-07 21:08:29.759 17993 17993 W com.mbwhatsapp: type=1400 audit(0.0:5283): avc: granted { execute } for path="/data/data/com.mbwhatsapp/files/decompressed/libs.spk.zst/libvlc.so" dev="mmcblk0p80" ino=399352 scontext=u:r:untrusted_app:s0:c234,c257,c512,c768 tcontext=u:object_r:app_data_file:s0:c234,c257,c512,c768 tclass=file app=com.mbwhatsapp
02-07 21:08:29.775 17993 17993 W com.mbwhatsapp: type=1400 audit(0.0:5284): avc: granted { execute } for path="/data/data/com.mbwhatsapp/files/decompressed/libs.spk.zst/libwhatsapp.so" dev="mmcblk0p80" ino=378446 scontext=u:r:untrusted_app:s0:c234,c257,c512,c768 tcontext=u:object_r:app_data_file:s0:c234,c257,c512,c768 tclass=file app=com.mbwhatsapp
02-07 21:08:29.799 17993 17993 W com.mbwhatsapp: type=1400 audit(0.0:5285): avc: granted { execute } for path="/data/data/com.mbwhatsapp/files/decompressed/libs.spk.zst/libcurve25519.so" dev="mmcblk0p80" ino=507505 scontext=u:r:untrusted_app:s0:c234,c257,c512,c768 tcontext=u:object_r:app_data_file:s0:c234,c257,c512,c768 tclass=file app=com.mbwhatsapp
02-07 21:08:29.815 17993 17993 W com.mbwhatsapp: type=1400 audit(0.0:5286): avc: granted { execute } for path="/data/data/com.mbwhatsapp/files/decompressed/libs.spk.zst/libwhatsapp.so" dev="mmcblk0p80" ino=378446 scontext=u:r:untrusted_app:s0:c234,c257,c512,c768 tcontext=u:object_r:app_data_file:s0:c234,c257,c512,c768 tclass=file app=com.mbwhatsapp
02-07 21:08:29.916 17993 18048 W com.mbwhatsapp: Class X.2rL failed lock verification and will run slower.
02-07 21:08:29.916 17993 18048 W com.mbwhatsapp: Common causes for lock verification issues are non-optimized dex code
02-07 21:08:29.916 17993 18048 W com.mbwhatsapp: and incorrect proguard optimizations. --------- beginning of main
02-07 23:55:03.164 13375 13375 E com.mbwhatsapp: Not starting debugger since process cannot load the jdwp agent.
02-07 23:55:03.646 13375 13375 W System.err: java.lang.ClassNotFoundException: mbmodsd.mbmodsw.ui.views.btn.BtnBK
02-07 23:55:03.652 13375 13375 W System.err: at java.lang.Runtime.nativeLoad(Native Method)
02-07 23:55:03.652 13375 13375 W System.err: at java.lang.Runtime.nativeLoad(Runtime.java:1131)
02-07 23:55:03.653 13375 13375 W System.err: at java.lang.Runtime.loadLibrary0(Runtime.java:1085)
02-07 23:55:03.653 13375 13375 W System.err: at java.lang.Runtime.loadLibrary0(Runtime.java:1008)
02-07 23:55:03.653 13375 13375 W System.err: at java.lang.System.loadLibrary(System.java:1664)
02-07 23:55:03.653 13375 13375 W System.err: at arm.EpicVm.<clinit>(Unknown Source:2)
02-07 23:55:03.653 13375 13375 W System.err: at java.lang.Class.newInstance(Native Method)
02-07 23:55:03.653 13375 13375 W System.err: at android.app.AppComponentFactory.instantiateApplication(AppComponentFactory.java:76)
02-07 23:55:03.653 13375 13375 W System.err: at androidx.core.app.CoreComponentFactory.instantiateApplication(Unknown Source:0)
02-07 23:55:03.653 13375 13375 W System.err: at android.app.Instrumentation.newApplication(Instrumentation.java:1158)
02-07 23:55:03.653 13375 13375 W System.err: at android.app.LoadedApk.makeApplication(LoadedApk.java:1244)
02-07 23:55:03.653 13375 13375 W System.err: at android.app.ActivityThread.handleBindApplication(ActivityThread.java:6779)
02-07 23:55:03.653 13375 13375 W System.err: at android.app.ActivityThread.access$1400(ActivityThread.java:250)
02-07 23:55:03.653 13375 13375 W System.err: at android.app.ActivityThread$H.handleMessage(ActivityThread.java:1973)
02-07 23:55:03.653 13375 13375 W System.err: at android.os.Handler.dispatchMessage(Handler.java:106)
02-07 23:55:03.653 13375 13375 W System.err: at android.os.Looper.loop(Looper.java:250)
02-07 23:55:03.653 13375 13375 W System.err: at android.app.ActivityThread.main(ActivityThread.java:7766)
02-07 23:55:03.653 13375 13375 W System.err: at java.lang.reflect.Method.invoke(Native Method)
02-07 23:55:03.653 13375 13375 W System.err: at com.android.internal.os.RuntimeInit$MethodAndArgsCaller.run(RuntimeInit.java:604)
02-07 23:55:03.653 13375 13375 W System.err: at com.android.internal.os.ZygoteInit.main(ZygoteInit.java:958)
02-07 23:55:03.711 13375 13375 E CustomActivityOnCrash: IMPORTANT WARNING! You already have an UncaughtExceptionHandler, are you sure this is correct? If you use a custom UncaughtExceptionHandler, you must initialize it AFTER CustomActivityOnCrash! Installing anyway, but your original handler will not be called.
02-07 23:55:04.341 13375 13375 W com.mbwhatsapp: Accessing hidden method Lcom/android/org/conscrypt/OpenSSLSocketImpl;->setUseSessionTickets(Z)V (greylist- max-q,test-api, reflection, denied)
02-07 23:55:04.342 13375 13375 W com.mbwhatsapp: Accessing hidden method Lcom/android/org/conscrypt/AbstractConscryptSocket;->setUseSessionTickets(Z)V (greylist-max-q, reflection, denied)
02-07 23:55:04.442 13375 13375 W com.mbwhatsapp: type=1400 audit(0.0:18967): avc: granted { execute } for path="/data/data/com.mbwhatsapp/files/decompressed/libs.spk.zst/libc++_shared.so" dev="mmcblk0p80" ino=547689 scontext=u:r:untrusted_app:s0:c234,c257,c512,c768 tcontext=u:object_r:app_data_file:s0:c234,c257,c512,c768 tclass=file app=com.mbwhatsapp
02-07 23:55:04.446 13375 13375 W linker : Warning: "/data/data/com.mbwhatsapp/files/decompressed/libs.spk.zst/libc++_shared.so" unused DT entry: unknown processor-specific (type 0x70000001 arg 0x0) (ignoring)
02-07 23:55:04.449 13375 13375 W com.mbwhatsapp: type=1400 audit(0.0:18968): avc: granted { execute } for path="/data/data/com.mbwhatsapp/files/decompressed/libs.spk.zst/libvlc.so" dev="mmcblk0p80" ino=399352 scontext=u:r:untrusted_app:s0:c234,c257,c512,c768 tcontext=u:object_r:app_data_file:s0:c234,c257,c512,c768 tclass=file app=com.mbwhatsapp
02-07 23:55:04.472 13375 13375 W com.mbwhatsapp: type=1400 audit(0.0:18969): avc: granted { execute } for path="/data/data/com.mbwhatsapp/files/decompressed/libs.spk.zst/libwhatsapp.so" dev="mmcblk0p80" ino=378446 scontext=u:r:untrusted_app:s0:c234,c257,c512,c768 tcontext=u:object_r:app_data_file:s0:c234,c257,c512,c768 tclass=file app=com.mbwhatsapp
02-07 23:55:04.559 13375 13375 W com.mbwhatsapp: type=1400 audit(0.0:18970): avc: granted { execute } for path="/data/data/com.mbwhatsapp/files/decompressed/libs.spk.zst/libcurve25519.so" dev="mmcblk0p80" ino=507505 scontext=u:r:untrusted_app:s0:c234,c257,c512,c768 tcontext=u:object_r:app_data_file:s0:c234,c257,c512,c768 tclass=file app=com.mbwhatsapp
02-07 23:55:04.575 13375 13375 W com.mbwhatsapp: type=1400 audit(0.0:18971): avc: granted { execute } for path="/data/data/com.mbwhatsapp/files/decompressed/libs.spk.zst/libwhatsapp.so" dev="mmcblk0p80" ino=378446 scontext=u:r:untrusted_app:s0:c234,c257,c512,c768 tcontext=u:object_r:app_data_file:s0:c234,c257,c512,c768 tclass=file app=com.mbwhatsapp
02-07 23:55:04.776 13375 13443 W com.mbwhatsapp: Class X.2rL failed lock verification and will run slower.
02-07 23:55:04.776 13375 13443 W com.mbwhatsapp: Common causes for lock verification issues are non-optimized dex code
02-07 23:55:04.776 13375 13443 W com.mbwhatsapp: and incorrect proguard optimizations. --------- beginning of main
02-08 00:10:36.572 21464 21464 E com.mbwhatsapp: Not starting debugger since process cannot load the jdwp agent.
02-08 00:10:37.196 21464 21464 W System.err: java.lang.ClassNotFoundException: mbmodsd.mbmodsw.ui.views.btn.BtnBK
02-08 00:10:37.198 21464 21464 W System.err: at java.lang.Runtime.nativeLoad(Native Method)
02-08 00:10:37.198 21464 21464 W System.err: at java.lang.Runtime.nativeLoad(Runtime.java:1131)
02-08 00:10:37.198 21464 21464 W System.err: at java.lang.Runtime.loadLibrary0(Runtime.java:1085)
02-08 00:10:37.198 21464 21464 W System.err: at java.lang.Runtime.loadLibrary0(Runtime.java:1008)
02-08 00:10:37.198 21464 21464 W System.err: at java.lang.System.loadLibrary(System.java:1664)
02-08 00:10:37.198 21464 21464 W System.err: at arm.EpicVm.<clinit>(Unknown Source:2)
02-08 00:10:37.198 21464 21464 W System.err: at java.lang.Class.newInstance(Native Method)
02-08 00:10:37.198 21464 21464 W System.err: at android.app.AppComponentFactory.instantiateApplication(AppComponentFactory.java:76)
02-08 00:10:37.198 21464 21464 W System.err: at androidx.core.app.CoreComponentFactory.instantiateApplication(Unknown Source:0)
02-08 00:10:37.198 21464 21464 W System.err: at android.app.Instrumentation.newApplication(Instrumentation.java:1158)
02-08 00:10:37.198 21464 21464 W System.err: at android.app.LoadedApk.makeApplication(LoadedApk.java:1244)
02-08 00:10:37.198 21464 21464 W System.err: at android.app.ActivityThread.handleBindApplication(ActivityThread.java:6779)
02-08 00:10:37.198 21464 21464 W System.err: at android.app.ActivityThread.access$1400(ActivityThread.java:250)
02-08 00:10:37.198 21464 21464 W System.err: at android.app.ActivityThread$H.handleMessage(ActivityThread.java:1973)
