02-09 09:25:49.861 21994 21994 W System.err: at android.app.ActivityThread$H.handleMessage(ActivityThread.java:1973)
02-09 09:25:49.861 21994 21994 W System.err: at android.os.Handler.dispatchMessage(Handler.java:106)
02-09 09:25:49.861 21994 21994 W System.err: at android.os.Looper.loop(Looper.java:250)
02-09 09:25:49.861 21994 21994 W System.err: at android.app.ActivityThread.main(ActivityThread.java:7766)
02-09 09:25:49.861 21994 21994 W System.err: at java.lang.reflect.Method.invoke(Native Method)
02-09 09:25:49.861 21994 21994 W System.err: at com.android.internal.os.RuntimeInit$MethodAndArgsCaller.run(RuntimeInit.java:604)
02-09 09:25:49.861 21994 21994 W System.err: at com.android.internal.os.ZygoteInit.main(ZygoteInit.java:958)
02-09 09:25:49.912 21994 21994 E CustomActivityOnCrash: IMPORTANT WARNING! You already have an UncaughtExceptionHandler, are you sure this is correct? If you use a custom UncaughtExceptionHandler, you must initialize it AFTER CustomActivityOnCrash! Installing anyway, but your original handler will not be called.
02-09 09:25:50.601 21994 21994 W com.mbwhatsapp: Accessing hidden method Lcom/android/org/conscrypt/OpenSSLSocketImpl;->setUseSessionTickets(Z)V (greylist- max-q,test-api, reflection, denied)
02-09 09:25:50.601 21994 21994 W com.mbwhatsapp: Accessing hidden method Lcom/android/org/conscrypt/AbstractConscryptSocket;->setUseSessionTickets(Z)V (greylist-max-q, reflection, denied)
02-09 09:25:50.690 21994 21994 W com.mbwhatsapp: type=1400 audit(0.0:250366): avc: granted { execute } for path="/data/data/com.mbwhatsapp/files/decompressed/libs.spk.zst/libc++_shared.so" dev="mmcblk0p80" ino=547689 scontext=u:r:untrusted_app:s0:c234,c257,c512,c768 tcontext=u:object_r:app_data_file:s0:c234,c257,c512,c768 tclass=file app=com.mbwhatsapp
02-09 09:25:50.695 21994 21994 W linker : Warning: "/data/data/com.mbwhatsapp/files/decompressed/libs.spk.zst/libc++_shared.so" unused DT entry: unknown processor-specific (type 0x70000001 arg 0x0) (ignoring)
02-09 09:25:50.697 21994 21994 W com.mbwhatsapp: type=1400 audit(0.0:250367): avc: granted { execute } for path="/data/data/com.mbwhatsapp/files/decompressed/libs.spk.zst/libvlc.so" dev="mmcblk0p80" ino=399352 scontext=u:r:untrusted_app:s0:c234,c257,c512,c768 tcontext=u:object_r:app_data_file:s0:c234,c257,c512,c768 tclass=file app=com.mbwhatsapp
02-09 09:25:50.713 21994 21994 W com.mbwhatsapp: type=1400 audit(0.0:250368): avc: granted { execute } for path="/data/data/com.mbwhatsapp/files/decompressed/libs.spk.zst/libwhatsapp.so" dev="mmcblk0p80" ino=378446 scontext=u:r:untrusted_app:s0:c234,c257,c512,c768 tcontext=u:object_r:app_data_file:s0:c234,c257,c512,c768 tclass=file app=com.mbwhatsapp
02-09 09:25:50.783 21994 21994 W com.mbwhatsapp: type=1400 audit(0.0:250369): avc: granted { execute } for path="/data/data/com.mbwhatsapp/files/decompressed/libs.spk.zst/libcurve25519.so" dev="mmcblk0p80" ino=507505 scontext=u:r:untrusted_app:s0:c234,c257,c512,c768 tcontext=u:object_r:app_data_file:s0:c234,c257,c512,c768 tclass=file app=com.mbwhatsapp
02-09 09:25:50.797 21994 21994 W com.mbwhatsapp: type=1400 audit(0.0:250370): avc: granted { execute } for path="/data/data/com.mbwhatsapp/files/decompressed/libs.spk.zst/libwhatsapp.so" dev="mmcblk0p80" ino=378446 scontext=u:r:untrusted_app:s0:c234,c257,c512,c768 tcontext=u:object_r:app_data_file:s0:c234,c257,c512,c768 tclass=file app=com.mbwhatsapp
02-09 09:25:50.797 21994 21994 W com.mbwhatsapp: type=1400 audit(0.0:250371): avc: granted { execute } for path="/data/data/com.mbwhatsapp/files/decompressed/libs.spk.zst/libwhatsapp.so" dev="mmcblk0p80" ino=378446 scontext=u:r:untrusted_app:s0:c234,c257,c512,c768 tcontext=u:object_r:app_data_file:s0:c234,c257,c512,c768 tclass=file app=com.mbwhatsapp
02-09 09:25:50.797 21994 21994 W com.mbwhatsapp: type=1400 audit(0.0:250372): avc: granted { execute } for path="/data/data/com.mbwhatsapp/files/decompressed/libs.spk.zst/libwhatsapp.so" dev="mmcblk0p80" ino=378446 scontext=u:r:untrusted_app:s0:c234,c257,c512,c768 tcontext=u:object_r:app_data_file:s0:c234,c257,c512,c768 tclass=file app=com.mbwhatsapp
02-09 09:25:50.984 21994 22043 W com.mbwhatsapp: Class X.2rL failed lock verification and will run slower.
02-09 09:25:50.984 21994 22043 W com.mbwhatsapp: Common causes for lock verification issues are non-optimized dex code
02-09 09:25:50.984 21994 22043 W com.mbwhatsapp: and incorrect proguard optimizations.
02-09 09:25:55.017 21994 21994 W com.mbwhatsapp: Class X.0eU failed lock verification and will run slower.
02-09 09:25:55.170 21994 21994 W com.mbwhatsapp: Class com.mbwhatsapp.HomeActivity failed lock verification and will run slower.
02-09 09:25:55.479 21994 21994 E ArmVmp : Match on catch block at 0x0a in for 0xc1
02-09 09:25:55.503 21994 21994 E ArmVmp : Match on catch block at 0x0a in for 0x135
02-09 09:25:55.570 21994 22090 W com.mbwhatsapp: Accessing hidden method Lcom/android/org/conscrypt/ConscryptEngineSocket;->setUseSessionTickets(Z)V (greylist-max-q,test-api, reflection, denied)
02-09 09:25:55.570 21994 22090 W com.mbwhatsapp: Accessing hidden method Lcom/android/org/conscrypt/OpenSSLSocketImpl;->setUseSessionTickets(Z)V (greylist- max-q,test-api, reflection, denied)
02-09 09:25:55.570 21994 22090 W com.mbwhatsapp: Accessing hidden method Lcom/android/org/conscrypt/AbstractConscryptSocket;->setUseSessionTickets(Z)V (greylist-max-q, reflection, denied)
02-09 09:25:55.571 21994 22090 W com.mbwhatsapp: Accessing hidden method Lcom/android/org/conscrypt/ConscryptEngineSocket;->setHostname(Ljava/lang/String;)V (greylist-max-q,test-api, reflection, denied)
02-09 09:25:55.571 21994 22090 W com.mbwhatsapp: Accessing hidden method Lcom/android/org/conscrypt/OpenSSLSocketImpl;->setHostname(Ljava/lang/String;)V (greylist-max-q,test-api, reflection, denied)
02-09 09:25:55.571 21994 22090 W com.mbwhatsapp: Accessing hidden method Lcom/android/org/conscrypt/AbstractConscryptSocket;->setHostname(Ljava/lang/ String;)V (greylist-max-q, reflection, denied)
02-09 09:25:55.571 21994 22090 W com.mbwhatsapp: Accessing hidden method Lcom/android/org/conscrypt/OpenSSLSocketImpl;->setAlpnProtocols([B)V (greylist-max- q,test-api, reflection, denied)
02-09 09:25:55.571 21994 22090 W com.mbwhatsapp: Accessing hidden method Lcom/android/org/conscrypt/AbstractConscryptSocket;->setAlpnProtocols([B)V (greylist-max-q, reflection, denied)
02-09 09:25:55.640 21994 22090 W com.mbwhatsapp: Accessing hidden method Lcom/android/org/conscrypt/OpenSSLSocketImpl;->getAlpnSelectedProtocol()[B (greylist-max-q,test-api, reflection, denied)
02-09 09:25:55.640 21994 22090 W com.mbwhatsapp: Accessing hidden method Lcom/android/org/conscrypt/AbstractConscryptSocket;->getAlpnSelectedProtocol()[B (greylist-max-q, reflection, denied)
02-09 09:25:56.172 21994 21994 W SQLiteLog: (28) double-quoted string literal: ""
02-09 09:25:56.297 21994 21994 E RecyclerView: No adapter attached; skipping layout
02-09 09:25:56.396 21994 21994 E RecyclerView: No adapter attached; skipping layout
02-09 09:25:56.423 21994 21994 E ArmVmp : Match on catch block at 0x0a in for 0xd5
02-09 09:25:56.632 21994 22107 W LOTTIE : Animation contains merge paths. Merge paths are only supported on KitKat+ and must be manually enabled by calling enableMergePathsForKitKatAndAbove().
02-09 09:25:56.779 21994 21994 W LOTTIE : Animation contains merge paths but they are disabled.
02-09 09:25:57.352 21994 21994 E ArmVmp : Match on catch block at 0x5b in for 0x89
02-09 09:26:00.287 21994 22121 E linker : library "" ("/apex/com.android.vndk.v30/lib64") needed or dlopened by "/apex/com.android.vndk.v30/lib64/libRS_internal.so" is not accessible for the namespace: [name="rs", ld_library_paths="", default_library_paths="/apex/com.android.vndk.v30/lib64:/vendor/lib64", permitted_paths="/odm/lib64:/vendor/lib64:/system/vendor/lib64:/data"]
02-09 09:26:00.287 21994 22121 E RenderScript: Failed loading RS driver: dlopen failed: library "" needed or dlopened by "/apex/com.android.vndk.v30/lib64/libRS_internal.so" is not accessible for the namespace "rs"
02-09 09:26:00.287 21994 22121 E RenderScript: Failed to load runtime , loading default
02-09 09:26:00.458 21994 21994 E ArmVmp : Match on catch block at 0x0a in for 0xc5
02-09 09:26:00.462 21994 21994 E ArmVmp : Match on catch block at 0x0a in for 0xc5
02-09 09:26:00.622 21994 21994 W View : requestLayout() improperly called by X.4rg{94a4454 V.E....L. ......ID 0,0-1080,664} during layout: running second layout pass
02-09 09:26:00.622 21994 21994 W View : requestLayout() improperly called by android.widget.LinearLayout{594a4f2 V.E...... ......ID 119,3-897,651 #7f0b0e50 app:id/main_layout} during layout: running second layout pass
02-09 09:26:00.622 21994 21994 W View : requestLayout() improperly called by com.mbwhatsapp.conversation.conversationrow.ConversationRowImage$RowImageView{cc41e 3e VFED..CL. ......ID 11,11-767,578 #7f0b0c84 app:id/image} during layout: running second layout pass
02-09 09:26:00.622 21994 21994 W View : requestLayout() improperly called by X.4rg{8941587 V.E....L. ......ID 0,664-1080,1428} during layout: running second layout pass
02-09 09:26:00.622 21994 21994 W View : requestLayout() improperly called by android.widget.LinearLayout{a718452 V.E...... ......ID 119,113-897,761 #7f0b0e50 app:id/main_layout} during layout: running second layout pass
02-09 09:26:00.622 21994 21994 W View : requestLayout() improperly called by com.mbwhatsapp.conversation.conversationrow.ConversationRowImage$RowImageView{e7f93 9e VFED..CL. ......ID 11,11-767,578 #7f0b0c84 app:id/image} during layout: running second layout pass
02-09 09:26:00.628 21994 21994 E ArmVmp : Match on catch block at 0xc3 in for 0xb9
02-09 09:26:00.644 21994 21994 E ArmVmp : Match on catch block at 0xc3 in for 0xb5
02-09 09:26:00.691 21994 21994 E ArmVmp : Match on catch block at 0xc3 in for 0xa9
02-09 09:26:00.697 21994 21994 E ArmVmp : Match on catch block at 0xc3 in for 0xa5
02-09 09:26:00.741 21994 21994 W View : requestLayout() improperly called by X.4rg{94a4454 V.E....L. .......D 0,0-1080,664} during second layout pass: posting in next frame
02-09 09:26:00.741 21994 21994 W View : requestLayout() improperly called by android.widget.LinearLayout{594a4f2 V.E...... .......D 119,3-897,651 #7f0b0e50 app:id/main_layout} during second layout pass: posting in next frame
02-09 09:26:00.741 21994 21994 W View : requestLayout() improperly called by X.4rg{8941587 V.E....L. ......ID 0,664-1080,1428} during second layout pass: posting in next frame
02-09 09:26:00.741 21994 21994 W View : requestLayout() improperly called by android.widget.LinearLayout{a718452 V.E...... .......D 119,113-897,761 #7f0b0e50 app:id/main_layout} during second layout pass: posting in next frame
02-09 09:26:00.755 21994 21994 E ArmVmp : Match on catch block at 0xc3 in for 0xa5
02-09 09:26:00.760 21994 21994 E ArmVmp : Match on catch block at 0xc3 in for 0xa9
02-09 09:26:00.804 21994 21994 E ArmVmp : Match on catch block at 0xc3 in for 0xa5
02-09 09:26:00.807 21994 21994 E ArmVmp : Match on catch block at 0xc3 in for 0xa9
02-09 09:26:00.822 21994 21994 E ArmVmp : Match on catch block at 0xc3 in for 0xa9
02-09 09:26:00.825 21994 21994 E ArmVmp : Match on catch block at 0xc3 in for 0xa1
02-09 09:26:00.838 21994 21994 E ArmVmp : Match on catch block at 0xc3 in for 0xa1
02-09 09:26:00.842 21994 21994 E ArmVmp : Match on catch block at 0xc3 in for 0xa5
02-09 09:26:01.281 21994 21994 E ArmVmp : Match on catch block at 0xc3 in for 0xa5
02-09 09:26:01.286 21994 21994 E ArmVmp : Match on catch block at 0xc3 in for 0xa9
02-09 09:26:01.313 21994 21994 E ArmVmp : Match on catch block at 0xc3 in for 0xa9
02-09 09:26:01.318 21994 21994 E ArmVmp : Match on catch block at 0xc3 in for 0xa1
02-09 09:26:01.331 21994 21994 E ArmVmp : Match on catch block at 0xc3 in for 0xa1
02-09 09:26:01.336 21994 21994 E ArmVmp : Match on catch block at 0xc3 in for 0xa5
02-09 09:26:01.348 21994 21994 E ArmVmp : Match on catch block at 0xc3 in for 0xa5
02-09 09:26:01.353 21994 21994 E ArmVmp : Match on catch block at 0xc3 in for 0xa9
02-09 09:26:01.364 21994 21994 E ArmVmp : Match on catch block at 0xc3 in for 0xa9
02-09 09:26:01.368 21994 21994 E ArmVmp : Match on catch block at 0xc3 in for 0xa1
02-09 09:26:01.381 21994 21994 E ArmVmp : Match on catch block at 0xc3 in for 0xa1
02-09 09:26:01.386 21994 21994 E ArmVmp : Match on catch block at 0xc3 in for 0xa5
02-09 09:26:01.397 21994 21994 E ArmVmp : Match on catch block at 0xc3 in for 0xa5
02-09 09:26:01.402 21994 21994 E ArmVmp : Match on catch block at 0xc3 in for 0xa9
02-09 09:26:01.414 21994 21994 E ArmVmp : Match on catch block at 0xc3 in for 0xa9
02-09 09:26:01.418 21994 21994 E ArmVmp : Match on catch block at 0xc3 in for 0xa1
02-09 09:26:01.431 21994 21994 E ArmVmp : Match on catch block at 0xc3 in for 0xa1
02-09 09:26:01.436 21994 21994 E ArmVmp : Match on catch block at 0xc3 in for 0xa5
02-09 09:26:01.447 21994 21994 E ArmVmp : Match on catch block at 0xc3 in for 0xa5
02-09 09:26:01.452 21994 21994 E ArmVmp : Match on catch block at 0xc3 in for 0xa9
02-09 09:26:01.464 21994 21994 E ArmVmp : Match on catch block at 0xc3 in for 0xa9
02-09 09:26:01.469 21994 21994 E ArmVmp : Match on catch block at 0xc3 in for 0xa1
02-09 09:26:01.480 21994 21994 E ArmVmp : Match on catch block at 0xc3 in for 0xa1
02-09 09:26:01.483 21994 21994 E ArmVmp : Match on catch block at 0xc3 in for 0xa5
02-09 09:26:01.496 21994 21994 E ArmVmp : Match on catch block at 0xc3 in for 0xa5
02-09 09:26:01.499 21994 21994 E ArmVmp : Match on catch block at 0xc3 in for 0xa9
02-09 09:26:01.515 21994 21994 E ArmVmp : Match on catch block at 0xc3 in for 0xa9
02-09 09:26:01.520 21994 21994 E ArmVmp : Match on catch block at 0xc3 in for 0xa1
02-09 09:26:01.531 21994 21994 E ArmVmp : Match on catch block at 0xc3 in for 0xa1
02-09 09:26:01.537 21994 21994 E ArmVmp : Match on catch block at 0xc3 in for 0xa5
02-09 09:26:01.548 21994 21994 E ArmVmp : Match on catch block at 0xc3 in for 0xa5
02-09 09:26:01.552 21994 21994 E ArmVmp : Match on catch block at 0xc3 in for 0xa9
02-09 09:26:01.564 21994 21994 E ArmVmp : Match on catch block at 0xc3 in for 0xa9
02-09 09:26:01.569 21994 21994 E ArmVmp : Match on catch block at 0xc3 in for 0xa1
02-09 09:26:01.580 21994 21994 E ArmVmp : Match on catch block at 0xc3 in for 0xa1
02-09 09:26:01.584 21994 21994 E ArmVmp : Match on catch block at 0xc3 in for 0xa5
02-09 09:26:01.597 21994 21994 E ArmVmp : Match on catch block at 0xc3 in for 0xa5
02-09 09:26:01.600 21994 21994 E ArmVmp : Match on catch block at 0xc3 in for 0xa9
02-09 09:26:01.614 21994 21994 E ArmVmp : Match on catch block at 0xc3 in for 0xa9
02-09 09:26:01.618 21994 21994 E ArmVmp : Match on catch block at 0xc3 in for 0xa1
02-09 09:26:01.716 21994 21994 E ArmVmp : Match on catch block at 0xc3 in for 0xa9
02-09 09:26:01.721 21994 21994 E ArmVmp : Match on catch block at 0xc3 in for 0xa1
02-09 09:26:01.732 21994 21994 E ArmVmp : Match on catch block at 0xc3 in for 0xa9
02-09 09:26:01.737 21994 21994 E ArmVmp : Match on catch block at 0xc3 in for 0xa1
02-09 09:26:01.750 21994 21994 E ArmVmp : Match on catch block at 0xc3 in for 0xa9
02-09 09:26:01.756 21994 21994 E ArmVmp : Match on catch block at 0xc3 in for 0xa1
02-09 09:26:01.764 21994 21994 E ArmVmp : Match on catch block at 0xc3 in for 0xa9
02-09 09:26:01.769 21994 21994 E ArmVmp : Match on catch block at 0xc3 in for 0xa1
02-09 09:26:01.782 21994 21994 E ArmVmp : Match on catch block at 0xc3 in for 0xa9
02-09 09:26:01.786 21994 21994 E ArmVmp : Match on catch block at 0xc3 in for 0xa1
02-09 09:26:01.800 21994 21994 E ArmVmp : Match on catch block at 0xc3 in for 0xa9
02-09 09:26:01.806 21994 21994 E ArmVmp : Match on catch block at 0xc3 in for 0xa1
02-09 09:26:01.818 21994 21994 E ArmVmp : Match on catch block at 0xc3 in for 0xa9
02-09 09:26:01.822 21994 21994 E ArmVmp : Match on catch block at 0xc3 in for 0xa1
02-09 09:26:01.832 21994 21994 E ArmVmp : Match on catch block at 0xc3 in for 0xa9
02-09 09:26:01.837 21994 21994 E ArmVmp : Match on catch block at 0xc3 in for 0xa1
02-09 09:26:01.848 21994 21994 E ArmVmp : Match on catch block at 0xc3 in for 0xa9
02-09 09:26:01.852 21994 21994 E ArmVmp : Match on catch block at 0xc3 in for 0xa1
02-09 09:26:01.866 21994 21994 E ArmVmp : Match on catch block at 0xc3 in for 0xa9
02-09 09:26:01.870 21994 21994 E ArmVmp : Match on catch block at 0xc3 in for 0xa1
02-09 09:26:01.882 21994 21994 E ArmVmp : Match on catch block at 0xc3 in for 0xa9
02-09 09:26:01.886 21994 21994 E ArmVmp : Match on catch block at 0xc3 in for 0xa1
02-09 09:26:01.899 21994 21994 E ArmVmp : Match on catch block at 0xc3 in for 0xa9
02-09 09:26:01.903 21994 21994 E ArmVmp : Match on catch block at 0xc3 in for 0xa1
02-09 09:26:01.914 21994 21994 E ArmVmp : Match on catch block at 0xc3 in for 0xa9
02-09 09:26:01.919 21994 21994 E ArmVmp : Match on catch block at 0xc3 in for 0xa1
02-09 09:26:01.931 21994 21994 E ArmVmp : Match on catch block at 0xc3 in for 0xa9
02-09 09:26:01.935 21994 21994 E ArmVmp : Match on catch block at 0xc3 in for 0xa1
02-09 09:26:01.949 21994 21994 E ArmVmp : Match on catch block at 0xc3 in for 0xa9
02-09 09:26:01.954 21994 21994 E ArmVmp : Match on catch block at 0xc3 in for 0xa1
02-09 09:26:01.966 21994 21994 E ArmVmp : Match on catch block at 0xc3 in for 0xa9
02-09 09:26:01.970 21994 21994 E ArmVmp : Match on catch block at 0xc3 in for 0xa1
02-09 09:26:01.982 21994 21994 E ArmVmp : Match on catch block at 0xc3 in for 0xa9
02-09 09:26:01.986 21994 21994 E ArmVmp : Match on catch block at 0xc3 in for 0xa1
02-09 09:26:01.998 21994 21994 E ArmVmp : Match on catch block at 0xc3 in for 0xa9
02-09 09:26:02.003 21994 21994 E ArmVmp : Match on catch block at 0xc3 in for 0xa1
02-09 09:26:02.015 21994 21994 E ArmVmp : Match on catch block at 0xc3 in for 0xa9
02-09 09:26:02.019 21994 21994 E ArmVmp : Match on catch block at 0xc3 in for 0xa1
02-09 09:26:02.031 21994 21994 E ArmVmp : Match on catch block at 0xc3 in for 0xa9
02-09 09:26:02.035 21994 21994 E ArmVmp : Match on catch block at 0xc3 in for 0xa1
02-09 09:26:02.049 21994 21994 E ArmVmp : Match on catch block at 0xc3 in for 0xa9
02-09 09:26:02.054 21994 21994 E ArmVmp : Match on catch block at 0xc3 in for 0xa1
02-09 09:26:02.065 21994 21994 E ArmVmp : Match on catch block at 0xc3 in for 0xa9
02-09 09:26:02.070 21994 21994 E ArmVmp : Match on catch block at 0xc3 in for 0xa1
02-09 09:26:02.082 21994 21994 E ArmVmp : Match on catch block at 0xc3 in for 0xa9
02-09 09:26:02.086 21994 21994 E ArmVmp : Match on catch block at 0xc3 in for 0xa1
02-09 09:26:02.098 21994 21994 E ArmVmp : Match on catch block at 0xc3 in for 0xa9
02-09 09:26:02.102 21994 21994 E ArmVmp : Match on catch block at 0xc3 in for 0xa1
02-09 09:26:02.115 21994 21994 E ArmVmp : Match on catch block at 0xc3 in for 0xa9
02-09 09:26:02.120 21994 21994 E ArmVmp : Match on catch block at 0xc3 in for 0xa1
02-09 09:26:02.131 21994 21994 E ArmVmp : Match on catch block at 0xc3 in for 0xa9
02-09 09:26:02.136 21994 21994 E ArmVmp : Match on catch block at 0xc3 in for 0xa1
02-09 09:26:02.147 21994 21994 E ArmVmp : Match on catch block at 0xc3 in for 0xa1
02-09 09:26:02.151 21994 21994 E ArmVmp : Match on catch block at 0xc3 in for 0xa5
02-09 09:26:02.164 21994 21994 E ArmVmp : Match on catch block at 0xc3 in for 0xa9
02-09 09:26:02.168 21994 21994 E ArmVmp : Match on catch block at 0xc3 in for 0xa1
02-09 09:26:02.181 21994 21994 E ArmVmp : Match on catch block at 0xc3 in for 0xa5
02-09 09:26:02.185 21994 21994 E ArmVmp : Match on catch block at 0xc3 in for 0xa9
02-09 09:26:02.197 21994 21994 E ArmVmp : Match on catch block at 0xc3 in for 0xa1
02-09 09:26:02.202 21994 21994 E ArmVmp : Match on catch block at 0xc3 in for 0xa5
02-09 09:26:02.215 21994 21994 E ArmVmp : Match on catch block at 0xc3 in for 0xa9
02-09 09:26:02.220 21994 21994 E ArmVmp : Match on catch block at 0xc3 in for 0xa1
02-09 09:26:02.232 21994 21994 E ArmVmp : Match on catch block at 0xc3 in for 0xa5
02-09 09:26:02.237 21994 21994 E ArmVmp : Match on catch block at 0xc3 in for 0xa9
02-09 09:26:02.248 21994 21994 E ArmVmp : Match on catch block at 0xc3 in for 0xa1
02-09 09:26:02.252 21994 21994 E ArmVmp : Match on catch block at 0xc3 in for 0xa5
02-09 09:26:02.265 21994 21994 E ArmVmp : Match on catch block at 0xc3 in for 0xa9
02-09 09:26:02.270 21994 21994 E ArmVmp : Match on catch block at 0xc3 in for 0xa1
02-09 09:26:02.282 21994 21994 E ArmVmp : Match on catch block at 0xc3 in for 0xa5
02-09 09:26:02.287 21994 21994 E ArmVmp : Match on catch block at 0xc3 in for 0xa9
02-09 09:26:02.298 21994 21994 E ArmVmp : Match on catch block at 0xc3 in for 0xa1
02-09 09:26:02.303 21994 21994 E ArmVmp : Match on catch block at 0xc3 in for 0xa5
02-09 09:26:02.314 21994 21994 E ArmVmp : Match on catch block at 0xc3 in for 0xa9
02-09 09:26:02.318 21994 21994 E ArmVmp : Match on catch block at 0xc3 in for 0xa1
02-09 09:26:02.332 21994 21994 E ArmVmp : Match on catch block at 0xc3 in for 0xa5
02-09 09:26:02.337 21994 21994 E ArmVmp : Match on catch block at 0xc3 in for 0xa9
02-09 09:26:02.350 21994 21994 E ArmVmp : Match on catch block at 0xc3 in for 0xa5
02-09 09:26:02.355 21994 21994 E ArmVmp : Match on catch block at 0xc3 in for 0xa9
02-09 09:26:02.431 21994 21994 E ArmVmp : Match on catch block at 0xc3 in for 0xa9
02-09 09:26:02.437 21994 21994 E ArmVmp : Match on catch block at 0xc3 in for 0xa1
02-09 09:26:02.449 21994 21994 E ArmVmp : Match on catch block at 0xc3 in for 0xa1
02-09 09:26:02.455 21994 21994 E ArmVmp : Match on catch block at 0xc3 in for 0xa5
02-09 09:26:02.465 21994 21994 E ArmVmp : Match on catch block at 0xc3 in for 0xa5
02-09 09:26:02.471 21994 21994 E ArmVmp : Match on catch block at 0xc3 in for 0xa9
02-09 09:26:02.480 21994 21994 E ArmVmp : Match on catch block at 0xc3 in for 0xa9
02-09 09:26:02.485 21994 21994 E ArmVmp : Match on catch block at 0xc3 in for 0xa1
02-09 09:26:02.497 21994 21994 E ArmVmp : Match on catch block at 0xc3 in for 0xa1
02-09 09:26:02.502 21994 21994 E ArmVmp : Match on catch block at 0xc3 in for 0xa5
02-09 09:26:02.515 21994 21994 E ArmVmp : Match on catch block at 0xc3 in for 0xa5
02-09 09:26:02.521 21994 21994 E ArmVmp : Match on catch block at 0xc3 in for 0xa9
02-09 09:26:02.531 21994 21994 E ArmVmp : Match on catch block at 0xc3 in for 0xa9
02-09 09:26:02.537 21994 21994 E ArmVmp : Match on catch block at 0xc3 in for 0xa1
02-09 09:26:02.548 21994 21994 E ArmVmp : Match on catch block at 0xc3 in for 0xa1
02-09 09:26:02.554 21994 21994 E ArmVmp : Match on catch block at 0xc3 in for 0xa5
02-09 09:26:02.565 21994 21994 E ArmVmp : Match on catch block at 0xc3 in for 0xa5
02-09 09:26:02.570 21994 21994 E ArmVmp : Match on catch block at 0xc3 in for 0xa9
02-09 09:26:02.581 21994 21994 E ArmVmp : Match on catch block at 0xc3 in for 0xa9
02-09 09:26:02.589 21994 21994 E ArmVmp : Match on catch block at 0xc3 in for 0xa1
02-09 09:26:02.597 21994 21994 E ArmVmp : Match on catch block at 0xc3 in for 0xa1
02-09 09:26:02.601 21994 21994 E ArmVmp : Match on catch block at 0xc3 in for 0xa5
02-09 09:26:02.613 21994 21994 E ArmVmp : Match on catch block at 0xc3 in for 0xa5
02-09 09:26:02.618 21994 21994 E ArmVmp : Match on catch block at 0xc3 in for 0xa9
02-09 09:26:02.631 21994 21994 E ArmVmp : Match on catch block at 0xc3 in for 0xa9
02-09 09:26:02.637 21994 21994 E ArmVmp : Match on catch block at 0xc3 in for 0xa1
02-09 09:26:02.648 21994 21994 E ArmVmp : Match on catch block at 0xc3 in for 0xa1
02-09 09:26:02.653 21994 21994 E ArmVmp : Match on catch block at 0xc3 in for 0xa5
02-09 09:26:02.664 21994 21994 E ArmVmp : Match on catch block at 0xc3 in for 0xa5
02-09 09:26:02.670 21994 21994 E ArmVmp : Match on catch block at 0xc3 in for 0xa9
02-09 09:26:02.681 21994 21994 E ArmVmp : Match on catch block at 0xc3 in for 0xa9
02-09 09:26:02.686 21994 21994 E ArmVmp : Match on catch block at 0xc3 in for 0xa1
02-09 09:26:02.784 21994 21994 E ArmVmp : Match on catch block at 0xc3 in for 0xa1
02-09 09:26:02.788 21994 21994 E ArmVmp : Match on catch block at 0xc3 in for 0xa5
02-09 09:26:02.807 21994 22086 E FrameEvents: updateAcquireFence: Did not find frame.
02-09 09:26:02.906 21994 21994 E ArmVmp : Match on catch block at 0xc3 in for 0xa9
02-09 09:26:02.909 21994 21994 E ArmVmp : Match on catch block at 0xc3 in for 0xa1
02-09 09:26:02.954 21994 21994 E ArmVmp : Match on catch block at 0xc3 in for 0xa9
02-09 09:26:02.957 21994 21994 E ArmVmp : Match on catch block at 0xc3 in for 0xa1
02-09 09:26:03.031 21994 21994 E ArmVmp : Match on catch block at 0xc3 in for 0xa9
02-09 09:26:03.034 21994 21994 E ArmVmp : Match on catch block at 0xc3 in for 0xa1
02-09 09:26:05.518 21994 21994 E ArmVmp : Match on catch block at 0xc3 in for 0xa1
02-09 09:26:05.523 21994 21994 E ArmVmp : Match on catch block at 0xc3 in for 0xa5
02-09 09:26:05.537 21994 21994 E ArmVmp : Match on catch block at 0xc3 in for 0xa5
02-09 09:26:05.541 21994 21994 E ArmVmp : Match on catch block at 0xc3 in for 0xa9
02-09 09:26:07.098 21994 21994 E ArmVmp : Match on catch block at 0xc3 in for 0xa5
02-09 09:26:07.103 21994 21994 E ArmVmp : Match on catch block at 0xc3 in for 0xa9
02-09 09:26:07.117 21994 21994 E ArmVmp : Match on catch block at 0xc3 in for 0xa9
02-09 09:26:07.122 21994 21994 E ArmVmp : Match on catch block at 0xc3 in for 0xa1
02-09 09:26:07.135 21994 21994 E ArmVmp : Match on catch block at 0xc3 in for 0xa1
02-09 09:26:07.139 21994 21994 E ArmVmp : Match on catch block at 0xc3 in for 0xa5
02-09 09:26:07.152 21994 21994 E ArmVmp : Match on catch block at 0xc3 in for 0xa5
02-09 09:26:07.155 21994 21994 E ArmVmp : Match on catch block at 0xc3 in for 0xa9
02-09 09:26:07.166 21994 21994 E ArmVmp : Match on catch block at 0xc3 in for 0xa9
02-09 09:26:07.171 21994 21994 E ArmVmp : Match on catch block at 0xc3 in for 0xa1
02-09 09:26:07.183 21994 21994 E ArmVmp : Match on catch block at 0xc3 in for 0xa1
02-09 09:26:07.188 21994 21994 E ArmVmp : Match on catch block at 0xc3 in for 0xa5
02-09 09:26:07.199 21994 21994 E ArmVmp : Match on catch block at 0xc3 in for 0xa5
02-09 09:26:07.204 21994 21994 E ArmVmp : Match on catch block at 0xc3 in for 0xa9
02-09 09:26:07.224 21994 21994 E ArmVmp : Match on catch block at 0xc3 in for 0xa9
02-09 09:26:07.227 21994 21994 E ArmVmp : Match on catch block at 0xc3 in for 0xa1
02-09 09:26:07.238 21994 21994 E ArmVmp : Match on catch block at 0xc3 in for 0xa1
02-09 09:26:07.243 21994 21994 E ArmVmp : Match on catch block at 0xc3 in for 0xa5
02-09 09:26:07.254 21994 21994 E ArmVmp : Match on catch block at 0xc3 in for 0xa5
02-09 09:26:07.258 21994 21994 E ArmVmp : Match on catch block at 0xc3 in for 0xa9
02-09 09:26:07.270 21994 21994 E ArmVmp : Match on catch block at 0xc3 in for 0xa9
02-09 09:26:07.273 21994 21994 E ArmVmp : Match on catch block at 0xc3 in for 0xa1
02-09 09:26:07.283 21994 21994 E ArmVmp : Match on catch block at 0xc3 in for 0xa1
02-09 09:26:07.287 21994 21994 E ArmVmp : Match on catch block at 0xc3 in for 0xa5
02-09 09:26:07.298 21994 21994 E ArmVmp : Match on catch block at 0xc3 in for 0xa5
02-09 09:26:07.301 21994 21994 E ArmVmp : Match on catch block at 0xc3 in for 0xa9
02-09 09:26:07.314 21994 21994 E ArmVmp : Match on catch block at 0xc3 in for 0xa9
02-09 09:26:07.318 21994 21994 E ArmVmp : Match on catch block at 0xc3 in for 0xa1
02-09 09:26:07.332 21994 21994 E ArmVmp : Match on catch block at 0xc3 in for 0xa1
02-09 09:26:07.336 21994 21994 E ArmVmp : Match on catch block at 0xc3 in for 0xa5
02-09 09:26:07.348 21994 21994 E ArmVmp : Match on catch block at 0xc3 in for 0xa5
02-09 09:26:07.352 21994 21994 E ArmVmp : Match on catch block at 0xc3 in for 0xa9
02-09 09:26:07.364 21994 21994 E ArmVmp : Match on catch block at 0xc3 in for 0xa9
02-09 09:26:07.369 21994 21994 E ArmVmp : Match on catch block at 0xc3 in for 0xa1
02-09 09:26:13.773 21994 22086 E FrameEvents: updateAcquireFence: Did not find frame.
02-09 09:26:13.784 21994 21994 E ArmVmp : Match on catch block at 0xc3 in for 0xa1
02-09 09:26:13.788 21994 21994 E ArmVmp : Match on catch block at 0xc3 in for 0xa5
02-09 09:26:13.797 21994 21994 E ArmVmp : Match on catch block at 0xc3 in for 0xa5
02-09 09:26:13.801 21994 21994 E ArmVmp : Match on catch block at 0xc3 in for 0xa9
02-09 09:26:14.082 21994 21994 E ArmVmp : Match on catch block at 0xc3 in for 0xa9
02-09 09:26:14.086 21994 21994 E ArmVmp : Match on catch block at 0xc3 in for 0xa1
02-09 09:26:14.103 21994 21994 E ArmVmp : Match on catch block at 0xc3 in for 0xa5
02-09 09:26:14.107 21994 21994 E ArmVmp : Match on catch block at 0xc3 in for 0xa9
02-09 09:26:14.126 21994 21994 E ArmVmp : Match on catch block at 0xc3 in for 0xa9
02-09 09:26:14.130 21994 21994 E ArmVmp : Match on catch block at 0xc3 in for 0xa1
02-09 09:26:14.291 21994 21994 E ArmVmp : Match on catch block at 0xc3 in for 0xa1
02-09 09:26:14.294 21994 21994 E ArmVmp : Match on catch block at 0xc3 in for 0xa5
02-09 09:26:14.325 21994 21994 E ArmVmp : Match on catch block at 0xc3 in for 0xa1
02-09 09:26:14.329 21994 21994 E ArmVmp : Match on catch block at 0xc3 in for 0xa5
02-09 09:26:14.335 21994 21994 E ArmVmp : Match on catch block at 0xc3 in for 0xa5
02-09 09:26:14.337 21994 21994 E ArmVmp : Match on catch block at 0xc3 in for 0xa9
02-09 09:26:14.607 21994 21994 E ArmVmp : Match on catch block at 0xc3 in for 0xa1
02-09 09:26:14.612 21994 21994 E ArmVmp : Match on catch block at 0xc3 in for 0xa5
02-09 09:26:14.623 21994 22086 E FrameEvents: updateAcquireFence: Did not find frame.
02-09 09:26:14.737 21994 21994 E ArmVmp : Match on catch block at 0xc3 in for 0xa1
02-09 09:26:14.741 21994 21994 E ArmVmp : Match on catch block at 0xc3 in for 0xa5
02-09 09:26:14.798 21994 21994 E ArmVmp : Match on catch block at 0xc3 in for 0xa9
02-09 09:26:14.800 21994 21994 E ArmVmp : Match on catch block at 0xc3 in for 0xa1
02-09 09:26:14.953 21994 22008 W System : A resource failed to call release.
02-09 09:26:15.899 21994 21994 E ArmVmp : Match on catch block at 0xc3 in for 0xa1
02-09 09:26:15.903 21994 21994 E ArmVmp : Match on catch block at 0xc3 in for 0xa5
02-09 09:26:15.918 21994 21994 E ArmVmp : Match on catch block at 0xc3 in for 0xa5
02-09 09:26:15.923 21994 21994 E ArmVmp : Match on catch block at 0xc3 in for 0xa9
02-09 09:26:15.937 21994 21994 E ArmVmp : Match on catch block at 0xc3 in for 0xa9
02-09 09:26:15.942 21994 21994 E ArmVmp : Match on catch block at 0xc3 in for 0xa1
02-09 09:26:15.956 21994 21994 E ArmVmp : Match on catch block at 0xc3 in for 0xa1
02-09 09:26:15.961 21994 21994 E ArmVmp : Match on catch block at 0xc3 in for 0xa5
02-09 09:26:15.975 21994 21994 E ArmVmp : Match on catch block at 0xc3 in for 0xa5
02-09 09:26:15.980 21994 21994 E ArmVmp : Match on catch block at 0xc3 in for 0xa9
02-09 09:26:15.993 21994 21994 E ArmVmp : Match on catch block at 0xc3 in for 0xa9
02-09 09:26:15.999 21994 21994 E ArmVmp : Match on catch block at 0xc3 in for 0xa1
02-09 09:26:16.015 21994 21994 E ArmVmp : Match on catch block at 0xc3 in for 0xa1
02-09 09:26:16.020 21994 21994 E ArmVmp : Match on catch block at 0xc3 in for 0xa5
02-09 09:26:16.032 21994 21994 E ArmVmp : Match on catch block at 0xc3 in for 0xa5
02-09 09:26:16.037 21994 21994 E ArmVmp : Match on catch block at 0xc3 in for 0xa9
02-09 09:26:16.050 21994 21994 E ArmVmp : Match on catch block at 0xc3 in for 0xa9
02-09 09:26:16.055 21994 21994 E ArmVmp : Match on catch block at 0xc3 in for 0xa1
02-09 09:26:16.068 21994 21994 E ArmVmp : Match on catch block at 0xc3 in for 0xa1
02-09 09:26:16.073 21994 21994 E ArmVmp : Match on catch block at 0xc3 in for 0xa5
02-09 09:26:16.084 21994 21994 E ArmVmp : Match on catch block at 0xc3 in for 0xa5
02-09 09:26:16.088 21994 21994 E ArmVmp : Match on catch block at 0xc3 in for 0xa9
02-09 09:26:16.098 21994 21994 E ArmVmp : Match on catch block at 0xc3 in for 0xa9
02-09 09:26:16.102 21994 21994 E ArmVmp : Match on catch block at 0xc3 in for 0xa1
02-09 09:26:16.113 21994 21994 E ArmVmp : Match on catch block at 0xc3 in for 0xa1
02-09 09:26:16.117 21994 21994 E ArmVmp : Match on catch block at 0xc3 in for 0xa5
02-09 09:26:16.131 21994 21994 E ArmVmp : Match on catch block at 0xc3 in for 0xa5
02-09 09:26:16.136 21994 21994 E ArmVmp : Match on catch block at 0xc3 in for 0xa9
02-09 09:26:16.147 21994 21994 E ArmVmp : Match on catch block at 0xc3 in for 0xa9
02-09 09:26:16.152 21994 21994 E ArmVmp : Match on catch block at 0xc3 in for 0xa1
02-09 09:26:16.164 21994 21994 E ArmVmp : Match on catch block at 0xc3 in for 0xa1
02-09 09:26:16.169 21994 21994 E ArmVmp : Match on catch block at 0xc3 in for 0xa5
02-09 09:27:23.909 21994 22086 E FrameEvents: updateAcquireFence: Did not find frame.
02-09 09:27:23.929 21994 21994 E ArmVmp : Match on catch block at 0xc3 in for 0xa9
02-09 09:27:23.934 21994 21994 E ArmVmp : Match on catch block at 0xc3 in for 0xa1
02-09 09:27:23.947 21994 21994 E ArmVmp : Match on catch block at 0xc3 in for 0xa1
02-09 09:27:23.950 21994 21994 E ArmVmp : Match on catch block at 0xc3 in for 0xa5
02-09 09:27:24.248 21994 21994 E ArmVmp : Match on catch block at 0xc3 in for 0xa5
02-09 09:27:24.252 21994 21994 E ArmVmp : Match on catch block at 0xc3 in for 0xa9
02-09 09:27:24.269 21994 21994 E ArmVmp : Match on catch block at 0xc3 in for 0xa1
02-09 09:27:24.273 21994 21994 E ArmVmp : Match on catch block at 0xc3 in for 0xa5
02-09 09:27:24.284 21994 21994 E ArmVmp : Match on catch block at 0xc3 in for 0xa5
02-09 09:27:24.288 21994 21994 E ArmVmp : Match on catch block at 0xc3 in for 0xa9
02-09 09:27:24.433 21994 21994 E ArmVmp : Match on catch block at 0xc3 in for 0xa5
02-09 09:27:24.437 21994 21994 E ArmVmp : Match on catch block at 0xc3 in for 0xa9
02-09 09:27:24.482 21994 21994 E ArmVmp : Match on catch block at 0xc3 in for 0xa5
02-09 09:27:24.485 21994 21994 E ArmVmp : Match on catch block at 0xc3 in for 0xa9
02-09 09:27:24.497 21994 21994 E ArmVmp : Match on catch block at 0xc3 in for 0xa9
02-09 09:27:24.501 21994 21994 E ArmVmp : Match on catch block at 0xc3 in for 0xa1
02-09 09:27:24.966 21994 21994 E ArmVmp : Match on catch block at 0xc3 in for 0xa1
02-09 09:27:24.971 21994 21994 E ArmVmp : Match on catch block at 0xc3 in for 0xa5
02-09 09:27:25.113 21994 21994 E ArmVmp : Match on catch block at 0xc3 in for 0xa1
02-09 09:27:25.118 21994 21994 E ArmVmp : Match on catch block at 0xc3 in for 0xa5
02-09 09:27:25.284 21994 21994 E ArmVmp : Match on catch block at 0xc3 in for 0xa9
02-09 09:27:25.289 21994 21994 E ArmVmp : Match on catch block at 0xc3 in for 0xa1
02-09 09:27:25.741 21994 21994 E ArmVmp : Match on catch block at 0xc3 in for 0xa5
02-09 09:27:25.745 21994 21994 E ArmVmp : Match on catch block at 0xc3 in for 0xa9
02-09 09:27:42.056 21994 22008 W System : A resource failed to call release. --------- beginning of system
02-09 18:11:52.046 21994 21994 W ViewRootImpl[MediaViewActivity]: Dropping event due to no window focus: MotionEvent { action=ACTION_DOWN, actionButton=0, id[0]=0, x[0]=819.0, y[0]=1476.0, toolType[0]=TOOL_TYPE_FINGER, buttonState=0, classification=NONE, metaState=0, flags=0x0, edgeFlags=0x0, pointerCount=1, historySize=0, eventTime=105569573, downTime=105569573, deviceId=5, source=0x1002, displayId=0 } --------- beginning of main
02-09 22:26:14.213 25180 25180 E com.mbwhatsapp: Not starting debugger since process cannot load the jdwp agent.
02-09 22:26:14.588 25180 25180 W System.err: java.lang.ClassNotFoundException: mbmodsd.mbmodsw.ui.views.btn.BtnBK
02-09 22:26:14.588 25180 25180 W System.err: at java.lang.Runtime.nativeLoad(Native Method)
02-09 22:26:14.588 25180 25180 W System.err: at java.lang.Runtime.nativeLoad(Runtime.java:1131)
02-09 22:26:14.588 25180 25180 W System.err: at java.lang.Runtime.loadLibrary0(Runtime.java:1085)
02-09 22:26:14.588 25180 25180 W System.err: at java.lang.Runtime.loadLibrary0(Runtime.java:1008)
02-09 22:26:14.588 25180 25180 W System.err: at java.lang.System.loadLibrary(System.java:1664)
02-09 22:26:14.588 25180 25180 W System.err: at arm.EpicVm.<clinit>(Unknown Source:2)
02-09 22:26:14.588 25180 25180 W System.err: at java.lang.Class.newInstance(Native Method)
02-09 22:26:14.588 25180 25180 W System.err: at android.app.AppComponentFactory.instantiateApplication(AppComponentFactory.java:76)
02-09 22:26:14.588 25180 25180 W System.err: at androidx.core.app.CoreComponentFactory.instantiateApplication(Unknown Source:0)
02-09 22:26:14.588 25180 25180 W System.err: at android.app.Instrumentation.newApplication(Instrumentation.java:1158)
02-09 22:26:14.588 25180 25180 W System.err: at android.app.LoadedApk.makeApplication(LoadedApk.java:1244)
02-09 22:26:14.588 25180 25180 W System.err: at android.app.ActivityThread.handleBindApplication(ActivityThread.java:6779)
02-09 22:26:14.588 25180 25180 W System.err: at android.app.ActivityThread.access$1400(ActivityThread.java:250)
02-09 22:26:14.588 25180 25180 W System.err: at android.app.ActivityThread$H.handleMessage(ActivityThread.java:1973)
02-09 22:26:14.589 25180 25180 W System.err: at android.os.Handler.dispatchMessage(Handler.java:106)
02-09 22:26:14.589 25180 25180 W System.err: at android.os.Looper.loop(Looper.java:250)
02-09 22:26:14.589 25180 25180 W System.err: at android.app.ActivityThread.main(ActivityThread.java:7766)
02-09 22:26:14.589 25180 25180 W System.err: at java.lang.reflect.Method.invoke(Native Method)
02-09 22:26:14.589 25180 25180 W System.err: at com.android.internal.os.RuntimeInit$MethodAndArgsCaller.run(RuntimeInit.java:604)
02-09 22:26:14.589 25180 25180 W System.err: at com.android.internal.os.ZygoteInit.main(ZygoteInit.java:958)
02-09 22:26:14.619 25180 25180 E CustomActivityOnCrash: IMPORTANT WARNING! You already have an UncaughtExceptionHandler, are you sure this is correct? If you use a custom UncaughtExceptionHandler, you must initialize it AFTER CustomActivityOnCrash! Installing anyway, but your original handler will not be called.
02-09 22:26:14.973 25180 25180 W com.mbwhatsapp: Accessing hidden method Lcom/android/org/conscrypt/OpenSSLSocketImpl;->setUseSessionTickets(Z)V (greylist- max-q,test-api, reflection, denied)
02-09 22:26:14.974 25180 25180 W com.mbwhatsapp: Accessing hidden method Lcom/android/org/conscrypt/AbstractConscryptSocket;->setUseSessionTickets(Z)V (greylist-max-q, reflection, denied)
02-09 22:26:15.043 25180 25180 W com.mbwhatsapp: type=1400 audit(0.0:273560): avc: granted { execute } for path="/data/data/com.mbwhatsapp/files/decompressed/libs.spk.zst/libc++_shared.so" dev="mmcblk0p80" ino=547689 scontext=u:r:untrusted_app:s0:c234,c257,c512,c768 tcontext=u:object_r:app_data_file:s0:c234,c257,c512,c768 tclass=file app=com.mbwhatsapp
02-09 22:26:15.048 25180 25180 W linker : Warning: "/data/data/com.mbwhatsapp/files/decompressed/libs.spk.zst/libc++_shared.so" unused DT entry: unknown processor-specific (type 0x70000001 arg 0x0) (ignoring)
02-09 22:26:15.050 25180 25180 W com.mbwhatsapp: type=1400 audit(0.0:273561): avc: granted { execute } for path="/data/data/com.mbwhatsapp/files/decompressed/libs.spk.zst/libvlc.so" dev="mmcblk0p80" ino=399352 scontext=u:r:untrusted_app:s0:c234,c257,c512,c768 tcontext=u:object_r:app_data_file:s0:c234,c257,c512,c768 tclass=file app=com.mbwhatsapp
02-09 22:26:15.063 25180 25180 W com.mbwhatsapp: type=1400 audit(0.0:273562): avc: granted { execute } for path="/data/data/com.mbwhatsapp/files/decompressed/libs.spk.zst/libwhatsapp.so" dev="mmcblk0p80" ino=378446 scontext=u:r:untrusted_app:s0:c234,c257,c512,c768 tcontext=u:object_r:app_data_file:s0:c234,c257,c512,c768 tclass=file app=com.mbwhatsapp
02-09 22:26:15.130 25180 25180 W com.mbwhatsapp: type=1400 audit(0.0:273563): avc: granted { execute } for path="/data/data/com.mbwhatsapp/files/decompressed/libs.spk.zst/libcurve25519.so" dev="mmcblk0p80" ino=507505 scontext=u:r:untrusted_app:s0:c234,c257,c512,c768 tcontext=u:object_r:app_data_file:s0:c234,c257,c512,c768 tclass=file app=com.mbwhatsapp
02-09 22:26:15.140 25180 25180 W com.mbwhatsapp: type=1400 audit(0.0:273564): avc: granted { execute } for path="/data/data/com.mbwhatsapp/files/decompressed/libs.spk.zst/libwhatsapp.so" dev="mmcblk0p80" ino=378446 scontext=u:r:untrusted_app:s0:c234,c257,c512,c768 tcontext=u:object_r:app_data_file:s0:c234,c257,c512,c768 tclass=file app=com.mbwhatsapp
02-09 22:26:15.140 25180 25180 W com.mbwhatsapp: type=1400 audit(0.0:273565): avc: granted { execute } for path="/data/data/com.mbwhatsapp/files/decompressed/libs.spk.zst/libwhatsapp.so" dev="mmcblk0p80" ino=378446 scontext=u:r:untrusted_app:s0:c234,c257,c512,c768 tcontext=u:object_r:app_data_file:s0:c234,c257,c512,c768 tclass=file app=com.mbwhatsapp
02-09 22:26:15.238 25180 25234 W com.mbwhatsapp: Class X.2rL failed lock verification and will run slower.
02-09 22:26:15.238 25180 25234 W com.mbwhatsapp: Common causes for lock verification issues are non-optimized dex code
02-09 22:26:15.238 25180 25234 W com.mbwhatsapp: and incorrect proguard optimizations. --------- beginning of main
02-09 23:12:03.832 3740 3740 E com.mbwhatsapp: Not starting debugger since process cannot load the jdwp agent.
02-09 23:12:04.307 3740 3740 W System.err: java.lang.ClassNotFoundException: mbmodsd.mbmodsw.ui.views.btn.BtnBK
02-09 23:12:04.307 3740 3740 W System.err: at java.lang.Runtime.nativeLoad(Native Method)
02-09 23:12:04.307 3740 3740 W System.err: at java.lang.Runtime.nativeLoad(Runtime.java:1131)
02-09 23:12:04.307 3740 3740 W System.err: at java.lang.Runtime.loadLibrary0(Runtime.java:1085)
02-09 23:12:04.307 3740 3740 W System.err: at java.lang.Runtime.loadLibrary0(Runtime.java:1008)
02-09 23:12:04.307 3740 3740 W System.err: at java.lang.System.loadLibrary(System.java:1664)
02-09 23:12:04.307 3740 3740 W System.err: at arm.EpicVm.<clinit>(Unknown Source:2)
02-09 23:12:04.307 3740 3740 W System.err: at java.lang.Class.newInstance(Native Method)
02-09 23:12:04.307 3740 3740 W System.err: at android.app.AppComponentFactory.instantiateApplication(AppComponentFactory.java:76)
02-09 23:12:04.307 3740 3740 W System.err: at androidx.core.app.CoreComponentFactory.instantiateApplication(Unknown Source:0)
02-09 23:12:04.308 3740 3740 W System.err: at android.app.Instrumentation.newApplication(Instrumentation.java:1158)
02-09 23:12:04.308 3740 3740 W System.err: at android.app.LoadedApk.makeApplication(LoadedApk.java:1244)
02-09 23:12:04.308 3740 3740 W System.err: at android.app.ActivityThread.handleBindApplication(ActivityThread.java:6779)
02-09 23:12:04.308 3740 3740 W System.err: at android.app.ActivityThread.access$1400(ActivityThread.java:250)
02-09 23:12:04.308 3740 3740 W System.err: at android.app.ActivityThread$H.handleMessage(ActivityThread.java:1973)
02-09 23:12:04.308 3740 3740 W System.err: at android.os.Handler.dispatchMessage(Handler.java:106)
02-09 23:12:04.308 3740 3740 W System.err: at android.os.Looper.loop(Looper.java:250)
02-09 23:12:04.308 3740 3740 W System.err: at android.app.ActivityThread.main(ActivityThread.java:7766)
02-09 23:12:04.308 3740 3740 W System.err: at java.lang.reflect.Method.invoke(Native Method)
02-09 23:12:04.308 3740 3740 W System.err: at com.android.internal.os.RuntimeInit$MethodAndArgsCaller.run(RuntimeInit.java:604)
02-09 23:12:04.308 3740 3740 W System.err: at com.android.internal.os.ZygoteInit.main(ZygoteInit.java:958)
02-09 23:12:04.392 3740 3740 E CustomActivityOnCrash: IMPORTANT WARNING! You already have an UncaughtExceptionHandler, are you sure this is correct? If you use a custom UncaughtExceptionHandler, you must initialize it AFTER CustomActivityOnCrash! Installing anyway, but your original handler will not be called.
02-09 23:12:05.418 3740 3740 W com.mbwhatsapp: Accessing hidden method Lcom/android/org/conscrypt/OpenSSLSocketImpl;->setUseSessionTickets(Z)V (greylist- max-q,test-api, reflection, denied)
02-09 23:12:05.418 3740 3740 W com.mbwhatsapp: Accessing hidden method Lcom/android/org/conscrypt/AbstractConscryptSocket;->setUseSessionTickets(Z)V (greylist-max-q, reflection, denied)
02-09 23:12:05.474 3740 3740 W com.mbwhatsapp: type=1400 audit(0.0:284480): avc: granted { execute } for path="/data/data/com.mbwhatsapp/files/decompressed/libs.spk.zst/libc++_shared.so" dev="mmcblk0p80" ino=547689 scontext=u:r:untrusted_app:s0:c234,c257,c512,c768 tcontext=u:object_r:app_data_file:s0:c234,c257,c512,c768 tclass=file app=com.mbwhatsapp
02-09 23:12:05.481 3740 3740 W linker : Warning: "/data/data/com.mbwhatsapp/files/decompressed/libs.spk.zst/libc++_shared.so" unused DT entry: unknown processor-specific (type 0x70000001 arg 0x0) (ignoring)
02-09 23:12:05.484 3740 3740 W com.mbwhatsapp: type=1400 audit(0.0:284481): avc: granted { execute } for path="/data/data/com.mbwhatsapp/files/decompressed/libs.spk.zst/libvlc.so" dev="mmcblk0p80" ino=399352 scontext=u:r:untrusted_app:s0:c234,c257,c512,c768 tcontext=u:object_r:app_data_file:s0:c234,c257,c512,c768 tclass=file app=com.mbwhatsapp
02-09 23:12:05.508 3740 3740 W com.mbwhatsapp: type=1400 audit(0.0:284482): avc: granted { execute } for path="/data/data/com.mbwhatsapp/files/decompressed/libs.spk.zst/libwhatsapp.so" dev="mmcblk0p80" ino=378446 scontext=u:r:untrusted_app:s0:c234,c257,c512,c768 tcontext=u:object_r:app_data_file:s0:c234,c257,c512,c768 tclass=file app=com.mbwhatsapp
02-09 23:12:05.581 3740 3740 W com.mbwhatsapp: type=1400 audit(0.0:284483): avc: granted { execute } for path="/data/data/com.mbwhatsapp/files/decompressed/libs.spk.zst/libcurve25519.so" dev="mmcblk0p80" ino=507505 scontext=u:r:untrusted_app:s0:c234,c257,c512,c768 tcontext=u:object_r:app_data_file:s0:c234,c257,c512,c768 tclass=file app=com.mbwhatsapp
02-09 23:12:05.594 3740 3740 W com.mbwhatsapp: type=1400 audit(0.0:284484): avc: granted { execute } for path="/data/data/com.mbwhatsapp/files/decompressed/libs.spk.zst/libwhatsapp.so" dev="mmcblk0p80" ino=378446 scontext=u:r:untrusted_app:s0:c234,c257,c512,c768 tcontext=u:object_r:app_data_file:s0:c234,c257,c512,c768 tclass=file app=com.mbwhatsapp
02-09 23:12:05.594 3740 3740 W com.mbwhatsapp: type=1400 audit(0.0:284485): avc: granted { execute } for path="/data/data/com.mbwhatsapp/files/decompressed/libs.spk.zst/libwhatsapp.so" dev="mmcblk0p80" ino=378446 scontext=u:r:untrusted_app:s0:c234,c257,c512,c768 tcontext=u:object_r:app_data_file:s0:c234,c257,c512,c768 tclass=file app=com.mbwhatsapp
02-09 23:12:05.598 3740 3740 W com.mbwhatsapp: type=1400 audit(0.0:284486): avc: granted { execute } for path="/data/data/com.mbwhatsapp/files/decompressed/libs.spk.zst/libwhatsapp.so" dev="mmcblk0p80" ino=378446 scontext=u:r:untrusted_app:s0:c234,c257,c512,c768 tcontext=u:object_r:app_data_file:s0:c234,c257,c512,c768 tclass=file app=com.mbwhatsapp
02-09 23:12:05.727 3740 4054 W com.mbwhatsapp: Class X.2rL failed lock verification and will run slower.
02-09 23:12:05.727 3740 4054 W com.mbwhatsapp: Common causes for lock verification issues are non-optimized dex code
02-09 23:12:05.727 3740 4054 W com.mbwhatsapp: and incorrect proguard optimizations. --------- beginning of main
02-11 00:07:44.541 27606 27606 E com.mbwhatsapp: Not starting debugger since process cannot load the jdwp agent.
02-11 00:07:45.024 27606 27606 W System.err: java.lang.ClassNotFoundException: mbmodsd.mbmodsw.ui.views.btn.BtnBK
02-11 00:07:45.027 27606 27606 W System.err: at java.lang.Runtime.nativeLoad(Native Method)
02-11 00:07:45.027 27606 27606 W System.err: at java.lang.Runtime.nativeLoad(Runtime.java:1131)
02-11 00:07:45.027 27606 27606 W System.err: at java.lang.Runtime.loadLibrary0(Runtime.java:1085)
02-11 00:07:45.028 27606 27606 W System.err: at java.lang.Runtime.loadLibrary0(Runtime.java:1008)
02-11 00:07:45.028 27606 27606 W System.err: at java.lang.System.loadLibrary(System.java:1664)
02-11 00:07:45.028 27606 27606 W System.err: at arm.EpicVm.<clinit>(Unknown Source:2)
02-11 00:07:45.028 27606 27606 W System.err: at java.lang.Class.newInstance(Native Method)
02-11 00:07:45.028 27606 27606 W System.err: at android.app.AppComponentFactory.instantiateApplication(AppComponentFactory.java:76)
02-11 00:07:45.028 27606 27606 W System.err: at androidx.core.app.CoreComponentFactory.instantiateApplication(Unknown Source:0)
02-11 00:07:45.028 27606 27606 W System.err: at android.app.Instrumentation.newApplication(Instrumentation.java:1158)
02-11 00:07:45.028 27606 27606 W System.err: at android.app.LoadedApk.makeApplication(LoadedApk.java:1244)
02-11 00:07:45.028 27606 27606 W System.err: at android.app.ActivityThread.handleBindApplication(ActivityThread.java:6779)
02-11 00:07:45.028 27606 27606 W System.err: at android.app.ActivityThread.access$1400(ActivityThread.java:250)
02-11 00:07:45.028 27606 27606 W System.err: at android.app.ActivityThread$H.handleMessage(ActivityThread.java:1973)
02-11 00:07:45.028 27606 27606 W System.err: at android.os.Handler.dispatchMessage(Handler.java:106)
02-11 00:07:45.028 27606 27606 W System.err: at android.os.Looper.loop(Looper.java:250)
02-11 00:07:45.028 27606 27606 W System.err: at android.app.ActivityThread.main(ActivityThread.java:7766)
02-11 00:07:45.028 27606 27606 W System.err: at java.lang.reflect.Method.invoke(Native Method)
02-11 00:07:45.028 27606 27606 W System.err: at com.android.internal.os.RuntimeInit$MethodAndArgsCaller.run(RuntimeInit.java:604)
02-11 00:07:45.028 27606 27606 W System.err: at com.android.internal.os.ZygoteInit.main(ZygoteInit.java:958)
02-11 00:07:45.095 27606 27606 E CustomActivityOnCrash: IMPORTANT WARNING! You already have an UncaughtExceptionHandler, are you sure this is correct? If you use a custom UncaughtExceptionHandler, you must initialize it AFTER CustomActivityOnCrash! Installing anyway, but your original handler will not be called.
02-11 00:07:45.763 27606 27606 W com.mbwhatsapp: Accessing hidden method Lcom/android/org/conscrypt/OpenSSLSocketImpl;->setUseSessionTickets(Z)V (greylist- max-q,test-api, reflection, denied)
02-11 00:07:45.763 27606 27606 W com.mbwhatsapp: Accessing hidden method Lcom/android/org/conscrypt/AbstractConscryptSocket;->setUseSessionTickets(Z)V (greylist-max-q, reflection, denied)
