02-23 15:09:38.908 18297 18297 W com.mbwhatsapp: type=1400 audit(0.0:117280): avc: granted { execute } for path="/data/data/com.mbwhatsapp/files/decompressed/libs.spk.zst/libwhatsapp.so" dev="mmcblk0p80" ino=378446 scontext=u:r:untrusted_app:s0:c234,c257,c512,c768 tcontext=u:object_r:app_data_file:s0:c234,c257,c512,c768 tclass=file app=com.mbwhatsapp
02-23 15:09:39.060 18297 18350 W com.mbwhatsapp: Class X.2rL failed lock verification and will run slower.
02-23 15:09:39.060 18297 18350 W com.mbwhatsapp: Common causes for lock verification issues are non-optimized dex code
02-23 15:09:39.060 18297 18350 W com.mbwhatsapp: and incorrect proguard optimizations.
02-23 15:10:08.035 18297 18323 E FirebaseInstanceId: Token retrieval failed without exception message. Will retry token retrieval
02-23 15:10:09.090 18297 18325 W MessengerIpcClient: Timing out request: 1
02-23 15:11:08.059 18297 18323 E FirebaseInstanceId: Token retrieval failed without exception message. Will retry token retrieval
02-23 15:11:08.077 18297 18325 W MessengerIpcClient: Timing out request: 2
02-23 15:11:09.266 18297 18297 W MessengerIpcClient: Received response for unknown request: 1
02-23 15:12:08.226 18297 18297 W MessengerIpcClient: Received response for unknown request: 2 --------- beginning of main
02-23 16:30:58.863 32643 32643 E com.mbwhatsapp: Not starting debugger since process cannot load the jdwp agent.
02-23 16:30:59.439 32643 32643 W System.err: java.lang.ClassNotFoundException: mbmodsd.mbmodsw.ui.views.btn.BtnBK
02-23 16:30:59.445 32643 32643 W System.err: at java.lang.Runtime.nativeLoad(Native Method)
02-23 16:30:59.445 32643 32643 W System.err: at java.lang.Runtime.nativeLoad(Runtime.java:1131)
02-23 16:30:59.445 32643 32643 W System.err: at java.lang.Runtime.loadLibrary0(Runtime.java:1085)
02-23 16:30:59.445 32643 32643 W System.err: at java.lang.Runtime.loadLibrary0(Runtime.java:1008)
02-23 16:30:59.445 32643 32643 W System.err: at java.lang.System.loadLibrary(System.java:1664)
02-23 16:30:59.445 32643 32643 W System.err: at arm.EpicVm.<clinit>(Unknown Source:2)
02-23 16:30:59.445 32643 32643 W System.err: at java.lang.Class.newInstance(Native Method)
02-23 16:30:59.445 32643 32643 W System.err: at android.app.AppComponentFactory.instantiateApplication(AppComponentFactory.java:76)
02-23 16:30:59.445 32643 32643 W System.err: at androidx.core.app.CoreComponentFactory.instantiateApplication(Unknown Source:0)
02-23 16:30:59.446 32643 32643 W System.err: at android.app.Instrumentation.newApplication(Instrumentation.java:1158)
02-23 16:30:59.446 32643 32643 W System.err: at android.app.LoadedApk.makeApplication(LoadedApk.java:1244)
02-23 16:30:59.446 32643 32643 W System.err: at android.app.ActivityThread.handleBindApplication(ActivityThread.java:6779)
02-23 16:30:59.446 32643 32643 W System.err: at android.app.ActivityThread.access$1400(ActivityThread.java:250)
02-23 16:30:59.446 32643 32643 W System.err: at android.app.ActivityThread$H.handleMessage(ActivityThread.java:1973)
02-23 16:30:59.446 32643 32643 W System.err: at android.os.Handler.dispatchMessage(Handler.java:106)
02-23 16:30:59.446 32643 32643 W System.err: at android.os.Looper.loop(Looper.java:250)
02-23 16:30:59.446 32643 32643 W System.err: at android.app.ActivityThread.main(ActivityThread.java:7766)
02-23 16:30:59.446 32643 32643 W System.err: at java.lang.reflect.Method.invoke(Native Method)
02-23 16:30:59.446 32643 32643 W System.err: at com.android.internal.os.RuntimeInit$MethodAndArgsCaller.run(RuntimeInit.java:604)
02-23 16:30:59.446 32643 32643 W System.err: at com.android.internal.os.ZygoteInit.main(ZygoteInit.java:958)
02-23 16:30:59.521 32643 32643 E CustomActivityOnCrash: IMPORTANT WARNING! You already have an UncaughtExceptionHandler, are you sure this is correct? If you use a custom UncaughtExceptionHandler, you must initialize it AFTER CustomActivityOnCrash! Installing anyway, but your original handler will not be called.
02-23 16:31:00.097 32643 32643 W com.mbwhatsapp: Accessing hidden method Lcom/android/org/conscrypt/OpenSSLSocketImpl;->setUseSessionTickets(Z)V (greylist- max-q,test-api, reflection, denied)
02-23 16:31:00.097 32643 32643 W com.mbwhatsapp: Accessing hidden method Lcom/android/org/conscrypt/AbstractConscryptSocket;->setUseSessionTickets(Z)V (greylist-max-q, reflection, denied)
02-23 16:31:00.208 32643 32643 W com.mbwhatsapp: type=1400 audit(0.0:117553): avc: granted { execute } for path="/data/data/com.mbwhatsapp/files/decompressed/libs.spk.zst/libc++_shared.so" dev="mmcblk0p80" ino=547689 scontext=u:r:untrusted_app:s0:c234,c257,c512,c768 tcontext=u:object_r:app_data_file:s0:c234,c257,c512,c768 tclass=file app=com.mbwhatsapp
02-23 16:31:00.211 32643 32643 W linker : Warning: "/data/data/com.mbwhatsapp/files/decompressed/libs.spk.zst/libc++_shared.so" unused DT entry: unknown processor-specific (type 0x70000001 arg 0x0) (ignoring)
02-23 16:31:00.218 32643 32643 W com.mbwhatsapp: type=1400 audit(0.0:117554): avc: granted { execute } for path="/data/data/com.mbwhatsapp/files/decompressed/libs.spk.zst/libvlc.so" dev="mmcblk0p80" ino=399352 scontext=u:r:untrusted_app:s0:c234,c257,c512,c768 tcontext=u:object_r:app_data_file:s0:c234,c257,c512,c768 tclass=file app=com.mbwhatsapp
02-23 16:31:00.248 32643 32643 W com.mbwhatsapp: type=1400 audit(0.0:117555): avc: granted { execute } for path="/data/data/com.mbwhatsapp/files/decompressed/libs.spk.zst/libwhatsapp.so" dev="mmcblk0p80" ino=378446 scontext=u:r:untrusted_app:s0:c234,c257,c512,c768 tcontext=u:object_r:app_data_file:s0:c234,c257,c512,c768 tclass=file app=com.mbwhatsapp
02-23 16:31:00.394 32643 32643 W com.mbwhatsapp: type=1400 audit(0.0:117556): avc: granted { execute } for path="/data/data/com.mbwhatsapp/files/decompressed/libs.spk.zst/libcurve25519.so" dev="mmcblk0p80" ino=507505 scontext=u:r:untrusted_app:s0:c234,c257,c512,c768 tcontext=u:object_r:app_data_file:s0:c234,c257,c512,c768 tclass=file app=com.mbwhatsapp
02-23 16:31:00.414 32643 32643 W com.mbwhatsapp: type=1400 audit(0.0:117557): avc: granted { execute } for path="/data/data/com.mbwhatsapp/files/decompressed/libs.spk.zst/libwhatsapp.so" dev="mmcblk0p80" ino=378446 scontext=u:r:untrusted_app:s0:c234,c257,c512,c768 tcontext=u:object_r:app_data_file:s0:c234,c257,c512,c768 tclass=file app=com.mbwhatsapp
02-23 16:31:00.414 32643 32643 W com.mbwhatsapp: type=1400 audit(0.0:117559): avc: granted { execute } for path="/data/data/com.mbwhatsapp/files/decompressed/libs.spk.zst/libwhatsapp.so" dev="mmcblk0p80" ino=378446 scontext=u:r:untrusted_app:s0:c234,c257,c512,c768 tcontext=u:object_r:app_data_file:s0:c234,c257,c512,c768 tclass=file app=com.mbwhatsapp
02-23 16:31:00.562 32643 32746 W com.mbwhatsapp: Class X.2rL failed lock verification and will run slower.
02-23 16:31:00.562 32643 32746 W com.mbwhatsapp: Common causes for lock verification issues are non-optimized dex code
02-23 16:31:00.562 32643 32746 W com.mbwhatsapp: and incorrect proguard optimizations.
02-23 16:31:04.308 32643 32743 E SQLiteDatabase: Error inserting transferred=1 media_job_uuid=851f569e-ad55-4213-9256-7894790bc49e transcoded=0 gif_attribution=0 first_scan_length=3900 direct_path=/o1/v/t62.7118-24/f1/m231/up-oil-image-f3f06dd8- f224-465e-907f-5ee859ab36fa?ccb=9-4&oh=01_AdSFTVEp98A2QM- 4Kof6gXQ1l59v7htcbt39RDGE50Fe6w&oe=66009095&_nc_sid=000000 thumbnail_height_width_ratio=1.8181819 is_animated_sticker=0 file_hash=6q5Vr9LiLlJa3Zm3wbnLo31Xou4yPi72gjzkVzqgSFY= file_path=Media/.Statuses/5642ca2552a64be9a3824e65e9f8efc6.jpg file_size=30757 partial_media_hash=7j4Rt+Hnmp+XW21SKSkJroWvyJnQYbDEPuTS7Txfmhw= face_x=0 face_y=0 height=1080 trim_to=0 media_key_timestamp=1708721264000 message_url=https://mmg.whatsapp.net/o1/v/t62.7118-24/f1/m231/up-oil-image- f3f06dd8-f224-465e-907f-5ee859ab36fa?ccb=9-4&oh=01_AdSFTVEp98A2QM- 4Kof6gXQ1l59v7htcbt39RDGE50Fe6w&oe=66009095&_nc_sid=000000&mms3=true media_caption=null trim_from=0 mime_type=image/jpeg partial_media_enc_hash=null width=594 original_file_hash=null has_streaming_sidecar=1 autotransfer_retry_enabled=1 media_upload_handle=null message_row_id=4101 multicast_id=null enc_file_hash=TtCEo2oN3OTiKmI58QqsizQBb6QQvH8M14mScPx01E0= mute_video=0 page_count=0 first_scan_sidecar=[B@16f7c95 suspicious_content=0 file_length=30757 media_name=null media_duration=0 chat_row_id=9 media_key=[B@4aba1aa
02-23 16:31:04.308 32643 32743 E SQLiteDatabase: android.database.sqlite.SQLiteConstraintException: UNIQUE constraint failed: message_media.message_row_id (code 1555 SQLITE_CONSTRAINT_PRIMARYKEY)
02-23 16:31:04.308 32643 32743 E SQLiteDatabase: at android.database.sqlite.SQLiteConnection.nativeExecuteForLastInsertedRowId(Native Method)
02-23 16:31:04.308 32643 32743 E SQLiteDatabase: at android.database.sqlite.SQLiteConnection.executeForLastInsertedRowId(SQLiteConnecti on.java:938)
02-23 16:31:04.308 32643 32743 E SQLiteDatabase: at android.database.sqlite.SQLiteSession.executeForLastInsertedRowId(SQLiteSession.jav a:790)
02-23 16:31:04.308 32643 32743 E SQLiteDatabase: at android.database.sqlite.SQLiteStatement.executeInsert(SQLiteStatement.java:88)
02-23 16:31:04.308 32643 32743 E SQLiteDatabase: at android.database.sqlite.SQLiteDatabase.insertWithOnConflict(SQLiteDatabase.java:170 1)
02-23 16:31:04.308 32643 32743 E SQLiteDatabase: at android.database.sqlite.SQLiteDatabase.insert(SQLiteDatabase.java:1570)
02-23 16:31:04.308 32643 32743 E SQLiteDatabase: at X.2tm.A08(Unknown Source:6)
02-23 16:31:04.308 32643 32743 E SQLiteDatabase: at X.35Y.A07(Unknown Source:212)
02-23 16:31:04.308 32643 32743 E SQLiteDatabase: at X.3QF.A14(Unknown Source:470)
02-23 16:31:04.308 32643 32743 E SQLiteDatabase: at X.3gU.run(Unknown Source:982)
02-23 16:31:04.308 32643 32743 E SQLiteDatabase: at android.os.Handler.handleCallback(Handler.java:938)
02-23 16:31:04.308 32643 32743 E SQLiteDatabase: at android.os.Handler.dispatchMessage(Handler.java:99)
02-23 16:31:04.308 32643 32743 E SQLiteDatabase: at X.0zq.dispatchMessage(Unknown Source:4)
02-23 16:31:04.308 32643 32743 E SQLiteDatabase: at android.os.Looper.loop(Looper.java:250)
02-23 16:31:04.308 32643 32743 E SQLiteDatabase: at android.os.HandlerThread.run(HandlerThread.java:67)
02-23 16:31:05.065 32643 32743 E SQLiteDatabase: Error inserting transferred=1 media_job_uuid=4fd5515d-38e2-47f8-86c1-9421c0af1cbb transcoded=0 gif_attribution=0 first_scan_length=7423 direct_path=/v/t62.7118- 24/41035273_1423632124913065_8685157631917202217_n.enc?ccb=11-4&oh=01_AdQ- cqUsjNRlHjCo3TFnPveGvl4nf2WObHkvV98-62Qijg&oe=66006CEC&_nc_sid=5e03e0 thumbnail_height_width_ratio=1.3333334 is_animated_sticker=0 file_hash=DGOuKC9LDUQqO+3jVxJuvJ+D6Hi33g2opJBVny5ABOQ= file_path=Media/.Statuses/5975c9768fbe43eba829fa111612cf39.jpg file_size=73515 partial_media_hash=gbVMDnRpQUGYOA41vtTYUiUnAl4+RihgAAwhc9nrHYk= face_x=464 face_y=192 height=1080 trim_to=0 media_key_timestamp=1708721270000 message_url=https://mmg.whatsapp.net/v/t62.7118- 24/41035273_1423632124913065_8685157631917202217_n.enc?ccb=11-4&oh=01_AdQ- cqUsjNRlHjCo3TFnPveGvl4nf2WObHkvV98-62Qijg&oe=66006CEC&_nc_sid=5e03e0&mms3=true media_caption=null trim_from=0 mime_type=image/jpeg partial_media_enc_hash=null width=809 original_file_hash=null has_streaming_sidecar=1 autotransfer_retry_enabled=1 media_upload_handle=null message_row_id=4102 multicast_id=null enc_file_hash=0KnOpOLqhsO4JibTqAnS0rMX9gfrMEsnu/fqolG6OdM= mute_video=0 page_count=0 first_scan_sidecar=[B@d302d03 suspicious_content=0 file_length=73515 media_name=null media_duration=0 chat_row_id=9 media_key=[B@e8c4480
02-23 16:31:05.065 32643 32743 E SQLiteDatabase: android.database.sqlite.SQLiteConstraintException: UNIQUE constraint failed: message_media.message_row_id (code 1555 SQLITE_CONSTRAINT_PRIMARYKEY)
02-23 16:31:05.065 32643 32743 E SQLiteDatabase: at android.database.sqlite.SQLiteConnection.nativeExecuteForLastInsertedRowId(Native Method)
02-23 16:31:05.065 32643 32743 E SQLiteDatabase: at android.database.sqlite.SQLiteConnection.executeForLastInsertedRowId(SQLiteConnecti on.java:938)
02-23 16:31:05.065 32643 32743 E SQLiteDatabase: at android.database.sqlite.SQLiteSession.executeForLastInsertedRowId(SQLiteSession.jav a:790)
02-23 16:31:05.065 32643 32743 E SQLiteDatabase: at android.database.sqlite.SQLiteStatement.executeInsert(SQLiteStatement.java:88)
02-23 16:31:05.065 32643 32743 E SQLiteDatabase: at android.database.sqlite.SQLiteDatabase.insertWithOnConflict(SQLiteDatabase.java:170 1)
02-23 16:31:05.065 32643 32743 E SQLiteDatabase: at android.database.sqlite.SQLiteDatabase.insert(SQLiteDatabase.java:1570)
02-23 16:31:05.065 32643 32743 E SQLiteDatabase: at X.2tm.A08(Unknown Source:6)
02-23 16:31:05.065 32643 32743 E SQLiteDatabase: at X.35Y.A07(Unknown Source:212)
02-23 16:31:05.065 32643 32743 E SQLiteDatabase: at X.3QF.A14(Unknown Source:470)
02-23 16:31:05.065 32643 32743 E SQLiteDatabase: at X.3gU.run(Unknown Source:982)
02-23 16:31:05.065 32643 32743 E SQLiteDatabase: at android.os.Handler.handleCallback(Handler.java:938)
02-23 16:31:05.065 32643 32743 E SQLiteDatabase: at android.os.Handler.dispatchMessage(Handler.java:99)
02-23 16:31:05.065 32643 32743 E SQLiteDatabase: at X.0zq.dispatchMessage(Unknown Source:4)
02-23 16:31:05.065 32643 32743 E SQLiteDatabase: at android.os.Looper.loop(Looper.java:250)
02-23 16:31:05.065 32643 32743 E SQLiteDatabase: at android.os.HandlerThread.run(HandlerThread.java:67) --------- beginning of main
02-23 18:11:07.779 20923 20923 E com.mbwhatsapp: Not starting debugger since process cannot load the jdwp agent.
02-23 18:11:08.162 20923 20923 W System.err: java.lang.ClassNotFoundException: mbmodsd.mbmodsw.ui.views.btn.BtnBK
02-23 18:11:08.162 20923 20923 W System.err: at java.lang.Runtime.nativeLoad(Native Method)
02-23 18:11:08.163 20923 20923 W System.err: at java.lang.Runtime.nativeLoad(Runtime.java:1131)
02-23 18:11:08.163 20923 20923 W System.err: at java.lang.Runtime.loadLibrary0(Runtime.java:1085)
02-23 18:11:08.163 20923 20923 W System.err: at java.lang.Runtime.loadLibrary0(Runtime.java:1008)
02-23 18:11:08.163 20923 20923 W System.err: at java.lang.System.loadLibrary(System.java:1664)
02-23 18:11:08.163 20923 20923 W System.err: at arm.EpicVm.<clinit>(Unknown Source:2)
02-23 18:11:08.163 20923 20923 W System.err: at java.lang.Class.newInstance(Native Method)
02-23 18:11:08.163 20923 20923 W System.err: at android.app.AppComponentFactory.instantiateApplication(AppComponentFactory.java:76)
02-23 18:11:08.163 20923 20923 W System.err: at androidx.core.app.CoreComponentFactory.instantiateApplication(Unknown Source:0)
02-23 18:11:08.163 20923 20923 W System.err: at android.app.Instrumentation.newApplication(Instrumentation.java:1158)
02-23 18:11:08.163 20923 20923 W System.err: at android.app.LoadedApk.makeApplication(LoadedApk.java:1244)
02-23 18:11:08.163 20923 20923 W System.err: at android.app.ActivityThread.handleBindApplication(ActivityThread.java:6779)
02-23 18:11:08.163 20923 20923 W System.err: at android.app.ActivityThread.access$1400(ActivityThread.java:250)
02-23 18:11:08.163 20923 20923 W System.err: at android.app.ActivityThread$H.handleMessage(ActivityThread.java:1973)
02-23 18:11:08.163 20923 20923 W System.err: at android.os.Handler.dispatchMessage(Handler.java:106)
02-23 18:11:08.163 20923 20923 W System.err: at android.os.Looper.loop(Looper.java:250)
02-23 18:11:08.163 20923 20923 W System.err: at android.app.ActivityThread.main(ActivityThread.java:7766)
02-23 18:11:08.163 20923 20923 W System.err: at java.lang.reflect.Method.invoke(Native Method)
02-23 18:11:08.163 20923 20923 W System.err: at com.android.internal.os.RuntimeInit$MethodAndArgsCaller.run(RuntimeInit.java:604)
02-23 18:11:08.163 20923 20923 W System.err: at com.android.internal.os.ZygoteInit.main(ZygoteInit.java:958)
02-23 18:11:08.203 20923 20923 E CustomActivityOnCrash: IMPORTANT WARNING! You already have an UncaughtExceptionHandler, are you sure this is correct? If you use a custom UncaughtExceptionHandler, you must initialize it AFTER CustomActivityOnCrash! Installing anyway, but your original handler will not be called.
02-23 18:11:08.320 20923 20975 W LibraryVersion: Failed to get app version for libraryName: firebase-iid
02-23 18:11:08.863 20923 20923 W com.mbwhatsapp: Accessing hidden method Lcom/android/org/conscrypt/OpenSSLSocketImpl;->setUseSessionTickets(Z)V (greylist- max-q,test-api, reflection, denied)
02-23 18:11:08.863 20923 20923 W com.mbwhatsapp: Accessing hidden method Lcom/android/org/conscrypt/AbstractConscryptSocket;->setUseSessionTickets(Z)V (greylist-max-q, reflection, denied)
02-23 18:11:09.013 20923 20923 W linker : Warning: "/data/data/com.mbwhatsapp/files/decompressed/libs.spk.zst/libc++_shared.so" unused DT entry: unknown processor-specific (type 0x70000001 arg 0x0) (ignoring)
02-23 18:11:09.296 20923 21096 W com.mbwhatsapp: Class X.2rL failed lock verification and will run slower.
02-23 18:11:09.296 20923 21096 W com.mbwhatsapp: Common causes for lock verification issues are non-optimized dex code
02-23 18:11:09.296 20923 21096 W com.mbwhatsapp: and incorrect proguard optimizations. --------- beginning of main
02-23 22:44:47.604 29547 29547 E com.mbwhatsapp: Not starting debugger since process cannot load the jdwp agent.
02-23 22:44:47.944 29547 29547 W System.err: java.lang.ClassNotFoundException: mbmodsd.mbmodsw.ui.views.btn.BtnBK
02-23 22:44:47.944 29547 29547 W System.err: at java.lang.Runtime.nativeLoad(Native Method)
02-23 22:44:47.944 29547 29547 W System.err: at java.lang.Runtime.nativeLoad(Runtime.java:1131)
02-23 22:44:47.944 29547 29547 W System.err: at java.lang.Runtime.loadLibrary0(Runtime.java:1085)
02-23 22:44:47.945 29547 29547 W System.err: at java.lang.Runtime.loadLibrary0(Runtime.java:1008)
02-23 22:44:47.945 29547 29547 W System.err: at java.lang.System.loadLibrary(System.java:1664)
02-23 22:44:47.945 29547 29547 W System.err: at arm.EpicVm.<clinit>(Unknown Source:2)
02-23 22:44:47.945 29547 29547 W System.err: at java.lang.Class.newInstance(Native Method)
02-23 22:44:47.945 29547 29547 W System.err: at android.app.AppComponentFactory.instantiateApplication(AppComponentFactory.java:76)
02-23 22:44:47.945 29547 29547 W System.err: at androidx.core.app.CoreComponentFactory.instantiateApplication(Unknown Source:0)
02-23 22:44:47.945 29547 29547 W System.err: at android.app.Instrumentation.newApplication(Instrumentation.java:1158)
02-23 22:44:47.945 29547 29547 W System.err: at android.app.LoadedApk.makeApplication(LoadedApk.java:1244)
02-23 22:44:47.945 29547 29547 W System.err: at android.app.ActivityThread.handleBindApplication(ActivityThread.java:6779)
02-23 22:44:47.945 29547 29547 W System.err: at android.app.ActivityThread.access$1400(ActivityThread.java:250)
02-23 22:44:47.945 29547 29547 W System.err: at android.app.ActivityThread$H.handleMessage(ActivityThread.java:1973)
02-23 22:44:47.945 29547 29547 W System.err: at android.os.Handler.dispatchMessage(Handler.java:106)
02-23 22:44:47.945 29547 29547 W System.err: at android.os.Looper.loop(Looper.java:250)
02-23 22:44:47.945 29547 29547 W System.err: at android.app.ActivityThread.main(ActivityThread.java:7766)
02-23 22:44:47.945 29547 29547 W System.err: at java.lang.reflect.Method.invoke(Native Method)
02-23 22:44:47.945 29547 29547 W System.err: at com.android.internal.os.RuntimeInit$MethodAndArgsCaller.run(RuntimeInit.java:604)
02-23 22:44:47.945 29547 29547 W System.err: at com.android.internal.os.ZygoteInit.main(ZygoteInit.java:958)
02-23 22:44:47.975 29547 29547 E CustomActivityOnCrash: IMPORTANT WARNING! You already have an UncaughtExceptionHandler, are you sure this is correct? If you use a custom UncaughtExceptionHandler, you must initialize it AFTER CustomActivityOnCrash! Installing anyway, but your original handler will not be called.
02-23 22:44:48.058 29547 29569 W LibraryVersion: Failed to get app version for libraryName: firebase-iid
02-23 22:44:48.443 29547 29547 W com.mbwhatsapp: Accessing hidden method Lcom/android/org/conscrypt/OpenSSLSocketImpl;->setUseSessionTickets(Z)V (greylist- max-q,test-api, reflection, denied)
02-23 22:44:48.443 29547 29547 W com.mbwhatsapp: Accessing hidden method Lcom/android/org/conscrypt/AbstractConscryptSocket;->setUseSessionTickets(Z)V (greylist-max-q, reflection, denied)
02-23 22:44:48.530 29547 29547 W com.mbwhatsapp: type=1400 audit(0.0:123707): avc: granted { execute } for path="/data/data/com.mbwhatsapp/files/decompressed/libs.spk.zst/libc++_shared.so" dev="mmcblk0p80" ino=547689 scontext=u:r:untrusted_app:s0:c234,c257,c512,c768 tcontext=u:object_r:app_data_file:s0:c234,c257,c512,c768 tclass=file app=com.mbwhatsapp
02-23 22:44:48.533 29547 29547 W linker : Warning: "/data/data/com.mbwhatsapp/files/decompressed/libs.spk.zst/libc++_shared.so" unused DT entry: unknown processor-specific (type 0x70000001 arg 0x0) (ignoring)
02-23 22:44:48.536 29547 29547 W com.mbwhatsapp: type=1400 audit(0.0:123708): avc: granted { execute } for path="/data/data/com.mbwhatsapp/files/decompressed/libs.spk.zst/libvlc.so" dev="mmcblk0p80" ino=399352 scontext=u:r:untrusted_app:s0:c234,c257,c512,c768 tcontext=u:object_r:app_data_file:s0:c234,c257,c512,c768 tclass=file app=com.mbwhatsapp
02-23 22:44:48.550 29547 29547 W com.mbwhatsapp: type=1400 audit(0.0:123709): avc: granted { execute } for path="/data/data/com.mbwhatsapp/files/decompressed/libs.spk.zst/libwhatsapp.so" dev="mmcblk0p80" ino=378446 scontext=u:r:untrusted_app:s0:c234,c257,c512,c768 tcontext=u:object_r:app_data_file:s0:c234,c257,c512,c768 tclass=file app=com.mbwhatsapp
02-23 22:44:48.620 29547 29547 W com.mbwhatsapp: type=1400 audit(0.0:123710): avc: granted { execute } for path="/data/data/com.mbwhatsapp/files/decompressed/libs.spk.zst/libcurve25519.so" dev="mmcblk0p80" ino=507505 scontext=u:r:untrusted_app:s0:c234,c257,c512,c768 tcontext=u:object_r:app_data_file:s0:c234,c257,c512,c768 tclass=file app=com.mbwhatsapp
02-23 22:44:48.633 29547 29547 W com.mbwhatsapp: type=1400 audit(0.0:123711): avc: granted { execute } for path="/data/data/com.mbwhatsapp/files/decompressed/libs.spk.zst/libwhatsapp.so" dev="mmcblk0p80" ino=378446 scontext=u:r:untrusted_app:s0:c234,c257,c512,c768 tcontext=u:object_r:app_data_file:s0:c234,c257,c512,c768 tclass=file app=com.mbwhatsapp
02-23 22:44:48.749 29547 29599 W com.mbwhatsapp: Class X.2rL failed lock verification and will run slower.
02-23 22:44:48.749 29547 29599 W com.mbwhatsapp: Common causes for lock verification issues are non-optimized dex code
02-23 22:44:48.749 29547 29599 W com.mbwhatsapp: and incorrect proguard optimizations.
02-23 22:44:51.173 29547 29596 E SQLiteDatabase: Error inserting transferred=0 media_job_uuid=4be0d1b4-14de-4a4f-96ce-191c2bf8b952 transcoded=0 gif_attribution=0 first_scan_length=0 direct_path=/v/t62.7161- 24/56156750_925163935907419_6879675062628647669_n.enc?ccb=11- 4&oh=01_AdSfrBcpAF2h5WM6C_lR_XUB2c8l3ouu23z4Fw6dVMqp0A&oe=6600D25D&_nc_sid=5e03e0 thumbnail_height_width_ratio=1.7777778 is_animated_sticker=0 file_hash=ctaU9QQbDBuZ/vDt3SPO0G7Z+MYKFMPQzjzAPcLYwYw= file_path=null file_size=0 partial_media_hash=null face_x=0 face_y=0 height=656 trim_to=0 media_key_timestamp=1708743999000 message_url=https://mmg.whatsapp.net/v/t62.7161- 24/56156750_925163935907419_6879675062628647669_n.enc?ccb=11- 4&oh=01_AdSfrBcpAF2h5WM6C_lR_XUB2c8l3ouu23z4Fw6dVMqp0A&oe=6600D25D&_nc_sid=5e03e0&m ms3=true media_caption=null trim_from=0 mime_type=video/mp4 partial_media_enc_hash=null width=368 original_file_hash=null has_streaming_sidecar=1 autotransfer_retry_enabled=1 media_upload_handle=null message_row_id=4109 multicast_id=null enc_file_hash=zTFpKBb4D9TU8BKnnP/XJNPG/eqUrMnJlj79UemQAPw= mute_video=0 page_count=0 first_scan_sidecar=null suspicious_content=0 file_length=911210 media_name=null media_duration=9 chat_row_id=9 media_key=[B@e8c4480
02-23 22:44:51.173 29547 29596 E SQLiteDatabase: android.database.sqlite.SQLiteConstraintException: UNIQUE constraint failed: message_media.message_row_id (code 1555 SQLITE_CONSTRAINT_PRIMARYKEY)
02-23 22:44:51.173 29547 29596 E SQLiteDatabase: at android.database.sqlite.SQLiteConnection.nativeExecuteForLastInsertedRowId(Native Method)
02-23 22:44:51.173 29547 29596 E SQLiteDatabase: at android.database.sqlite.SQLiteConnection.executeForLastInsertedRowId(SQLiteConnecti on.java:938)
02-23 22:44:51.173 29547 29596 E SQLiteDatabase: at android.database.sqlite.SQLiteSession.executeForLastInsertedRowId(SQLiteSession.jav a:790)
02-23 22:44:51.173 29547 29596 E SQLiteDatabase: at android.database.sqlite.SQLiteStatement.executeInsert(SQLiteStatement.java:88)
02-23 22:44:51.173 29547 29596 E SQLiteDatabase: at android.database.sqlite.SQLiteDatabase.insertWithOnConflict(SQLiteDatabase.java:170 1)
02-23 22:44:51.173 29547 29596 E SQLiteDatabase: at android.database.sqlite.SQLiteDatabase.insert(SQLiteDatabase.java:1570)
02-23 22:44:51.173 29547 29596 E SQLiteDatabase: at X.2tm.A08(Unknown Source:6)
02-23 22:44:51.173 29547 29596 E SQLiteDatabase: at X.35Y.A07(Unknown Source:212)
02-23 22:44:51.173 29547 29596 E SQLiteDatabase: at X.3QF.A14(Unknown Source:470)
02-23 22:44:51.173 29547 29596 E SQLiteDatabase: at X.3gU.run(Unknown Source:982)
02-23 22:44:51.173 29547 29596 E SQLiteDatabase: at android.os.Handler.handleCallback(Handler.java:938)
02-23 22:44:51.173 29547 29596 E SQLiteDatabase: at android.os.Handler.dispatchMessage(Handler.java:99)
02-23 22:44:51.173 29547 29596 E SQLiteDatabase: at X.0zq.dispatchMessage(Unknown Source:4)
02-23 22:44:51.173 29547 29596 E SQLiteDatabase: at android.os.Looper.loop(Looper.java:250)
02-23 22:44:51.173 29547 29596 E SQLiteDatabase: at android.os.HandlerThread.run(HandlerThread.java:67) --------- beginning of main
02-24 09:00:04.756 5967 5967 E com.mbwhatsapp: Not starting debugger since process cannot load the jdwp agent.
02-24 09:00:05.273 5967 5967 W System.err: java.lang.ClassNotFoundException: mbmodsd.mbmodsw.ui.views.btn.BtnBK
02-24 09:00:05.276 5967 5967 W System.err: at java.lang.Runtime.nativeLoad(Native Method)
02-24 09:00:05.276 5967 5967 W System.err: at java.lang.Runtime.nativeLoad(Runtime.java:1131)
02-24 09:00:05.276 5967 5967 W System.err: at java.lang.Runtime.loadLibrary0(Runtime.java:1085)
02-24 09:00:05.276 5967 5967 W System.err: at java.lang.Runtime.loadLibrary0(Runtime.java:1008)
02-24 09:00:05.276 5967 5967 W System.err: at java.lang.System.loadLibrary(System.java:1664)
02-24 09:00:05.276 5967 5967 W System.err: at arm.EpicVm.<clinit>(Unknown Source:2)
02-24 09:00:05.276 5967 5967 W System.err: at java.lang.Class.newInstance(Native Method)
02-24 09:00:05.277 5967 5967 W System.err: at android.app.AppComponentFactory.instantiateApplication(AppComponentFactory.java:76)
02-24 09:00:05.277 5967 5967 W System.err: at androidx.core.app.CoreComponentFactory.instantiateApplication(Unknown Source:0)
02-24 09:00:05.277 5967 5967 W System.err: at android.app.Instrumentation.newApplication(Instrumentation.java:1158)
02-24 09:00:05.277 5967 5967 W System.err: at android.app.LoadedApk.makeApplication(LoadedApk.java:1244)
02-24 09:00:05.277 5967 5967 W System.err: at android.app.ActivityThread.handleBindApplication(ActivityThread.java:6779)
02-24 09:00:05.277 5967 5967 W System.err: at android.app.ActivityThread.access$1400(ActivityThread.java:250)
02-24 09:00:05.277 5967 5967 W System.err: at android.app.ActivityThread$H.handleMessage(ActivityThread.java:1973)
02-24 09:00:05.277 5967 5967 W System.err: at android.os.Handler.dispatchMessage(Handler.java:106)
02-24 09:00:05.277 5967 5967 W System.err: at android.os.Looper.loop(Looper.java:250)
02-24 09:00:05.277 5967 5967 W System.err: at android.app.ActivityThread.main(ActivityThread.java:7766)
02-24 09:00:05.277 5967 5967 W System.err: at java.lang.reflect.Method.invoke(Native Method)
02-24 09:00:05.277 5967 5967 W System.err: at com.android.internal.os.RuntimeInit$MethodAndArgsCaller.run(RuntimeInit.java:604)
02-24 09:00:05.277 5967 5967 W System.err: at com.android.internal.os.ZygoteInit.main(ZygoteInit.java:958)
02-24 09:00:05.357 5967 5967 E CustomActivityOnCrash: IMPORTANT WARNING! You already have an UncaughtExceptionHandler, are you sure this is correct? If you use a custom UncaughtExceptionHandler, you must initialize it AFTER CustomActivityOnCrash! Installing anyway, but your original handler will not be called.
02-24 09:00:06.020 5967 5967 W com.mbwhatsapp: Accessing hidden method Lcom/android/org/conscrypt/OpenSSLSocketImpl;->setUseSessionTickets(Z)V (greylist- max-q,test-api, reflection, denied)
02-24 09:00:06.021 5967 5967 W com.mbwhatsapp: Accessing hidden method Lcom/android/org/conscrypt/AbstractConscryptSocket;->setUseSessionTickets(Z)V (greylist-max-q, reflection, denied)
02-24 09:00:06.109 5967 5967 W com.mbwhatsapp: type=1400 audit(0.0:222962): avc: granted { execute } for path="/data/data/com.mbwhatsapp/files/decompressed/libs.spk.zst/libc++_shared.so" dev="mmcblk0p80" ino=547689 scontext=u:r:untrusted_app:s0:c234,c257,c512,c768 tcontext=u:object_r:app_data_file:s0:c234,c257,c512,c768 tclass=file app=com.mbwhatsapp
02-24 09:00:06.115 5967 5967 W linker : Warning: "/data/data/com.mbwhatsapp/files/decompressed/libs.spk.zst/libc++_shared.so" unused DT entry: unknown processor-specific (type 0x70000001 arg 0x0) (ignoring)
02-24 09:00:06.119 5967 5967 W com.mbwhatsapp: type=1400 audit(0.0:222963): avc: granted { execute } for path="/data/data/com.mbwhatsapp/files/decompressed/libs.spk.zst/libvlc.so" dev="mmcblk0p80" ino=399352 scontext=u:r:untrusted_app:s0:c234,c257,c512,c768 tcontext=u:object_r:app_data_file:s0:c234,c257,c512,c768 tclass=file app=com.mbwhatsapp
02-24 09:00:06.135 5967 5967 W com.mbwhatsapp: type=1400 audit(0.0:222964): avc: granted { execute } for path="/data/data/com.mbwhatsapp/files/decompressed/libs.spk.zst/libwhatsapp.so" dev="mmcblk0p80" ino=378446 scontext=u:r:untrusted_app:s0:c234,c257,c512,c768 tcontext=u:object_r:app_data_file:s0:c234,c257,c512,c768 tclass=file app=com.mbwhatsapp
02-24 09:00:06.219 5967 5967 W com.mbwhatsapp: type=1400 audit(0.0:222965): avc: granted { execute } for path="/data/data/com.mbwhatsapp/files/decompressed/libs.spk.zst/libcurve25519.so" dev="mmcblk0p80" ino=507505 scontext=u:r:untrusted_app:s0:c234,c257,c512,c768 tcontext=u:object_r:app_data_file:s0:c234,c257,c512,c768 tclass=file app=com.mbwhatsapp
02-24 09:00:06.235 5967 5967 W com.mbwhatsapp: type=1400 audit(0.0:222966): avc: granted { execute } for path="/data/data/com.mbwhatsapp/files/decompressed/libs.spk.zst/libwhatsapp.so" dev="mmcblk0p80" ino=378446 scontext=u:r:untrusted_app:s0:c234,c257,c512,c768 tcontext=u:object_r:app_data_file:s0:c234,c257,c512,c768 tclass=file app=com.mbwhatsapp
02-24 09:00:06.235 5967 5967 W com.mbwhatsapp: type=1400 audit(0.0:222967): avc: granted { execute } for path="/data/data/com.mbwhatsapp/files/decompressed/libs.spk.zst/libwhatsapp.so" dev="mmcblk0p80" ino=378446 scontext=u:r:untrusted_app:s0:c234,c257,c512,c768 tcontext=u:object_r:app_data_file:s0:c234,c257,c512,c768 tclass=file app=com.mbwhatsapp
02-24 09:00:06.395 5967 6086 W com.mbwhatsapp: Class X.2rL failed lock verification and will run slower.
02-24 09:00:06.395 5967 6086 W com.mbwhatsapp: Common causes for lock verification issues are non-optimized dex code
02-24 09:00:06.395 5967 6086 W com.mbwhatsapp: and incorrect proguard optimizations.
02-24 10:04:31.699 5967 5967 W com.mbwhatsapp: Class X.0eU failed lock verification and will run slower.
02-24 10:04:32.050 5967 5967 W com.mbwhatsapp: Class com.mbwhatsapp.HomeActivity failed lock verification and will run slower.
02-24 10:04:32.482 5967 5967 E ArmVmp : Match on catch block at 0x0a in for 0xc9
02-24 10:04:32.520 5967 5967 E ArmVmp : Match on catch block at 0x0a in for 0x131
02-24 10:04:32.568 5967 7457 W com.mbwhatsapp: Accessing hidden method Lcom/android/org/conscrypt/ConscryptEngineSocket;->setUseSessionTickets(Z)V (greylist-max-q,test-api, reflection, denied)
02-24 10:04:32.568 5967 7457 W com.mbwhatsapp: Accessing hidden method Lcom/android/org/conscrypt/OpenSSLSocketImpl;->setUseSessionTickets(Z)V (greylist- max-q,test-api, reflection, denied)
02-24 10:04:32.568 5967 7457 W com.mbwhatsapp: Accessing hidden method Lcom/android/org/conscrypt/AbstractConscryptSocket;->setUseSessionTickets(Z)V (greylist-max-q, reflection, denied)
02-24 10:04:32.568 5967 7457 W com.mbwhatsapp: Accessing hidden method Lcom/android/org/conscrypt/ConscryptEngineSocket;->setHostname(Ljava/lang/String;)V (greylist-max-q,test-api, reflection, denied)
02-24 10:04:32.568 5967 7457 W com.mbwhatsapp: Accessing hidden method Lcom/android/org/conscrypt/OpenSSLSocketImpl;->setHostname(Ljava/lang/String;)V (greylist-max-q,test-api, reflection, denied)
02-24 10:04:32.569 5967 7457 W com.mbwhatsapp: Accessing hidden method Lcom/android/org/conscrypt/AbstractConscryptSocket;->setHostname(Ljava/lang/ String;)V (greylist-max-q, reflection, denied)
02-24 10:04:32.569 5967 7457 W com.mbwhatsapp: Accessing hidden method Lcom/android/org/conscrypt/OpenSSLSocketImpl;->setAlpnProtocols([B)V (greylist-max- q,test-api, reflection, denied)
02-24 10:04:32.569 5967 7457 W com.mbwhatsapp: Accessing hidden method Lcom/android/org/conscrypt/AbstractConscryptSocket;->setAlpnProtocols([B)V (greylist-max-q, reflection, denied)
02-24 10:04:32.644 5967 7457 W com.mbwhatsapp: Accessing hidden method Lcom/android/org/conscrypt/OpenSSLSocketImpl;->getAlpnSelectedProtocol()[B (greylist-max-q,test-api, reflection, denied)
02-24 10:04:32.644 5967 7457 W com.mbwhatsapp: Accessing hidden method Lcom/android/org/conscrypt/AbstractConscryptSocket;->getAlpnSelectedProtocol()[B (greylist-max-q, reflection, denied)
02-24 10:04:33.733 5967 5967 E RecyclerView: No adapter attached; skipping layout
02-24 10:04:33.917 5967 5967 E RecyclerView: No adapter attached; skipping layout
02-24 10:04:33.957 5967 5967 E ArmVmp : Match on catch block at 0x0a in for 0xd1
02-24 10:04:34.181 5967 7520 W LibraryVersion: Failed to get app version for libraryName: firebase-iid
02-24 10:04:34.227 5967 7525 W LOTTIE : Animation contains merge paths. Merge paths are only supported on KitKat+ and must be manually enabled by calling enableMergePathsForKitKatAndAbove().
02-24 10:04:34.375 5967 5967 W LOTTIE : Animation contains merge paths but they are disabled.
02-24 10:04:34.655 5967 5967 E ArmVmp : Match on catch block at 0x5b in for 0x89
02-24 10:04:36.417 5967 7612 E linker : library "" ("/apex/com.android.vndk.v30/lib64") needed or dlopened by "/apex/com.android.vndk.v30/lib64/libRS_internal.so" is not accessible for the namespace: [name="rs", ld_library_paths="", default_library_paths="/apex/com.android.vndk.v30/lib64:/vendor/lib64", permitted_paths="/odm/lib64:/vendor/lib64:/system/vendor/lib64:/data"]
02-24 10:04:36.418 5967 7612 E RenderScript: Failed loading RS driver: dlopen failed: library "" needed or dlopened by "/apex/com.android.vndk.v30/lib64/libRS_internal.so" is not accessible for the namespace "rs"
02-24 10:04:36.418 5967 7612 E RenderScript: Failed to load runtime , loading default
02-24 10:04:36.604 5967 5967 E ArmVmp : Match on catch block at 0x0a in for 0xc1
02-24 10:04:36.608 5967 5967 E ArmVmp : Match on catch block at 0x0a in for 0xc1
02-24 10:04:36.887 5967 5967 W View : requestLayout() improperly called by X.4rg{5cbc5d2 V.E....L. ......ID 0,808-1080,1472} during layout: running second layout pass
02-24 10:04:36.887 5967 5967 W View : requestLayout() improperly called by android.widget.LinearLayout{c548da0 V.E...... ......ID 119,3-897,651 #7f0b0e50 app:id/main_layout} during layout: running second layout pass
02-24 10:04:36.887 5967 5967 W View : requestLayout() improperly called by com.mbwhatsapp.conversation.conversationrow.ConversationRowImage$RowImageView{c04e3 cc VFED..CL. ......ID 11,11-767,578 #7f0b0c84 app:id/image} during layout: running second layout pass
02-24 10:04:36.892 5967 5967 E ArmVmp : Match on catch block at 0xc3 in for 0xb5
02-24 10:04:36.907 5967 5967 E ArmVmp : Match on catch block at 0xc3 in for 0xb1
02-24 10:04:36.969 5967 5967 E ArmVmp : Match on catch block at 0xc3 in for 0xa1
02-24 10:04:36.972 5967 5967 E ArmVmp : Match on catch block at 0xc3 in for 0xa9
02-24 10:04:37.003 5967 5967 W View : requestLayout() improperly called by X.4rg{5cbc5d2 V.E....L. .......D 0,808-1080,1472} during second layout pass: posting in next frame
02-24 10:04:37.003 5967 5967 W View : requestLayout() improperly called by android.widget.LinearLayout{c548da0 V.E...... .......D 119,3-897,651 #7f0b0e50 app:id/main_layout} during second layout pass: posting in next frame
02-24 10:04:37.009 5967 5967 E ArmVmp : Match on catch block at 0xc3 in for 0xa9
02-24 10:04:37.013 5967 5967 E ArmVmp : Match on catch block at 0xc3 in for 0xa1
02-24 10:04:37.062 5967 5967 E ArmVmp : Match on catch block at 0xc3 in for 0xa1
02-24 10:04:37.066 5967 5967 E ArmVmp : Match on catch block at 0xc3 in for 0xa5
02-24 10:04:37.084 5967 5967 E ArmVmp : Match on catch block at 0xc3 in for 0xa5
02-24 10:04:37.088 5967 5967 E ArmVmp : Match on catch block at 0xc3 in for 0xa9
02-24 10:04:37.462 5967 5967 E ArmVmp : Match on catch block at 0xc3 in for 0xa9
02-24 10:04:37.467 5967 5967 E ArmVmp : Match on catch block at 0xc3 in for 0xa1
02-24 10:04:37.479 5967 5967 E ArmVmp : Match on catch block at 0xc3 in for 0xa1
02-24 10:04:37.485 5967 5967 E ArmVmp : Match on catch block at 0xc3 in for 0xa5
02-24 10:04:37.495 5967 5967 E ArmVmp : Match on catch block at 0xc3 in for 0xa5
02-24 10:04:37.499 5967 5967 E ArmVmp : Match on catch block at 0xc3 in for 0xa9
02-24 10:04:37.511 5967 5967 E ArmVmp : Match on catch block at 0xc3 in for 0xa9
02-24 10:04:37.516 5967 5967 E ArmVmp : Match on catch block at 0xc3 in for 0xa1
02-24 10:04:37.528 5967 5967 E ArmVmp : Match on catch block at 0xc3 in for 0xa1
02-24 10:04:37.534 5967 5967 E ArmVmp : Match on catch block at 0xc3 in for 0xa5
02-24 10:04:37.545 5967 5967 E ArmVmp : Match on catch block at 0xc3 in for 0xa5
02-24 10:04:37.550 5967 5967 E ArmVmp : Match on catch block at 0xc3 in for 0xa9
02-24 10:04:37.562 5967 5967 E ArmVmp : Match on catch block at 0xc3 in for 0xa9
02-24 10:04:37.566 5967 5967 E ArmVmp : Match on catch block at 0xc3 in for 0xa1
02-24 10:04:37.578 5967 5967 E ArmVmp : Match on catch block at 0xc3 in for 0xa1
02-24 10:04:37.583 5967 5967 E ArmVmp : Match on catch block at 0xc3 in for 0xa5
02-24 10:04:37.595 5967 5967 E ArmVmp : Match on catch block at 0xc3 in for 0xa5
02-24 10:04:37.600 5967 5967 E ArmVmp : Match on catch block at 0xc3 in for 0xa9
02-24 10:04:37.611 5967 5967 E ArmVmp : Match on catch block at 0xc3 in for 0xa9
02-24 10:04:37.617 5967 5967 E ArmVmp : Match on catch block at 0xc3 in for 0xa1
02-24 10:04:37.628 5967 5967 E ArmVmp : Match on catch block at 0xc3 in for 0xa1
02-24 10:04:37.634 5967 5967 E ArmVmp : Match on catch block at 0xc3 in for 0xa5
02-24 10:04:37.645 5967 5967 E ArmVmp : Match on catch block at 0xc3 in for 0xa5
02-24 10:04:37.651 5967 5967 E ArmVmp : Match on catch block at 0xc3 in for 0xa9
02-24 10:04:37.662 5967 5967 E ArmVmp : Match on catch block at 0xc3 in for 0xa9
02-24 10:04:37.667 5967 5967 E ArmVmp : Match on catch block at 0xc3 in for 0xa1
02-24 10:04:37.678 5967 5967 E ArmVmp : Match on catch block at 0xc3 in for 0xa1
02-24 10:04:37.683 5967 5967 E ArmVmp : Match on catch block at 0xc3 in for 0xa5
02-24 10:04:37.695 5967 5967 E ArmVmp : Match on catch block at 0xc3 in for 0xa5
02-24 10:04:37.699 5967 5967 E ArmVmp : Match on catch block at 0xc3 in for 0xa9
02-24 10:04:37.712 5967 5967 E ArmVmp : Match on catch block at 0xc3 in for 0xa9
02-24 10:04:37.718 5967 5967 E ArmVmp : Match on catch block at 0xc3 in for 0xa1
02-24 10:04:37.728 5967 5967 E ArmVmp : Match on catch block at 0xc3 in for 0xa1
02-24 10:04:37.734 5967 5967 E ArmVmp : Match on catch block at 0xc3 in for 0xa5
02-24 10:04:37.745 5967 5967 E ArmVmp : Match on catch block at 0xc3 in for 0xa5
02-24 10:04:37.751 5967 5967 E ArmVmp : Match on catch block at 0xc3 in for 0xa9
02-24 10:04:37.761 5967 5967 E ArmVmp : Match on catch block at 0xc3 in for 0xa9
02-24 10:04:37.766 5967 5967 E ArmVmp : Match on catch block at 0xc3 in for 0xa1
02-24 10:04:38.063 5967 5967 E ArmVmp : Match on catch block at 0xc3 in for 0xa1
02-24 10:04:38.069 5967 5967 E ArmVmp : Match on catch block at 0xc3 in for 0xa5
02-24 10:04:38.563 5967 5967 E ArmVmp : Match on catch block at 0xc3 in for 0xa5
02-24 10:04:38.570 5967 5967 E ArmVmp : Match on catch block at 0xc3 in for 0xa9
02-24 10:04:38.646 5967 5967 E ArmVmp : Match on catch block at 0xc3 in for 0xa9
02-24 10:04:38.651 5967 5967 E ArmVmp : Match on catch block at 0xc3 in for 0xa1
02-24 10:04:38.662 5967 5967 E ArmVmp : Match on catch block at 0xc3 in for 0xa1
02-24 10:04:38.667 5967 5967 E ArmVmp : Match on catch block at 0xc3 in for 0xa5
02-24 10:04:38.679 5967 5967 E ArmVmp : Match on catch block at 0xc3 in for 0xa5
02-24 10:04:38.684 5967 5967 E ArmVmp : Match on catch block at 0xc3 in for 0xa9
02-24 10:04:38.695 5967 5967 E ArmVmp : Match on catch block at 0xc3 in for 0xa9
02-24 10:04:38.700 5967 5967 E ArmVmp : Match on catch block at 0xc3 in for 0xa1
02-24 10:04:38.712 5967 5967 E ArmVmp : Match on catch block at 0xc3 in for 0xa1
02-24 10:04:38.718 5967 5967 E ArmVmp : Match on catch block at 0xc3 in for 0xa5
02-24 10:04:38.728 5967 5967 E ArmVmp : Match on catch block at 0xc3 in for 0xa5
02-24 10:04:38.734 5967 5967 E ArmVmp : Match on catch block at 0xc3 in for 0xa9
02-24 10:04:38.746 5967 5967 E ArmVmp : Match on catch block at 0xc3 in for 0xa9
02-24 10:04:38.751 5967 5967 E ArmVmp : Match on catch block at 0xc3 in for 0xa1
02-24 10:04:38.761 5967 5967 E ArmVmp : Match on catch block at 0xc3 in for 0xa1
02-24 10:04:38.767 5967 5967 E ArmVmp : Match on catch block at 0xc3 in for 0xa5
02-24 10:04:38.777 5967 5967 E ArmVmp : Match on catch block at 0xc3 in for 0xa5
02-24 10:04:38.781 5967 5967 E ArmVmp : Match on catch block at 0xc3 in for 0xa9
02-24 10:04:38.794 5967 5967 E ArmVmp : Match on catch block at 0xc3 in for 0xa9
02-24 10:04:38.797 5967 5967 E ArmVmp : Match on catch block at 0xc3 in for 0xa1
02-24 10:04:38.810 5967 5967 E ArmVmp : Match on catch block at 0xc3 in for 0xa1
02-24 10:04:38.813 5967 5967 E ArmVmp : Match on catch block at 0xc3 in for 0xa5
02-24 10:04:38.827 5967 5967 E ArmVmp : Match on catch block at 0xc3 in for 0xa5
02-24 10:04:38.831 5967 5967 E ArmVmp : Match on catch block at 0xc3 in for 0xa9
02-24 10:04:38.843 5967 5967 E ArmVmp : Match on catch block at 0xc3 in for 0xa9
02-24 10:04:38.847 5967 5967 E ArmVmp : Match on catch block at 0xc3 in for 0xa1
02-24 10:04:38.860 5967 5967 E ArmVmp : Match on catch block at 0xc3 in for 0xa1
02-24 10:04:38.863 5967 5967 E ArmVmp : Match on catch block at 0xc3 in for 0xa5
02-24 10:04:38.877 5967 5967 E ArmVmp : Match on catch block at 0xc3 in for 0xa5
02-24 10:04:38.881 5967 5967 E ArmVmp : Match on catch block at 0xc3 in for 0xa9
02-24 10:04:38.894 5967 5967 E ArmVmp : Match on catch block at 0xc3 in for 0xa9
02-24 10:04:38.897 5967 5967 E ArmVmp : Match on catch block at 0xc3 in for 0xa1
02-24 10:04:39.061 5967 5967 E ArmVmp : Match on catch block at 0xc3 in for 0xa1
02-24 10:04:39.065 5967 5967 E ArmVmp : Match on catch block at 0xc3 in for 0xa5
02-24 10:04:39.562 5967 5967 E ArmVmp : Match on catch block at 0xc3 in for 0xa9
02-24 10:04:39.567 5967 5967 E ArmVmp : Match on catch block at 0xc3 in for 0xa1
02-24 10:04:39.679 5967 5967 E ArmVmp : Match on catch block at 0xc3 in for 0xa1
02-24 10:04:39.684 5967 5967 E ArmVmp : Match on catch block at 0xc3 in for 0xa5
02-24 10:04:39.709 5967 7433 E FrameEvents: updateAcquireFence: Did not find frame.
02-24 10:04:39.823 5967 5967 E ArmVmp : Match on catch block at 0xc3 in for 0xa1
02-24 10:04:39.826 5967 5967 E ArmVmp : Match on catch block at 0xc3 in for 0xa5
02-24 10:04:39.936 5967 5967 E ArmVmp : Match on catch block at 0xc3 in for 0xa9
02-24 10:04:39.940 5967 5967 E ArmVmp : Match on catch block at 0xc3 in for 0xa1
02-24 10:04:41.638 5967 5967 E ArmVmp : Match on catch block at 0xc3 in for 0xa9
02-24 10:04:41.643 5967 5967 E ArmVmp : Match on catch block at 0xc3 in for 0xa1
02-24 10:04:41.663 5967 5967 E ArmVmp : Match on catch block at 0xc3 in for 0xa1
02-24 10:04:41.667 5967 5967 E ArmVmp : Match on catch block at 0xc3 in for 0xa5
02-24 10:04:43.247 5967 5967 E ArmVmp : Match on catch block at 0xc3 in for 0xa9
02-24 10:04:43.254 5967 5967 E ArmVmp : Match on catch block at 0xc3 in for 0xa1
02-24 10:04:43.261 5967 5967 E ArmVmp : Match on catch block at 0xc3 in for 0xa1
02-24 10:04:43.267 5967 5967 E ArmVmp : Match on catch block at 0xc3 in for 0xa5
02-24 10:04:43.278 5967 5967 E ArmVmp : Match on catch block at 0xc3 in for 0xa5
02-24 10:04:43.282 5967 5967 E ArmVmp : Match on catch block at 0xc3 in for 0xa9
02-24 10:04:43.295 5967 5967 E ArmVmp : Match on catch block at 0xc3 in for 0xa9
02-24 10:04:43.300 5967 5967 E ArmVmp : Match on catch block at 0xc3 in for 0xa1
02-24 10:04:43.311 5967 5967 E ArmVmp : Match on catch block at 0xc3 in for 0xa1
02-24 10:04:43.317 5967 5967 E ArmVmp : Match on catch block at 0xc3 in for 0xa5
02-24 10:04:43.329 5967 5967 E ArmVmp : Match on catch block at 0xc3 in for 0xa5
02-24 10:04:43.335 5967 5967 E ArmVmp : Match on catch block at 0xc3 in for 0xa9
02-24 10:04:43.346 5967 5967 E ArmVmp : Match on catch block at 0xc3 in for 0xa9
02-24 10:04:43.352 5967 5967 E ArmVmp : Match on catch block at 0xc3 in for 0xa1
02-24 10:04:43.361 5967 5967 E ArmVmp : Match on catch block at 0xc3 in for 0xa1
02-24 10:04:43.367 5967 5967 E ArmVmp : Match on catch block at 0xc3 in for 0xa5
02-24 10:04:43.378 5967 5967 E ArmVmp : Match on catch block at 0xc3 in for 0xa5
02-24 10:04:43.382 5967 5967 E ArmVmp : Match on catch block at 0xc3 in for 0xa9
02-24 10:04:43.394 5967 5967 E ArmVmp : Match on catch block at 0xc3 in for 0xa9
02-24 10:04:43.398 5967 5967 E ArmVmp : Match on catch block at 0xc3 in for 0xa1
02-24 10:04:43.411 5967 5967 E ArmVmp : Match on catch block at 0xc3 in for 0xa1
02-24 10:04:43.417 5967 5967 E ArmVmp : Match on catch block at 0xc3 in for 0xa5
02-24 10:04:43.428 5967 5967 E ArmVmp : Match on catch block at 0xc3 in for 0xa5
02-24 10:04:43.433 5967 5967 E ArmVmp : Match on catch block at 0xc3 in for 0xa9
02-24 10:04:43.445 5967 5967 E ArmVmp : Match on catch block at 0xc3 in for 0xa9
02-24 10:04:43.450 5967 5967 E ArmVmp : Match on catch block at 0xc3 in for 0xa1
02-24 10:04:43.461 5967 5967 E ArmVmp : Match on catch block at 0xc3 in for 0xa1
02-24 10:04:43.467 5967 5967 E ArmVmp : Match on catch block at 0xc3 in for 0xa5
02-24 10:04:43.477 5967 5967 E ArmVmp : Match on catch block at 0xc3 in for 0xa5
02-24 10:04:43.482 5967 5967 E ArmVmp : Match on catch block at 0xc3 in for 0xa9
02-24 10:04:43.494 5967 5967 E ArmVmp : Match on catch block at 0xc3 in for 0xa9
02-24 10:04:43.499 5967 5967 E ArmVmp : Match on catch block at 0xc3 in for 0xa1
02-24 10:04:44.077 5967 7433 E FrameEvents: updateAcquireFence: Did not find frame.
02-24 10:04:44.095 5967 5967 E ArmVmp : Match on catch block at 0xc3 in for 0xa5
02-24 10:04:44.098 5967 5967 E ArmVmp : Match on catch block at 0xc3 in for 0xa9
02-24 10:04:44.111 5967 5967 E ArmVmp : Match on catch block at 0xc3 in for 0xa9
02-24 10:04:44.116 5967 5967 E ArmVmp : Match on catch block at 0xc3 in for 0xa1
02-24 10:04:44.429 5967 5967 E ArmVmp : Match on catch block at 0xc3 in for 0xa1
02-24 10:04:44.434 5967 5967 E ArmVmp : Match on catch block at 0xc3 in for 0xa5
02-24 10:04:44.449 5967 5967 E ArmVmp : Match on catch block at 0xc3 in for 0xa1
02-24 10:04:44.452 5967 5967 E ArmVmp : Match on catch block at 0xc3 in for 0xa5
02-24 10:04:44.467 5967 5967 E ArmVmp : Match on catch block at 0xc3 in for 0xa5
02-24 10:04:44.471 5967 5967 E ArmVmp : Match on catch block at 0xc3 in for 0xa9
02-24 10:04:44.626 5967 5967 E ArmVmp : Match on catch block at 0xc3 in for 0xa1
02-24 10:04:44.629 5967 5967 E ArmVmp : Match on catch block at 0xc3 in for 0xa5
02-24 10:04:44.667 5967 5967 E ArmVmp : Match on catch block at 0xc3 in for 0xa5
02-24 10:04:44.671 5967 5967 E ArmVmp : Match on catch block at 0xc3 in for 0xa9
02-24 10:04:44.679 5967 5967 E ArmVmp : Match on catch block at 0xc3 in for 0xa9
02-24 10:04:44.682 5967 5967 E ArmVmp : Match on catch block at 0xc3 in for 0xa1
02-24 10:04:44.804 5967 5967 E ArmVmp : Match on catch block at 0xc3 in for 0xa5
02-24 10:04:44.809 5967 5967 E ArmVmp : Match on catch block at 0xc3 in for 0xa9
02-24 10:04:44.816 5967 5967 E ArmVmp : Match on catch block at 0xc3 in for 0xa9
02-24 10:04:44.822 5967 5967 E ArmVmp : Match on catch block at 0xc3 in for 0xa1
02-24 10:04:44.857 5967 5967 E ArmVmp : Match on catch block at 0xc3 in for 0xa5
02-24 10:04:44.864 5967 5967 E ArmVmp : Match on catch block at 0xc3 in for 0xa9
02-24 10:04:44.982 5967 5967 E ArmVmp : Match on catch block at 0xc3 in for 0xa5
02-24 10:04:44.986 5967 5967 E ArmVmp : Match on catch block at 0xc3 in for 0xa9
02-24 10:04:45.391 5967 5967 E ArmVmp : Match on catch block at 0xc3 in for 0xa1
02-24 10:04:45.396 5967 5967 E ArmVmp : Match on catch block at 0xc3 in for 0xa5
02-24 10:04:46.647 5967 5967 W BottomSheetBehavior: BottomSheetBehavior now supports multiple callbacks. `setBottomSheetCallback()` removes all existing callbacks, including ones set internally by library authors, which may result in unintended behavior. This may change in the future. Please use `addBottomSheetCallback()` and `removeBottomSheetCallback()` instead to set your own callbacks.
02-24 10:04:46.648 5967 5967 W BottomSheetBehavior: BottomSheetBehavior now supports multiple callbacks. `setBottomSheetCallback()` removes all existing callbacks, including ones set internally by library authors, which may result in unintended behavior. This may change in the future. Please use `addBottomSheetCallback()` and `removeBottomSheetCallback()` instead to set your own callbacks.
