The log file records errors and warnings encountered during the startup of an Android application. It indicates that the application failed to load a required class file and encountered other errors related to resource loading and permissions.
We take content rights seriously. If you suspect this is your content, claim it here.
Available Formats
Download as TXT, PDF, TXT or read online on Scribd
0 ratings0% found this document useful (0 votes)
92 views
Logcat
The log file records errors and warnings encountered during the startup of an Android application. It indicates that the application failed to load a required class file and encountered other errors related to resource loading and permissions.
We take content rights seriously. If you suspect this is your content, claim it here.
Available Formats
Download as TXT, PDF, TXT or read online on Scribd
You are on page 1/ 2914
--------- beginning of main
02-27 10:27:26.722 13880 13880 E com.mbwhatsapp: Not starting debugger since
process cannot load the jdwp agent.
02-27 10:27:26.787 13880 13880 W System.err: java.lang.ClassNotFoundException: mbmodsd.mbmodsw.ui.views.btn.BtnBK
02-27 10:27:26.787 13880 13880 W System.err: at java.lang.Runtime.nativeLoad(Native Method)
02-27 10:27:26.787 13880 13880 W System.err: at java.lang.Runtime.nativeLoad(Runtime.java:1131)
02-27 10:27:26.787 13880 13880 W System.err: at java.lang.Runtime.loadLibrary0(Runtime.java:1085)
02-27 10:27:26.787 13880 13880 W System.err: at java.lang.Runtime.loadLibrary0(Runtime.java:1008)
02-27 10:27:26.787 13880 13880 W System.err: at java.lang.System.loadLibrary(System.java:1664)
02-27 10:27:26.787 13880 13880 W System.err: at arm.EpicVm.<clinit>(Unknown Source:2)
02-27 10:27:26.787 13880 13880 W System.err: at java.lang.Class.newInstance(Native Method)
02-27 10:27:26.787 13880 13880 W System.err: at android.app.AppComponentFactory.instantiateApplication(AppComponentFactory.java:76)
02-27 10:27:26.788 13880 13880 W System.err: at androidx.core.app.CoreComponentFactory.instantiateApplication(Unknown Source:0)
02-27 10:27:26.788 13880 13880 W System.err: at android.app.Instrumentation.newApplication(Instrumentation.java:1158)
02-27 10:27:26.788 13880 13880 W System.err: at android.app.LoadedApk.makeApplication(LoadedApk.java:1271)
02-27 10:27:26.788 13880 13880 W System.err: at android.app.ActivityThread.handleBindApplication(ActivityThread.java:6884)
02-27 10:27:26.788 13880 13880 W System.err: at android.app.ActivityThread.access$1300(ActivityThread.java:260)
02-27 10:27:26.788 13880 13880 W System.err: at android.app.ActivityThread$H.handleMessage(ActivityThread.java:1955)
02-27 10:27:26.788 13880 13880 W System.err: at android.os.Handler.dispatchMessage(Handler.java:106)
02-27 10:27:26.788 13880 13880 W System.err: at android.os.Looper.loop(Looper.java:223)
02-27 10:27:26.788 13880 13880 W System.err: at android.app.ActivityThread.main(ActivityThread.java:7950)
02-27 10:27:26.788 13880 13880 W System.err: at java.lang.reflect.Method.invoke(Native Method)
02-27 10:27:26.788 13880 13880 W System.err: at com.android.internal.os.RuntimeInit$MethodAndArgsCaller.run(RuntimeInit.java:603)
02-27 10:27:26.788 13880 13880 W System.err: at com.android.internal.os.ZygoteInit.main(ZygoteInit.java:947)
02-27 10:27:26.826 13880 13880 E CustomActivityOnCrash: IMPORTANT WARNING! You already have an UncaughtExceptionHandler, are you sure this is correct? If you use a custom UncaughtExceptionHandler, you must initialize it AFTER CustomActivityOnCrash! Installing anyway, but your original handler will not be called.
02-27 10:27:27.195 13921 13921 E com.mbwhatsapp: Not starting debugger since process cannot load the jdwp agent.
02-27 10:27:27.254 13921 13921 W System.err: java.lang.ClassNotFoundException: mbmodsd.mbmodsw.ui.views.btn.BtnBK
02-27 10:27:27.254 13921 13921 W System.err: at java.lang.Runtime.nativeLoad(Native Method)
02-27 10:27:27.254 13921 13921 W System.err: at java.lang.Runtime.nativeLoad(Runtime.java:1131)
02-27 10:27:27.254 13921 13921 W System.err: at java.lang.Runtime.loadLibrary0(Runtime.java:1085)
02-27 10:27:27.254 13921 13921 W System.err: at java.lang.Runtime.loadLibrary0(Runtime.java:1008)
02-27 10:27:27.254 13921 13921 W System.err: at java.lang.System.loadLibrary(System.java:1664)
02-27 10:27:27.254 13921 13921 W System.err: at arm.EpicVm.<clinit>(Unknown Source:2)
02-27 10:27:27.254 13921 13921 W System.err: at java.lang.Class.newInstance(Native Method)
02-27 10:27:27.254 13921 13921 W System.err: at android.app.AppComponentFactory.instantiateApplication(AppComponentFactory.java:76)
02-27 10:27:27.254 13921 13921 W System.err: at androidx.core.app.CoreComponentFactory.instantiateApplication(Unknown Source:0)
02-27 10:27:27.254 13921 13921 W System.err: at android.app.Instrumentation.newApplication(Instrumentation.java:1158)
02-27 10:27:27.254 13921 13921 W System.err: at android.app.LoadedApk.makeApplication(LoadedApk.java:1271)
02-27 10:27:27.254 13921 13921 W System.err: at android.app.ActivityThread.handleBindApplication(ActivityThread.java:6884)
02-27 10:27:27.254 13921 13921 W System.err: at android.app.ActivityThread.access$1300(ActivityThread.java:260)
02-27 10:27:27.254 13921 13921 W System.err: at android.app.ActivityThread$H.handleMessage(ActivityThread.java:1955)
02-27 10:27:27.254 13921 13921 W System.err: at android.os.Handler.dispatchMessage(Handler.java:106)
02-27 10:27:27.254 13921 13921 W System.err: at android.os.Looper.loop(Looper.java:223)
02-27 10:27:27.254 13921 13921 W System.err: at android.app.ActivityThread.main(ActivityThread.java:7950)
02-27 10:27:27.254 13921 13921 W System.err: at java.lang.reflect.Method.invoke(Native Method)
02-27 10:27:27.254 13921 13921 W System.err: at com.android.internal.os.RuntimeInit$MethodAndArgsCaller.run(RuntimeInit.java:603)
02-27 10:27:27.254 13921 13921 W System.err: at com.android.internal.os.ZygoteInit.main(ZygoteInit.java:947)
02-27 10:27:27.291 13921 13921 E CustomActivityOnCrash: IMPORTANT WARNING! You already have an UncaughtExceptionHandler, are you sure this is correct? If you use a custom UncaughtExceptionHandler, you must initialize it AFTER CustomActivityOnCrash! Installing anyway, but your original handler will not be called.
02-27 10:27:27.471 13921 13921 W com.mbwhatsapp: Accessing hidden method Lcom/android/org/conscrypt/OpenSSLSocketImpl;->setUseSessionTickets(Z)V (greylist- max-q,core-platform-api, reflection, denied)
02-27 10:27:27.471 13921 13921 W com.mbwhatsapp: Accessing hidden method Lcom/android/org/conscrypt/AbstractConscryptSocket;->setUseSessionTickets(Z)V (greylist-max-q, reflection, denied)
02-27 10:27:27.732 13921 13942 W LibraryVersion: Failed to get app version for libraryName: firebase-iid
02-27 10:27:28.256 13921 13921 W linker : Warning: "/data/data/com.mbwhatsapp/files/decompressed/libs.spk.zst/libc++_shared.so" unused DT entry: unknown processor-specific (type 0x70000001 arg 0x0) (ignoring)
02-27 10:27:28.252 13921 13921 W com.mbwhatsapp: type=1400 audit(0.0:11098): avc: granted { execute } for path="/data/data/com.mbwhatsapp/files/decompressed/libs.spk.zst/libc++_shared.so" dev="dm-11" ino=9380 scontext=u:r:untrusted_app:s0:c216,c256,c512,c768 tcontext=u:object_r:app_data_file:s0:c216,c256,c512,c768 tclass=file app=com.mbwhatsapp
02-27 10:27:28.252 13921 13921 W com.mbwhatsapp: type=1400 audit(0.0:11099): avc: granted { execute } for path="/data/data/com.mbwhatsapp/files/decompressed/libs.spk.zst/libvlc.so" dev="dm- 11" ino=4006 scontext=u:r:untrusted_app:s0:c216,c256,c512,c768 tcontext=u:object_r:app_data_file:s0:c216,c256,c512,c768 tclass=file app=com.mbwhatsapp
02-27 10:27:28.256 13921 13921 W com.mbwhatsapp: type=1400 audit(0.0:11100): avc: granted { execute } for path="/data/data/com.mbwhatsapp/files/decompressed/libs.spk.zst/libwhatsapp.so" dev="dm-11" ino=10592 scontext=u:r:untrusted_app:s0:c216,c256,c512,c768 tcontext=u:object_r:app_data_file:s0:c216,c256,c512,c768 tclass=file app=com.mbwhatsapp
02-27 10:27:28.272 13921 13921 W com.mbwhatsapp: type=1400 audit(0.0:11101): avc: granted { execute } for path="/data/data/com.mbwhatsapp/files/decompressed/libs.spk.zst/libcurve25519.so" dev="dm-11" ino=7675 scontext=u:r:untrusted_app:s0:c216,c256,c512,c768 tcontext=u:object_r:app_data_file:s0:c216,c256,c512,c768 tclass=file app=com.mbwhatsapp
02-27 10:27:28.360 13921 13921 W CheckTime: App running slow: Executing handleBindApplication : callApplicationOnCreate took 1049ms
02-27 10:27:28.368 13921 13975 W com.mbwhatsapp: Class X.2rL failed lock verification and will run slower.
02-27 10:27:28.368 13921 13975 W com.mbwhatsapp: Common causes for lock verification issues are non-optimized dex code
02-27 10:27:28.368 13921 13975 W com.mbwhatsapp: and incorrect proguard optimizations.
02-27 10:27:28.375 13921 13921 W com.mbwhatsapp: Class X.0eU failed lock verification and will run slower.
02-27 10:27:28.558 13921 13921 E com.mbwhatsapp: Invalid ID 0x00000000.
02-27 10:27:28.559 13921 13921 W System.err: android.content.res.Resources$NotFoundException: String resource ID #0x0
02-27 10:27:28.559 13921 13921 W System.err:
02-27 10:27:28.559 13921 13921 W System.err: at android.content.res.Resources.getText(Resources.java:444)
02-27 10:27:28.559 13921 13921 W System.err:
02-27 10:27:28.559 13921 13921 W System.err: at android.content.res.Resources.getString(Resources.java:537)
02-27 10:27:28.559 13921 13921 W System.err:
02-27 10:27:28.560 13921 13921 W System.err: at X.35t.A0E(Unknown Source:46)
02-27 10:27:28.560 13921 13921 W System.err:
02-27 10:27:28.560 13921 13921 W System.err: at com.mbwhatsapp.yo.yo.getString(Native Method)
02-27 10:27:28.560 13921 13921 W System.err:
02-27 10:27:28.560 13921 13921 W System.err: at com.mbwhatsapp.yo.yo.getString(Native Method)
02-27 10:27:28.560 13921 13921 W System.err:
02-27 10:27:28.560 13921 13921 W System.err: at com.mbwhatsapp.youbasha.task.utils.requestAllFilesAccess14(Native Method)
02-27 10:27:28.560 13921 13921 W System.err:
02-27 10:27:28.560 13921 13921 W System.err: at com.mbwhatsapp.yo.dep.showStoragePermissionRequest(Native Method)
02-27 10:27:28.560 13921 13921 W System.err:
02-27 10:27:28.560 13921 13921 W System.err: at com.mbwhatsapp.registration.EULA.onCreate(Unknown Source:248)
02-27 10:27:28.560 13921 13921 W System.err:
02-27 10:27:28.560 13921 13921 W System.err: at android.app.Activity.performCreate(Activity.java:8071)
02-27 10:27:28.560 13921 13921 W System.err:
02-27 10:27:28.560 13921 13921 W System.err: at android.app.Activity.performCreate(Activity.java:8054)
02-27 10:27:28.560 13921 13921 W System.err:
02-27 10:27:28.560 13921 13921 W System.err: at android.app.Instrumentation.callActivityOnCreate(Instrumentation.java:1309)
02-27 10:27:28.561 13921 13921 W System.err:
02-27 10:27:28.561 13921 13921 W System.err: at android.app.ActivityThread.performLaunchActivity(ActivityThread.java:3472)
02-27 10:27:28.561 13921 13921 W System.err:
02-27 10:27:28.561 13921 13921 W System.err: at android.app.ActivityThread.handleLaunchActivity(ActivityThread.java:3680)
02-27 10:27:28.561 13921 13921 W System.err:
02-27 10:27:28.561 13921 13921 W System.err: at android.app.servertransaction.LaunchActivityItem.execute(LaunchActivityItem.java:85 )
02-27 10:27:28.561 13921 13921 W System.err:
02-27 10:27:28.561 13921 13921 W System.err: at android.app.servertransaction.TransactionExecutor.executeCallbacks(TransactionExecu tor.java:135)
02-27 10:27:28.561 13921 13921 W System.err:
02-27 10:27:28.561 13921 13921 W System.err: at android.app.servertransaction.TransactionExecutor.execute(TransactionExecutor.java: 95)
02-27 10:27:28.561 13921 13921 W System.err:
02-27 10:27:28.561 13921 13921 W System.err: at android.app.ActivityThread$H.handleMessage(ActivityThread.java:2108)
02-27 10:27:28.561 13921 13921 W System.err:
02-27 10:27:28.561 13921 13921 W System.err: at android.os.Handler.dispatchMessage(Handler.java:106)
02-27 10:27:28.561 13921 13921 W System.err:
02-27 10:27:28.561 13921 13921 W System.err: at android.os.Looper.loop(Looper.java:223)
02-27 10:27:28.561 13921 13921 W System.err:
02-27 10:27:28.562 13921 13921 W System.err: at android.app.ActivityThread.main(ActivityThread.java:7950)
02-27 10:27:28.562 13921 13921 W System.err:
02-27 10:27:28.562 13921 13921 W System.err: at java.lang.reflect.Method.invoke(Native Method)
02-27 10:27:28.562 13921 13921 W System.err:
02-27 10:27:28.562 13921 13921 W System.err: at com.android.internal.os.RuntimeInit$MethodAndArgsCaller.run(RuntimeInit.java:603)
02-27 10:27:28.562 13921 13921 W System.err:
02-27 10:27:28.562 13921 13921 W System.err: at com.android.internal.os.ZygoteInit.main(ZygoteInit.java:947)
02-27 10:27:28.562 13921 13921 W System.err:
02-27 10:27:28.610 13921 13921 W Activity: Can request only one set of permissions at a time
02-27 10:27:28.648 13921 13991 E RenderScript: Failed loading RS driver: dlopen failed: library "libRSDriverArm.so" not found
02-27 10:27:28.648 13921 13991 E RenderScript: Failed to load runtime libRSDriverArm.so, loading default
02-27 10:27:28.681 13921 13921 E ArmVmp : Match on catch block at 0x0a in for 0x139
02-27 10:27:28.691 13921 13921 E Dialog : show dialog view=DecorView@4d240b4[EULA] --------- beginning of system
02-27 10:27:28.762 13921 13921 E OpenGLRenderer: ~SkiaDisplayList() ##### pid = 13921
02-27 10:27:28.771 13921 13985 E libc : Access denied finding property "persist.vendor.sf.fbc"
02-27 10:27:28.771 13921 13985 E libc : Access denied finding property "persist.vendor.gpu.fbc"
02-27 10:27:28.771 13921 13985 E libc : Access denied finding property "persist.vendor.vsp.fbc"
02-27 10:27:29.102 13921 13985 W libEGL : EGLNativeWindowType 0xb4000073cbbb5f00 disconnect failed
02-27 10:27:29.269 13921 13921 E com.mbwhatsapp: Invalid ID 0x00000000.
02-27 10:27:29.270 13921 13921 E com.mbwhatsapp: Invalid ID 0x00000000.
02-27 10:27:29.271 13921 13921 E com.mbwhatsapp: Invalid ID 0x00000000.
02-27 10:27:29.279 13921 13921 E com.mbwhatsapp: Invalid ID 0x00000000.
02-27 10:27:29.280 13921 13921 E com.mbwhatsapp: Invalid ID 0x00000000.
02-27 10:28:05.723 13921 13921 E WindowManager: android.view.WindowLeaked: Activity com.mbwhatsapp.registration.EULA has leaked window DecorView@4d240b4[EULA] that was originally added here
02-27 10:28:05.723 13921 13921 E WindowManager: at android.view.ViewRootImpl.<init>(ViewRootImpl.java:761)
02-27 10:28:05.723 13921 13921 E WindowManager: at android.view.ViewRootImpl.<init>(ViewRootImpl.java:745)
02-27 10:28:05.723 13921 13921 E WindowManager: at android.view.SprdViewRootImpl.<init>(SprdViewRootImpl.java:47)
02-27 10:28:05.723 13921 13921 E WindowManager: at android.view.WindowManagerGlobal.addView(WindowManagerGlobal.java:407)
02-27 10:28:05.723 13921 13921 E WindowManager: at android.view.WindowManagerImpl.addView(WindowManagerImpl.java:109)
02-27 10:28:05.723 13921 13921 E WindowManager: at android.app.Dialog.show(Dialog.java:340)
02-27 10:28:05.723 13921 13921 E WindowManager: at mbmodsd.mbmodsw.mbdialog.mbdialogios.iOSDark.show(Native Method)
02-27 10:28:05.723 13921 13921 E WindowManager: at mbmodsd.mbmodsw.mbutils.mbiosdialog.mb_allfiles(Native Method)
02-27 10:28:05.723 13921 13921 E WindowManager: at com.mbwhatsapp.registration.EULA.onStart(Unknown Source:6)
02-27 10:28:05.723 13921 13921 E WindowManager: at android.app.Instrumentation.callActivityOnStart(Instrumentation.java:1435)
02-27 10:28:05.723 13921 13921 E WindowManager: at android.app.Activity.performStart(Activity.java:8097)
02-27 10:28:05.723 13921 13921 E WindowManager: at android.app.ActivityThread.handleStartActivity(ActivityThread.java:3535)
02-27 10:28:05.723 13921 13921 E WindowManager: at android.app.servertransaction.TransactionExecutor.performLifecycleSequence(Transact ionExecutor.java:221)
02-27 10:28:05.723 13921 13921 E WindowManager: at android.app.servertransaction.TransactionExecutor.cycleToPath(TransactionExecutor.j ava:201)
02-27 10:28:05.723 13921 13921 E WindowManager: at android.app.servertransaction.TransactionExecutor.executeLifecycleState(Transaction Executor.java:173)
02-27 10:28:05.723 13921 13921 E WindowManager: at android.app.servertransaction.TransactionExecutor.execute(TransactionExecutor.java: 97)
02-27 10:28:05.723 13921 13921 E WindowManager: at android.app.ActivityThread$H.handleMessage(ActivityThread.java:2108)
02-27 10:28:05.723 13921 13921 E WindowManager: at android.os.Handler.dispatchMessage(Handler.java:106)
02-27 10:28:05.723 13921 13921 E WindowManager: at android.os.Looper.loop(Looper.java:223)
02-27 10:28:05.723 13921 13921 E WindowManager: at android.app.ActivityThread.main(ActivityThread.java:7950)
02-27 10:28:05.723 13921 13921 E WindowManager: at java.lang.reflect.Method.invoke(Native Method)
02-27 10:28:05.723 13921 13921 E WindowManager: at com.android.internal.os.RuntimeInit$MethodAndArgsCaller.run(RuntimeInit.java:603)
02-27 10:28:05.723 13921 13921 E WindowManager: at com.android.internal.os.ZygoteInit.main(ZygoteInit.java:947)
02-27 10:28:05.727 13921 13985 W libEGL : EGLNativeWindowType 0xb4000073cbb54020 disconnect failed --------- beginning of main
02-27 10:28:06.884 14396 14396 E com.mbwhatsapp: Not starting debugger since process cannot load the jdwp agent.
02-27 10:28:06.978 14396 14396 W System.err: java.lang.ClassNotFoundException: mbmodsd.mbmodsw.ui.views.btn.BtnBK
02-27 10:28:06.978 14396 14396 W System.err: at java.lang.Runtime.nativeLoad(Native Method)
02-27 10:28:06.978 14396 14396 W System.err: at java.lang.Runtime.nativeLoad(Runtime.java:1131)
02-27 10:28:06.978 14396 14396 W System.err: at java.lang.Runtime.loadLibrary0(Runtime.java:1085)
02-27 10:28:06.978 14396 14396 W System.err: at java.lang.Runtime.loadLibrary0(Runtime.java:1008)
02-27 10:28:06.978 14396 14396 W System.err: at java.lang.System.loadLibrary(System.java:1664)
02-27 10:28:06.978 14396 14396 W System.err: at arm.EpicVm.<clinit>(Unknown Source:2)
02-27 10:28:06.979 14396 14396 W System.err: at java.lang.Class.newInstance(Native Method)
02-27 10:28:06.979 14396 14396 W System.err: at android.app.AppComponentFactory.instantiateApplication(AppComponentFactory.java:76)
02-27 10:28:06.979 14396 14396 W System.err: at androidx.core.app.CoreComponentFactory.instantiateApplication(Unknown Source:0)
02-27 10:28:06.979 14396 14396 W System.err: at android.app.Instrumentation.newApplication(Instrumentation.java:1158)
02-27 10:28:06.979 14396 14396 W System.err: at android.app.LoadedApk.makeApplication(LoadedApk.java:1271)
02-27 10:28:06.979 14396 14396 W System.err: at android.app.ActivityThread.handleBindApplication(ActivityThread.java:6884)
02-27 10:28:06.979 14396 14396 W System.err: at android.app.ActivityThread.access$1300(ActivityThread.java:260)
02-27 10:28:06.979 14396 14396 W System.err: at android.app.ActivityThread$H.handleMessage(ActivityThread.java:1955)
02-27 10:28:06.979 14396 14396 W System.err: at android.os.Handler.dispatchMessage(Handler.java:106)
02-27 10:28:06.979 14396 14396 W System.err: at android.os.Looper.loop(Looper.java:223)
02-27 10:28:06.979 14396 14396 W System.err: at android.app.ActivityThread.main(ActivityThread.java:7950)
02-27 10:28:06.979 14396 14396 W System.err: at java.lang.reflect.Method.invoke(Native Method)
02-27 10:28:06.979 14396 14396 W System.err: at com.android.internal.os.RuntimeInit$MethodAndArgsCaller.run(RuntimeInit.java:603)
02-27 10:28:06.979 14396 14396 W System.err: at com.android.internal.os.ZygoteInit.main(ZygoteInit.java:947)
02-27 10:28:07.046 14396 14396 E CustomActivityOnCrash: IMPORTANT WARNING! You already have an UncaughtExceptionHandler, are you sure this is correct? If you use a custom UncaughtExceptionHandler, you must initialize it AFTER CustomActivityOnCrash! Installing anyway, but your original handler will not be called.
02-27 10:28:07.282 14396 14396 W com.mbwhatsapp: Accessing hidden method Lcom/android/org/conscrypt/OpenSSLSocketImpl;->setUseSessionTickets(Z)V (greylist- max-q,core-platform-api, reflection, denied)
02-27 10:28:07.282 14396 14396 W com.mbwhatsapp: Accessing hidden method Lcom/android/org/conscrypt/AbstractConscryptSocket;->setUseSessionTickets(Z)V (greylist-max-q, reflection, denied)
02-27 10:28:07.332 14396 14396 W linker : Warning: "/data/data/com.mbwhatsapp/files/decompressed/libs.spk.zst/libc++_shared.so" unused DT entry: unknown processor-specific (type 0x70000001 arg 0x0) (ignoring)
02-27 10:28:07.328 14396 14396 W com.mbwhatsapp: type=1400 audit(0.0:11556): avc: granted { execute } for path="/data/data/com.mbwhatsapp/files/decompressed/libs.spk.zst/libc++_shared.so" dev="dm-11" ino=9380 scontext=u:r:untrusted_app:s0:c216,c256,c512,c768 tcontext=u:object_r:app_data_file:s0:c216,c256,c512,c768 tclass=file app=com.mbwhatsapp
02-27 10:28:07.336 14396 14396 W com.mbwhatsapp: type=1400 audit(0.0:11558): avc: granted { execute } for path="/data/data/com.mbwhatsapp/files/decompressed/libs.spk.zst/libwhatsapp.so" dev="dm-11" ino=10592 scontext=u:r:untrusted_app:s0:c216,c256,c512,c768 tcontext=u:object_r:app_data_file:s0:c216,c256,c512,c768 tclass=file app=com.mbwhatsapp
02-27 10:28:07.360 14396 14396 W com.mbwhatsapp: type=1400 audit(0.0:11559): avc: granted { execute } for path="/data/data/com.mbwhatsapp/files/decompressed/libs.spk.zst/libcurve25519.so" dev="dm-11" ino=7675 scontext=u:r:untrusted_app:s0:c216,c256,c512,c768 tcontext=u:object_r:app_data_file:s0:c216,c256,c512,c768 tclass=file app=com.mbwhatsapp
02-27 10:28:07.368 14396 14396 W com.mbwhatsapp: type=1400 audit(0.0:11560): avc: granted { execute } for path="/data/data/com.mbwhatsapp/files/decompressed/libs.spk.zst/libwhatsapp.so" dev="dm-11" ino=10592 scontext=u:r:untrusted_app:s0:c216,c256,c512,c768 tcontext=u:object_r:app_data_file:s0:c216,c256,c512,c768 tclass=file app=com.mbwhatsapp
02-27 10:28:07.460 14396 14396 W CheckTime: App running slow: Executing handleBindApplication : callApplicationOnCreate took 382ms
02-27 10:28:07.466 14396 14445 W com.mbwhatsapp: Class X.2rL failed lock verification and will run slower.
02-27 10:28:07.466 14396 14445 W com.mbwhatsapp: Common causes for lock verification issues are non-optimized dex code
02-27 10:28:07.466 14396 14445 W com.mbwhatsapp: and incorrect proguard optimizations.
02-27 10:28:34.908 14396 14396 W com.mbwhatsapp: Class X.0eU failed lock verification and will run slower. --------- beginning of system
02-27 10:28:35.249 14396 14396 E OpenGLRenderer: ~SkiaDisplayList() ##### pid = 14396
02-27 10:28:35.253 14396 14666 E libc : Access denied finding property "persist.vendor.sf.fbc"
02-27 10:28:35.253 14396 14666 E libc : Access denied finding property "persist.vendor.gpu.fbc"
02-27 10:28:35.253 14396 14666 E libc : Access denied finding property "persist.vendor.vsp.fbc"
02-27 10:28:36.885 14396 14693 E ShortcutInfoCompatSaver: Failed to load saved values from file /data/user/0/com.mbwhatsapp/files/ShortcutInfoCompatSaver_share_targets/ targets.xml. Old state removed, new added
02-27 10:28:36.885 14396 14693 E ShortcutInfoCompatSaver: java.io.FileNotFoundException: /data/user/0/com.mbwhatsapp/files/ShortcutInfoCompatSaver_share_targets/ targets.xml: open failed: ENOENT (No such file or directory)
02-27 10:28:36.885 14396 14693 E ShortcutInfoCompatSaver: at libcore.io.IoBridge.open(IoBridge.java:492)
02-27 10:28:36.885 14396 14693 E ShortcutInfoCompatSaver: at java.io.FileInputStream.<init>(FileInputStream.java:160)
02-27 10:28:36.885 14396 14693 E ShortcutInfoCompatSaver: at X.0nz.run(Unknown Source:82)
02-27 10:28:36.885 14396 14693 E ShortcutInfoCompatSaver: at java.util.concurrent.Executors$RunnableAdapter.call(Executors.java:462)
02-27 10:28:36.885 14396 14693 E ShortcutInfoCompatSaver: at java.util.concurrent.FutureTask.run(FutureTask.java:266)
02-27 10:28:36.885 14396 14693 E ShortcutInfoCompatSaver: at java.util.concurrent.ThreadPoolExecutor.runWorker(ThreadPoolExecutor.java:1167)
02-27 10:28:36.885 14396 14693 E ShortcutInfoCompatSaver: at java.util.concurrent.ThreadPoolExecutor$Worker.run(ThreadPoolExecutor.java:641)
02-27 10:28:36.885 14396 14693 E ShortcutInfoCompatSaver: at java.lang.Thread.run(Thread.java:923)
02-27 10:28:36.885 14396 14693 E ShortcutInfoCompatSaver: Caused by: android.system.ErrnoException: open failed: ENOENT (No such file or directory)
02-27 10:28:36.885 14396 14693 E ShortcutInfoCompatSaver: at libcore.io.Linux.open(Native Method)
02-27 10:28:36.885 14396 14693 E ShortcutInfoCompatSaver: at libcore.io.ForwardingOs.open(ForwardingOs.java:166)
02-27 10:28:36.885 14396 14693 E ShortcutInfoCompatSaver: at libcore.io.BlockGuardOs.open(BlockGuardOs.java:254)
02-27 10:28:36.885 14396 14693 E ShortcutInfoCompatSaver: at libcore.io.ForwardingOs.open(ForwardingOs.java:166)
02-27 10:28:36.885 14396 14693 E ShortcutInfoCompatSaver: at android.app.ActivityThread$AndroidOs.open(ActivityThread.java:7811)
02-27 10:28:36.885 14396 14693 E ShortcutInfoCompatSaver: at libcore.io.IoBridge.open(IoBridge.java:478)
02-27 10:28:36.885 14396 14693 E ShortcutInfoCompatSaver: ... 7 more
02-27 10:28:36.910 14396 14666 E FrameEvents: updateAcquireFence: Did not find frame.
02-27 10:28:36.910 14396 14666 E BufferQueueProducer: [ImageReader-720x43f1u256m2- 14396-0](id:383c00000000,api:0,p:-1,c:14396) disconnect: not connected (req=1)
02-27 10:28:36.910 14396 14666 W libEGL : EGLNativeWindowType 0xb4000073cbbef6b0 disconnect failed
02-27 10:28:36.915 14396 14666 E FrameEvents: updateAcquireFence: Did not find frame.
02-27 10:28:36.916 14396 14666 E BufferQueueProducer: [ImageReader-720x122f1u256m2- 14396-1](id:383c00000001,api:0,p:-1,c:14396) disconnect: not connected (req=1)
02-27 10:28:36.916 14396 14666 W libEGL : EGLNativeWindowType 0xb4000073cbbef6b0 disconnect failed
02-27 10:28:36.929 14396 14666 E FrameEvents: updateAcquireFence: Did not find frame.
02-27 10:28:36.930 14396 14666 E BufferQueueProducer: [ImageReader-720x897f1u256m2- 14396-2](id:383c00000002,api:0,p:-1,c:14396) disconnect: not connected (req=1)
02-27 10:28:36.930 14396 14666 W libEGL : EGLNativeWindowType 0xb4000073cbc02940 disconnect failed
02-27 10:28:36.932 14396 14396 W com.mbwhatsapp: type=1400 audit(0.0:11653): avc: denied { read } for name="osrelease" dev="proc" ino=870074 scontext=u:r:untrusted_app:s0:c216,c256,c512,c768 tcontext=u:object_r:proc:s0 tclass=file permissive=0 app=com.mbwhatsapp
02-27 10:28:38.829 14396 14666 W libEGL : EGLNativeWindowType 0xb4000073cbb672b0 disconnect failed
02-27 10:28:38.844 14396 14666 W libEGL : EGLNativeWindowType 0xb4000073cbc24a40 disconnect failed
02-27 10:28:43.662 14396 14396 E Dialog : show dialog view=DecorView@9273150[RegisterPhone]
02-27 10:28:44.166 14396 14466 E PlayCore: UID: [10216] PID: [14396] StandardIntegrity : Phonesky is not installed.
02-27 10:28:44.969 14396 14666 W libEGL : EGLNativeWindowType 0xb4000073cbbeb290 disconnect failed
02-27 10:28:45.018 14396 14396 E Dialog : show dialog view=DecorView@e5df94b[RegisterPhone]
02-27 10:28:46.425 14396 14666 W libEGL : EGLNativeWindowType 0xb4000073cbbeb290 disconnect failed
02-27 10:28:46.882 14396 14396 E Dialog : show dialog view=DecorView@424593e[VerifyPhoneNumber]
02-27 10:28:47.400 14396 14666 W libEGL : EGLNativeWindowType 0xb4000073cbc24a40 disconnect failed
02-27 10:28:47.535 14396 14666 W libEGL : EGLNativeWindowType 0xb4000073cbc46b40 disconnect failed
02-27 10:28:50.307 14396 14666 W libEGL : EGLNativeWindowType 0xb4000073cbc4d170 disconnect failed
02-27 10:28:50.909 14396 14666 W libEGL : EGLNativeWindowType 0xb4000073cbc46b40 disconnect failed
02-27 10:29:00.048 14396 14666 W libEGL : EGLNativeWindowType 0xb4000073cbc4d170 disconnect failed
02-27 10:29:05.403 14396 14410 W System : A resource failed to call release.
02-27 10:29:43.205 14396 14666 W libEGL : EGLNativeWindowType 0xb4000073cbc4d170 disconnect failed
02-27 10:30:03.134 14396 14666 W libEGL : EGLNativeWindowType 0xb4000073cbc48d50 disconnect failed --------- beginning of main
02-27 10:30:06.544 15308 15308 E com.mbwhatsapp: Not starting debugger since process cannot load the jdwp agent.
02-27 10:30:06.649 15308 15308 W System.err: java.lang.ClassNotFoundException: mbmodsd.mbmodsw.ui.views.btn.BtnBK
02-27 10:30:06.649 15308 15308 W System.err: at java.lang.Runtime.nativeLoad(Native Method)
02-27 10:30:06.649 15308 15308 W System.err: at java.lang.Runtime.nativeLoad(Runtime.java:1131)
02-27 10:30:06.649 15308 15308 W System.err: at java.lang.Runtime.loadLibrary0(Runtime.java:1085)
02-27 10:30:06.649 15308 15308 W System.err: at java.lang.Runtime.loadLibrary0(Runtime.java:1008)
02-27 10:30:06.649 15308 15308 W System.err: at java.lang.System.loadLibrary(System.java:1664)
02-27 10:30:06.649 15308 15308 W System.err: at arm.EpicVm.<clinit>(Unknown Source:2)
02-27 10:30:06.649 15308 15308 W System.err: at java.lang.Class.newInstance(Native Method)
02-27 10:30:06.649 15308 15308 W System.err: at android.app.AppComponentFactory.instantiateApplication(AppComponentFactory.java:76)
02-27 10:30:06.649 15308 15308 W System.err: at androidx.core.app.CoreComponentFactory.instantiateApplication(Unknown Source:0)
02-27 10:30:06.649 15308 15308 W System.err: at android.app.Instrumentation.newApplication(Instrumentation.java:1158)
02-27 10:30:06.649 15308 15308 W System.err: at android.app.LoadedApk.makeApplication(LoadedApk.java:1271)
02-27 10:30:06.649 15308 15308 W System.err: at android.app.ActivityThread.handleBindApplication(ActivityThread.java:6884)
02-27 10:30:06.649 15308 15308 W System.err: at android.app.ActivityThread.access$1300(ActivityThread.java:260)
02-27 10:30:06.649 15308 15308 W System.err: at android.app.ActivityThread$H.handleMessage(ActivityThread.java:1955)
02-27 10:30:06.649 15308 15308 W System.err: at android.os.Handler.dispatchMessage(Handler.java:106)
02-27 10:30:06.649 15308 15308 W System.err: at android.os.Looper.loop(Looper.java:223)
02-27 10:30:06.649 15308 15308 W System.err: at android.app.ActivityThread.main(ActivityThread.java:7950)
02-27 10:30:06.650 15308 15308 W System.err: at java.lang.reflect.Method.invoke(Native Method)
02-27 10:30:06.650 15308 15308 W System.err: at com.android.internal.os.RuntimeInit$MethodAndArgsCaller.run(RuntimeInit.java:603)
02-27 10:30:06.650 15308 15308 W System.err: at com.android.internal.os.ZygoteInit.main(ZygoteInit.java:947)
02-27 10:30:06.688 15308 15308 E CustomActivityOnCrash: IMPORTANT WARNING! You already have an UncaughtExceptionHandler, are you sure this is correct? If you use a custom UncaughtExceptionHandler, you must initialize it AFTER CustomActivityOnCrash! Installing anyway, but your original handler will not be called.
02-27 10:30:06.959 15308 15308 W com.mbwhatsapp: Accessing hidden method Lcom/android/org/conscrypt/OpenSSLSocketImpl;->setUseSessionTickets(Z)V (greylist- max-q,core-platform-api, reflection, denied)
02-27 10:30:06.959 15308 15308 W com.mbwhatsapp: Accessing hidden method Lcom/android/org/conscrypt/AbstractConscryptSocket;->setUseSessionTickets(Z)V (greylist-max-q, reflection, denied)
02-27 10:30:06.994 15308 15308 W linker : Warning: "/data/data/com.mbwhatsapp/files/decompressed/libs.spk.zst/libc++_shared.so" unused DT entry: unknown processor-specific (type 0x70000001 arg 0x0) (ignoring)
02-27 10:30:07.140 15308 15386 W com.mbwhatsapp: Class X.2rL failed lock verification and will run slower.
02-27 10:30:07.140 15308 15386 W com.mbwhatsapp: Common causes for lock verification issues are non-optimized dex code
02-27 10:30:07.140 15308 15386 W com.mbwhatsapp: and incorrect proguard optimizations.
02-27 10:30:07.141 15308 15308 W CheckTime: App running slow: Executing handleBindApplication : callApplicationOnCreate took 409ms
02-27 10:30:07.159 15308 15308 W com.mbwhatsapp: Class X.0eU failed lock verification and will run slower. --------- beginning of system
02-27 10:30:07.482 15308 15308 E OpenGLRenderer: ~SkiaDisplayList() ##### pid = 15308
02-27 10:30:07.485 15308 15392 E libc : Access denied finding property "persist.vendor.sf.fbc"
02-27 10:30:07.485 15308 15392 E libc : Access denied finding property "persist.vendor.gpu.fbc"
02-27 10:30:07.485 15308 15392 E libc : Access denied finding property "persist.vendor.vsp.fbc"
02-27 10:30:09.514 15308 15392 W libEGL : EGLNativeWindowType 0xb4000073cbb54020 disconnect failed
02-27 10:30:09.528 15308 15392 W libEGL : EGLNativeWindowType 0xb4000073cbbef6b0 disconnect failed
02-27 10:31:07.252 15308 15308 E Dialog : show dialog view=DecorView@31b7e56[RegisterPhone]
02-27 10:31:07.804 15308 15438 E PlayCore: UID: [10216] PID: [15308] StandardIntegrity : Phonesky is not installed.
02-27 10:31:08.430 15308 15392 W libEGL : EGLNativeWindowType 0xb4000073cbb54020 disconnect failed
02-27 10:31:08.491 15308 15308 E Dialog : show dialog view=DecorView@ec0e69f[RegisterPhone]
02-27 10:31:11.870 15308 15392 W libEGL : EGLNativeWindowType 0xb4000073cbb54020 disconnect failed
02-27 10:31:12.278 15308 15308 E Dialog : show dialog view=DecorView@f9d0fd4[VerifyPhoneNumber]
02-27 10:31:12.759 15308 15392 W libEGL : EGLNativeWindowType 0xb4000073cbbef6b0 disconnect failed
02-27 10:31:12.807 15308 15392 W libEGL : EGLNativeWindowType 0xb4000073cbc19ff0 disconnect failed
02-27 10:31:15.633 15308 15392 W libEGL : EGLNativeWindowType 0xb4000073cbc139c0 disconnect failed
02-27 10:31:16.220 15308 15392 W libEGL : EGLNativeWindowType 0xb4000073cbc19ff0 disconnect failed
02-27 10:31:21.892 15308 15392 W libEGL : EGLNativeWindowType 0xb4000073cbbef6b0 disconnect failed
02-27 10:31:25.354 15308 15392 W libEGL : EGLNativeWindowType 0xb4000073cbbfa100 disconnect failed --------- beginning of main
02-27 10:31:30.407 16107 16107 E com.mbwhatsapp: Not starting debugger since process cannot load the jdwp agent.
02-27 10:31:30.616 16107 16107 W System.err: java.lang.ClassNotFoundException: mbmodsd.mbmodsw.ui.views.btn.BtnBK
02-27 10:31:30.617 16107 16107 W System.err: at java.lang.Runtime.nativeLoad(Native Method)
02-27 10:31:30.617 16107 16107 W System.err: at java.lang.Runtime.nativeLoad(Runtime.java:1131)
02-27 10:31:30.617 16107 16107 W System.err: at java.lang.Runtime.loadLibrary0(Runtime.java:1085)
02-27 10:31:30.617 16107 16107 W System.err: at java.lang.Runtime.loadLibrary0(Runtime.java:1008)
02-27 10:31:30.617 16107 16107 W System.err: at java.lang.System.loadLibrary(System.java:1664)
02-27 10:31:30.617 16107 16107 W System.err: at arm.EpicVm.<clinit>(Unknown Source:2)
02-27 10:31:30.617 16107 16107 W System.err: at java.lang.Class.newInstance(Native Method)
02-27 10:31:30.617 16107 16107 W System.err: at android.app.AppComponentFactory.instantiateApplication(AppComponentFactory.java:76)
02-27 10:31:30.617 16107 16107 W System.err: at androidx.core.app.CoreComponentFactory.instantiateApplication(Unknown Source:0)
02-27 10:31:30.617 16107 16107 W System.err: at android.app.Instrumentation.newApplication(Instrumentation.java:1158)
02-27 10:31:30.617 16107 16107 W System.err: at android.app.LoadedApk.makeApplication(LoadedApk.java:1271)
02-27 10:31:30.617 16107 16107 W System.err: at android.app.ActivityThread.handleBindApplication(ActivityThread.java:6884)
02-27 10:31:30.617 16107 16107 W System.err: at android.app.ActivityThread.access$1300(ActivityThread.java:260)
02-27 10:31:30.617 16107 16107 W System.err: at android.app.ActivityThread$H.handleMessage(ActivityThread.java:1955)
02-27 10:31:30.617 16107 16107 W System.err: at android.os.Handler.dispatchMessage(Handler.java:106)
02-27 10:31:30.617 16107 16107 W System.err: at android.os.Looper.loop(Looper.java:223)
02-27 10:31:30.617 16107 16107 W System.err: at android.app.ActivityThread.main(ActivityThread.java:7950)
02-27 10:31:30.617 16107 16107 W System.err: at java.lang.reflect.Method.invoke(Native Method)
02-27 10:31:30.617 16107 16107 W System.err: at com.android.internal.os.RuntimeInit$MethodAndArgsCaller.run(RuntimeInit.java:603)
02-27 10:31:30.617 16107 16107 W System.err: at com.android.internal.os.ZygoteInit.main(ZygoteInit.java:947)
02-27 10:31:30.689 16107 16107 W CheckTime: App running slow: Executing handleBindApplication : makeApplication took 213ms
02-27 10:31:30.693 16107 16107 E CustomActivityOnCrash: IMPORTANT WARNING! You already have an UncaughtExceptionHandler, are you sure this is correct? If you use a custom UncaughtExceptionHandler, you must initialize it AFTER CustomActivityOnCrash! Installing anyway, but your original handler will not be called.
02-27 10:31:31.147 16107 16107 W com.mbwhatsapp: Accessing hidden method Lcom/android/org/conscrypt/OpenSSLSocketImpl;->setUseSessionTickets(Z)V (greylist- max-q,core-platform-api, reflection, denied)
02-27 10:31:31.147 16107 16107 W com.mbwhatsapp: Accessing hidden method Lcom/android/org/conscrypt/AbstractConscryptSocket;->setUseSessionTickets(Z)V (greylist-max-q, reflection, denied)
02-27 10:31:31.233 16107 16107 W linker : Warning: "/data/data/com.mbwhatsapp/files/decompressed/libs.spk.zst/libc++_shared.so" unused DT entry: unknown processor-specific (type 0x70000001 arg 0x0) (ignoring)
02-27 10:31:31.228 16107 16107 W com.mbwhatsapp: type=1400 audit(0.0:13003): avc: granted { execute } for path="/data/data/com.mbwhatsapp/files/decompressed/libs.spk.zst/libc++_shared.so" dev="dm-11" ino=9380 scontext=u:r:untrusted_app:s0:c216,c256,c512,c768 tcontext=u:object_r:app_data_file:s0:c216,c256,c512,c768 tclass=file app=com.mbwhatsapp
02-27 10:31:31.244 16107 16107 W com.mbwhatsapp: type=1400 audit(0.0:13004): avc: granted { execute } for path="/data/data/com.mbwhatsapp/files/decompressed/libs.spk.zst/libvlc.so" dev="dm- 11" ino=4006 scontext=u:r:untrusted_app:s0:c216,c256,c512,c768 tcontext=u:object_r:app_data_file:s0:c216,c256,c512,c768 tclass=file app=com.mbwhatsapp
02-27 10:31:31.256 16107 16107 W com.mbwhatsapp: type=1400 audit(0.0:13005): avc: granted { execute } for path="/data/data/com.mbwhatsapp/files/decompressed/libs.spk.zst/libwhatsapp.so" dev="dm-11" ino=10592 scontext=u:r:untrusted_app:s0:c216,c256,c512,c768 tcontext=u:object_r:app_data_file:s0:c216,c256,c512,c768 tclass=file app=com.mbwhatsapp
02-27 10:31:31.320 16107 16107 W com.mbwhatsapp: type=1400 audit(0.0:13006): avc: granted { execute } for path="/data/data/com.mbwhatsapp/files/decompressed/libs.spk.zst/libcurve25519.so" dev="dm-11" ino=7675 scontext=u:r:untrusted_app:s0:c216,c256,c512,c768 tcontext=u:object_r:app_data_file:s0:c216,c256,c512,c768 tclass=file app=com.mbwhatsapp
02-27 10:31:31.336 16107 16107 W com.mbwhatsapp: type=1400 audit(0.0:13007): avc: granted { execute } for path="/data/data/com.mbwhatsapp/files/decompressed/libs.spk.zst/libwhatsapp.so" dev="dm-11" ino=10592 scontext=u:r:untrusted_app:s0:c216,c256,c512,c768 tcontext=u:object_r:app_data_file:s0:c216,c256,c512,c768 tclass=file app=com.mbwhatsapp
02-27 10:31:31.532 16107 16107 W CheckTime: App running slow: Executing handleBindApplication : callApplicationOnCreate took 769ms
02-27 10:31:31.535 16107 16155 W com.mbwhatsapp: Class X.2rL failed lock verification and will run slower.
02-27 10:31:31.535 16107 16155 W com.mbwhatsapp: Common causes for lock verification issues are non-optimized dex code
02-27 10:31:31.535 16107 16155 W com.mbwhatsapp: and incorrect proguard optimizations.
02-27 10:32:39.681 16107 16107 W com.mbwhatsapp: Class X.0eU failed lock verification and will run slower. --------- beginning of system
02-27 10:32:39.888 16107 16107 W com.mbwhatsapp: type=1400 audit(0.0:13370): avc: denied { read } for name="osrelease" dev="proc" ino=870074 scontext=u:r:untrusted_app:s0:c216,c256,c512,c768 tcontext=u:object_r:proc:s0 tclass=file permissive=0 app=com.mbwhatsapp
02-27 10:32:39.949 16107 16107 E OpenGLRenderer: ~SkiaDisplayList() ##### pid = 16107
02-27 10:32:39.951 16107 16256 E libc : Access denied finding property "persist.vendor.sf.fbc"
02-27 10:32:39.951 16107 16256 E libc : Access denied finding property "persist.vendor.gpu.fbc"
02-27 10:32:39.951 16107 16256 E libc : Access denied finding property "persist.vendor.vsp.fbc"
02-27 10:32:42.922 16107 16256 W libEGL : EGLNativeWindowType 0xb4000073cbb54020 disconnect failed --------- beginning of main
02-27 10:33:16.558 16633 16633 E com.mbwhatsapp: Not starting debugger since process cannot load the jdwp agent.
02-27 10:33:16.726 16633 16633 W System.err: java.lang.ClassNotFoundException: mbmodsd.mbmodsw.ui.views.btn.BtnBK
02-27 10:33:16.726 16633 16633 W System.err: at java.lang.Runtime.nativeLoad(Native Method)
02-27 10:33:16.726 16633 16633 W System.err: at java.lang.Runtime.nativeLoad(Runtime.java:1131)
02-27 10:33:16.726 16633 16633 W System.err: at java.lang.Runtime.loadLibrary0(Runtime.java:1085)
02-27 10:33:16.726 16633 16633 W System.err: at java.lang.Runtime.loadLibrary0(Runtime.java:1008)
02-27 10:33:16.726 16633 16633 W System.err: at java.lang.System.loadLibrary(System.java:1664)
02-27 10:33:16.726 16633 16633 W System.err: at arm.EpicVm.<clinit>(Unknown Source:2)
02-27 10:33:16.726 16633 16633 W System.err: at java.lang.Class.newInstance(Native Method)
02-27 10:33:16.726 16633 16633 W System.err: at android.app.AppComponentFactory.instantiateApplication(AppComponentFactory.java:76)
02-27 10:33:16.726 16633 16633 W System.err: at androidx.core.app.CoreComponentFactory.instantiateApplication(Unknown Source:0)
02-27 10:33:16.726 16633 16633 W System.err: at android.app.Instrumentation.newApplication(Instrumentation.java:1158)
02-27 10:33:16.726 16633 16633 W System.err: at android.app.LoadedApk.makeApplication(LoadedApk.java:1271)
02-27 10:33:16.726 16633 16633 W System.err: at android.app.ActivityThread.handleBindApplication(ActivityThread.java:6884)
02-27 10:33:16.726 16633 16633 W System.err: at android.app.ActivityThread.access$1300(ActivityThread.java:260)
02-27 10:33:16.726 16633 16633 W System.err: at android.app.ActivityThread$H.handleMessage(ActivityThread.java:1955)
02-27 10:33:16.726 16633 16633 W System.err: at android.os.Handler.dispatchMessage(Handler.java:106)
02-27 10:33:16.726 16633 16633 W System.err: at android.os.Looper.loop(Looper.java:223)
02-27 10:33:16.726 16633 16633 W System.err: at android.app.ActivityThread.main(ActivityThread.java:7950)
02-27 10:33:16.726 16633 16633 W System.err: at java.lang.reflect.Method.invoke(Native Method)
02-27 10:33:16.726 16633 16633 W System.err: at com.android.internal.os.RuntimeInit$MethodAndArgsCaller.run(RuntimeInit.java:603)
02-27 10:33:16.726 16633 16633 W System.err: at com.android.internal.os.ZygoteInit.main(ZygoteInit.java:947)
02-27 10:33:16.816 16633 16633 E CustomActivityOnCrash: IMPORTANT WARNING! You already have an UncaughtExceptionHandler, are you sure this is correct? If you use a custom UncaughtExceptionHandler, you must initialize it AFTER CustomActivityOnCrash! Installing anyway, but your original handler will not be called.
02-27 10:33:17.172 16633 16633 W com.mbwhatsapp: Accessing hidden method Lcom/android/org/conscrypt/OpenSSLSocketImpl;->setUseSessionTickets(Z)V (greylist- max-q,core-platform-api, reflection, denied)
02-27 10:33:17.172 16633 16633 W com.mbwhatsapp: Accessing hidden method Lcom/android/org/conscrypt/AbstractConscryptSocket;->setUseSessionTickets(Z)V (greylist-max-q, reflection, denied)
02-27 10:33:17.246 16633 16633 W linker : Warning: "/data/data/com.mbwhatsapp/files/decompressed/libs.spk.zst/libc++_shared.so" unused DT entry: unknown processor-specific (type 0x70000001 arg 0x0) (ignoring)
02-27 10:33:17.240 16633 16633 W com.mbwhatsapp: type=1400 audit(0.0:13478): avc: granted { execute } for path="/data/data/com.mbwhatsapp/files/decompressed/libs.spk.zst/libc++_shared.so" dev="dm-11" ino=9380 scontext=u:r:untrusted_app:s0:c216,c256,c512,c768 tcontext=u:object_r:app_data_file:s0:c216,c256,c512,c768 tclass=file app=com.mbwhatsapp
02-27 10:33:17.248 16633 16633 W com.mbwhatsapp: type=1400 audit(0.0:13479): avc: granted { execute } for path="/data/data/com.mbwhatsapp/files/decompressed/libs.spk.zst/libvlc.so" dev="dm- 11" ino=4006 scontext=u:r:untrusted_app:s0:c216,c256,c512,c768 tcontext=u:object_r:app_data_file:s0:c216,c256,c512,c768 tclass=file app=com.mbwhatsapp
02-27 10:33:17.260 16633 16633 W com.mbwhatsapp: type=1400 audit(0.0:13480): avc: granted { execute } for path="/data/data/com.mbwhatsapp/files/decompressed/libs.spk.zst/libwhatsapp.so" dev="dm-11" ino=10592 scontext=u:r:untrusted_app:s0:c216,c256,c512,c768 tcontext=u:object_r:app_data_file:s0:c216,c256,c512,c768 tclass=file app=com.mbwhatsapp
02-27 10:33:17.320 16633 16633 W com.mbwhatsapp: type=1400 audit(0.0:13481): avc: granted { execute } for path="/data/data/com.mbwhatsapp/files/decompressed/libs.spk.zst/libcurve25519.so" dev="dm-11" ino=7675 scontext=u:r:untrusted_app:s0:c216,c256,c512,c768 tcontext=u:object_r:app_data_file:s0:c216,c256,c512,c768 tclass=file app=com.mbwhatsapp
02-27 10:33:17.328 16633 16633 W com.mbwhatsapp: type=1400 audit(0.0:13482): avc: granted { execute } for path="/data/data/com.mbwhatsapp/files/decompressed/libs.spk.zst/libwhatsapp.so" dev="dm-11" ino=10592 scontext=u:r:untrusted_app:s0:c216,c256,c512,c768 tcontext=u:object_r:app_data_file:s0:c216,c256,c512,c768 tclass=file app=com.mbwhatsapp
02-27 10:33:17.444 16633 16633 W CheckTime: App running slow: Executing handleBindApplication : callApplicationOnCreate took 574ms
02-27 10:33:17.449 16633 16681 W com.mbwhatsapp: Class X.2rL failed lock verification and will run slower.
02-27 10:33:17.449 16633 16681 W com.mbwhatsapp: Common causes for lock verification issues are non-optimized dex code
02-27 10:33:17.449 16633 16681 W com.mbwhatsapp: and incorrect proguard optimizations. --------- beginning of main
02-27 12:56:16.029 14703 14703 E com.mbwhatsapp: Not starting debugger since process cannot load the jdwp agent.
02-27 12:56:16.398 14703 14703 W System.err: java.lang.ClassNotFoundException: mbmodsd.mbmodsw.ui.views.btn.BtnBK
02-27 12:56:16.398 14703 14703 W System.err: at java.lang.Runtime.nativeLoad(Native Method)
02-27 12:56:16.398 14703 14703 W System.err: at java.lang.Runtime.nativeLoad(Runtime.java:1131)
02-27 12:56:16.398 14703 14703 W System.err: at java.lang.Runtime.loadLibrary0(Runtime.java:1085)
02-27 12:56:16.398 14703 14703 W System.err: at java.lang.Runtime.loadLibrary0(Runtime.java:1008)
02-27 12:56:16.398 14703 14703 W System.err: at java.lang.System.loadLibrary(System.java:1664)
02-27 12:56:16.398 14703 14703 W System.err: at arm.EpicVm.<clinit>(Unknown Source:2)
02-27 12:56:16.398 14703 14703 W System.err: at java.lang.Class.newInstance(Native Method)
02-27 12:56:16.398 14703 14703 W System.err: at android.app.AppComponentFactory.instantiateApplication(AppComponentFactory.java:76)
02-27 12:56:16.398 14703 14703 W System.err: at androidx.core.app.CoreComponentFactory.instantiateApplication(Unknown Source:0)
02-27 12:56:16.398 14703 14703 W System.err: at android.app.Instrumentation.newApplication(Instrumentation.java:1158)
02-27 12:56:16.398 14703 14703 W System.err: at android.app.LoadedApk.makeApplication(LoadedApk.java:1271)
02-27 12:56:16.398 14703 14703 W System.err: at android.app.ActivityThread.handleBindApplication(ActivityThread.java:6884)
02-27 12:56:16.398 14703 14703 W System.err: at android.app.ActivityThread.access$1300(ActivityThread.java:260)
02-27 12:56:16.398 14703 14703 W System.err: at android.app.ActivityThread$H.handleMessage(ActivityThread.java:1955)
02-27 12:56:16.398 14703 14703 W System.err: at android.os.Handler.dispatchMessage(Handler.java:106)
02-27 12:56:16.398 14703 14703 W System.err: at android.os.Looper.loop(Looper.java:223)
02-27 12:56:16.398 14703 14703 W System.err: at android.app.ActivityThread.main(ActivityThread.java:7950)
02-27 12:56:16.398 14703 14703 W System.err: at java.lang.reflect.Method.invoke(Native Method)
02-27 12:56:16.398 14703 14703 W System.err: at com.android.internal.os.RuntimeInit$MethodAndArgsCaller.run(RuntimeInit.java:603)
02-27 12:56:16.398 14703 14703 W System.err: at com.android.internal.os.ZygoteInit.main(ZygoteInit.java:947)
02-27 12:56:16.485 14703 14703 W CheckTime: App running slow: Executing handleBindApplication : makeApplication took 320ms
02-27 12:56:16.494 14703 14703 E CustomActivityOnCrash: IMPORTANT WARNING! You already have an UncaughtExceptionHandler, are you sure this is correct? If you use a custom UncaughtExceptionHandler, you must initialize it AFTER CustomActivityOnCrash! Installing anyway, but your original handler will not be called.
02-27 12:56:17.119 14703 14703 W com.mbwhatsapp: Accessing hidden method Lcom/android/org/conscrypt/OpenSSLSocketImpl;->setUseSessionTickets(Z)V (greylist- max-q,core-platform-api, reflection, denied)
02-27 12:56:17.120 14703 14703 W com.mbwhatsapp: Accessing hidden method Lcom/android/org/conscrypt/AbstractConscryptSocket;->setUseSessionTickets(Z)V (greylist-max-q, reflection, denied)
02-27 12:56:17.191 14703 14703 W linker : Warning: "/data/data/com.mbwhatsapp/files/decompressed/libs.spk.zst/libc++_shared.so" unused DT entry: unknown processor-specific (type 0x70000001 arg 0x0) (ignoring)
02-27 12:56:17.185 14703 14703 W com.mbwhatsapp: type=1400 audit(0.0:41676): avc: granted { execute } for path="/data/data/com.mbwhatsapp/files/decompressed/libs.spk.zst/libc++_shared.so" dev="dm-11" ino=9380 scontext=u:r:untrusted_app:s0:c216,c256,c512,c768 tcontext=u:object_r:app_data_file:s0:c216,c256,c512,c768 tclass=file app=com.mbwhatsapp
02-27 12:56:17.193 14703 14703 W com.mbwhatsapp: type=1400 audit(0.0:41677): avc: granted { execute } for path="/data/data/com.mbwhatsapp/files/decompressed/libs.spk.zst/libvlc.so" dev="dm- 11" ino=4006 scontext=u:r:untrusted_app:s0:c216,c256,c512,c768 tcontext=u:object_r:app_data_file:s0:c216,c256,c512,c768 tclass=file app=com.mbwhatsapp
02-27 12:56:17.201 14703 14703 W com.mbwhatsapp: type=1400 audit(0.0:41678): avc: granted { execute } for path="/data/data/com.mbwhatsapp/files/decompressed/libs.spk.zst/libwhatsapp.so" dev="dm-11" ino=10592 scontext=u:r:untrusted_app:s0:c216,c256,c512,c768 tcontext=u:object_r:app_data_file:s0:c216,c256,c512,c768 tclass=file app=com.mbwhatsapp
