01-17 14:50:44.180 15464 15464 E ArmVmp : Match on catch block at 0xc3 in for 0x763307a025
01-17 14:50:44.409 15464 15464 E ArmVmp : Match on catch block at 0xc3 in for 0x763307a025
01-17 14:50:44.410 15464 15464 E ArmVmp : Match on catch block at 0xc3 in for 0x763307a025
01-17 14:50:44.659 15464 15464 E ArmVmp : Match on catch block at 0xc3 in for 0x763307a025
01-17 14:50:44.661 15464 15464 E ArmVmp : Match on catch block at 0xc3 in for 0x763307a025
01-17 14:50:44.844 15464 15464 E ArmVmp : Match on catch block at 0xc3 in for 0x763307a025
01-17 14:50:44.848 15464 15464 E ArmVmp : Match on catch block at 0xc3 in for 0x763307a025
01-17 14:50:44.864 15464 15464 E ArmVmp : Match on catch block at 0xc3 in for 0x763307a025
01-17 14:50:44.867 15464 15464 E ArmVmp : Match on catch block at 0xc3 in for 0x763307a025
01-17 14:50:45.009 15464 15464 E ArmVmp : Match on catch block at 0xc3 in for 0x763307a025
01-17 14:50:45.011 15464 15464 E ArmVmp : Match on catch block at 0xc3 in for 0x763307a025
01-17 14:50:45.093 15464 15464 E ArmVmp : Match on catch block at 0xc3 in for 0x763307a025
01-17 14:50:45.096 15464 15464 E ArmVmp : Match on catch block at 0xc3 in for 0x763307a025
01-17 14:50:45.210 15464 15464 E ArmVmp : Match on catch block at 0xc3 in for 0x763307a025
01-17 14:50:45.213 15464 15464 E ArmVmp : Match on catch block at 0xc3 in for 0x763307a025
01-17 14:50:45.462 15464 15464 E ArmVmp : Match on catch block at 0xc3 in for 0x763307a025
01-17 14:50:45.470 15464 15464 E ArmVmp : Match on catch block at 0xc3 in for 0x763307a025
01-17 14:50:45.860 15464 15464 E ArmVmp : Match on catch block at 0xc3 in for 0x763307a025
01-17 14:50:45.862 15464 15464 E ArmVmp : Match on catch block at 0xc3 in for 0x763307a025
01-17 14:50:45.993 15464 15464 E ArmVmp : Match on catch block at 0xc3 in for 0x763307a025
01-17 14:50:45.995 15464 15464 E ArmVmp : Match on catch block at 0xc3 in for 0x763307a025
01-17 14:50:46.126 15464 15464 E ArmVmp : Match on catch block at 0xc3 in for 0x763307a025
01-17 14:50:46.129 15464 15464 E ArmVmp : Match on catch block at 0xc3 in for 0x763307a025
01-17 14:50:46.253 15464 15464 E ArmVmp : Match on catch block at 0xc3 in for 0x763307a025
01-17 14:50:46.254 15464 15464 E ArmVmp : Match on catch block at 0xc3 in for 0x763307a025
01-17 14:50:46.259 15464 15464 E ArmVmp : Match on catch block at 0xc3 in for 0x763307a025
01-17 14:50:46.260 15464 15464 E ArmVmp : Match on catch block at 0xc3 in for 0x763307a025
01-17 14:50:46.393 15464 15464 E ArmVmp : Match on catch block at 0xc3 in for 0x763307a025
01-17 14:50:46.394 15464 15464 E ArmVmp : Match on catch block at 0xc3 in for 0x763307a025
01-17 14:50:46.494 15464 15464 E ArmVmp : Match on catch block at 0xc3 in for 0x763307a025
01-17 14:50:46.496 15464 15464 E ArmVmp : Match on catch block at 0xc3 in for 0x763307a025
01-17 14:50:46.577 15464 15464 E ArmVmp : Match on catch block at 0xc3 in for 0x763307a025
01-17 14:50:46.579 15464 15464 E ArmVmp : Match on catch block at 0xc3 in for 0x763307a025
01-17 14:50:46.793 15464 15464 E ArmVmp : Match on catch block at 0xc3 in for 0x763307a025
01-17 14:50:46.795 15464 15464 E ArmVmp : Match on catch block at 0xc3 in for 0x763307a025
01-17 14:50:47.242 15464 15464 E ArmVmp : Match on catch block at 0xc3 in for 0x763307a025
01-17 14:50:47.245 15464 15464 E ArmVmp : Match on catch block at 0xc3 in for 0x763307a025
01-17 14:50:47.494 15464 15464 E ArmVmp : Match on catch block at 0xc3 in for 0x763307a025
01-17 14:50:47.498 15464 15464 E ArmVmp : Match on catch block at 0xc3 in for 0x763307a025
01-17 14:50:47.627 15464 15464 E ArmVmp : Match on catch block at 0xc3 in for 0x763307a025
01-17 14:50:47.630 15464 15464 E ArmVmp : Match on catch block at 0xc3 in for 0x763307a025
01-17 14:50:47.726 15464 15464 E ArmVmp : Match on catch block at 0xc3 in for 0x763307a025
01-17 14:50:47.728 15464 15464 E ArmVmp : Match on catch block at 0xc3 in for 0x763307a025
01-17 14:50:47.859 15464 15464 E ArmVmp : Match on catch block at 0xc3 in for 0x763307a025
01-17 14:50:47.861 15464 15464 E ArmVmp : Match on catch block at 0xc3 in for 0x763307a025
01-17 14:50:48.027 15464 15464 E ArmVmp : Match on catch block at 0xc3 in for 0x763307a025
01-17 14:50:48.029 15464 15464 E ArmVmp : Match on catch block at 0xc3 in for 0x763307a025
01-17 14:50:48.159 15464 15464 E ArmVmp : Match on catch block at 0xc3 in for 0x763307a025
01-17 14:50:48.161 15464 15464 E ArmVmp : Match on catch block at 0xc3 in for 0x763307a025
01-17 14:50:48.409 15464 15464 E ArmVmp : Match on catch block at 0xc3 in for 0x763307a025
01-17 14:50:48.411 15464 15464 E ArmVmp : Match on catch block at 0xc3 in for 0x763307a025
01-17 14:50:48.576 15464 15464 E ArmVmp : Match on catch block at 0xc3 in for 0x763307a025
01-17 14:50:48.577 15464 15464 E ArmVmp : Match on catch block at 0xc3 in for 0x763307a025
01-17 14:50:48.909 15464 15464 E ArmVmp : Match on catch block at 0xc3 in for 0x763307a025
01-17 14:50:48.911 15464 15464 E ArmVmp : Match on catch block at 0xc3 in for 0x763307a025
01-17 14:50:48.925 15464 15464 E ArmVmp : Match on catch block at 0xc3 in for 0x763307a025
01-17 14:50:48.927 15464 15464 E ArmVmp : Match on catch block at 0xc3 in for 0x763307a025
01-17 14:50:48.941 15464 15464 E ArmVmp : Match on catch block at 0xc3 in for 0x763307a025
01-17 14:50:48.943 15464 15464 E ArmVmp : Match on catch block at 0xc3 in for 0x763307a025
01-17 14:50:48.964 15464 15464 E ArmVmp : Match on catch block at 0xc3 in for 0x763307a025
01-17 14:50:48.965 15464 15464 E ArmVmp : Match on catch block at 0xc3 in for 0x763307a025
01-17 14:50:48.978 15464 15464 E ArmVmp : Match on catch block at 0xc3 in for 0x763307a025
01-17 14:50:48.979 15464 15464 E ArmVmp : Match on catch block at 0xc3 in for 0x763307a025
01-17 14:50:48.985 15464 15464 E ArmVmp : Match on catch block at 0xc3 in for 0x763307a025
01-17 14:50:48.986 15464 15464 E ArmVmp : Match on catch block at 0xc3 in for 0x763307a025
01-17 14:50:48.992 15464 15464 E ArmVmp : Match on catch block at 0xc3 in for 0x763307a025
01-17 14:50:48.993 15464 15464 E ArmVmp : Match on catch block at 0xc3 in for 0x763307a025
01-17 14:50:49.000 15464 15464 E ArmVmp : Match on catch block at 0xc3 in for 0x763307a025
01-17 14:50:49.001 15464 15464 E ArmVmp : Match on catch block at 0xc3 in for 0x763307a025
01-17 14:50:49.008 15464 15464 E ArmVmp : Match on catch block at 0xc3 in for 0x763307a025
01-17 14:50:49.010 15464 15464 E ArmVmp : Match on catch block at 0xc3 in for 0x763307a025
01-17 14:50:49.017 15464 15464 E ArmVmp : Match on catch block at 0xc3 in for 0x763307a025
01-17 14:50:49.019 15464 15464 E ArmVmp : Match on catch block at 0xc3 in for 0x763307a025
01-17 14:50:49.025 15464 15464 E ArmVmp : Match on catch block at 0xc3 in for 0x763307a025
01-17 14:50:49.027 15464 15464 E ArmVmp : Match on catch block at 0xc3 in for 0x763307a025
01-17 14:50:49.034 15464 15464 E ArmVmp : Match on catch block at 0xc3 in for 0x763307a025
01-17 14:50:49.035 15464 15464 E ArmVmp : Match on catch block at 0xc3 in for 0x763307a025
01-17 14:50:49.042 15464 15464 E ArmVmp : Match on catch block at 0xc3 in for 0x763307a025
01-17 14:50:49.043 15464 15464 E ArmVmp : Match on catch block at 0xc3 in for 0x763307a025
01-17 14:50:49.050 15464 15464 E ArmVmp : Match on catch block at 0xc3 in for 0x763307a025
01-17 14:50:49.052 15464 15464 E ArmVmp : Match on catch block at 0xc3 in for 0x763307a025
01-17 14:50:49.059 15464 15464 E ArmVmp : Match on catch block at 0xc3 in for 0x763307a025
01-17 14:50:49.061 15464 15464 E ArmVmp : Match on catch block at 0xc3 in for 0x763307a025
01-17 14:50:49.067 15464 15464 E ArmVmp : Match on catch block at 0xc3 in for 0x763307a025
01-17 14:50:49.068 15464 15464 E ArmVmp : Match on catch block at 0xc3 in for 0x763307a025
01-17 14:50:49.075 15464 15464 E ArmVmp : Match on catch block at 0xc3 in for 0x763307a025
01-17 14:50:49.077 15464 15464 E ArmVmp : Match on catch block at 0xc3 in for 0x763307a025
01-17 14:50:49.083 15464 15464 E ArmVmp : Match on catch block at 0xc3 in for 0x763307a025
01-17 14:50:49.085 15464 15464 E ArmVmp : Match on catch block at 0xc3 in for 0x763307a025
01-17 14:50:49.092 15464 15464 E ArmVmp : Match on catch block at 0xc3 in for 0x763307a025
01-17 14:50:49.094 15464 15464 E ArmVmp : Match on catch block at 0xc3 in for 0x763307a025
01-17 14:50:49.100 15464 15464 E ArmVmp : Match on catch block at 0xc3 in for 0x763307a025
01-17 14:50:49.101 15464 15464 E ArmVmp : Match on catch block at 0xc3 in for 0x763307a025
01-17 14:50:49.160 15464 15464 E ArmVmp : Match on catch block at 0xc3 in for 0x763307a025
01-17 14:50:49.161 15464 15464 E ArmVmp : Match on catch block at 0xc3 in for 0x763307a025
01-17 14:50:49.167 15464 15552 W MediaPlayer: Use of stream types is deprecated for operations other than volume control
01-17 14:50:49.167 15464 15552 W MediaPlayer: See the documentation of setAudioStreamType() for what to use instead with android.media.AudioAttributes to qualify your playback use case
01-17 14:50:49.183 15464 15952 W MediaPlayerNative: info/warning (10973, 0)
01-17 14:50:49.418 15464 15464 E ArmVmp : Match on catch block at 0xc3 in for 0x763307a025
01-17 14:50:49.421 15464 15464 E ArmVmp : Match on catch block at 0xc3 in for 0x763307a025
01-17 14:50:49.926 15464 15464 E ArmVmp : Match on catch block at 0xc3 in for 0x763307a025
01-17 14:50:49.928 15464 15464 E ArmVmp : Match on catch block at 0xc3 in for 0x763307a025
01-17 14:50:50.426 15464 15464 E ArmVmp : Match on catch block at 0xc3 in for 0x763307a025
01-17 14:50:50.428 15464 15464 E ArmVmp : Match on catch block at 0xc3 in for 0x763307a025
01-17 14:50:50.443 15464 15464 E ArmVmp : Match on catch block at 0xc3 in for 0x763307a025
01-17 14:50:50.445 15464 15464 E ArmVmp : Match on catch block at 0xc3 in for 0x763307a025
01-17 14:50:50.474 15464 15464 W ViewPager: Requested offscreen page limit 0 too small; defaulting to 1
01-17 14:50:50.478 15464 15464 E ArmVmp : Match on catch block at 0xc3 in for 0x763307a025
01-17 14:50:50.479 15464 15464 E ArmVmp : Match on catch block at 0xc3 in for 0x763307a025
01-17 14:50:50.513 15464 15464 E ArmVmp : Match on catch block at 0xc3 in for 0x763307a025
01-17 14:50:50.516 15464 15464 E ArmVmp : Match on catch block at 0xc3 in for 0x763307a025
01-17 14:50:50.523 15464 15464 E ArmVmp : Match on catch block at 0xc3 in for 0x763307a025
01-17 14:50:50.524 15464 15464 E ArmVmp : Match on catch block at 0xc3 in for 0x763307a025
01-17 14:50:50.606 15464 15464 E RecyclerView: No layout manager attached; skipping layout
01-17 14:50:50.607 15464 15464 E ArmVmp : Match on catch block at 0xc3 in for 0x763307a025
01-17 14:50:50.608 15464 15464 E ArmVmp : Match on catch block at 0xc3 in for 0x763307a025
01-17 14:50:50.614 15464 15464 E ArmVmp : Match on catch block at 0xc3 in for 0x763307a025
01-17 14:50:50.615 15464 15464 E ArmVmp : Match on catch block at 0xc3 in for 0x763307a025
01-17 14:50:50.617 15464 15464 E ArmVmp : Match on catch block at 0xc3 in for 0x763307a025
01-17 14:50:50.618 15464 15464 E ArmVmp : Match on catch block at 0xc3 in for 0x763307a025
01-17 14:50:50.818 15464 15464 E RecyclerView: No layout manager attached; skipping layout
01-17 14:50:50.821 15464 15464 E ArmVmp : Match on catch block at 0xc3 in for 0x763307a025
01-17 14:50:50.824 15464 15464 E ArmVmp : Match on catch block at 0xc3 in for 0x763307a025
01-17 14:50:50.880 15464 15464 E ArmVmp : Match on catch block at 0xc3 in for 0x763307a025
01-17 14:50:50.882 15464 15464 E ArmVmp : Match on catch block at 0xc3 in for 0x763307a025
01-17 14:50:50.890 15464 15464 E ArmVmp : Match on catch block at 0xc3 in for 0x763307a025
01-17 14:50:50.891 15464 15464 E ArmVmp : Match on catch block at 0xc3 in for 0x763307a025
01-17 14:50:50.896 15464 15464 E ArmVmp : Match on catch block at 0xc3 in for 0x763307a025
01-17 14:50:50.897 15464 15464 E ArmVmp : Match on catch block at 0xc3 in for 0x763307a025
01-17 14:50:50.900 15464 15464 E ArmVmp : Match on catch block at 0xc3 in for 0x763307a025
01-17 14:50:50.902 15464 15464 E ArmVmp : Match on catch block at 0xc3 in for 0x763307a025
01-17 14:50:50.909 15464 15464 E ArmVmp : Match on catch block at 0xc3 in for 0x763307a025
01-17 14:50:50.910 15464 15464 E ArmVmp : Match on catch block at 0xc3 in for 0x763307a025
01-17 14:50:50.935 15464 15464 E ArmVmp : Match on catch block at 0xc3 in for 0x763307a025
01-17 14:50:50.936 15464 15464 E ArmVmp : Match on catch block at 0xc3 in for 0x763307a025
01-17 14:50:50.942 15464 15464 E ArmVmp : Match on catch block at 0xc3 in for 0x763307a025
01-17 14:50:50.943 15464 15464 E ArmVmp : Match on catch block at 0xc3 in for 0x763307a025
01-17 14:50:50.951 15464 15464 E ArmVmp : Match on catch block at 0xc3 in for 0x763307a025
01-17 14:50:50.952 15464 15464 E ArmVmp : Match on catch block at 0xc3 in for 0x763307a025
01-17 14:50:50.959 15464 15464 E ArmVmp : Match on catch block at 0xc3 in for 0x763307a025
01-17 14:50:50.961 15464 15464 E ArmVmp : Match on catch block at 0xc3 in for 0x763307a025
01-17 14:50:50.968 15464 15464 E ArmVmp : Match on catch block at 0xc3 in for 0x763307a025
01-17 14:50:50.969 15464 15464 E ArmVmp : Match on catch block at 0xc3 in for 0x763307a025
01-17 14:50:50.976 15464 15464 E ArmVmp : Match on catch block at 0xc3 in for 0x763307a025
01-17 14:50:50.977 15464 15464 E ArmVmp : Match on catch block at 0xc3 in for 0x763307a025
01-17 14:50:50.984 15464 15464 E ArmVmp : Match on catch block at 0xc3 in for 0x763307a025
01-17 14:50:50.985 15464 15464 E ArmVmp : Match on catch block at 0xc3 in for 0x763307a025
01-17 14:50:50.993 15464 15464 E ArmVmp : Match on catch block at 0xc3 in for 0x763307a025
01-17 14:50:50.994 15464 15464 E ArmVmp : Match on catch block at 0xc3 in for 0x763307a025
01-17 14:50:51.001 15464 15464 E ArmVmp : Match on catch block at 0xc3 in for 0x763307a025
01-17 14:50:51.003 15464 15464 E ArmVmp : Match on catch block at 0xc3 in for 0x763307a025
01-17 14:50:51.010 15464 15464 E ArmVmp : Match on catch block at 0xc3 in for 0x763307a025
01-17 14:50:51.012 15464 15464 E ArmVmp : Match on catch block at 0xc3 in for 0x763307a025
01-17 14:50:51.018 15464 15464 E ArmVmp : Match on catch block at 0xc3 in for 0x763307a025
01-17 14:50:51.019 15464 15464 E ArmVmp : Match on catch block at 0xc3 in for 0x763307a025
01-17 14:50:51.443 15464 15464 E ArmVmp : Match on catch block at 0xc3 in for 0x763307a025
01-17 14:50:51.446 15464 15464 E ArmVmp : Match on catch block at 0xc3 in for 0x763307a025
01-17 14:50:51.493 15464 15464 E ArmVmp : Match on catch block at 0xc3 in for 0x763307a025
01-17 14:50:51.496 15464 15464 E ArmVmp : Match on catch block at 0xc3 in for 0x763307a025
01-17 14:50:51.545 15464 15464 E ArmVmp : Match on catch block at 0xc3 in for 0x763307a025
01-17 14:50:51.546 15464 15464 E ArmVmp : Match on catch block at 0xc3 in for 0x763307a025
01-17 14:50:51.554 15464 15464 E ArmVmp : Match on catch block at 0xc3 in for 0x763307a025
01-17 14:50:51.556 15464 15464 E ArmVmp : Match on catch block at 0xc3 in for 0x763307a025
01-17 14:50:51.560 15464 15464 E ArmVmp : Match on catch block at 0xc3 in for 0x763307a025
01-17 14:50:51.562 15464 15464 E ArmVmp : Match on catch block at 0xc3 in for 0x763307a025
01-17 14:50:51.585 15464 15464 E ArmVmp : Match on catch block at 0xc3 in for 0x763307a025
01-17 14:50:51.586 15464 15464 E ArmVmp : Match on catch block at 0xc3 in for 0x763307a025
01-17 14:50:51.589 15464 15464 E ArmVmp : Match on catch block at 0xc3 in for 0x763307a025
01-17 14:50:51.590 15464 15464 E ArmVmp : Match on catch block at 0xc3 in for 0x763307a025
01-17 14:50:51.593 15464 15464 E ArmVmp : Match on catch block at 0xc3 in for 0x763307a025
01-17 14:50:51.594 15464 15464 E ArmVmp : Match on catch block at 0xc3 in for 0x763307a025
01-17 14:50:51.606 15464 15464 E ArmVmp : Match on catch block at 0xc3 in for 0x763307a025
01-17 14:50:51.607 15464 15464 E ArmVmp : Match on catch block at 0xc3 in for 0x763307a025
01-17 14:50:51.609 15464 15464 E ArmVmp : Match on catch block at 0xc3 in for 0x763307a025
01-17 14:50:51.610 15464 15464 E ArmVmp : Match on catch block at 0xc3 in for 0x763307a025
01-17 14:50:51.617 15464 15464 E ArmVmp : Match on catch block at 0xc3 in for 0x763307a025
01-17 14:50:51.618 15464 15464 E ArmVmp : Match on catch block at 0xc3 in for 0x763307a025
01-17 14:50:51.625 15464 15464 E ArmVmp : Match on catch block at 0xc3 in for 0x763307a025
01-17 14:50:51.627 15464 15464 E ArmVmp : Match on catch block at 0xc3 in for 0x763307a025
01-17 14:50:51.633 15464 15464 E ArmVmp : Match on catch block at 0xc3 in for 0x763307a025
01-17 14:50:51.635 15464 15464 E ArmVmp : Match on catch block at 0xc3 in for 0x763307a025
01-17 14:50:51.642 15464 15464 E ArmVmp : Match on catch block at 0xc3 in for 0x763307a025
01-17 14:50:51.643 15464 15464 E ArmVmp : Match on catch block at 0xc3 in for 0x763307a025
01-17 14:50:51.650 15464 15464 E ArmVmp : Match on catch block at 0xc3 in for 0x763307a025
01-17 14:50:51.652 15464 15464 E ArmVmp : Match on catch block at 0xc3 in for 0x763307a025
01-17 14:50:51.659 15464 15464 E ArmVmp : Match on catch block at 0xc3 in for 0x763307a025
01-17 14:50:51.660 15464 15464 E ArmVmp : Match on catch block at 0xc3 in for 0x763307a025
01-17 14:50:51.667 15464 15464 E ArmVmp : Match on catch block at 0xc3 in for 0x763307a025
01-17 14:50:51.668 15464 15464 E ArmVmp : Match on catch block at 0xc3 in for 0x763307a025
01-17 14:50:51.675 15464 15464 E ArmVmp : Match on catch block at 0xc3 in for 0x763307a025
01-17 14:50:51.677 15464 15464 E ArmVmp : Match on catch block at 0xc3 in for 0x763307a025
01-17 14:50:51.684 15464 15464 E ArmVmp : Match on catch block at 0xc3 in for 0x763307a025
01-17 14:50:51.685 15464 15464 E ArmVmp : Match on catch block at 0xc3 in for 0x763307a025
01-17 14:50:51.692 15464 15464 E ArmVmp : Match on catch block at 0xc3 in for 0x763307a025
01-17 14:50:51.693 15464 15464 E ArmVmp : Match on catch block at 0xc3 in for 0x763307a025
01-17 14:50:51.701 15464 15464 E ArmVmp : Match on catch block at 0xc3 in for 0x763307a025
01-17 14:50:51.702 15464 15464 E ArmVmp : Match on catch block at 0xc3 in for 0x763307a025
01-17 14:50:51.715 15464 15464 W ImageView: resolveUri failed on bad bitmap uri: /data/user/0/com.mbwhatsapp/files/Stickers/whatsappcuppy.png
01-17 14:50:51.718 15464 15464 E ArmVmp : Match on catch block at 0xc3 in for 0x763307a025
01-17 14:50:51.719 15464 15464 E ArmVmp : Match on catch block at 0xc3 in for 0x763307a025
01-17 14:50:51.722 15464 15464 E ArmVmp : Match on catch block at 0xc3 in for 0x763307a025
01-17 14:50:51.723 15464 15464 E ArmVmp : Match on catch block at 0xc3 in for 0x763307a025
01-17 14:50:51.726 15464 15464 E ArmVmp : Match on catch block at 0xc3 in for 0x763307a025
01-17 14:50:51.728 15464 15464 E ArmVmp : Match on catch block at 0xc3 in for 0x763307a025
01-17 14:50:51.734 15464 15464 E ArmVmp : Match on catch block at 0xc3 in for 0x763307a025
01-17 14:50:51.736 15464 15464 E ArmVmp : Match on catch block at 0xc3 in for 0x763307a025
01-17 14:50:51.742 15464 15464 E ArmVmp : Match on catch block at 0xc3 in for 0x763307a025
01-17 14:50:51.744 15464 15464 E ArmVmp : Match on catch block at 0xc3 in for 0x763307a025
01-17 14:50:51.756 15464 15464 E ArmVmp : Match on catch block at 0xc3 in for 0x763307a025
01-17 14:50:51.757 15464 15464 E ArmVmp : Match on catch block at 0xc3 in for 0x763307a025
01-17 14:50:51.761 15464 15464 E ArmVmp : Match on catch block at 0xc3 in for 0x763307a025
01-17 14:50:51.762 15464 15464 E ArmVmp : Match on catch block at 0xc3 in for 0x763307a025
01-17 14:50:51.767 15464 15464 E ArmVmp : Match on catch block at 0xc3 in for 0x763307a025
01-17 14:50:51.768 15464 15464 E ArmVmp : Match on catch block at 0xc3 in for 0x763307a025
01-17 14:50:51.775 15464 15464 E ArmVmp : Match on catch block at 0xc3 in for 0x763307a025
01-17 14:50:51.776 15464 15464 E ArmVmp : Match on catch block at 0xc3 in for 0x763307a025
01-17 14:50:51.784 15464 15464 E ArmVmp : Match on catch block at 0xc3 in for 0x763307a025
01-17 14:50:51.785 15464 15464 E ArmVmp : Match on catch block at 0xc3 in for 0x763307a025
01-17 14:50:51.792 15464 15464 E ArmVmp : Match on catch block at 0xc3 in for 0x763307a025
01-17 14:50:51.793 15464 15464 E ArmVmp : Match on catch block at 0xc3 in for 0x763307a025
01-17 14:50:51.800 15464 15464 E ArmVmp : Match on catch block at 0xc3 in for 0x763307a025
01-17 14:50:51.801 15464 15464 E ArmVmp : Match on catch block at 0xc3 in for 0x763307a025
01-17 14:50:51.808 15464 15464 E ArmVmp : Match on catch block at 0xc3 in for 0x763307a025
01-17 14:50:51.810 15464 15464 E ArmVmp : Match on catch block at 0xc3 in for 0x763307a025
01-17 14:50:51.817 15464 15464 E ArmVmp : Match on catch block at 0xc3 in for 0x763307a025
01-17 14:50:51.819 15464 15464 E ArmVmp : Match on catch block at 0xc3 in for 0x763307a025
01-17 14:50:51.826 15464 15464 E ArmVmp : Match on catch block at 0xc3 in for 0x763307a025
01-17 14:50:51.828 15464 15464 E ArmVmp : Match on catch block at 0xc3 in for 0x763307a025
01-17 14:50:51.834 15464 15464 E ArmVmp : Match on catch block at 0xc3 in for 0x763307a025
01-17 14:50:51.835 15464 15464 E ArmVmp : Match on catch block at 0xc3 in for 0x763307a025
01-17 14:50:51.842 15464 15464 E ArmVmp : Match on catch block at 0xc3 in for 0x763307a025
01-17 14:50:51.844 15464 15464 E ArmVmp : Match on catch block at 0xc3 in for 0x763307a025
01-17 14:50:51.854 15464 15464 E ArmVmp : Match on catch block at 0xc3 in for 0x763307a025
01-17 14:50:51.855 15464 15464 E ArmVmp : Match on catch block at 0xc3 in for 0x763307a025
01-17 14:50:51.944 15464 15464 E ArmVmp : Match on catch block at 0xc3 in for 0x763307a025
01-17 14:50:51.945 15464 15464 E ArmVmp : Match on catch block at 0xc3 in for 0x763307a025
01-17 14:50:51.956 15464 15464 E ArmVmp : Match on catch block at 0xc3 in for 0x763307a025
01-17 14:50:51.958 15464 15464 E ArmVmp : Match on catch block at 0xc3 in for 0x763307a025
01-17 14:50:51.969 15464 15464 E ArmVmp : Match on catch block at 0xc3 in for 0x763307a025
01-17 14:50:51.971 15464 15464 E ArmVmp : Match on catch block at 0xc3 in for 0x763307a025
01-17 14:50:51.980 15464 15464 E ArmVmp : Match on catch block at 0xc3 in for 0x763307a025
01-17 14:50:51.982 15464 15464 E ArmVmp : Match on catch block at 0xc3 in for 0x763307a025
01-17 14:50:51.995 15464 15464 E ArmVmp : Match on catch block at 0xc3 in for 0x763307a025
01-17 14:50:51.996 15464 15464 E ArmVmp : Match on catch block at 0xc3 in for 0x763307a025
01-17 14:50:52.003 15464 15464 E ArmVmp : Match on catch block at 0xc3 in for 0x763307a025
01-17 14:50:52.005 15464 15464 E ArmVmp : Match on catch block at 0xc3 in for 0x763307a025
01-17 14:50:52.010 15464 15464 E ArmVmp : Match on catch block at 0xc3 in for 0x763307a025
01-17 14:50:52.011 15464 15464 E ArmVmp : Match on catch block at 0xc3 in for 0x763307a025
01-17 14:50:52.019 15464 15464 E ArmVmp : Match on catch block at 0xc3 in for 0x763307a025
01-17 14:50:52.020 15464 15464 E ArmVmp : Match on catch block at 0xc3 in for 0x763307a025
01-17 14:50:52.027 15464 15464 E ArmVmp : Match on catch block at 0xc3 in for 0x763307a025
01-17 14:50:52.028 15464 15464 E ArmVmp : Match on catch block at 0xc3 in for 0x763307a025
01-17 14:50:52.051 15464 15464 E ArmVmp : Match on catch block at 0xc3 in for 0x763307a025
01-17 14:50:52.052 15464 15464 E ArmVmp : Match on catch block at 0xc3 in for 0x763307a025
01-17 14:50:52.060 15464 15464 E ArmVmp : Match on catch block at 0xc3 in for 0x763307a025
01-17 14:50:52.063 15464 15464 E ArmVmp : Match on catch block at 0xc3 in for 0x763307a025
01-17 14:50:52.076 15464 15464 E ArmVmp : Match on catch block at 0xc3 in for 0x763307a025
01-17 14:50:52.077 15464 15464 E ArmVmp : Match on catch block at 0xc3 in for 0x763307a025
01-17 14:50:52.085 15464 15464 E ArmVmp : Match on catch block at 0xc3 in for 0x763307a025
01-17 14:50:52.088 15464 15464 E ArmVmp : Match on catch block at 0xc3 in for 0x763307a025
01-17 14:50:52.101 15464 15464 E ArmVmp : Match on catch block at 0xc3 in for 0x763307a025
01-17 14:50:52.103 15464 15464 E ArmVmp : Match on catch block at 0xc3 in for 0x763307a025
01-17 14:50:52.111 15464 15464 E ArmVmp : Match on catch block at 0xc3 in for 0x763307a025
01-17 14:50:52.114 15464 15464 E ArmVmp : Match on catch block at 0xc3 in for 0x763307a025
01-17 14:50:52.126 15464 15464 E ArmVmp : Match on catch block at 0xc3 in for 0x763307a025
01-17 14:50:52.128 15464 15464 E ArmVmp : Match on catch block at 0xc3 in for 0x763307a025
01-17 14:50:52.135 15464 15464 E ArmVmp : Match on catch block at 0xc3 in for 0x763307a025
01-17 14:50:52.137 15464 15464 E ArmVmp : Match on catch block at 0xc3 in for 0x763307a025
01-17 14:50:52.143 15464 15464 E ArmVmp : Match on catch block at 0xc3 in for 0x763307a025
01-17 14:50:52.145 15464 15464 E ArmVmp : Match on catch block at 0xc3 in for 0x763307a025
01-17 14:50:52.152 15464 15464 E ArmVmp : Match on catch block at 0xc3 in for 0x763307a025
01-17 14:50:52.153 15464 15464 E ArmVmp : Match on catch block at 0xc3 in for 0x763307a025
01-17 14:50:52.160 15464 15464 E ArmVmp : Match on catch block at 0xc3 in for 0x763307a025
01-17 14:50:52.162 15464 15464 E ArmVmp : Match on catch block at 0xc3 in for 0x763307a025
01-17 14:50:52.168 15464 15464 E ArmVmp : Match on catch block at 0x0a in for 0x763307a02d
01-17 14:50:52.170 15464 15464 E ArmVmp : Match on catch block at 0x0a in for 0x763307a02d
01-17 14:50:52.171 15464 15464 E ArmVmp : Match on catch block at 0x0a in for 0x763307a02d
01-17 14:50:52.172 15464 15464 E ArmVmp : Match on catch block at 0x0a in for 0x763307a02d
01-17 14:50:52.173 15464 15464 E ArmVmp : Match on catch block at 0x0a in for 0x763307a02d
01-17 14:50:52.174 15464 15464 E ArmVmp : Match on catch block at 0x0a in for 0x763307a02d
01-17 14:50:52.175 15464 15464 E ArmVmp : Match on catch block at 0x0a in for 0x763307a02d
01-17 14:50:52.176 15464 15464 E ArmVmp : Match on catch block at 0x0a in for 0x763307a02d
01-17 14:50:52.178 15464 15464 E ArmVmp : Match on catch block at 0xc3 in for 0x763307a025
01-17 14:50:52.180 15464 15464 E ArmVmp : Match on catch block at 0xc3 in for 0x763307a025
01-17 14:50:52.183 15464 15464 E ArmVmp : Match on catch block at 0xc3 in for 0x763307a025
01-17 14:50:52.185 15464 15464 E ArmVmp : Match on catch block at 0xc3 in for 0x763307a025
01-17 14:50:52.192 15464 15464 E ArmVmp : Match on catch block at 0xc3 in for 0x763307a025
01-17 14:50:52.194 15464 15464 E ArmVmp : Match on catch block at 0xc3 in for 0x763307a025
01-17 14:50:52.201 15464 15464 E ArmVmp : Match on catch block at 0xc3 in for 0x763307a025
01-17 14:50:52.203 15464 15464 E ArmVmp : Match on catch block at 0xc3 in for 0x763307a025
01-17 14:50:52.208 15464 15464 E ArmVmp : Match on catch block at 0xc3 in for 0x763307a025
01-17 14:50:52.210 15464 15464 E ArmVmp : Match on catch block at 0xc3 in for 0x763307a025
01-17 14:50:52.217 15464 15464 E ArmVmp : Match on catch block at 0xc3 in for 0x763307a025
01-17 14:50:52.219 15464 15464 E ArmVmp : Match on catch block at 0xc3 in for 0x763307a025
01-17 14:50:52.226 15464 15464 E ArmVmp : Match on catch block at 0xc3 in for 0x763307a025
01-17 14:50:52.228 15464 15464 E ArmVmp : Match on catch block at 0xc3 in for 0x763307a025
01-17 14:50:52.233 15464 15464 E ArmVmp : Match on catch block at 0xc3 in for 0x763307a025
01-17 14:50:52.236 15464 15464 E ArmVmp : Match on catch block at 0xc3 in for 0x763307a025
01-17 14:50:52.243 15464 15464 E ArmVmp : Match on catch block at 0xc3 in for 0x763307a025
01-17 14:50:52.244 15464 15464 E ArmVmp : Match on catch block at 0xc3 in for 0x763307a025
01-17 14:50:52.251 15464 15464 E ArmVmp : Match on catch block at 0xc3 in for 0x763307a025
01-17 14:50:52.253 15464 15464 E ArmVmp : Match on catch block at 0xc3 in for 0x763307a025
01-17 14:50:52.258 15464 15464 E ArmVmp : Match on catch block at 0xc3 in for 0x763307a025
01-17 14:50:52.261 15464 15464 E ArmVmp : Match on catch block at 0xc3 in for 0x763307a025
01-17 14:50:52.268 15464 15464 E ArmVmp : Match on catch block at 0xc3 in for 0x763307a025
01-17 14:50:52.270 15464 15464 E ArmVmp : Match on catch block at 0xc3 in for 0x763307a025
01-17 14:50:52.276 15464 15464 E ArmVmp : Match on catch block at 0xc3 in for 0x763307a025
01-17 14:50:52.277 15464 15464 E ArmVmp : Match on catch block at 0xc3 in for 0x763307a025
01-17 14:50:52.283 15464 15464 E ArmVmp : Match on catch block at 0xc3 in for 0x763307a025
01-17 14:50:52.285 15464 15464 E ArmVmp : Match on catch block at 0xc3 in for 0x763307a025
01-17 14:50:52.293 15464 15464 E ArmVmp : Match on catch block at 0xc3 in for 0x763307a025
01-17 14:50:52.294 15464 15464 E ArmVmp : Match on catch block at 0xc3 in for 0x763307a025
01-17 14:50:52.300 15464 15464 E ArmVmp : Match on catch block at 0xc3 in for 0x763307a025
01-17 14:50:52.302 15464 15464 E ArmVmp : Match on catch block at 0xc3 in for 0x763307a025
01-17 14:50:52.308 15464 15464 E ArmVmp : Match on catch block at 0xc3 in for 0x763307a025
01-17 14:50:52.310 15464 15464 E ArmVmp : Match on catch block at 0xc3 in for 0x763307a025
01-17 14:50:52.317 15464 15464 E ArmVmp : Match on catch block at 0xc3 in for 0x763307a025
01-17 14:50:52.319 15464 15464 E ArmVmp : Match on catch block at 0xc3 in for 0x763307a025
01-17 14:50:52.325 15464 15464 E ArmVmp : Match on catch block at 0xc3 in for 0x763307a025
01-17 14:50:52.328 15464 15464 E ArmVmp : Match on catch block at 0xc3 in for 0x763307a025
01-17 14:50:52.335 15464 15464 E ArmVmp : Match on catch block at 0xc3 in for 0x763307a025
01-17 14:50:52.337 15464 15464 E ArmVmp : Match on catch block at 0xc3 in for 0x763307a025
01-17 14:50:52.342 15464 15464 E ArmVmp : Match on catch block at 0xc3 in for 0x763307a025
01-17 14:50:52.345 15464 15464 E ArmVmp : Match on catch block at 0xc3 in for 0x763307a025
01-17 14:50:52.351 15464 15464 E ArmVmp : Match on catch block at 0xc3 in for 0x763307a025
01-17 14:50:52.353 15464 15464 E ArmVmp : Match on catch block at 0xc3 in for 0x763307a025
01-17 14:50:52.359 15464 15464 E ArmVmp : Match on catch block at 0xc3 in for 0x763307a025
01-17 14:50:52.362 15464 15464 E ArmVmp : Match on catch block at 0xc3 in for 0x763307a025
01-17 14:50:52.368 15464 15464 E ArmVmp : Match on catch block at 0xc3 in for 0x763307a025
01-17 14:50:52.371 15464 15464 E ArmVmp : Match on catch block at 0xc3 in for 0x763307a025
01-17 14:50:52.380 15464 15464 E ArmVmp : Match on catch block at 0xc3 in for 0x763307a025
01-17 14:50:52.387 15464 15464 E ArmVmp : Match on catch block at 0xc3 in for 0x763307a025
01-17 14:50:52.392 15464 15464 E ArmVmp : Match on catch block at 0xc3 in for 0x763307a025
01-17 14:50:52.394 15464 15464 E ArmVmp : Match on catch block at 0xc3 in for 0x763307a025
01-17 14:50:52.401 15464 15464 E ArmVmp : Match on catch block at 0xc3 in for 0x763307a025
01-17 14:50:52.402 15464 15464 E ArmVmp : Match on catch block at 0xc3 in for 0x763307a025
01-17 14:50:52.409 15464 15464 E ArmVmp : Match on catch block at 0xc3 in for 0x763307a025
01-17 14:50:52.411 15464 15464 E ArmVmp : Match on catch block at 0xc3 in for 0x763307a025
01-17 14:50:52.418 15464 15464 E ArmVmp : Match on catch block at 0xc3 in for 0x763307a025
01-17 14:50:52.421 15464 15464 E ArmVmp : Match on catch block at 0xc3 in for 0x763307a025
01-17 14:50:52.426 15464 15464 E ArmVmp : Match on catch block at 0xc3 in for 0x763307a025
01-17 14:50:52.429 15464 15464 E ArmVmp : Match on catch block at 0xc3 in for 0x763307a025
01-17 14:50:52.434 15464 15464 E ArmVmp : Match on catch block at 0xc3 in for 0x763307a025
01-17 14:50:52.438 15464 15464 E ArmVmp : Match on catch block at 0xc3 in for 0x763307a025
01-17 14:50:52.443 15464 15464 E ArmVmp : Match on catch block at 0xc3 in for 0x763307a025
01-17 14:50:52.447 15464 15464 E ArmVmp : Match on catch block at 0xc3 in for 0x763307a025
01-17 14:50:52.793 15464 15464 E ArmVmp : Match on catch block at 0xc3 in for 0x763307a025
01-17 14:50:52.796 15464 15464 E ArmVmp : Match on catch block at 0xc3 in for 0x763307a025
01-17 14:50:52.839 15464 15464 E ArmVmp : Match on catch block at 0xc3 in for 0x763307a025
01-17 14:50:52.842 15464 15464 E ArmVmp : Match on catch block at 0xc3 in for 0x763307a025
01-17 14:50:52.921 15464 15464 E ArmVmp : Match on catch block at 0xc3 in for 0x763307a025
01-17 14:50:52.923 15464 15464 E ArmVmp : Match on catch block at 0xc3 in for 0x763307a025
01-17 14:50:55.352 15464 15464 W OnBackInvokedCallback: OnBackInvokedCallback is not enabled for the application.
01-17 14:50:55.352 15464 15464 W OnBackInvokedCallback: Set 'android:enableOnBackInvokedCallback="true"' in the application manifest.
01-17 14:50:55.414 15464 15464 E ArmVmp : Match on catch block at 0xc3 in for 0x763307a025
01-17 14:50:55.415 15464 15464 E ArmVmp : Match on catch block at 0xc3 in for 0x763307a025
01-17 14:50:55.431 15464 15464 E ArmVmp : Match on catch block at 0xc3 in for 0x763307a025
01-17 14:50:55.433 15464 15464 E ArmVmp : Match on catch block at 0xc3 in for 0x763307a025
01-17 14:51:00.977 15464 15464 W RemoteInputConnectionImpl: requestCursorAnchorInfo on inactive InputConnection
01-17 14:51:01.001 15464 15464 W OnBackInvokedCallback: OnBackInvokedCallback is not enabled for the application.
01-17 14:51:01.001 15464 15464 W OnBackInvokedCallback: Set 'android:enableOnBackInvokedCallback="true"' in the application manifest.
01-17 14:51:05.284 15464 15464 E ArmVmp : Match on catch block at 0xc3 in for 0x763307a025
01-17 14:51:05.286 15464 15464 E ArmVmp : Match on catch block at 0xc3 in for 0x763307a025
01-17 14:51:05.305 15464 15464 E ArmVmp : Match on catch block at 0xc3 in for 0x763307a025
01-17 14:51:05.306 15464 15464 E ArmVmp : Match on catch block at 0xc3 in for 0x763307a025
01-17 14:51:05.343 15464 15464 E ArmVmp : Match on catch block at 0x0a in for 0x763307a02d
01-17 14:51:05.344 15464 15464 E ArmVmp : Match on catch block at 0x0a in for 0x763307a02d
01-17 14:51:05.344 15464 15464 E ArmVmp : Match on catch block at 0x0a in for 0x763307a02d
01-17 14:51:05.345 15464 15464 E ArmVmp : Match on catch block at 0x0a in for 0x763307a02d
01-17 14:51:05.346 15464 15464 E ArmVmp : Match on catch block at 0x0a in for 0x763307a02d
01-17 14:51:05.347 15464 15464 E ArmVmp : Match on catch block at 0x0a in for 0x763307a02d
01-17 14:51:05.369 15464 15464 E ArmVmp : Match on catch block at 0xc3 in for 0x763307a025
01-17 14:51:05.370 15464 15464 E ArmVmp : Match on catch block at 0xc3 in for 0x763307a025
01-17 14:51:05.375 15464 15464 W RemoteInputConnectionImpl: requestCursorAnchorInfo on inactive InputConnection
01-17 14:51:05.375 15464 15464 E ImeBackDispatcher: Ime callback not found. Ignoring unregisterReceivedCallback. callbackId: 143745643
01-17 14:51:05.406 15464 15464 E ArmVmp : Match on catch block at 0xc3 in for 0x763307a025
01-17 14:51:05.408 15464 15464 E ArmVmp : Match on catch block at 0xc3 in for 0x763307a025
01-17 14:51:05.446 15464 15464 E ArmVmp : Match on catch block at 0xc3 in for 0x763307a025
01-17 14:51:05.448 15464 15464 E ArmVmp : Match on catch block at 0xc3 in for 0x763307a025
01-17 14:51:05.496 15464 15464 E ArmVmp : Match on catch block at 0xc3 in for 0x763307a025
01-17 14:51:05.498 15464 15464 E ArmVmp : Match on catch block at 0xc3 in for 0x763307a025
01-17 14:51:05.502 15464 15464 W OnBackInvokedCallback: OnBackInvokedCallback is not enabled for the application.
01-17 14:51:05.502 15464 15464 W OnBackInvokedCallback: Set 'android:enableOnBackInvokedCallback="true"' in the application manifest.
01-17 14:51:05.540 15464 15464 E ArmVmp : Match on catch block at 0xc3 in for 0x763307a025
01-17 14:51:05.542 15464 15464 E ArmVmp : Match on catch block at 0xc3 in for 0x763307a025
01-17 14:51:05.562 15464 15464 E ArmVmp : Match on catch block at 0xc3 in for 0x763307a025
01-17 14:51:05.564 15464 15464 E ArmVmp : Match on catch block at 0xc3 in for 0x763307a025
01-17 14:51:05.602 15464 15464 E ArmVmp : Match on catch block at 0xc3 in for 0x763307a025
01-17 14:51:05.603 15464 15464 E ArmVmp : Match on catch block at 0xc3 in for 0x763307a025
01-17 14:51:05.612 15464 15552 W MediaPlayer: Use of stream types is deprecated for operations other than volume control
01-17 14:51:05.612 15464 15552 W MediaPlayer: See the documentation of setAudioStreamType() for what to use instead with android.media.AudioAttributes to qualify your playback use case
01-17 14:51:05.655 15464 15571 W MediaPlayerNative: info/warning (10973, 0)
01-17 14:51:05.667 15464 15464 E ArmVmp : Match on catch block at 0xc3 in for 0x763307a025
01-17 14:51:05.670 15464 15464 E ArmVmp : Match on catch block at 0xc3 in for 0x763307a025
01-17 14:51:05.715 15464 15464 E ArmVmp : Match on catch block at 0xc3 in for 0x763307a025
01-17 14:51:05.717 15464 15464 E ArmVmp : Match on catch block at 0xc3 in for 0x763307a025
01-17 14:51:05.754 15464 15464 E ArmVmp : Match on catch block at 0xc3 in for 0x763307a025
01-17 14:51:05.756 15464 15464 E ArmVmp : Match on catch block at 0xc3 in for 0x763307a025
01-17 14:51:05.768 15464 15464 E ArmVmp : Match on catch block at 0xc3 in for 0x763307a025
01-17 14:51:05.769 15464 15464 E ArmVmp : Match on catch block at 0xc3 in for 0x763307a025
01-17 14:51:05.802 15464 15464 E ArmVmp : Match on catch block at 0xc3 in for 0x763307a025
01-17 14:51:05.804 15464 15464 E ArmVmp : Match on catch block at 0xc3 in for 0x763307a025
01-17 14:51:05.810 15464 15552 W MediaPlayer: Use of stream types is deprecated for operations other than volume control
01-17 14:51:05.810 15464 15552 W MediaPlayer: See the documentation of setAudioStreamType() for what to use instead with android.media.AudioAttributes to qualify your playback use case
01-17 14:51:05.814 15464 15464 E ArmVmp : Match on catch block at 0xc3 in for 0x763307a025
01-17 14:51:05.816 15464 15464 E ArmVmp : Match on catch block at 0xc3 in for 0x763307a025
01-17 14:51:05.826 15464 15464 E ArmVmp : Match on catch block at 0xc3 in for 0x763307a025
01-17 14:51:05.828 15464 15464 E ArmVmp : Match on catch block at 0xc3 in for 0x763307a025
01-17 14:51:05.833 15464 15464 E ArmVmp : Match on catch block at 0xc3 in for 0x763307a025
01-17 14:51:05.834 15464 15464 E ArmVmp : Match on catch block at 0xc3 in for 0x763307a025
01-17 14:51:05.835 15464 15952 W MediaPlayerNative: info/warning (10973, 0)
01-17 14:51:05.846 15464 15552 W MediaPlayer: Use of stream types is deprecated for operations other than volume control
01-17 14:51:05.846 15464 15552 W MediaPlayer: See the documentation of setAudioStreamType() for what to use instead with android.media.AudioAttributes to qualify your playback use case
01-17 14:51:05.869 15464 15952 W MediaPlayerNative: info/warning (10973, 0)
01-17 14:51:05.943 15464 15464 E ArmVmp : Match on catch block at 0xc3 in for 0x763307a025
01-17 14:51:05.944 15464 15464 E ArmVmp : Match on catch block at 0xc3 in for 0x763307a025
01-17 14:51:05.948 15464 15552 W MediaPlayer: Use of stream types is deprecated for operations other than volume control
01-17 14:51:05.948 15464 15552 W MediaPlayer: See the documentation of setAudioStreamType() for what to use instead with android.media.AudioAttributes to qualify your playback use case
01-17 14:51:05.975 15464 15571 W MediaPlayerNative: info/warning (10973, 0)
01-17 14:51:06.095 15464 15464 E ArmVmp : Match on catch block at 0xc3 in for 0x763307a025
01-17 14:51:06.098 15464 15464 E ArmVmp : Match on catch block at 0xc3 in for 0x763307a025
01-17 14:51:06.104 15464 15552 W MediaPlayer: Use of stream types is deprecated for operations other than volume control
01-17 14:51:06.104 15464 15552 W MediaPlayer: See the documentation of setAudioStreamType() for what to use instead with android.media.AudioAttributes to qualify your playback use case
01-17 14:51:06.131 15464 15819 W MediaPlayerNative: info/warning (10973, 0)
01-17 14:51:06.328 15464 15464 E ArmVmp : Match on catch block at 0xc3 in for 0x763307a025
01-17 14:51:06.332 15464 15464 E ArmVmp : Match on catch block at 0xc3 in for 0x763307a025
01-17 14:51:06.338 15464 15552 W MediaPlayer: Use of stream types is deprecated for operations other than volume control
01-17 14:51:06.338 15464 15552 W MediaPlayer: See the documentation of setAudioStreamType() for what to use instead with android.media.AudioAttributes to qualify your playback use case
01-17 14:51:06.379 15464 15819 W MediaPlayerNative: info/warning (10973, 0)
01-17 14:51:06.479 15464 15464 E ArmVmp : Match on catch block at 0x0a in for 0x763307a02d
01-17 14:51:06.480 15464 15464 E ArmVmp : Match on catch block at 0x0a in for 0x763307a02d
01-17 14:51:06.481 15464 15464 E ArmVmp : Match on catch block at 0x0a in for 0x763307a02d
01-17 14:51:06.482 15464 15464 E ArmVmp : Match on catch block at 0x0a in for 0x763307a02d
01-17 14:51:06.485 15464 15464 E ArmVmp : Match on catch block at 0x0a in for 0x763307a02d
01-17 14:51:06.486 15464 15464 E ArmVmp : Match on catch block at 0x0a in for 0x763307a02d
01-17 14:51:06.488 15464 15464 E ArmVmp : Match on catch block at 0xc3 in for 0x763307a025
01-17 14:51:06.490 15464 15464 E ArmVmp : Match on catch block at 0xc3 in for 0x763307a025
01-17 14:51:06.495 15464 15464 E ArmVmp : Match on catch block at 0xc3 in for 0x763307a025
01-17 14:51:06.497 15464 15464 E ArmVmp : Match on catch block at 0xc3 in for 0x763307a025
01-17 14:51:06.512 15464 15464 E ArmVmp : Match on catch block at 0xc3 in for 0x763307a025
01-17 14:51:06.514 15464 15464 E ArmVmp : Match on catch block at 0xc3 in for 0x763307a025
01-17 14:51:06.521 15464 15552 W MediaPlayer: Use of stream types is deprecated for operations other than volume control
01-17 14:51:06.521 15464 15552 W MediaPlayer: See the documentation of setAudioStreamType() for what to use instead with android.media.AudioAttributes to qualify your playback use case
01-17 14:51:06.555 15464 15819 W MediaPlayerNative: info/warning (10973, 0)
01-17 14:51:06.694 15464 15464 E ArmVmp : Match on catch block at 0xc3 in for 0x763307a025
01-17 14:51:06.697 15464 15464 E ArmVmp : Match on catch block at 0xc3 in for 0x763307a025
01-17 14:51:06.713 15464 15552 W MediaPlayer: Use of stream types is deprecated for operations other than volume control
01-17 14:51:06.713 15464 15552 W MediaPlayer: See the documentation of setAudioStreamType() for what to use instead with android.media.AudioAttributes to qualify your playback use case
01-17 14:51:06.748 15464 15819 W MediaPlayerNative: info/warning (10973, 0)
01-17 14:51:06.902 15464 15464 E ArmVmp : Match on catch block at 0xc3 in for 0x763307a025
01-17 14:51:06.906 15464 15464 E ArmVmp : Match on catch block at 0xc3 in for 0x763307a025
01-17 14:51:06.913 15464 15552 W MediaPlayer: Use of stream types is deprecated for operations other than volume control
01-17 14:51:06.913 15464 15552 W MediaPlayer: See the documentation of setAudioStreamType() for what to use instead with android.media.AudioAttributes to qualify your playback use case
01-17 14:51:06.932 15464 15819 W MediaPlayerNative: info/warning (10973, 0)
01-17 14:51:07.035 15464 15464 E ArmVmp : Match on catch block at 0xc3 in for 0x763307a025
01-17 14:51:07.038 15464 15464 E ArmVmp : Match on catch block at 0xc3 in for 0x763307a025
01-17 14:51:07.045 15464 15552 W MediaPlayer: Use of stream types is deprecated for operations other than volume control
01-17 14:51:07.045 15464 15552 W MediaPlayer: See the documentation of setAudioStreamType() for what to use instead with android.media.AudioAttributes to qualify your playback use case
01-17 14:51:07.066 15464 15819 W MediaPlayerNative: info/warning (10973, 0)
01-17 14:51:07.177 15464 15464 E ArmVmp : Match on catch block at 0xc3 in for 0x763307a025
01-17 14:51:07.181 15464 15464 E ArmVmp : Match on catch block at 0xc3 in for 0x763307a025
01-17 14:51:07.188 15464 15464 E ArmVmp : Match on catch block at 0xc3 in for 0x763307a025
01-17 14:51:07.190 15464 15464 E ArmVmp : Match on catch block at 0xc3 in for 0x763307a025
01-17 14:51:07.195 15464 15464 E ArmVmp : Match on catch block at 0xc3 in for 0x763307a025
01-17 14:51:07.199 15464 15464 E ArmVmp : Match on catch block at 0xc3 in for 0x763307a025
01-17 14:51:07.204 15464 15464 E ArmVmp : Match on catch block at 0xc3 in for 0x763307a025
01-17 14:51:07.206 15464 15464 E ArmVmp : Match on catch block at 0xc3 in for 0x763307a025
01-17 14:51:07.210 15464 15464 E ArmVmp : Match on catch block at 0xc3 in for 0x763307a025
01-17 14:51:07.213 15464 15464 E ArmVmp : Match on catch block at 0xc3 in for 0x763307a025
01-17 14:51:07.231 15464 15464 E ArmVmp : Match on catch block at 0xc3 in for 0x763307a025
01-17 14:51:07.233 15464 15464 E ArmVmp : Match on catch block at 0xc3 in for 0x763307a025
01-17 14:51:07.241 15464 15464 E ArmVmp : Match on catch block at 0xc3 in for 0x763307a025
01-17 14:51:07.243 15464 15464 E ArmVmp : Match on catch block at 0xc3 in for 0x763307a025
01-17 14:51:07.247 15464 15464 E ArmVmp : Match on catch block at 0xc3 in for 0x763307a025
01-17 14:51:07.250 15464 15464 E ArmVmp : Match on catch block at 0xc3 in for 0x763307a025
01-17 14:51:07.254 15464 15464 E ArmVmp : Match on catch block at 0xc3 in for 0x763307a025
01-17 14:51:07.256 15464 15464 E ArmVmp : Match on catch block at 0xc3 in for 0x763307a025
01-17 14:51:07.259 15464 15464 E ArmVmp : Match on catch block at 0xc3 in for 0x763307a025
01-17 14:51:07.262 15464 15464 E ArmVmp : Match on catch block at 0xc3 in for 0x763307a025
01-17 14:51:07.267 15464 15464 E ArmVmp : Match on catch block at 0xc3 in for 0x763307a025
01-17 14:51:07.269 15464 15464 E ArmVmp : Match on catch block at 0xc3 in for 0x763307a025
01-17 14:51:07.274 15464 15464 E ArmVmp : Match on catch block at 0xc3 in for 0x763307a025
01-17 14:51:07.276 15464 15464 E ArmVmp : Match on catch block at 0xc3 in for 0x763307a025
01-17 14:51:07.284 15464 15464 E ArmVmp : Match on catch block at 0xc3 in for 0x763307a025
01-17 14:51:07.285 15464 15464 E ArmVmp : Match on catch block at 0xc3 in for 0x763307a025
01-17 14:51:07.291 15464 15464 E ArmVmp : Match on catch block at 0xc3 in for 0x763307a025
01-17 14:51:07.293 15464 15464 E ArmVmp : Match on catch block at 0xc3 in for 0x763307a025
01-17 14:51:07.304 15464 15464 E ArmVmp : Match on catch block at 0xc3 in for 0x763307a025
01-17 14:51:07.306 15464 15464 E ArmVmp : Match on catch block at 0xc3 in for 0x763307a025
01-17 14:51:07.310 15464 15464 E ArmVmp : Match on catch block at 0xc3 in for 0x763307a025
01-17 14:51:07.312 15464 15464 E ArmVmp : Match on catch block at 0xc3 in for 0x763307a025
01-17 14:51:07.317 15464 15464 E ArmVmp : Match on catch block at 0xc3 in for 0x763307a025
01-17 14:51:07.319 15464 15464 E ArmVmp : Match on catch block at 0xc3 in for 0x763307a025
01-17 14:51:07.324 15464 15464 E ArmVmp : Match on catch block at 0xc3 in for 0x763307a025
01-17 14:51:07.325 15464 15464 E ArmVmp : Match on catch block at 0xc3 in for 0x763307a025
01-17 14:51:07.334 15464 15464 E ArmVmp : Match on catch block at 0xc3 in for 0x763307a025
01-17 14:51:07.335 15464 15464 E ArmVmp : Match on catch block at 0xc3 in for 0x763307a025
01-17 14:51:07.341 15464 15464 E ArmVmp : Match on catch block at 0xc3 in for 0x763307a025
01-17 14:51:07.343 15464 15464 E ArmVmp : Match on catch block at 0xc3 in for 0x763307a025
01-17 14:51:07.352 15464 15464 E ArmVmp : Match on catch block at 0xc3 in for 0x763307a025
01-17 14:51:07.354 15464 15464 E ArmVmp : Match on catch block at 0xc3 in for 0x763307a025
01-17 14:51:07.357 15464 15464 E ArmVmp : Match on catch block at 0xc3 in for 0x763307a025
01-17 14:51:07.359 15464 15464 E ArmVmp : Match on catch block at 0xc3 in for 0x763307a025
01-17 14:51:07.367 15464 15464 E ArmVmp : Match on catch block at 0xc3 in for 0x763307a025
01-17 14:51:07.369 15464 15464 E ArmVmp : Match on catch block at 0xc3 in for 0x763307a025
01-17 14:51:07.375 15464 15464 E ArmVmp : Match on catch block at 0xc3 in for 0x763307a025
01-17 14:51:07.378 15464 15464 E ArmVmp : Match on catch block at 0xc3 in for 0x763307a025
01-17 14:51:07.384 15464 15464 E ArmVmp : Match on catch block at 0xc3 in for 0x763307a025
01-17 14:51:07.388 15464 15464 E ArmVmp : Match on catch block at 0xc3 in for 0x763307a025
01-17 14:51:07.392 15464 15464 E ArmVmp : Match on catch block at 0xc3 in for 0x763307a025
01-17 14:51:07.394 15464 15464 E ArmVmp : Match on catch block at 0xc3 in for 0x763307a025
01-17 14:51:07.400 15464 15464 E ArmVmp : Match on catch block at 0xc3 in for 0x763307a025
01-17 14:51:07.402 15464 15464 E ArmVmp : Match on catch block at 0xc3 in for 0x763307a025
01-17 14:51:07.408 15464 15464 E ArmVmp : Match on catch block at 0xc3 in for 0x763307a025
01-17 14:51:07.410 15464 15464 E ArmVmp : Match on catch block at 0xc3 in for 0x763307a025
01-17 14:51:07.416 15464 15464 E ArmVmp : Match on catch block at 0xc3 in for 0x763307a025
01-17 14:51:07.418 15464 15464 E ArmVmp : Match on catch block at 0xc3 in for 0x763307a025
01-17 14:51:07.424 15464 15464 E ArmVmp : Match on catch block at 0xc3 in for 0x763307a025
01-17 14:51:07.426 15464 15464 E ArmVmp : Match on catch block at 0xc3 in for 0x763307a025
01-17 14:51:07.433 15464 15464 E ArmVmp : Match on catch block at 0xc3 in for 0x763307a025
01-17 14:51:07.435 15464 15464 E ArmVmp : Match on catch block at 0xc3 in for 0x763307a025
01-17 14:51:07.441 15464 15464 E ArmVmp : Match on catch block at 0xc3 in for 0x763307a025
01-17 14:51:07.442 15464 15464 E ArmVmp : Match on catch block at 0xc3 in for 0x763307a025
01-17 14:51:07.450 15464 15464 E ArmVmp : Match on catch block at 0xc3 in for 0x763307a025
01-17 14:51:07.451 15464 15464 E ArmVmp : Match on catch block at 0xc3 in for 0x763307a025
01-17 14:51:07.457 15464 15464 E ArmVmp : Match on catch block at 0xc3 in for 0x763307a025
01-17 14:51:07.459 15464 15464 E ArmVmp : Match on catch block at 0xc3 in for 0x763307a025
01-17 14:51:07.466 15464 15464 E ArmVmp : Match on catch block at 0xc3 in for 0x763307a025
01-17 14:51:07.468 15464 15464 E ArmVmp : Match on catch block at 0xc3 in for 0x763307a025
01-17 14:51:07.474 15464 15464 E ArmVmp : Match on catch block at 0xc3 in for 0x763307a025
01-17 14:51:07.477 15464 15464 E ArmVmp : Match on catch block at 0xc3 in for 0x763307a025
01-17 14:51:07.483 15464 15464 E ArmVmp : Match on catch block at 0xc3 in for 0x763307a025
