01-17 14:52:30.918 16876 16876 E ArmVmp : Match on catch block at 0xc3 in for 0x763307a025
01-17 14:52:30.925 16876 16876 E ArmVmp : Match on catch block at 0xc3 in for 0x763307a025
01-17 14:52:30.927 16876 16876 E ArmVmp : Match on catch block at 0xc3 in for 0x763307a025
01-17 14:52:30.933 16876 16876 E ArmVmp : Match on catch block at 0xc3 in for 0x763307a025
01-17 14:52:30.935 16876 16876 E ArmVmp : Match on catch block at 0xc3 in for 0x763307a025
01-17 14:52:30.942 16876 16876 E ArmVmp : Match on catch block at 0xc3 in for 0x763307a025
01-17 14:52:30.943 16876 16876 E ArmVmp : Match on catch block at 0xc3 in for 0x763307a025
01-17 14:52:30.950 16876 16876 E ArmVmp : Match on catch block at 0xc3 in for 0x763307a025
01-17 14:52:30.951 16876 16876 E ArmVmp : Match on catch block at 0xc3 in for 0x763307a025
01-17 14:52:30.958 16876 16876 E ArmVmp : Match on catch block at 0xc3 in for 0x763307a025
01-17 14:52:30.960 16876 16876 E ArmVmp : Match on catch block at 0xc3 in for 0x763307a025
01-17 14:52:30.966 16876 16876 E ArmVmp : Match on catch block at 0xc3 in for 0x763307a025
01-17 14:52:30.968 16876 16876 E ArmVmp : Match on catch block at 0xc3 in for 0x763307a025
01-17 14:52:30.975 16876 16876 E ArmVmp : Match on catch block at 0xc3 in for 0x763307a025
01-17 14:52:30.977 16876 16876 E ArmVmp : Match on catch block at 0xc3 in for 0x763307a025
01-17 14:52:30.983 16876 16876 E ArmVmp : Match on catch block at 0xc3 in for 0x763307a025
01-17 14:52:30.985 16876 16876 E ArmVmp : Match on catch block at 0xc3 in for 0x763307a025
01-17 14:52:30.991 16876 16876 E ArmVmp : Match on catch block at 0xc3 in for 0x763307a025
01-17 14:52:30.993 16876 16876 E ArmVmp : Match on catch block at 0xc3 in for 0x763307a025
01-17 14:52:31.000 16876 16876 E ArmVmp : Match on catch block at 0xc3 in for 0x763307a025
01-17 14:52:31.002 16876 16876 E ArmVmp : Match on catch block at 0xc3 in for 0x763307a025
01-17 14:52:31.008 16876 16876 E ArmVmp : Match on catch block at 0xc3 in for 0x763307a025
01-17 14:52:31.010 16876 16876 E ArmVmp : Match on catch block at 0xc3 in for 0x763307a025
01-17 14:52:31.043 16876 16876 E ArmVmp : Match on catch block at 0xc3 in for 0x763307a025
01-17 14:52:31.045 16876 16876 E ArmVmp : Match on catch block at 0xc3 in for 0x763307a025
01-17 14:52:31.056 16876 17473 W MediaPlayer: Use of stream types is deprecated for operations other than volume control
01-17 14:52:31.056 16876 17473 W MediaPlayer: See the documentation of setAudioStreamType() for what to use instead with android.media.AudioAttributes to qualify your playback use case
01-17 14:52:31.110 16876 17531 W MediaPlayerNative: info/warning (10973, 0)
01-17 14:52:31.260 16876 16876 E ArmVmp : Match on catch block at 0xc3 in for 0x763307a025
01-17 14:52:31.262 16876 16876 E ArmVmp : Match on catch block at 0xc3 in for 0x763307a025
01-17 14:52:31.275 16876 16876 E ArmVmp : Match on catch block at 0xc3 in for 0x763307a025
01-17 14:52:31.277 16876 16876 E ArmVmp : Match on catch block at 0xc3 in for 0x763307a025
01-17 14:52:31.292 16876 16876 E ArmVmp : Match on catch block at 0xc3 in for 0x763307a025
01-17 14:52:31.293 16876 16876 E ArmVmp : Match on catch block at 0xc3 in for 0x763307a025
01-17 14:52:31.309 16876 16876 E ArmVmp : Match on catch block at 0xc3 in for 0x763307a025
01-17 14:52:31.312 16876 16876 E ArmVmp : Match on catch block at 0xc3 in for 0x763307a025
01-17 14:52:31.325 16876 16876 E ArmVmp : Match on catch block at 0xc3 in for 0x763307a025
01-17 14:52:31.327 16876 16876 E ArmVmp : Match on catch block at 0xc3 in for 0x763307a025
01-17 14:52:31.342 16876 16876 E ArmVmp : Match on catch block at 0xc3 in for 0x763307a025
01-17 14:52:31.343 16876 16876 E ArmVmp : Match on catch block at 0xc3 in for 0x763307a025
01-17 14:52:31.358 16876 16876 E ArmVmp : Match on catch block at 0xc3 in for 0x763307a025
01-17 14:52:31.360 16876 16876 E ArmVmp : Match on catch block at 0xc3 in for 0x763307a025
01-17 14:52:31.377 16876 16876 E ArmVmp : Match on catch block at 0xc3 in for 0x763307a025
01-17 14:52:31.378 16876 16876 E ArmVmp : Match on catch block at 0xc3 in for 0x763307a025
01-17 14:52:31.392 16876 16876 E ArmVmp : Match on catch block at 0xc3 in for 0x763307a025
01-17 14:52:31.395 16876 16876 E ArmVmp : Match on catch block at 0xc3 in for 0x763307a025
01-17 14:52:31.409 16876 16876 E ArmVmp : Match on catch block at 0xc3 in for 0x763307a025
01-17 14:52:31.412 16876 16876 E ArmVmp : Match on catch block at 0xc3 in for 0x763307a025
01-17 14:52:31.425 16876 16876 E ArmVmp : Match on catch block at 0xc3 in for 0x763307a025
01-17 14:52:31.429 16876 16876 E ArmVmp : Match on catch block at 0xc3 in for 0x763307a025
01-17 14:52:31.442 16876 16876 E ArmVmp : Match on catch block at 0xc3 in for 0x763307a025
01-17 14:52:31.445 16876 16876 E ArmVmp : Match on catch block at 0xc3 in for 0x763307a025
01-17 14:52:31.459 16876 16876 E ArmVmp : Match on catch block at 0xc3 in for 0x763307a025
01-17 14:52:31.461 16876 16876 E ArmVmp : Match on catch block at 0xc3 in for 0x763307a025
01-17 14:52:31.509 16876 16876 E ArmVmp : Match on catch block at 0xc3 in for 0x763307a025
01-17 14:52:31.513 16876 16876 E ArmVmp : Match on catch block at 0xc3 in for 0x763307a025
01-17 14:52:31.543 16876 16876 E ArmVmp : Match on catch block at 0xc3 in for 0x763307a025
01-17 14:52:31.545 16876 16876 E ArmVmp : Match on catch block at 0xc3 in for 0x763307a025
01-17 14:52:31.676 16876 16876 E ArmVmp : Match on catch block at 0xc3 in for 0x763307a025
01-17 14:52:31.678 16876 16876 E ArmVmp : Match on catch block at 0xc3 in for 0x763307a025
01-17 14:52:31.692 16876 16876 E ArmVmp : Match on catch block at 0xc3 in for 0x763307a025
01-17 14:52:31.695 16876 16876 E ArmVmp : Match on catch block at 0xc3 in for 0x763307a025
01-17 14:52:32.143 16876 16876 E ArmVmp : Match on catch block at 0xc3 in for 0x763307a025
01-17 14:52:32.146 16876 16876 E ArmVmp : Match on catch block at 0xc3 in for 0x763307a025
01-17 14:52:32.162 16876 16876 E ArmVmp : Match on catch block at 0xc3 in for 0x763307a025
01-17 14:52:32.164 16876 16876 E ArmVmp : Match on catch block at 0xc3 in for 0x763307a025
01-17 14:52:32.177 16876 16876 E ArmVmp : Match on catch block at 0xc3 in for 0x763307a025
01-17 14:52:32.179 16876 16876 E ArmVmp : Match on catch block at 0xc3 in for 0x763307a025
01-17 14:52:32.200 16876 16876 E ArmVmp : Match on catch block at 0xc3 in for 0x763307a025
01-17 14:52:32.202 16876 16876 E ArmVmp : Match on catch block at 0xc3 in for 0x763307a025
01-17 14:52:32.213 16876 16876 E ArmVmp : Match on catch block at 0xc3 in for 0x763307a025
01-17 14:52:32.214 16876 16876 E ArmVmp : Match on catch block at 0xc3 in for 0x763307a025
01-17 14:52:32.225 16876 16876 E ArmVmp : Match on catch block at 0xc3 in for 0x763307a025
01-17 14:52:32.226 16876 16876 E ArmVmp : Match on catch block at 0xc3 in for 0x763307a025
01-17 14:52:32.233 16876 16876 E ArmVmp : Match on catch block at 0xc3 in for 0x763307a025
01-17 14:52:32.235 16876 16876 E ArmVmp : Match on catch block at 0xc3 in for 0x763307a025
01-17 14:52:32.241 16876 16876 E ArmVmp : Match on catch block at 0xc3 in for 0x763307a025
01-17 14:52:32.243 16876 16876 E ArmVmp : Match on catch block at 0xc3 in for 0x763307a025
01-17 14:52:32.250 16876 16876 E ArmVmp : Match on catch block at 0xc3 in for 0x763307a025
01-17 14:52:32.252 16876 16876 E ArmVmp : Match on catch block at 0xc3 in for 0x763307a025
01-17 14:52:32.258 16876 16876 E ArmVmp : Match on catch block at 0xc3 in for 0x763307a025
01-17 14:52:32.260 16876 16876 E ArmVmp : Match on catch block at 0xc3 in for 0x763307a025
01-17 14:52:32.266 16876 16876 E ArmVmp : Match on catch block at 0xc3 in for 0x763307a025
01-17 14:52:32.268 16876 16876 E ArmVmp : Match on catch block at 0xc3 in for 0x763307a025
01-17 14:52:32.275 16876 16876 E ArmVmp : Match on catch block at 0xc3 in for 0x763307a025
01-17 14:52:32.277 16876 16876 E ArmVmp : Match on catch block at 0xc3 in for 0x763307a025
01-17 14:52:32.283 16876 16876 E ArmVmp : Match on catch block at 0xc3 in for 0x763307a025
01-17 14:52:32.285 16876 16876 E ArmVmp : Match on catch block at 0xc3 in for 0x763307a025
01-17 14:52:32.291 16876 16876 E ArmVmp : Match on catch block at 0xc3 in for 0x763307a025
01-17 14:52:32.293 16876 16876 E ArmVmp : Match on catch block at 0xc3 in for 0x763307a025
01-17 14:52:32.302 16876 16876 E ArmVmp : Match on catch block at 0xc3 in for 0x763307a025
01-17 14:52:32.303 16876 16876 E ArmVmp : Match on catch block at 0xc3 in for 0x763307a025
01-17 14:52:32.308 16876 16876 E ArmVmp : Match on catch block at 0xc3 in for 0x763307a025
01-17 14:52:32.310 16876 16876 E ArmVmp : Match on catch block at 0xc3 in for 0x763307a025
01-17 14:52:32.316 16876 16876 E ArmVmp : Match on catch block at 0xc3 in for 0x763307a025
01-17 14:52:32.318 16876 16876 E ArmVmp : Match on catch block at 0xc3 in for 0x763307a025
01-17 14:52:32.325 16876 16876 E ArmVmp : Match on catch block at 0xc3 in for 0x763307a025
01-17 14:52:32.327 16876 16876 E ArmVmp : Match on catch block at 0xc3 in for 0x763307a025
01-17 14:52:32.333 16876 16876 E ArmVmp : Match on catch block at 0xc3 in for 0x763307a025
01-17 14:52:32.335 16876 16876 E ArmVmp : Match on catch block at 0xc3 in for 0x763307a025
01-17 14:52:32.345 16876 16876 E ArmVmp : Match on catch block at 0xc3 in for 0x763307a025
01-17 14:52:32.347 16876 16876 E ArmVmp : Match on catch block at 0xc3 in for 0x763307a025
01-17 14:52:32.354 16876 16876 E ArmVmp : Match on catch block at 0xc3 in for 0x763307a025
01-17 14:52:32.356 16876 16876 E ArmVmp : Match on catch block at 0xc3 in for 0x763307a025
01-17 14:52:32.361 16876 17473 W MediaPlayer: Use of stream types is deprecated for operations other than volume control
01-17 14:52:32.361 16876 17473 W MediaPlayer: See the documentation of setAudioStreamType() for what to use instead with android.media.AudioAttributes to qualify your playback use case
01-17 14:52:32.367 16876 16876 E ArmVmp : Match on catch block at 0xc3 in for 0x763307a025
01-17 14:52:32.369 16876 16876 E ArmVmp : Match on catch block at 0xc3 in for 0x763307a025
01-17 14:52:32.386 16876 16890 W MediaPlayerNative: info/warning (10973, 0)
01-17 14:52:32.392 16876 16876 E ArmVmp : Match on catch block at 0xc3 in for 0x763307a025
01-17 14:52:32.394 16876 16876 E ArmVmp : Match on catch block at 0xc3 in for 0x763307a025
01-17 14:52:32.401 16876 16876 E ArmVmp : Match on catch block at 0xc3 in for 0x763307a025
01-17 14:52:32.402 16876 16876 E ArmVmp : Match on catch block at 0xc3 in for 0x763307a025
01-17 14:52:32.425 16876 16876 E ArmVmp : Match on catch block at 0xc3 in for 0x763307a025
01-17 14:52:32.427 16876 16876 E ArmVmp : Match on catch block at 0xc3 in for 0x763307a025
01-17 14:52:32.439 16876 16876 E ArmVmp : Match on catch block at 0xc3 in for 0x763307a025
01-17 14:52:32.440 16876 16876 E ArmVmp : Match on catch block at 0xc3 in for 0x763307a025
01-17 14:52:32.444 16876 16876 E ArmVmp : Match on catch block at 0xc3 in for 0x763307a025
01-17 14:52:32.446 16876 16876 E ArmVmp : Match on catch block at 0xc3 in for 0x763307a025
01-17 14:52:32.451 16876 16876 E ArmVmp : Match on catch block at 0xc3 in for 0x763307a025
01-17 14:52:32.453 16876 16876 E ArmVmp : Match on catch block at 0xc3 in for 0x763307a025
01-17 14:52:32.458 16876 16876 E ArmVmp : Match on catch block at 0xc3 in for 0x763307a025
01-17 14:52:32.460 16876 16876 E ArmVmp : Match on catch block at 0xc3 in for 0x763307a025
01-17 14:52:32.477 16876 16876 E ArmVmp : Match on catch block at 0xc3 in for 0x763307a025
01-17 14:52:32.479 16876 16876 E ArmVmp : Match on catch block at 0xc3 in for 0x763307a025
01-17 14:52:32.483 16876 16876 E ArmVmp : Match on catch block at 0xc3 in for 0x763307a025
01-17 14:52:32.485 16876 16876 E ArmVmp : Match on catch block at 0xc3 in for 0x763307a025
01-17 14:52:32.492 16876 16876 E ArmVmp : Match on catch block at 0xc3 in for 0x763307a025
01-17 14:52:32.493 16876 16876 E ArmVmp : Match on catch block at 0xc3 in for 0x763307a025
01-17 14:52:32.500 16876 16876 E ArmVmp : Match on catch block at 0xc3 in for 0x763307a025
01-17 14:52:32.502 16876 16876 E ArmVmp : Match on catch block at 0xc3 in for 0x763307a025
01-17 14:52:32.508 16876 16876 E ArmVmp : Match on catch block at 0xc3 in for 0x763307a025
01-17 14:52:32.510 16876 16876 E ArmVmp : Match on catch block at 0xc3 in for 0x763307a025
01-17 14:52:32.524 16876 16876 E ArmVmp : Match on catch block at 0xc3 in for 0x763307a025
01-17 14:52:32.526 16876 16876 E ArmVmp : Match on catch block at 0xc3 in for 0x763307a025
01-17 14:52:32.531 16876 16876 E ArmVmp : Match on catch block at 0xc3 in for 0x763307a025
01-17 14:52:32.533 16876 16876 E ArmVmp : Match on catch block at 0xc3 in for 0x763307a025
01-17 14:52:32.536 16876 16876 E ArmVmp : Match on catch block at 0xc3 in for 0x763307a025
01-17 14:52:32.538 16876 16876 E ArmVmp : Match on catch block at 0xc3 in for 0x763307a025
01-17 14:52:32.542 16876 16876 E ArmVmp : Match on catch block at 0xc3 in for 0x763307a025
01-17 14:52:32.544 16876 16876 E ArmVmp : Match on catch block at 0xc3 in for 0x763307a025
01-17 14:52:32.550 16876 16876 E ArmVmp : Match on catch block at 0xc3 in for 0x763307a025
01-17 14:52:32.552 16876 16876 E ArmVmp : Match on catch block at 0xc3 in for 0x763307a025
01-17 14:52:32.559 16876 16876 E ArmVmp : Match on catch block at 0xc3 in for 0x763307a025
01-17 14:52:32.560 16876 16876 E ArmVmp : Match on catch block at 0xc3 in for 0x763307a025
01-17 14:52:32.567 16876 16876 E ArmVmp : Match on catch block at 0xc3 in for 0x763307a025
01-17 14:52:32.568 16876 16876 E ArmVmp : Match on catch block at 0xc3 in for 0x763307a025
01-17 14:52:32.575 16876 16876 E ArmVmp : Match on catch block at 0xc3 in for 0x763307a025
01-17 14:52:32.576 16876 16876 E ArmVmp : Match on catch block at 0xc3 in for 0x763307a025
01-17 14:52:32.583 16876 16876 E ArmVmp : Match on catch block at 0xc3 in for 0x763307a025
01-17 14:52:32.584 16876 16876 E ArmVmp : Match on catch block at 0xc3 in for 0x763307a025
01-17 14:52:32.591 16876 16876 E ArmVmp : Match on catch block at 0xc3 in for 0x763307a025
01-17 14:52:32.593 16876 16876 E ArmVmp : Match on catch block at 0xc3 in for 0x763307a025
01-17 14:52:32.600 16876 16876 E ArmVmp : Match on catch block at 0xc3 in for 0x763307a025
01-17 14:52:32.602 16876 16876 E ArmVmp : Match on catch block at 0xc3 in for 0x763307a025
01-17 14:52:32.608 16876 16876 E ArmVmp : Match on catch block at 0xc3 in for 0x763307a025
01-17 14:52:32.610 16876 16876 E ArmVmp : Match on catch block at 0xc3 in for 0x763307a025
01-17 14:52:32.616 16876 16876 E ArmVmp : Match on catch block at 0xc3 in for 0x763307a025
01-17 14:52:32.618 16876 16876 E ArmVmp : Match on catch block at 0xc3 in for 0x763307a025
01-17 14:52:32.627 16876 16876 E ArmVmp : Match on catch block at 0xc3 in for 0x763307a025
01-17 14:52:32.628 16876 16876 E ArmVmp : Match on catch block at 0xc3 in for 0x763307a025
01-17 14:52:32.651 16876 16876 E ArmVmp : Match on catch block at 0xc3 in for 0x763307a025
01-17 14:52:32.652 16876 16876 E ArmVmp : Match on catch block at 0xc3 in for 0x763307a025
01-17 14:52:32.664 16876 16876 E ArmVmp : Match on catch block at 0xc3 in for 0x763307a025
01-17 14:52:32.665 16876 16876 E ArmVmp : Match on catch block at 0xc3 in for 0x763307a025
01-17 14:52:32.690 16876 16876 E ArmVmp : Match on catch block at 0xc3 in for 0x763307a025
01-17 14:52:32.692 16876 16876 E ArmVmp : Match on catch block at 0xc3 in for 0x763307a025
01-17 14:52:32.706 16876 16876 E ArmVmp : Match on catch block at 0xc3 in for 0x763307a025
01-17 14:52:32.707 16876 16876 E ArmVmp : Match on catch block at 0xc3 in for 0x763307a025
01-17 14:52:32.712 16876 16876 E ArmVmp : Match on catch block at 0xc3 in for 0x763307a025
01-17 14:52:32.714 16876 16876 E ArmVmp : Match on catch block at 0xc3 in for 0x763307a025
01-17 14:52:32.718 16876 16876 E ArmVmp : Match on catch block at 0xc3 in for 0x763307a025
01-17 14:52:32.719 16876 16876 E ArmVmp : Match on catch block at 0xc3 in for 0x763307a025
01-17 14:52:32.725 16876 16876 E ArmVmp : Match on catch block at 0xc3 in for 0x763307a025
01-17 14:52:32.727 16876 16876 E ArmVmp : Match on catch block at 0xc3 in for 0x763307a025
01-17 14:52:32.734 16876 16876 E ArmVmp : Match on catch block at 0xc3 in for 0x763307a025
01-17 14:52:32.735 16876 16876 E ArmVmp : Match on catch block at 0xc3 in for 0x763307a025
01-17 14:52:32.742 16876 16876 E ArmVmp : Match on catch block at 0xc3 in for 0x763307a025
01-17 14:52:32.743 16876 16876 E ArmVmp : Match on catch block at 0xc3 in for 0x763307a025
01-17 14:52:32.750 16876 16876 E ArmVmp : Match on catch block at 0xc3 in for 0x763307a025
01-17 14:52:32.752 16876 16876 E ArmVmp : Match on catch block at 0xc3 in for 0x763307a025
01-17 14:52:32.759 16876 16876 E ArmVmp : Match on catch block at 0xc3 in for 0x763307a025
01-17 14:52:32.760 16876 16876 E ArmVmp : Match on catch block at 0xc3 in for 0x763307a025
01-17 14:52:32.766 16876 16876 E ArmVmp : Match on catch block at 0xc3 in for 0x763307a025
01-17 14:52:32.769 16876 16876 E ArmVmp : Match on catch block at 0xc3 in for 0x763307a025
01-17 14:52:32.775 16876 16876 E ArmVmp : Match on catch block at 0xc3 in for 0x763307a025
01-17 14:52:32.776 16876 16876 E ArmVmp : Match on catch block at 0xc3 in for 0x763307a025
01-17 14:52:32.783 16876 16876 E ArmVmp : Match on catch block at 0xc3 in for 0x763307a025
01-17 14:52:32.785 16876 16876 E ArmVmp : Match on catch block at 0xc3 in for 0x763307a025
01-17 14:52:32.791 16876 16876 E ArmVmp : Match on catch block at 0xc3 in for 0x763307a025
01-17 14:52:32.793 16876 16876 E ArmVmp : Match on catch block at 0xc3 in for 0x763307a025
01-17 14:52:32.800 16876 16876 E ArmVmp : Match on catch block at 0xc3 in for 0x763307a025
01-17 14:52:32.801 16876 16876 E ArmVmp : Match on catch block at 0xc3 in for 0x763307a025
01-17 14:52:32.808 16876 16876 E ArmVmp : Match on catch block at 0xc3 in for 0x763307a025
01-17 14:52:32.809 16876 16876 E ArmVmp : Match on catch block at 0xc3 in for 0x763307a025
01-17 14:52:32.817 16876 16876 E ArmVmp : Match on catch block at 0xc3 in for 0x763307a025
01-17 14:52:32.818 16876 16876 E ArmVmp : Match on catch block at 0xc3 in for 0x763307a025
01-17 14:52:32.825 16876 16876 E ArmVmp : Match on catch block at 0xc3 in for 0x763307a025
01-17 14:52:32.826 16876 16876 E ArmVmp : Match on catch block at 0xc3 in for 0x763307a025
01-17 14:52:32.834 16876 16876 E ArmVmp : Match on catch block at 0xc3 in for 0x763307a025
01-17 14:52:32.836 16876 16876 E ArmVmp : Match on catch block at 0xc3 in for 0x763307a025
01-17 14:52:32.841 16876 16876 E ArmVmp : Match on catch block at 0xc3 in for 0x763307a025
01-17 14:52:32.843 16876 16876 E ArmVmp : Match on catch block at 0xc3 in for 0x763307a025
01-17 14:52:32.885 16876 16876 E ArmVmp : Match on catch block at 0xc3 in for 0x763307a025
01-17 14:52:32.895 16876 16876 E ArmVmp : Match on catch block at 0xc3 in for 0x763307a025
01-17 14:52:32.924 16876 16876 E ArmVmp : Match on catch block at 0xc3 in for 0x763307a025
01-17 14:52:32.928 16876 16876 E ArmVmp : Match on catch block at 0xc3 in for 0x763307a025
01-17 14:52:32.951 16876 16876 W com.mbwhatsapp: Method void com.mbwhatsapp.HomeActivity.A6e() failed lock verification and will run slower.
01-17 14:52:33.073 16876 16884 W com.mbwhatsapp: Cleared Reference was only reachable from finalizer (only reported once)
01-17 14:52:33.145 16876 16876 E ArmVmp : Match on catch block at 0x0a in for 0x763307a031
01-17 14:52:33.162 16876 16876 E ArmVmp : Match on catch block at 0x0a in for 0x763307a04d
01-17 14:52:33.193 16876 16876 W Activity: Can request only one set of permissions at a time
01-17 14:52:33.238 16876 17586 W com.mbwhatsapp: Accessing hidden method Lcom/android/org/conscrypt/ConscryptEngineSocket;->setUseSessionTickets(Z)V (max- target-q,core-platform-api, reflection, denied)
01-17 14:52:33.238 16876 17586 W com.mbwhatsapp: Accessing hidden method Lcom/android/org/conscrypt/OpenSSLSocketImpl;->setUseSessionTickets(Z)V (max- target-q,core-platform-api, reflection, denied)
01-17 14:52:33.238 16876 17586 W com.mbwhatsapp: Accessing hidden method Lcom/android/org/conscrypt/AbstractConscryptSocket;->setUseSessionTickets(Z)V (max- target-q, reflection, denied)
01-17 14:52:33.238 16876 17586 W com.mbwhatsapp: Accessing hidden method Lcom/android/org/conscrypt/ConscryptEngineSocket;->setHostname(Ljava/lang/String;)V (max-target-q,core-platform-api, reflection, denied)
01-17 14:52:33.238 16876 17586 W com.mbwhatsapp: Accessing hidden method Lcom/android/org/conscrypt/OpenSSLSocketImpl;->setHostname(Ljava/lang/String;)V (max-target-q,core-platform-api, reflection, denied)
01-17 14:52:33.238 16876 17586 W com.mbwhatsapp: Accessing hidden method Lcom/android/org/conscrypt/AbstractConscryptSocket;->setHostname(Ljava/lang/ String;)V (max-target-q, reflection, denied)
01-17 14:52:33.238 16876 17586 W com.mbwhatsapp: Accessing hidden method Lcom/android/org/conscrypt/OpenSSLSocketImpl;->setAlpnProtocols([B)V (max-target- q,core-platform-api, reflection, denied)
01-17 14:52:33.238 16876 17586 W com.mbwhatsapp: Accessing hidden method Lcom/android/org/conscrypt/AbstractConscryptSocket;->setAlpnProtocols([B)V (max- target-q, reflection, denied)
01-17 14:52:33.278 16876 16876 E ArmVmp : Match on catch block at 0xc3 in for 0x763307a025
01-17 14:52:33.280 16876 16876 E ArmVmp : Match on catch block at 0xc3 in for 0x763307a025
01-17 14:52:33.366 16876 17461 W LOTTIE : Animation contains merge paths. Merge paths are only supported on KitKat+ and must be manually enabled by calling enableMergePathsForKitKatAndAbove().
01-17 14:52:33.406 16876 17586 W com.mbwhatsapp: Accessing hidden method Lcom/android/org/conscrypt/OpenSSLSocketImpl;->getAlpnSelectedProtocol()[B (max- target-q,core-platform-api, reflection, denied)
01-17 14:52:33.406 16876 17586 W com.mbwhatsapp: Accessing hidden method Lcom/android/org/conscrypt/AbstractConscryptSocket;->getAlpnSelectedProtocol()[B (max-target-q, reflection, denied)
01-17 14:52:33.587 16876 16876 E RecyclerView: No adapter attached; skipping layout
01-17 14:52:33.714 16876 16876 E ArmVmp : Match on catch block at 0xc3 in for 0x763307a025
01-17 14:52:33.717 16876 16876 E ArmVmp : Match on catch block at 0xc3 in for 0x763307a025
01-17 14:52:33.772 16876 16876 E RecyclerView: No adapter attached; skipping layout
01-17 14:52:33.772 16876 16876 W View : requestLayout() improperly called by androidx.appcompat.view.menu.ActionMenuItemView{5b6934f VFED..C.. ......ID 270,0- 406,0 #7f0b0f8a app:id/menuitem_search} during layout: running second layout pass
01-17 14:52:33.772 16876 16876 W View : requestLayout() improperly called by androidx.appcompat.widget.ActionMenuView{db8fadc V.E...... ......ID 462,351- 1128,351} during layout: running second layout pass
01-17 14:52:33.805 16876 16876 W LOTTIE : Animation contains merge paths but they are disabled.
01-17 14:52:33.853 16876 16876 E ArmVmp : Match on catch block at 0x0a in for 0x763307a035
01-17 14:52:33.961 16876 16876 W View : requestLayout() improperly called by DecorView@84effd4[HomeActivity] during second layout pass: posting in next frame
01-17 14:52:34.073 16876 16876 E ArmVmp : Match on catch block at 0x5b in for 0x763307a01d
01-17 14:52:34.080 16876 16876 E ArmVmp : Match on catch block at 0x5b in for 0x763307a01d
01-17 14:52:34.084 16876 16876 E ArmVmp : Match on catch block at 0x5b in for 0x763307a01d
01-17 14:52:34.087 16876 16876 E ArmVmp : Match on catch block at 0x5b in for 0x763307a01d
01-17 14:52:52.029 16876 16876 E ArmVmp : Match on catch block at 0x0a in for 0x763307a035
01-17 14:52:52.037 16876 16876 W ziparchive: Unable to open '/data/app/~~_Ae- 1DBlD8PbBggy-iSZwg==/com.google.android.trichromelibrary_609919433-g- IsWbKX2tpISAlQGHPvwg==/base.dm': No such file or directory
01-17 14:52:52.037 16876 16876 W ziparchive: Unable to open '/data/app/~~_Ae- 1DBlD8PbBggy-iSZwg==/com.google.android.trichromelibrary_609919433-g- IsWbKX2tpISAlQGHPvwg==/base.dm': No such file or directory
01-17 14:52:52.037 16876 16876 W com.mbwhatsapp: Entry not found
01-17 14:52:52.063 16876 17750 E chromium: [0117/145252.063845:ERROR:variations_seed_loader.cc(69)] Failed to open file for reading. Errno: 2
01-17 14:52:52.171 16876 17761 W cr_media: BLUETOOTH_CONNECT permission is missing.
01-17 14:52:52.171 16876 17761 W cr_media: registerBluetoothIntentsIfNeeded: Requires BLUETOOTH permission
01-17 14:52:52.180 16876 16876 E ArmVmp : Match on catch block at 0x0a in for 0x763307a031
01-17 14:52:52.238 16876 17782 W AudioCapabilities: Unsupported mime audio/x-ima
01-17 14:52:52.239 16876 17782 W AudioCapabilities: Unsupported mime audio/mpeg-L1
01-17 14:52:52.239 16876 17782 W AudioCapabilities: Unsupported mime audio/mpeg-L2
01-17 14:52:52.239 16876 17782 W VideoCapabilities: Unsupported mime video/wvc1
01-17 14:52:52.239 16876 17782 W VideoCapabilities: Unsupported mime video/x-ms-wmv
01-17 14:52:52.242 16876 17782 W VideoCapabilities: Unrecognized profile/level 32768/256 for video/mp4v-es
01-17 14:52:52.414 16876 17816 W ColorUtils: expected specified color aspects (0:0:0:0)
01-17 14:52:52.424 16876 17816 W Codec2Client: query -- param skipped: index = 1107298332.
01-17 14:52:52.424 16876 17816 W CCodec : This behavior is subject to change. It is recommended that app developers double check whether the requested max input size is in reasonable range.
01-17 14:52:52.454 16876 17816 W Codec2Client: query -- param skipped: index = 1073743886.
01-17 14:52:52.454 16876 17816 W Codec2Client: query -- param skipped: index = 1610614798.
01-17 14:52:52.454 16876 17816 W Codec2Client: query -- param skipped: index = 1610614821.
01-17 14:52:52.454 16876 17816 W Codec2Client: query -- param skipped: index = 2684356609.
01-17 14:53:03.538 16876 17756 W cr_MediaCodecBridge: Releasing: c2.exynos.hevc.decoder
01-17 14:53:03.581 16876 17756 W cr_MediaCodecBridge: Codec released
01-17 14:53:03.698 16876 16876 E ArmVmp : Match on catch block at 0x0a in for 0x763307a031
01-17 14:53:03.844 16876 17896 W ColorUtils: expected specified color aspects (0:0:0:0)
01-17 14:53:03.851 16876 17896 W Codec2Client: query -- param skipped: index = 1107298332.
01-17 14:53:03.851 16876 17896 W CCodec : This behavior is subject to change. It is recommended that app developers double check whether the requested max input size is in reasonable range.
01-17 14:53:03.882 16876 17896 W Codec2Client: query -- param skipped: index = 1073743886.
01-17 14:53:03.882 16876 17896 W Codec2Client: query -- param skipped: index = 1610614798.
01-17 14:53:03.882 16876 17896 W Codec2Client: query -- param skipped: index = 1610614821.
01-17 14:53:03.883 16876 17896 W Codec2Client: query -- param skipped: index = 2684356609.
01-17 14:53:05.791 16876 16876 E ArmVmp : Match on catch block at 0x0a in for 0x763307a031
01-17 14:53:23.283 16876 17757 W cr_MediaCodecBridge: Releasing: c2.exynos.hevc.decoder
01-17 14:53:23.296 16876 17757 W cr_MediaCodecBridge: Codec released
01-17 14:53:51.260 16876 16876 E chromium: [ERROR:aw_browser_terminator.cc(154)] Renderer process (17754) crash detected (code -1).
01-17 14:53:58.864 16876 16876 E ArmVmp : Match on catch block at 0x0a in for 0x763307a03d
01-17 14:53:58.872 16876 16876 E ArmVmp : Match on catch block at 0x22 in for 0x763307a02d
01-17 14:53:58.927 16876 16876 E ArmVmp : Match on catch block at 0x0a in for 0x763307a031
01-17 14:53:58.959 16876 16876 E ArmVmp : Match on catch block at 0x0a in for 0x763307a035
01-17 14:53:58.988 16876 16876 E ArmVmp : Match on catch block at 0xc3 in for 0x763307a021
01-17 14:53:58.994 16876 16876 E ArmVmp : Match on catch block at 0xc3 in for 0x763307a021
01-17 14:53:58.998 16876 16876 E ArmVmp : Match on catch block at 0xc3 in for 0x763307a021
01-17 14:53:59.002 16876 16876 E ArmVmp : Match on catch block at 0xc3 in for 0x763307a021
01-17 14:53:59.006 16876 16876 E ArmVmp : Match on catch block at 0xc3 in for 0x763307a021
01-17 14:53:59.010 16876 16876 E ArmVmp : Match on catch block at 0xc3 in for 0x763307a021
01-17 14:53:59.014 16876 16876 E ArmVmp : Match on catch block at 0xc3 in for 0x763307a021
01-17 14:53:59.038 16876 16876 E ArmVmp : Match on catch block at 0xc3 in for 0x763307a025
01-17 14:53:59.040 16876 16876 E ArmVmp : Match on catch block at 0xc3 in for 0x763307a025
01-17 14:53:59.041 16876 16876 E ArmVmp : Match on catch block at 0xc3 in for 0x763307a025
01-17 14:53:59.042 16876 16876 E ArmVmp : Match on catch block at 0xc3 in for 0x763307a025
01-17 14:53:59.043 16876 16876 E ArmVmp : Match on catch block at 0xc3 in for 0x763307a025
01-17 14:53:59.044 16876 16876 E ArmVmp : Match on catch block at 0xc3 in for 0x763307a025
01-17 14:53:59.045 16876 16876 E ArmVmp : Match on catch block at 0xc3 in for 0x763307a025
01-17 14:53:59.053 16876 16876 E ArmVmp : Match on catch block at 0xc3 in for 0x763307a025
01-17 14:53:59.055 16876 16876 E ArmVmp : Match on catch block at 0xc3 in for 0x763307a025
01-17 14:53:59.056 16876 16876 E ArmVmp : Match on catch block at 0xc3 in for 0x763307a025
01-17 14:53:59.057 16876 16876 E ArmVmp : Match on catch block at 0xc3 in for 0x763307a025
01-17 14:53:59.058 16876 16876 E ArmVmp : Match on catch block at 0xc3 in for 0x763307a025
01-17 14:53:59.058 16876 16876 E ArmVmp : Match on catch block at 0xc3 in for 0x763307a025
01-17 14:53:59.059 16876 16876 E ArmVmp : Match on catch block at 0xc3 in for 0x763307a025
01-17 14:53:59.069 16876 16876 E ArmVmp : Match on catch block at 0xc3 in for 0x763307a025
01-17 14:53:59.072 16876 16876 E ArmVmp : Match on catch block at 0xc3 in for 0x763307a025
01-17 14:53:59.073 16876 16876 E ArmVmp : Match on catch block at 0xc3 in for 0x763307a025
01-17 14:53:59.074 16876 16876 E ArmVmp : Match on catch block at 0xc3 in for 0x763307a025
01-17 14:53:59.074 16876 16876 E ArmVmp : Match on catch block at 0xc3 in for 0x763307a025
01-17 14:53:59.075 16876 16876 E ArmVmp : Match on catch block at 0xc3 in for 0x763307a025
01-17 14:53:59.076 16876 16876 E ArmVmp : Match on catch block at 0xc3 in for 0x763307a025
01-17 14:53:59.086 16876 16876 E ArmVmp : Match on catch block at 0xc3 in for 0x763307a025
01-17 14:53:59.089 16876 16876 E ArmVmp : Match on catch block at 0xc3 in for 0x763307a025
01-17 14:53:59.090 16876 16876 E ArmVmp : Match on catch block at 0xc3 in for 0x763307a025
01-17 14:53:59.090 16876 16876 E ArmVmp : Match on catch block at 0xc3 in for 0x763307a025
01-17 14:53:59.091 16876 16876 E ArmVmp : Match on catch block at 0xc3 in for 0x763307a025
01-17 14:53:59.092 16876 16876 E ArmVmp : Match on catch block at 0xc3 in for 0x763307a025
01-17 14:53:59.093 16876 16876 E ArmVmp : Match on catch block at 0xc3 in for 0x763307a025
01-17 14:53:59.102 16876 16876 E ArmVmp : Match on catch block at 0xc3 in for 0x763307a025
01-17 14:53:59.105 16876 16876 E ArmVmp : Match on catch block at 0xc3 in for 0x763307a025
01-17 14:53:59.106 16876 16876 E ArmVmp : Match on catch block at 0xc3 in for 0x763307a025
01-17 14:53:59.106 16876 16876 E ArmVmp : Match on catch block at 0xc3 in for 0x763307a025
01-17 14:53:59.107 16876 16876 E ArmVmp : Match on catch block at 0xc3 in for 0x763307a025
01-17 14:53:59.108 16876 16876 E ArmVmp : Match on catch block at 0xc3 in for 0x763307a025
01-17 14:53:59.109 16876 16876 E ArmVmp : Match on catch block at 0xc3 in for 0x763307a025
01-17 14:53:59.119 16876 16876 E ArmVmp : Match on catch block at 0xc3 in for 0x763307a025
01-17 14:53:59.121 16876 16876 E ArmVmp : Match on catch block at 0xc3 in for 0x763307a025
01-17 14:53:59.122 16876 16876 E ArmVmp : Match on catch block at 0xc3 in for 0x763307a025
01-17 14:53:59.122 16876 16876 E ArmVmp : Match on catch block at 0xc3 in for 0x763307a025
01-17 14:53:59.123 16876 16876 E ArmVmp : Match on catch block at 0xc3 in for 0x763307a025
01-17 14:53:59.123 16876 16876 E ArmVmp : Match on catch block at 0xc3 in for 0x763307a025
01-17 14:53:59.124 16876 16876 E ArmVmp : Match on catch block at 0xc3 in for 0x763307a025
01-17 14:53:59.128 16876 16876 E ArmVmp : Match on catch block at 0xc3 in for 0x763307a025
01-17 14:53:59.130 16876 16876 E ArmVmp : Match on catch block at 0xc3 in for 0x763307a025
01-17 14:53:59.131 16876 16876 E ArmVmp : Match on catch block at 0xc3 in for 0x763307a025
01-17 14:53:59.132 16876 16876 E ArmVmp : Match on catch block at 0xc3 in for 0x763307a025
01-17 14:53:59.132 16876 16876 E ArmVmp : Match on catch block at 0xc3 in for 0x763307a025
01-17 14:53:59.133 16876 16876 E ArmVmp : Match on catch block at 0xc3 in for 0x763307a025
01-17 14:53:59.134 16876 16876 E ArmVmp : Match on catch block at 0xc3 in for 0x763307a025
01-17 14:53:59.144 16876 16876 E ArmVmp : Match on catch block at 0xc3 in for 0x763307a025
01-17 14:53:59.146 16876 16876 E ArmVmp : Match on catch block at 0xc3 in for 0x763307a025
01-17 14:53:59.147 16876 16876 E ArmVmp : Match on catch block at 0xc3 in for 0x763307a025
01-17 14:53:59.148 16876 16876 E ArmVmp : Match on catch block at 0xc3 in for 0x763307a025
01-17 14:53:59.148 16876 16876 E ArmVmp : Match on catch block at 0xc3 in for 0x763307a025
01-17 14:53:59.149 16876 16876 E ArmVmp : Match on catch block at 0xc3 in for 0x763307a025
01-17 14:53:59.150 16876 16876 E ArmVmp : Match on catch block at 0xc3 in for 0x763307a025
01-17 14:53:59.161 16876 16876 E ArmVmp : Match on catch block at 0xc3 in for 0x763307a025
01-17 14:53:59.162 16876 16876 E ArmVmp : Match on catch block at 0xc3 in for 0x763307a025
01-17 14:53:59.163 16876 16876 E ArmVmp : Match on catch block at 0xc3 in for 0x763307a025
01-17 14:53:59.164 16876 16876 E ArmVmp : Match on catch block at 0xc3 in for 0x763307a025
01-17 14:53:59.165 16876 16876 E ArmVmp : Match on catch block at 0xc3 in for 0x763307a025
01-17 14:53:59.165 16876 16876 E ArmVmp : Match on catch block at 0xc3 in for 0x763307a025
01-17 14:53:59.166 16876 16876 E ArmVmp : Match on catch block at 0xc3 in for 0x763307a025
01-17 14:53:59.170 16876 16876 E ArmVmp : Match on catch block at 0xc3 in for 0x763307a025
01-17 14:53:59.172 16876 16876 E ArmVmp : Match on catch block at 0xc3 in for 0x763307a025
01-17 14:53:59.173 16876 16876 E ArmVmp : Match on catch block at 0xc3 in for 0x763307a025
01-17 14:53:59.174 16876 16876 E ArmVmp : Match on catch block at 0xc3 in for 0x763307a025
01-17 14:53:59.175 16876 16876 E ArmVmp : Match on catch block at 0xc3 in for 0x763307a025
01-17 14:53:59.176 16876 16876 E ArmVmp : Match on catch block at 0xc3 in for 0x763307a025
01-17 14:53:59.177 16876 16876 E ArmVmp : Match on catch block at 0xc3 in for 0x763307a025
01-17 14:53:59.186 16876 16876 E ArmVmp : Match on catch block at 0xc3 in for 0x763307a025
01-17 14:53:59.187 16876 16876 E ArmVmp : Match on catch block at 0xc3 in for 0x763307a025
01-17 14:53:59.188 16876 16876 E ArmVmp : Match on catch block at 0xc3 in for 0x763307a025
01-17 14:53:59.189 16876 16876 E ArmVmp : Match on catch block at 0xc3 in for 0x763307a025
01-17 14:53:59.189 16876 16876 E ArmVmp : Match on catch block at 0xc3 in for 0x763307a025
01-17 14:53:59.190 16876 16876 E ArmVmp : Match on catch block at 0xc3 in for 0x763307a025
01-17 14:53:59.190 16876 16876 E ArmVmp : Match on catch block at 0xc3 in for 0x763307a025
01-17 14:53:59.195 16876 16876 E ArmVmp : Match on catch block at 0xc3 in for 0x763307a025
01-17 14:53:59.197 16876 16876 E ArmVmp : Match on catch block at 0xc3 in for 0x763307a025
01-17 14:53:59.197 16876 16876 E ArmVmp : Match on catch block at 0xc3 in for 0x763307a025
01-17 14:53:59.198 16876 16876 E ArmVmp : Match on catch block at 0xc3 in for 0x763307a025
01-17 14:53:59.199 16876 16876 E ArmVmp : Match on catch block at 0xc3 in for 0x763307a025
01-17 14:53:59.199 16876 16876 E ArmVmp : Match on catch block at 0xc3 in for 0x763307a025
01-17 14:53:59.200 16876 16876 E ArmVmp : Match on catch block at 0xc3 in for 0x763307a025
01-17 14:54:00.389 16876 16876 E ArmVmp : Match on catch block at 0xc3 in for 0x763307a025
01-17 14:54:00.393 16876 16876 E ArmVmp : Match on catch block at 0xc3 in for 0x763307a025
01-17 14:54:00.395 16876 16876 E ArmVmp : Match on catch block at 0xc3 in for 0x763307a025
01-17 14:54:00.396 16876 16876 E ArmVmp : Match on catch block at 0xc3 in for 0x763307a025
01-17 14:54:00.397 16876 16876 E ArmVmp : Match on catch block at 0xc3 in for 0x763307a025
01-17 14:54:00.399 16876 16876 E ArmVmp : Match on catch block at 0xc3 in for 0x763307a025
01-17 14:54:00.400 16876 16876 E ArmVmp : Match on catch block at 0xc3 in for 0x763307a025
01-17 14:54:00.418 16876 16876 E ArmVmp : Match on catch block at 0xc3 in for 0x763307a025
01-17 14:54:00.421 16876 16876 E ArmVmp : Match on catch block at 0xc3 in for 0x763307a025
01-17 14:54:00.423 16876 16876 E ArmVmp : Match on catch block at 0xc3 in for 0x763307a025
01-17 14:54:00.424 16876 16876 E ArmVmp : Match on catch block at 0xc3 in for 0x763307a025
01-17 14:54:00.426 16876 16876 E ArmVmp : Match on catch block at 0xc3 in for 0x763307a025
01-17 14:54:00.427 16876 16876 E ArmVmp : Match on catch block at 0xc3 in for 0x763307a025
01-17 14:54:00.429 16876 16876 E ArmVmp : Match on catch block at 0xc3 in for 0x763307a025
01-17 14:54:00.446 16876 16876 E ArmVmp : Match on catch block at 0xc3 in for 0x763307a025
01-17 14:54:00.449 16876 16876 E ArmVmp : Match on catch block at 0xc3 in for 0x763307a025
01-17 14:54:00.451 16876 16876 E ArmVmp : Match on catch block at 0xc3 in for 0x763307a025
01-17 14:54:00.452 16876 16876 E ArmVmp : Match on catch block at 0xc3 in for 0x763307a025
01-17 14:54:00.453 16876 16876 E ArmVmp : Match on catch block at 0xc3 in for 0x763307a025
01-17 14:54:00.454 16876 16876 E ArmVmp : Match on catch block at 0xc3 in for 0x763307a025
01-17 14:54:00.455 16876 16876 E ArmVmp : Match on catch block at 0xc3 in for 0x763307a025
01-17 14:54:00.465 16876 16876 E ArmVmp : Match on catch block at 0xc3 in for 0x763307a025
01-17 14:54:00.466 16876 16876 E ArmVmp : Match on catch block at 0xc3 in for 0x763307a025
01-17 14:54:00.467 16876 16876 E ArmVmp : Match on catch block at 0xc3 in for 0x763307a025
01-17 14:54:00.469 16876 16876 E ArmVmp : Match on catch block at 0xc3 in for 0x763307a025
01-17 14:54:00.470 16876 16876 E ArmVmp : Match on catch block at 0xc3 in for 0x763307a025
01-17 14:54:00.471 16876 16876 E ArmVmp : Match on catch block at 0xc3 in for 0x763307a025
01-17 14:54:00.472 16876 16876 E ArmVmp : Match on catch block at 0xc3 in for 0x763307a025
01-17 14:54:00.485 16876 16876 E ArmVmp : Match on catch block at 0xc3 in for 0x763307a025
01-17 14:54:00.487 16876 16876 E ArmVmp : Match on catch block at 0xc3 in for 0x763307a025
01-17 14:54:00.488 16876 16876 E ArmVmp : Match on catch block at 0xc3 in for 0x763307a025
01-17 14:54:00.489 16876 16876 E ArmVmp : Match on catch block at 0xc3 in for 0x763307a025
01-17 14:54:00.490 16876 16876 E ArmVmp : Match on catch block at 0xc3 in for 0x763307a025
01-17 14:54:00.490 16876 16876 E ArmVmp : Match on catch block at 0xc3 in for 0x763307a025
01-17 14:54:00.491 16876 16876 E ArmVmp : Match on catch block at 0xc3 in for 0x763307a025
01-17 14:54:00.504 16876 16876 E ArmVmp : Match on catch block at 0xc3 in for 0x763307a025
01-17 14:54:00.506 16876 16876 E ArmVmp : Match on catch block at 0xc3 in for 0x763307a025
01-17 14:54:00.507 16876 16876 E ArmVmp : Match on catch block at 0xc3 in for 0x763307a025
01-17 14:54:00.507 16876 16876 E ArmVmp : Match on catch block at 0xc3 in for 0x763307a025
01-17 14:54:00.508 16876 16876 E ArmVmp : Match on catch block at 0xc3 in for 0x763307a025
01-17 14:54:00.509 16876 16876 E ArmVmp : Match on catch block at 0xc3 in for 0x763307a025
01-17 14:54:00.509 16876 16876 E ArmVmp : Match on catch block at 0xc3 in for 0x763307a025
01-17 14:54:00.521 16876 16876 E ArmVmp : Match on catch block at 0xc3 in for 0x763307a025
01-17 14:54:00.522 16876 16876 E ArmVmp : Match on catch block at 0xc3 in for 0x763307a025
01-17 14:54:00.523 16876 16876 E ArmVmp : Match on catch block at 0xc3 in for 0x763307a025
01-17 14:54:00.524 16876 16876 E ArmVmp : Match on catch block at 0xc3 in for 0x763307a025
01-17 14:54:00.525 16876 16876 E ArmVmp : Match on catch block at 0xc3 in for 0x763307a025
01-17 14:54:00.525 16876 16876 E ArmVmp : Match on catch block at 0xc3 in for 0x763307a025
01-17 14:54:00.526 16876 16876 E ArmVmp : Match on catch block at 0xc3 in for 0x763307a025
01-17 14:54:00.537 16876 16876 E ArmVmp : Match on catch block at 0xc3 in for 0x763307a025
01-17 14:54:00.539 16876 16876 E ArmVmp : Match on catch block at 0xc3 in for 0x763307a025
01-17 14:54:00.540 16876 16876 E ArmVmp : Match on catch block at 0xc3 in for 0x763307a025
01-17 14:54:00.541 16876 16876 E ArmVmp : Match on catch block at 0xc3 in for 0x763307a025
01-17 14:54:00.542 16876 16876 E ArmVmp : Match on catch block at 0xc3 in for 0x763307a025
01-17 14:54:00.542 16876 16876 E ArmVmp : Match on catch block at 0xc3 in for 0x763307a025
01-17 14:54:00.543 16876 16876 E ArmVmp : Match on catch block at 0xc3 in for 0x763307a025
01-17 14:54:00.554 16876 16876 E ArmVmp : Match on catch block at 0xc3 in for 0x763307a025
01-17 14:54:00.556 16876 16876 E ArmVmp : Match on catch block at 0xc3 in for 0x763307a025
01-17 14:54:00.556 16876 16876 E ArmVmp : Match on catch block at 0xc3 in for 0x763307a025
01-17 14:54:00.557 16876 16876 E ArmVmp : Match on catch block at 0xc3 in for 0x763307a025
01-17 14:54:00.558 16876 16876 E ArmVmp : Match on catch block at 0xc3 in for 0x763307a025
01-17 14:54:00.558 16876 16876 E ArmVmp : Match on catch block at 0xc3 in for 0x763307a025
01-17 14:54:00.559 16876 16876 E ArmVmp : Match on catch block at 0xc3 in for 0x763307a025
01-17 14:54:00.570 16876 16876 E ArmVmp : Match on catch block at 0xc3 in for 0x763307a025
01-17 14:54:00.572 16876 16876 E ArmVmp : Match on catch block at 0xc3 in for 0x763307a025
01-17 14:54:00.573 16876 16876 E ArmVmp : Match on catch block at 0xc3 in for 0x763307a025
01-17 14:54:00.574 16876 16876 E ArmVmp : Match on catch block at 0xc3 in for 0x763307a025
01-17 14:54:00.574 16876 16876 E ArmVmp : Match on catch block at 0xc3 in for 0x763307a025
01-17 14:54:00.575 16876 16876 E ArmVmp : Match on catch block at 0xc3 in for 0x763307a025
01-17 14:54:00.576 16876 16876 E ArmVmp : Match on catch block at 0xc3 in for 0x763307a025
01-17 14:54:00.588 16876 16876 E ArmVmp : Match on catch block at 0xc3 in for 0x763307a025
01-17 14:54:00.589 16876 16876 E ArmVmp : Match on catch block at 0xc3 in for 0x763307a025
01-17 14:54:00.590 16876 16876 E ArmVmp : Match on catch block at 0xc3 in for 0x763307a025
01-17 14:54:00.591 16876 16876 E ArmVmp : Match on catch block at 0xc3 in for 0x763307a025
01-17 14:54:00.592 16876 16876 E ArmVmp : Match on catch block at 0xc3 in for 0x763307a025
01-17 14:54:00.593 16876 16876 E ArmVmp : Match on catch block at 0xc3 in for 0x763307a025
01-17 14:54:00.594 16876 16876 E ArmVmp : Match on catch block at 0xc3 in for 0x763307a025
01-17 14:54:00.604 16876 16876 E ArmVmp : Match on catch block at 0xc3 in for 0x763307a025
01-17 14:54:00.606 16876 16876 E ArmVmp : Match on catch block at 0xc3 in for 0x763307a025
01-17 14:54:00.607 16876 16876 E ArmVmp : Match on catch block at 0xc3 in for 0x763307a025
01-17 14:54:00.608 16876 16876 E ArmVmp : Match on catch block at 0xc3 in for 0x763307a025
01-17 14:54:00.608 16876 16876 E ArmVmp : Match on catch block at 0xc3 in for 0x763307a025
01-17 14:54:00.609 16876 16876 E ArmVmp : Match on catch block at 0xc3 in for 0x763307a025
01-17 14:54:00.610 16876 16876 E ArmVmp : Match on catch block at 0xc3 in for 0x763307a025
01-17 14:54:00.621 16876 16876 E ArmVmp : Match on catch block at 0xc3 in for 0x763307a025
01-17 14:54:00.622 16876 16876 E ArmVmp : Match on catch block at 0xc3 in for 0x763307a025
01-17 14:54:00.623 16876 16876 E ArmVmp : Match on catch block at 0xc3 in for 0x763307a025
01-17 14:54:00.624 16876 16876 E ArmVmp : Match on catch block at 0xc3 in for 0x763307a025
01-17 14:54:00.624 16876 16876 E ArmVmp : Match on catch block at 0xc3 in for 0x763307a025
01-17 14:54:00.625 16876 16876 E ArmVmp : Match on catch block at 0xc3 in for 0x763307a025
01-17 14:54:00.626 16876 16876 E ArmVmp : Match on catch block at 0xc3 in for 0x763307a025
01-17 14:54:00.636 16876 16876 E ArmVmp : Match on catch block at 0xc3 in for 0x763307a025
01-17 14:54:00.638 16876 16876 E ArmVmp : Match on catch block at 0xc3 in for 0x763307a025
01-17 14:54:00.639 16876 16876 E ArmVmp : Match on catch block at 0xc3 in for 0x763307a025
01-17 14:54:00.640 16876 16876 E ArmVmp : Match on catch block at 0xc3 in for 0x763307a025
01-17 14:54:00.641 16876 16876 E ArmVmp : Match on catch block at 0xc3 in for 0x763307a025
01-17 14:54:00.642 16876 16876 E ArmVmp : Match on catch block at 0xc3 in for 0x763307a025
01-17 14:54:00.642 16876 16876 E ArmVmp : Match on catch block at 0xc3 in for 0x763307a025
01-17 14:54:00.652 16876 16876 E ArmVmp : Match on catch block at 0xc3 in for 0x763307a025
01-17 14:54:00.653 16876 16876 E ArmVmp : Match on catch block at 0xc3 in for 0x763307a025
01-17 14:54:00.654 16876 16876 E ArmVmp : Match on catch block at 0xc3 in for 0x763307a025
01-17 14:54:00.655 16876 16876 E ArmVmp : Match on catch block at 0xc3 in for 0x763307a025
01-17 14:54:00.655 16876 16876 E ArmVmp : Match on catch block at 0xc3 in for 0x763307a025
01-17 14:54:00.656 16876 16876 E ArmVmp : Match on catch block at 0xc3 in for 0x763307a025
01-17 14:54:00.657 16876 16876 E ArmVmp : Match on catch block at 0xc3 in for 0x763307a025
01-17 14:54:00.666 16876 16876 E ArmVmp : Match on catch block at 0xc3 in for 0x763307a025
01-17 14:54:00.667 16876 16876 E ArmVmp : Match on catch block at 0xc3 in for 0x763307a025
01-17 14:54:00.668 16876 16876 E ArmVmp : Match on catch block at 0xc3 in for 0x763307a025
01-17 14:54:00.670 16876 16876 E ArmVmp : Match on catch block at 0xc3 in for 0x763307a025
01-17 14:54:00.670 16876 16876 E ArmVmp : Match on catch block at 0xc3 in for 0x763307a025
01-17 14:54:00.671 16876 16876 E ArmVmp : Match on catch block at 0xc3 in for 0x763307a025
01-17 14:54:00.672 16876 16876 E ArmVmp : Match on catch block at 0xc3 in for 0x763307a025
01-17 14:54:00.682 16876 16876 E ArmVmp : Match on catch block at 0xc3 in for 0x763307a025
01-17 14:54:00.684 16876 16876 E ArmVmp : Match on catch block at 0xc3 in for 0x763307a025
01-17 14:54:00.685 16876 16876 E ArmVmp : Match on catch block at 0xc3 in for 0x763307a025
01-17 14:54:00.686 16876 16876 E ArmVmp : Match on catch block at 0xc3 in for 0x763307a025
01-17 14:54:00.687 16876 16876 E ArmVmp : Match on catch block at 0xc3 in for 0x763307a025
01-17 14:54:00.687 16876 16876 E ArmVmp : Match on catch block at 0xc3 in for 0x763307a025
01-17 14:54:00.688 16876 16876 E ArmVmp : Match on catch block at 0xc3 in for 0x763307a025
01-17 14:54:00.697 16876 16876 E ArmVmp : Match on catch block at 0xc3 in for 0x763307a025
01-17 14:54:00.699 16876 16876 E ArmVmp : Match on catch block at 0xc3 in for 0x763307a025
01-17 14:54:00.700 16876 16876 E ArmVmp : Match on catch block at 0xc3 in for 0x763307a025
01-17 14:54:00.700 16876 16876 E ArmVmp : Match on catch block at 0xc3 in for 0x763307a025
01-17 14:54:00.701 16876 16876 E ArmVmp : Match on catch block at 0xc3 in for 0x763307a025
01-17 14:54:00.702 16876 16876 E ArmVmp : Match on catch block at 0xc3 in for 0x763307a025
01-17 14:54:00.703 16876 16876 E ArmVmp : Match on catch block at 0xc3 in for 0x763307a025
01-17 14:54:00.714 16876 16876 E ArmVmp : Match on catch block at 0xc3 in for 0x763307a025
01-17 14:54:00.715 16876 16876 E ArmVmp : Match on catch block at 0xc3 in for 0x763307a025
01-17 14:54:00.716 16876 16876 E ArmVmp : Match on catch block at 0xc3 in for 0x763307a025
01-17 14:54:00.717 16876 16876 E ArmVmp : Match on catch block at 0xc3 in for 0x763307a025
01-17 14:54:00.717 16876 16876 E ArmVmp : Match on catch block at 0xc3 in for 0x763307a025
01-17 14:54:00.718 16876 16876 E ArmVmp : Match on catch block at 0xc3 in for 0x763307a025
01-17 14:54:00.719 16876 16876 E ArmVmp : Match on catch block at 0xc3 in for 0x763307a025
01-17 14:54:00.728 16876 16876 E ArmVmp : Match on catch block at 0xc3 in for 0x763307a025
01-17 14:54:00.730 16876 16876 E ArmVmp : Match on catch block at 0xc3 in for 0x763307a025
01-17 14:54:00.731 16876 16876 E ArmVmp : Match on catch block at 0xc3 in for 0x763307a025
01-17 14:54:00.731 16876 16876 E ArmVmp : Match on catch block at 0xc3 in for 0x763307a025
01-17 14:54:00.732 16876 16876 E ArmVmp : Match on catch block at 0xc3 in for 0x763307a025
01-17 14:54:00.733 16876 16876 E ArmVmp : Match on catch block at 0xc3 in for 0x763307a025
01-17 14:54:00.733 16876 16876 E ArmVmp : Match on catch block at 0xc3 in for 0x763307a025
01-17 14:54:00.742 16876 16876 E ArmVmp : Match on catch block at 0xc3 in for 0x763307a025
01-17 14:54:00.744 16876 16876 E ArmVmp : Match on catch block at 0xc3 in for 0x763307a025
01-17 14:54:00.745 16876 16876 E ArmVmp : Match on catch block at 0xc3 in for 0x763307a025
01-17 14:54:00.745 16876 16876 E ArmVmp : Match on catch block at 0xc3 in for 0x763307a025
01-17 14:54:00.746 16876 16876 E ArmVmp : Match on catch block at 0xc3 in for 0x763307a025
01-17 14:54:00.746 16876 16876 E ArmVmp : Match on catch block at 0xc3 in for 0x763307a025
01-17 14:54:00.747 16876 16876 E ArmVmp : Match on catch block at 0xc3 in for 0x763307a025
01-17 14:54:00.756 16876 16876 E ArmVmp : Match on catch block at 0xc3 in for 0x763307a025
01-17 14:54:00.758 16876 16876 E ArmVmp : Match on catch block at 0xc3 in for 0x763307a025
01-17 14:54:00.759 16876 16876 E ArmVmp : Match on catch block at 0xc3 in for 0x763307a025
01-17 14:54:00.759 16876 16876 E ArmVmp : Match on catch block at 0xc3 in for 0x763307a025
01-17 14:54:00.760 16876 16876 E ArmVmp : Match on catch block at 0xc3 in for 0x763307a025
01-17 14:54:00.761 16876 16876 E ArmVmp : Match on catch block at 0xc3 in for 0x763307a025
01-17 14:54:00.761 16876 16876 E ArmVmp : Match on catch block at 0xc3 in for 0x763307a025
01-17 14:54:00.771 16876 16876 E ArmVmp : Match on catch block at 0xc3 in for 0x763307a025
01-17 14:54:00.773 16876 16876 E ArmVmp : Match on catch block at 0xc3 in for 0x763307a025
01-17 14:54:00.774 16876 16876 E ArmVmp : Match on catch block at 0xc3 in for 0x763307a025
