We take content rights seriously. If you suspect this is your content, claim it here.
Available Formats
Download as TXT, PDF, TXT or read online on Scribd
You are on page 1/ 246
--------- beginning of main
01-17 14:45:39.981 8911 8911 E com.mbwhatsapp: Not starting debugger since
process cannot load the jdwp agent.
01-17 14:45:40.083 8911 8911 W System.err: java.lang.ClassNotFoundException: mbmodsd.mbmodsw.ui.views.btn.BtnBK
01-17 14:45:40.088 8911 8911 W System.err: at java.lang.Runtime.nativeLoad(Native Method)
01-17 14:45:40.088 8911 8911 W System.err: at java.lang.Runtime.nativeLoad(Runtime.java:1126)
01-17 14:45:40.088 8911 8911 W System.err: at java.lang.Runtime.loadLibrary0(Runtime.java:1080)
01-17 14:45:40.088 8911 8911 W System.err: at java.lang.Runtime.loadLibrary0(Runtime.java:1003)
01-17 14:45:40.088 8911 8911 W System.err: at java.lang.System.loadLibrary(System.java:1661)
01-17 14:45:40.088 8911 8911 W System.err: at arm.EpicVm.<clinit>(Unknown Source:2)
01-17 14:45:40.088 8911 8911 W System.err: at java.lang.Class.newInstance(Native Method)
01-17 14:45:40.088 8911 8911 W System.err: at android.app.AppComponentFactory.instantiateApplication(AppComponentFactory.java:76)
01-17 14:45:40.088 8911 8911 W System.err: at androidx.core.app.CoreComponentFactory.instantiateApplication(Unknown Source:0)
01-17 14:45:40.088 8911 8911 W System.err: at android.app.Instrumentation.newApplication(Instrumentation.java:1232)
01-17 14:45:40.088 8911 8911 W System.err: at android.app.LoadedApk.makeApplicationInner(LoadedApk.java:1566)
01-17 14:45:40.088 8911 8911 W System.err: at android.app.LoadedApk.makeApplicationInner(LoadedApk.java:1503)
01-17 14:45:40.088 8911 8911 W System.err: at android.app.ActivityThread.handleBindApplication(ActivityThread.java:7558)
01-17 14:45:40.088 8911 8911 W System.err: at android.app.ActivityThread.-$ $Nest$mhandleBindApplication(Unknown Source:0)
01-17 14:45:40.088 8911 8911 W System.err: at android.app.ActivityThread$H.handleMessage(ActivityThread.java:2400)
01-17 14:45:40.088 8911 8911 W System.err: at android.os.Handler.dispatchMessage(Handler.java:106)
01-17 14:45:40.088 8911 8911 W System.err: at android.os.Looper.loopOnce(Looper.java:226)
01-17 14:45:40.088 8911 8911 W System.err: at android.os.Looper.loop(Looper.java:313)
01-17 14:45:40.088 8911 8911 W System.err: at android.app.ActivityThread.main(ActivityThread.java:8762)
01-17 14:45:40.088 8911 8911 W System.err: at java.lang.reflect.Method.invoke(Native Method)
01-17 14:45:40.088 8911 8911 W System.err: at com.android.internal.os.RuntimeInit$MethodAndArgsCaller.run(RuntimeInit.java:604)
01-17 14:45:40.088 8911 8911 W System.err: at com.android.internal.os.ZygoteInit.main(ZygoteInit.java:1067)
01-17 14:45:40.185 8911 8911 E CustomActivityOnCrash: IMPORTANT WARNING! You already have an UncaughtExceptionHandler, are you sure this is correct? If you use a custom UncaughtExceptionHandler, you must initialize it AFTER CustomActivityOnCrash! Installing anyway, but your original handler will not be called.
01-17 14:45:40.336 8911 8937 W LibraryVersion: Failed to get app version for libraryName: firebase-iid
01-17 14:45:40.492 8967 8967 E com.mbwhatsapp: Not starting debugger since process cannot load the jdwp agent.
01-17 14:45:40.563 8967 8967 W System.err: java.lang.ClassNotFoundException: mbmodsd.mbmodsw.ui.views.btn.BtnBK
01-17 14:45:40.563 8967 8967 W System.err: at java.lang.Runtime.nativeLoad(Native Method)
01-17 14:45:40.563 8967 8967 W System.err: at java.lang.Runtime.nativeLoad(Runtime.java:1126)
01-17 14:45:40.563 8967 8967 W System.err: at java.lang.Runtime.loadLibrary0(Runtime.java:1080)
01-17 14:45:40.563 8967 8967 W System.err: at java.lang.Runtime.loadLibrary0(Runtime.java:1003)
01-17 14:45:40.563 8967 8967 W System.err: at java.lang.System.loadLibrary(System.java:1661)
01-17 14:45:40.563 8967 8967 W System.err: at arm.EpicVm.<clinit>(Unknown Source:2)
01-17 14:45:40.563 8967 8967 W System.err: at java.lang.Class.newInstance(Native Method)
01-17 14:45:40.563 8967 8967 W System.err: at android.app.AppComponentFactory.instantiateApplication(AppComponentFactory.java:76)
01-17 14:45:40.563 8967 8967 W System.err: at androidx.core.app.CoreComponentFactory.instantiateApplication(Unknown Source:0)
01-17 14:45:40.563 8967 8967 W System.err: at android.app.Instrumentation.newApplication(Instrumentation.java:1232)
01-17 14:45:40.563 8967 8967 W System.err: at android.app.LoadedApk.makeApplicationInner(LoadedApk.java:1566)
01-17 14:45:40.563 8967 8967 W System.err: at android.app.LoadedApk.makeApplicationInner(LoadedApk.java:1503)
01-17 14:45:40.563 8967 8967 W System.err: at android.app.ActivityThread.handleBindApplication(ActivityThread.java:7558)
01-17 14:45:40.563 8967 8967 W System.err: at android.app.ActivityThread.-$ $Nest$mhandleBindApplication(Unknown Source:0)
01-17 14:45:40.563 8967 8967 W System.err: at android.app.ActivityThread$H.handleMessage(ActivityThread.java:2400)
01-17 14:45:40.563 8967 8967 W System.err: at android.os.Handler.dispatchMessage(Handler.java:106)
01-17 14:45:40.563 8967 8967 W System.err: at android.os.Looper.loopOnce(Looper.java:226)
01-17 14:45:40.563 8967 8967 W System.err: at android.os.Looper.loop(Looper.java:313)
01-17 14:45:40.563 8967 8967 W System.err: at android.app.ActivityThread.main(ActivityThread.java:8762)
01-17 14:45:40.563 8967 8967 W System.err: at java.lang.reflect.Method.invoke(Native Method)
01-17 14:45:40.563 8967 8967 W System.err: at com.android.internal.os.RuntimeInit$MethodAndArgsCaller.run(RuntimeInit.java:604)
01-17 14:45:40.563 8967 8967 W System.err: at com.android.internal.os.ZygoteInit.main(ZygoteInit.java:1067)
01-17 14:45:40.589 8967 8967 E CustomActivityOnCrash: IMPORTANT WARNING! You already have an UncaughtExceptionHandler, are you sure this is correct? If you use a custom UncaughtExceptionHandler, you must initialize it AFTER CustomActivityOnCrash! Installing anyway, but your original handler will not be called.
01-17 14:45:40.610 8967 8993 W LibraryVersion: Failed to get app version for libraryName: firebase-iid
01-17 14:45:40.680 8967 8967 W com.mbwhatsapp: Accessing hidden method Lcom/android/org/conscrypt/OpenSSLSocketImpl;->setUseSessionTickets(Z)V (max- target-q,core-platform-api, reflection, denied)
01-17 14:45:40.680 8967 8967 W com.mbwhatsapp: Accessing hidden method Lcom/android/org/conscrypt/AbstractConscryptSocket;->setUseSessionTickets(Z)V (max- target-q, reflection, denied)
01-17 14:45:41.258 8967 8967 W com.mbwhatsapp: Method void X.0eU.A0h(X.0tK, boolean) failed lock verification and will run slower.
01-17 14:45:41.258 8967 8967 W com.mbwhatsapp: Common causes for lock verification issues are non-optimized dex code
01-17 14:45:41.258 8967 8967 W com.mbwhatsapp: and incorrect proguard optimizations.
01-17 14:45:41.268 8967 9112 W com.mbwhatsapp: Method void X.2rL.A03(java.lang.Integer) failed lock verification and will run slower.
01-17 14:45:41.562 8967 8967 E com.mbwhatsapp: Invalid ID 0x00000000.
01-17 14:45:41.563 8967 8967 W System.err: android.content.res.Resources$NotFoundException: String resource ID #0x0
01-17 14:45:41.564 8967 8967 W System.err: at android.content.res.Resources.getText(Resources.java:512)
01-17 14:45:41.564 8967 8967 W System.err: at android.content.res.Resources.getString(Resources.java:605)
01-17 14:45:41.564 8967 8967 W System.err: at X.35t.A0E(Unknown Source:46)
01-17 14:45:41.564 8967 8967 W System.err: at com.mbwhatsapp.yo.yo.getString(Native Method)
01-17 14:45:41.564 8967 8967 W System.err: at com.mbwhatsapp.yo.yo.getString(Native Method)
01-17 14:45:41.564 8967 8967 W System.err: at com.mbwhatsapp.youbasha.task.utils.requestAllFilesAccess14(Native Method)
01-17 14:45:41.564 8967 8967 W System.err: at com.mbwhatsapp.yo.dep.showStoragePermissionRequest(Native Method)
01-17 14:45:41.564 8967 8967 W System.err: at com.mbwhatsapp.registration.EULA.onCreate(Unknown Source:248)
01-17 14:45:41.564 8967 8967 W System.err: at android.app.Activity.performCreate(Activity.java:8591)
01-17 14:45:41.564 8967 8967 W System.err: at android.app.Activity.performCreate(Activity.java:8570)
01-17 14:45:41.564 8967 8967 W System.err: at android.app.Instrumentation.callActivityOnCreate(Instrumentation.java:1384)
01-17 14:45:41.564 8967 8967 W System.err: at android.app.ActivityThread.performLaunchActivity(ActivityThread.java:4150)
01-17 14:45:41.564 8967 8967 W System.err: at android.app.ActivityThread.handleLaunchActivity(ActivityThread.java:4325)
01-17 14:45:41.564 8967 8967 W System.err: at android.app.servertransaction.LaunchActivityItem.execute(LaunchActivityItem.java:10 1)
01-17 14:45:41.564 8967 8967 W System.err: at android.app.servertransaction.TransactionExecutor.executeCallbacks(TransactionExecu tor.java:135)
01-17 14:45:41.564 8967 8967 W System.err: at android.app.servertransaction.TransactionExecutor.execute(TransactionExecutor.java: 95)
01-17 14:45:41.564 8967 8967 W System.err: at android.app.ActivityThread$H.handleMessage(ActivityThread.java:2574)
01-17 14:45:41.564 8967 8967 W System.err: at android.os.Handler.dispatchMessage(Handler.java:106)
01-17 14:45:41.564 8967 8967 W System.err: at android.os.Looper.loopOnce(Looper.java:226)
01-17 14:45:41.565 8967 8967 W System.err: at android.os.Looper.loop(Looper.java:313)
01-17 14:45:41.565 8967 8967 W System.err: at android.app.ActivityThread.main(ActivityThread.java:8762)
01-17 14:45:41.565 8967 8967 W System.err: at java.lang.reflect.Method.invoke(Native Method)
01-17 14:45:41.565 8967 8967 W System.err: at com.android.internal.os.RuntimeInit$MethodAndArgsCaller.run(RuntimeInit.java:604)
01-17 14:45:41.565 8967 8967 W System.err: at com.android.internal.os.ZygoteInit.main(ZygoteInit.java:1067)
01-17 14:45:41.634 8967 8967 W Activity: Can request only one set of permissions at a time
01-17 14:45:41.693 8967 9214 E RenderScript: Failed to find hal setup entry points: undefined symbol: rsdHalAbort
01-17 14:45:41.694 8967 9214 E RenderScript: Failed to load runtime , loading default
01-17 14:45:41.734 8967 8967 E ArmVmp : Match on catch block at 0x0a in for 0x763307a04d
01-17 14:45:43.388 8967 8975 W com.mbwhatsapp: Cleared Reference was only reachable from finalizer (only reported once)
01-17 14:45:44.350 8967 8967 E com.mbwhatsapp: Invalid ID 0x00000000.
01-17 14:45:44.351 8967 8967 E com.mbwhatsapp: Invalid ID 0x00000000.
01-17 14:45:44.351 8967 8967 E com.mbwhatsapp: Invalid ID 0x00000000.
01-17 14:45:44.352 8967 8967 E com.mbwhatsapp: Invalid ID 0x00000000.
01-17 14:45:44.352 8967 8967 E com.mbwhatsapp: Invalid ID 0x00000000.
01-17 14:45:44.353 8967 8967 E com.mbwhatsapp: Invalid ID 0x00000000.
01-17 14:45:44.353 8967 8967 E com.mbwhatsapp: Invalid ID 0x00000000.
01-17 14:45:44.353 8967 8967 E com.mbwhatsapp: Invalid ID 0x00000000.
01-17 14:45:49.487 8967 8967 W Activity: Can request only one set of permissions at a time
01-17 14:45:49.487 8967 8967 W Activity: Can request only one set of permissions at a time
01-17 14:45:52.260 8967 9962 E ShortcutInfoCompatSaver: Failed to load saved values from file /data/user/0/com.mbwhatsapp/files/ShortcutInfoCompatSaver_share_targets/ targets.xml. Old state removed, new added
01-17 14:45:52.260 8967 9962 E ShortcutInfoCompatSaver: java.io.FileNotFoundException: /data/user/0/com.mbwhatsapp/files/ShortcutInfoCompatSaver_share_targets/ targets.xml: open failed: ENOENT (No such file or directory)
01-17 14:45:52.260 8967 9962 E ShortcutInfoCompatSaver: at libcore.io.IoBridge.open(IoBridge.java:574)
01-17 14:45:52.260 8967 9962 E ShortcutInfoCompatSaver: at java.io.FileInputStream.<init>(FileInputStream.java:160)
01-17 14:45:52.260 8967 9962 E ShortcutInfoCompatSaver: at X.0nz.run(Unknown Source:82)
01-17 14:45:52.260 8967 9962 E ShortcutInfoCompatSaver: at java.util.concurrent.Executors$RunnableAdapter.call(Executors.java:487)
01-17 14:45:52.260 8967 9962 E ShortcutInfoCompatSaver: at java.util.concurrent.FutureTask.run(FutureTask.java:264)
01-17 14:45:52.260 8967 9962 E ShortcutInfoCompatSaver: at java.util.concurrent.ThreadPoolExecutor.runWorker(ThreadPoolExecutor.java:1145)
01-17 14:45:52.260 8967 9962 E ShortcutInfoCompatSaver: at java.util.concurrent.ThreadPoolE--------- beginning of main
01-17 14:45:52.292 8967 9144 E FrameEvents: updateAcquireFence: Did not find frame.
01-17 14:45:52.307 8967 9144 E FrameEvents: updateAcquireFence: Did not find frame.
01-17 14:45:52.312 8967 9144 E FrameEvents: updateAcquireFence: Did not find frame.
01-17 14:45:57.594 8967 8967 W OnBackInvokedCallback: OnBackInvokedCallback is not enabled for the application.
01-17 14:45:57.594 8967 8967 W OnBackInvokedCallback: Set 'android:enableOnBackInvokedCallback="true"' in the application manifest.
01-17 14:46:02.050 8967 8967 W Settings: Setting show_button_background has moved from android.provider.Settings.System to android.provider.Settings.Global, returning read-only value.
01-17 14:46:02.550 8967 9027 E PlayCore: UID: [10386] PID: [8967] StandardIntegrity : Phonesky is not installed.
01-17 14:46:04.212 8967 8967 W OnBackInvokedCallback: OnBackInvokedCallback is not enabled for the application.
01-17 14:46:04.212 8967 8967 W OnBackInvokedCallback: Set 'android:enableOnBackInvokedCallback="true"' in the application manifest.
01-17 14:46:04.571 8967 8967 W Settings: Setting show_button_background has moved from android.provider.Settings.System to android.provider.Settings.Global, returning read-only value.
01-17 14:46:07.477 8967 8967 W RemoteInputConnectionImpl: requestCursorAnchorInfo on inactive InputConnection
01-17 14:46:07.534 8967 8967 E ImeBackDispatcher: Ime callback not found. Ignoring unregisterReceivedCallback. callbackId: 143745643
01-17 14:46:07.579 8967 8967 W OnBackInvokedCallback: OnBackInvokedCallback is not enabled for the application.
01-17 14:46:07.579 8967 8967 W OnBackInvokedCallback: Set 'android:enableOnBackInvokedCallback="true"' in the application manifest.
01-17 14:46:17.980 8967 8967 W Settings: Setting show_button_background has moved from android.provider.Settings.System to android.provider.Settings.Global, returning read-only value.
01-17 14:46:20.788 8967 8967 W OnBackInvokedCallback: OnBackInvokedCallback is not enabled for the application.
01-17 14:46:20.788 8967 8967 W OnBackInvokedCallback: Set 'android:enableOnBackInvokedCallback="true"' in the application manifest.
01-17 14:46:20.827 8967 8967 W RemoteInputConnectionImpl: requestCursorAnchorInfo on inactive InputConnection
01-17 14:46:24.869 8967 8967 W Settings: Setting show_button_background has moved from android.provider.Settings.System to android.provider.Settings.Global, returning read-only value.
01-17 14:46:25.312 8967 8967 W RemoteInputConnectionImpl: getExtractedText on inactive InputConnection
01-17 14:46:25.322 8967 8967 W RemoteInputConnectionImpl: requestCursorAnchorInfo on inactive InputConnection
01-17 14:46:25.355 8967 8967 W OnBackInvokedCallback: OnBackInvokedCallback is not enabled for the application.
01-17 14:46:25.355 8967 8967 W OnBackInvokedCallback: Set 'android:enableOnBackInvokedCallback="true"' in the application manifest.
01-17 14:46:25.542 8967 8967 W RemoteInputConnectionImpl: requestCursorAnchorInfo on inactive InputConnection
01-17 14:47:02.294 11288 11288 E com.mbwhatsapp: Not starting debugger since process cannot load the jdwp agent.
01-17 14:47:02.439 11288 11288 W System.err: java.lang.ClassNotFoundException: mbmodsd.mbmodsw.ui.views.btn.BtnBK
01-17 14:47:02.440 11288 11288 W System.err: at java.lang.Runtime.nativeLoad(Native Method)
01-17 14:47:02.440 11288 11288 W System.err: at java.lang.Runtime.nativeLoad(Runtime.java:1126)
01-17 14:47:02.440 11288 11288 W System.err: at java.lang.Runtime.loadLibrary0(Runtime.java:1080)
01-17 14:47:02.440 11288 11288 W System.err: at java.lang.Runtime.loadLibrary0(Runtime.java:1003)
01-17 14:47:02.440 11288 11288 W System.err: at java.lang.System.loadLibrary(System.java:1661)
01-17 14:47:02.440 11288 11288 W System.err: at arm.EpicVm.<clinit>(Unknown Source:2)
01-17 14:47:02.440 11288 11288 W System.err: at java.lang.Class.newInstance(Native Method)
01-17 14:47:02.440 11288 11288 W System.err: at android.app.AppComponentFactory.instantiateApplication(AppComponentFactory.java:76)
01-17 14:47:02.440 11288 11288 W System.err: at androidx.core.app.CoreComponentFactory.instantiateApplication(Unknown Source:0)
01-17 14:47:02.440 11288 11288 W System.err: at android.app.Instrumentation.newApplication(Instrumentation.java:1232)
01-17 14:47:02.440 11288 11288 W System.err: at android.app.LoadedApk.makeApplicationInner(LoadedApk.java:1566)
01-17 14:47:02.440 11288 11288 W System.err: at android.app.LoadedApk.makeApplicationInner(LoadedApk.java:1503)
01-17 14:47:02.440 11288 11288 W System.err: at android.app.ActivityThread.handleBindApplication(ActivityThread.java:7558)
01-17 14:47:02.440 11288 11288 W System.err: at android.app.ActivityThread.-$ $Nest$mhandleBindApplication(Unknown Source:0)
01-17 14:47:02.440 11288 11288 W System.err: at android.app.ActivityThread$H.handleMessage(ActivityThread.java:2400)
01-17 14:47:02.440 11288 11288 W System.err: at android.os.Handler.dispatchMessage(Handler.java:106)
01-17 14:47:02.440 11288 11288 W System.err: at android.os.Looper.loopOnce(Looper.java:226)
01-17 14:47:02.440 11288 11288 W System.err: at android.os.Looper.loop(Looper.java:313)
01-17 14:47:02.440 11288 11288 W System.err: at android.app.ActivityThread.main(ActivityThread.java:8762)
01-17 14:47:02.440 11288 11288 W System.err: at java.lang.reflect.Method.invoke(Native Method)
01-17 14:47:02.440 11288 11288 W System.err: at com.android.internal.os.RuntimeInit$MethodAndArgsCaller.run(RuntimeInit.java:604)
01-17 14:47:02.440 11288 11288 W System.err: at com.android.internal.os.ZygoteInit.main(ZygoteInit.java:1067)
01-17 14:47:02.460 11288 11288 E CustomActivityOnCrash: IMPORTANT WARNING! You already have an UncaughtExceptionHandler, are you sure this is correct? If you use a custom UncaughtExceptionHandler, you must initialize it AFTER CustomActivityOnCrash! Installing anyway, but your original handler will not be called.
01-17 14:47:02.578 11288 11288 W com.mbwhatsapp: Accessing hidden method Lcom/android/org/conscrypt/OpenSSLSocketImpl;->setUseSessionTickets(Z)V (max- target-q,core-platform-api, reflection, denied)
01-17 14:47:02.578 11288 11288 W com.mbwhatsapp: Accessing hidden method Lcom/android/org/conscrypt/AbstractConscryptSocket;->setUseSessionTickets(Z)V (max- target-q, reflection, denied)
01-17 14:47:02.876 11288 11288 W Settings: Setting show_button_background has moved from android.provider.Settings.System to android.provider.Settings.Global, returning read-only value.
01-17 14:47:03.542 11288 11404 W com.mbwhatsapp: Long monitor contention with owner MBWhatsApp Worker #4 (11361) at void X.0ia.A0X()(:-1) waiters=3 in void X.0ia.A0X() for 201ms
01-17 14:47:05.761 11288 11288 W OnBackInvokedCallback: OnBackInvokedCallback is not enabled for the application.
01-17 14:47:05.761 11288 11288 W OnBackInvokedCallback: Set 'android:enableOnBackInvokedCallback="true"' in the application manifest.
01-17 14:47:08.712 11288 11288 W OnBackInvokedCallback: OnBackInvokedCallback is not enabled for the application.
01-17 14:47:08.712 11288 11288 W OnBackInvokedCallback: Set 'android:enableOnBackInvokedCallback="true"' in the application manifest.
01-17 14:47:08.882 11288 11288 W RemoteInputConnectionImpl: requestCursorAnchorInfo on inactive InputConnection
01-17 14:47:09.220 11288 11296 W com.mbwhatsapp: Cleared Reference was only reachable from finalizer (only reported once)
01-17 14:47:09.417 11288 11298 W System : A resource failed to call end.
01-17 14:47:14.348 11288 11288 W com.mbwhatsapp: Method void com.mbwhatsapp.HomeActivity.A6e() failed lock verification and will run slower.
01-17 14:47:14.348 11288 11288 W com.mbwhatsapp: Common causes for lock verification issues are non-optimized dex code
01-17 14:47:14.348 11288 11288 W com.mbwhatsapp: and incorrect proguard optimizations.
01-17 14:47:14.497 11288 12189 W MediaCodec-JNI: try to release MediaCodec from JMediaCodec::~JMediaCodec()...
01-17 14:47:14.497 11288 12189 W MediaCodec-JNI: done releasing MediaCodec from JMediaCodec::~JMediaCodec().
01-17 14:47:14.562 11288 11288 E ArmVmp : Match on catch block at 0x0a in for 0x763307a031
01-17 14:47:14.578 11288 11288 E ArmVmp : Match on catch block at 0x0a in for 0x763307a04d
01-17 14:47:14.603 11288 12800 W ColorUtils: expected specified color aspects (2:0:0:0)
01-17 14:47:14.610 11288 11288 W Activity: Can request only one set of permissions at a time
01-17 14:47:14.654 11288 12809 W ColorUtils: expected specified color aspects (0:0:0:0)
01-17 14:47:14.670 11288 12189 W AudioCapabilities: Unsupported mime audio/x-ima
01-17 14:47:14.670 11288 12189 W AudioCapabilities: Unsupported mime audio/mpeg-L1
01-17 14:47:14.670 11288 12189 W AudioCapabilities: Unsupported mime audio/mpeg-L2
01-17 14:47:14.671 11288 12189 W VideoCapabilities: Unsupported mime video/wvc1
01-17 14:47:14.671 11288 12189 W VideoCapabilities: Unsupported mime video/x-ms-wmv
01-17 14:47:14.674 11288 12189 W VideoCapabilities: Unrecognized profile/level 32768/256 for video/mp4v-es
01-17 14:47:14.682 11288 12795 W com.mbwhatsapp: Accessing hidden method Lcom/android/org/conscrypt/ConscryptEngineSocket;->setUseSessionTickets(Z)V (max- target-q,core-platform-api, reflection, denied)
01-17 14:47:14.682 11288 12795 W com.mbwhatsapp: Accessing hidden method Lcom/android/org/conscrypt/OpenSSLSocketImpl;->setUseSessionTickets(Z)V (max- target-q,core-platform-api, reflection, denied)
01-17 14:47:14.682 11288 12795 W com.mbwhatsapp: Accessing hidden method Lcom/android/org/conscrypt/AbstractConscryptSocket;->setUseSessionTickets(Z)V (max- target-q, reflection, denied)
01-17 14:47:14.682 11288 12795 W com.mbwhatsapp: Accessing hidden method Lcom/android/org/conscrypt/ConscryptEngineSocket;->setHostname(Ljava/lang/String;)V (max-target-q,core-platform-api, reflection, denied)
01-17 14:47:14.682 11288 12795 W com.mbwhatsapp: Accessing hidden method Lcom/android/org/conscrypt/OpenSSLSocketImpl;->setHostname(Ljava/lang/String;)V (max-target-q,core-platform-api, reflection, denied)
01-17 14:47:14.682 11288 12795 W com.mbwhatsapp: Accessing hidden method Lcom/android/org/conscrypt/AbstractConscryptSocket;->setHostname(Ljava/lang/ String;)V (max-target-q, reflection, denied)
01-17 14:47:14.682 11288 12795 W com.mbwhatsapp: Accessing hidden method Lcom/android/org/conscrypt/OpenSSLSocketImpl;->setAlpnProtocols([B)V (max-target- q,core-platform-api, reflection, denied)
01-17 14:47:14.682 11288 12795 W com.mbwhatsapp: Accessing hidden method Lcom/android/org/conscrypt/AbstractConscryptSocket;->setAlpnProtocols([B)V (max- target-q, reflection, denied)
01-17 14:47:14.835 11288 12795 W com.mbwhatsapp: Accessing hidden method Lcom/android/org/conscrypt/OpenSSLSocketImpl;->getAlpnSelectedProtocol()[B (max- target-q,core-platform-api, reflection, denied)
01-17 14:47:14.835 11288 12795 W com.mbwhatsapp: Accessing hidden method Lcom/android/org/conscrypt/AbstractConscryptSocket;->getAlpnSelectedProtocol()[B (max-target-q, reflection, denied)
01-17 14:47:15.310 11288 11288 E RecyclerView: No adapter attached; skipping layout
01-17 14:47:15.421 11288 11288 E ArmVmp : Match on catch block at 0x0a in for 0x763307a035
01-17 14:47:15.706 11288 12884 W LOTTIE : Animation contains merge paths. Merge paths are only supported on KitKat+ and must be manually enabled by calling enableMergePathsForKitKatAndAbove().
01-17 14:47:15.837 11288 11288 W LOTTIE : Animation contains merge paths but they are disabled.
01-17 14:47:16.280 11288 11288 E ArmVmp : Match on catch block at 0x5b in for 0x763307a01d
01-17 14:47:16.291 11288 11288 E ArmVmp : Match on catch block at 0x5b in for 0x763307a01d
01-17 14:47:16.299 11288 11288 E ArmVmp : Match on catch block at 0x5b in for 0x763307a01d
01-17 14:47:16.304 11288 11288 E ArmVmp : Match on catch block at 0x5b in for 0x763307a01d
01-17 14:47:17.976 11288 11288 E ArmVmp : Match on catch block at 0x0a in for 0x763307a035
01-17 14:47:17.985 11288 11288 W ziparchive: Unable to open '/data/app/~~_Ae- 1DBlD8PbBggy-iSZwg==/com.google.android.trichromelibrary_609919433-g- IsWbKX2tpISAlQGHPvwg==/base.dm': No such file or directory
01-17 14:47:17.985 11288 11288 W ziparchive: Unable to open '/data/app/~~_Ae- 1DBlD8PbBggy-iSZwg==/com.google.android.trichromelibrary_609919433-g- IsWbKX2tpISAlQGHPvwg==/base.dm': No such file or directory
01-17 14:47:17.986 11288 11288 W com.mbwhatsapp: Entry not found
01-17 14:47:18.020 11288 13001 E chromium: [0117/144718.019541:ERROR:variations_seed_loader.cc(69)] Failed to open file for reading. Errno: 2
01-17 14:47:18.020 11288 13001 E chromium: [0117/144718.020653:ERROR:variations_seed_loader.cc(69)] Failed to open file for reading. Errno: 2
01-17 14:47:18.139 11288 13021 E chromium: [ERROR:simple_file_enumerator.cc(21)] opendir /data/user/0/com.mbwhatsapp/cache/WebView/Default/HTTP Cache/Code Cache/wasm: No such file or directory (2)
01-17 14:47:18.139 11288 13021 E chromium: [ERROR:simple_index_file.cc(614)] Could not reconstruct index from disk
01-17 14:47:18.142 11288 13019 E cr_TrackExitReasons: Failed to parse JSON from file.
01-17 14:47:18.219 11288 13017 W cr_media: BLUETOOTH_CONNECT permission is missing.
01-17 14:47:18.244 11288 13017 W cr_media: registerBluetoothIntentsIfNeeded: Requires BLUETOOTH permission
01-17 14:47:18.245 11288 11288 E ArmVmp : Match on catch block at 0x0a in for 0x763307a031
01-17 14:47:19.615 11288 13140 W ColorUtils: expected specified color aspects (0:0:0:0)
01-17 14:47:19.630 11288 13140 W Codec2Client: query -- param skipped: index = 1107298332.
01-17 14:47:19.630 11288 13140 W CCodec : This behavior is subject to change. It is recommended that app developers double check whether the requested max input size is in reasonable range.
01-17 14:47:19.676 11288 13140 W Codec2Client: query -- param skipped: index = 1073743886.
01-17 14:47:19.676 11288 13140 W Codec2Client: query -- param skipped: index = 1610614798.
01-17 14:47:19.676 11288 13140 W Codec2Client: query -- param skipped: index = 1610614821.
01-17 14:47:19.676 11288 13140 W Codec2Client: query -- param skipped: index = 2684356609.
01-17 14:47:21.767 11288 13148 W chromium: [WARNING:sync_reader.cc(175)] ASR: No room in socket buffer.: Broken pipe (32)
01-17 14:47:21.774 11288 13008 W cr_MediaCodecBridge: Releasing: c2.exynos.hevc.decoder
01-17 14:47:21.811 11288 13008 W cr_MediaCodecBridge: Codec released
01-17 14:47:22.091 11288 11288 E ArmVmp : Match on catch block at 0x0a in for 0x763307a031
01-17 14:47:22.268 11288 13381 W ColorUtils: expected specified color aspects (0:0:0:0)
01-17 14:47:22.279 11288 13381 W Codec2Client: query -- param skipped: index = 1107298332.
01-17 14:47:22.279 11288 13381 W CCodec : This behavior is subject to change. It is recommended that app developers double check whether the requested max input size is in reasonable range.
01-17 14:47:22.313 11288 13381 W Codec2Client: query -- param skipped: index = 1073743886.
01-17 14:47:22.313 11288 13381 W Codec2Client: query -- param skipped: index = 1610614798.
01-17 14:47:22.313 11288 13381 W Codec2Client: query -- param skipped: index = 1610614821.
01-17 14:47:22.314 11288 13381 W Codec2Client: query -- param skipped: index = 2684356609.
01-17 14:47:45.656 11288 13008 W cr_MediaCodecBridge: Releasing: c2.exynos.hevc.decoder
01-17 14:47:45.688 11288 13008 W cr_MediaCodecBridge: Codec released
01-17 14:47:47.470 11288 11288 E ArmVmp : Match on catch block at 0x0a in for 0x763307a031
01-17 14:47:47.630 11288 14141 W ColorUtils: expected specified color aspects (0:0:0:0)
01-17 14:47:47.641 11288 14141 W Codec2Client: query -- param skipped: index = 1107298332.
01-17 14:47:47.641 11288 14141 W CCodec : This behavior is subject to change. It is recommended that app developers double check whether the requested max input size is in reasonable range.
01-17 14:47:47.667 11288 14141 W Codec2Client: query -- param skipped: index = 1073743886.
01-17 14:47:47.668 11288 14141 W Codec2Client: query -- param skipped: index = 1610614798.
01-17 14:47:47.668 11288 14141 W Codec2Client: query -- param skipped: index = 1610614821.
01-17 14:47:47.668 11288 14141 W Codec2Client: query -- param skipped: index = 2684356609.
01-17 14:47:51.505 11288 13008 W cr_MediaCodecBridge: Releasing: c2.exynos.hevc.decoder
01-17 14:47:51.508 11288 13148 W chromium: [WARNING:sync_reader.cc(175)--------- beginning of main
01-17 14:47:51.540 11288 13008 W cr_MediaCodecBridge: Codec released
01-17 14:47:54.049 14228 14228 E com.mbwhatsapp: Not starting debugger since process cannot load the jdwp agent.
01-17 14:47:54.205 14228 14228 W System.err: java.lang.ClassNotFoundException: mbmodsd.mbmodsw.ui.views.btn.BtnBK
01-17 14:47:54.205 14228 14228 W System.err: at java.lang.Runtime.nativeLoad(Native Method)
01-17 14:47:54.205 14228 14228 W System.err: at java.lang.Runtime.nativeLoad(Runtime.java:1126)
01-17 14:47:54.205 14228 14228 W System.err: at java.lang.Runtime.loadLibrary0(Runtime.java:1080)
01-17 14:47:54.205 14228 14228 W System.err: at java.lang.Runtime.loadLibrary0(Runtime.java:1003)
01-17 14:47:54.205 14228 14228 W System.err: at java.lang.System.loadLibrary(System.java:1661)
01-17 14:47:54.205 14228 14228 W System.err: at arm.EpicVm.<clinit>(Unknown Source:2)
01-17 14:47:54.205 14228 14228 W System.err: at java.lang.Class.newInstance(Native Method)
01-17 14:47:54.205 14228 14228 W System.err: at android.app.AppComponentFactory.instantiateApplication(AppComponentFactory.java:76)
01-17 14:47:54.205 14228 14228 W System.err: at androidx.core.app.CoreComponentFactory.instantiateApplication(Unknown Source:0)
01-17 14:47:54.205 14228 14228 W System.err: at android.app.Instrumentation.newApplication(Instrumentation.java:1232)
01-17 14:47:54.205 14228 14228 W System.err: at android.app.LoadedApk.makeApplicationInner(LoadedApk.java:1566)
01-17 14:47:54.205 14228 14228 W System.err: at android.app.LoadedApk.makeApplicationInner(LoadedApk.java:1503)
01-17 14:47:54.205 14228 14228 W System.err: at android.app.ActivityThread.handleBindApplication(ActivityThread.java:7558)
01-17 14:47:54.206 14228 14228 W System.err: at android.app.ActivityThread.-$ $Nest$mhandleBindApplication(Unknown Source:0)
01-17 14:47:54.206 14228 14228 W System.err: at android.app.ActivityThread$H.handleMessage(ActivityThread.java:2400)
01-17 14:47:54.206 14228 14228 W System.err: at android.os.Handler.dispatchMessage(Handler.java:106)
01-17 14:47:54.206 14228 14228 W System.err: at android.os.Looper.loopOnce(Looper.java:226)
01-17 14:47:54.206 14228 14228 W System.err: at android.os.Looper.loop(Looper.java:313)
01-17 14:47:54.206 14228 14228 W System.err: at android.app.ActivityThread.main(ActivityThread.java:8762)
01-17 14:47:54.206 14228 14228 W System.err: at java.lang.reflect.Method.invoke(Native Method)
01-17 14:47:54.206 14228 14228 W System.err: at com.android.internal.os.RuntimeInit$MethodAndArgsCaller.run(RuntimeInit.java:604)
01-17 14:47:54.206 14228 14228 W System.err: at com.android.internal.os.ZygoteInit.main(ZygoteInit.java:1067)
01-17 14:47:54.242 14228 14228 E CustomActivityOnCrash: IMPORTANT WARNING! You already have an UncaughtExceptionHandler, are you sure this is correct? If you use a custom UncaughtExceptionHandler, you must initialize it AFTER CustomActivityOnCrash! Installing anyway, but your original handler will not be called.
01-17 14:47:54.286 14228 14256 W LibraryVersion: Failed to get app version for libraryName: firebase-iid
01-17 14:47:54.375 14228 14228 W com.mbwhatsapp: Accessing hidden method Lcom/android/org/conscrypt/OpenSSLSocketImpl;->setUseSessionTickets(Z)V (max- target-q,core-platform-api, reflection, denied)
01-17 14:47:54.375 14228 14228 W com.mbwhatsapp: Accessing hidden method Lcom/android/org/conscrypt/AbstractConscryptSocket;->setUseSessionTickets(Z)V (max- target-q, reflection, denied)
01-17 14:47:54.487 14228 14228 W com.mbwhatsapp: Method void X.0eU.A0h(X.0tK, boolean) failed lock verification and will run slower.
01-17 14:47:54.487 14228 14228 W com.mbwhatsapp: Common causes for lock verification issues are non-optimized dex code
01-17 14:47:54.487 14228 14228 W com.mbwhatsapp: and incorrect proguard optimizations.
01-17 14:47:54.489 14228 14289 W com.mbwhatsapp: Method void X.2rL.A03(java.lang.Integer) failed lock verification and will run slower.
01-17 14:47:54.594 14228 14228 W com.mbwhatsapp: Method void com.mbwhatsapp.HomeActivity.A6e() failed lock verification and will run slower.
01-17 14:47:54.796 14228 14228 E ArmVmp : Match on catch block at 0x0a in for 0x763307a031
01-17 14:47:54.811 14228 14228 E ArmVmp : Match on catch block at 0x0a in for 0x763307a04d
01-17 14:47:54.836 14228 14228 W Activity: Can request only one set of permissions at a time
01-17 14:47:54.878 14228 14324 W com.mbwhatsapp: Accessing hidden method Lcom/android/org/conscrypt/ConscryptEngineSocket;->setUseSessionTickets(Z)V (max- target-q,core-platform-api, reflection, denied)
01-17 14:47:54.878 14228 14324 W com.mbwhatsapp: Accessing hidden method Lcom/android/org/conscrypt/OpenSSLSocketImpl;->setUseSessionTickets(Z)V (max- target-q,core-platform-api, reflection, denied)
01-17 14:47:54.878 14228 14324 W com.mbwhatsapp: Accessing hidden method Lcom/android/org/conscrypt/AbstractConscryptSocket;->setUseSessionTickets(Z)V (max- target-q, reflection, denied)
01-17 14:47:54.878 14228 14324 W com.mbwhatsapp: Accessing hidden method Lcom/android/org/conscrypt/ConscryptEngineSocket;->setHostname(Ljava/lang/String;)V (max-target-q,core-platform-api, reflection, denied)
01-17 14:47:54.878 14228 14324 W com.mbwhatsapp: Accessing hidden method Lcom/android/org/conscrypt/OpenSSLSocketImpl;->setHostname(Ljava/lang/String;)V (max-target-q,core-platform-api, reflection, denied)
01-17 14:47:54.878 14228 14324 W com.mbwhatsapp: Accessing hidden method Lcom/android/org/conscrypt/AbstractConscryptSocket;->setHostname(Ljava/lang/ String;)V (max-target-q, reflection, denied)
01-17 14:47:54.878 14228 14324 W com.mbwhatsapp: Accessing hidden method Lcom/android/org/conscrypt/OpenSSLSocketImpl;->setAlpnProtocols([B)V (max-target- q,core-platform-api, reflection, denied)
01-17 14:47:54.878 14228 14324 W com.mbwhatsapp: Accessing hidden method Lcom/android/org/conscrypt/AbstractConscryptSocket;->setAlpnProtocols([B)V (max- target-q, reflection, denied)
01-17 14:47:55.046 14228 14324 W com.mbwhatsapp: Accessing hidden method Lcom/android/org/conscrypt/OpenSSLSocketImpl;->getAlpnSelectedProtocol()[B (max- target-q,core-platform-api, reflection, denied)
01-17 14:47:55.046 14228 14324 W com.mbwhatsapp: Accessing hidden method Lcom/android/org/conscrypt/AbstractConscryptSocket;->getAlpnSelectedProtocol()[B (max-target-q, reflection, denied)
01-17 14:47:55.446 14228 14228 E RecyclerView: No adapter attached; skipping layout
01-17 14:47:55.543 14228 14228 E RecyclerView: No adapter attached; skipping layout
01-17 14:47:55.544 14228 14228 W View : requestLayout() improperly called by androidx.appcompat.view.menu.ActionMenuItemView{9ab4cff VFED..C.. ......ID 270,0- 406,0 #7f0b0f8a app:id/menuitem_search} during layout: running second layout pass
01-17 14:47:55.544 14228 14228 W View : requestLayout() improperly called by androidx.appcompat.widget.ActionMenuView{b9faacc V.E...... ......ID 462,351- 1128,351} during layout: running second layout pass
01-17 14:47:55.556 14228 14228 E ArmVmp : Match on catch block at 0x0a in for 0x763307a035
01-17 14:47:55.668 14228 14228 W View : requestLayout() improperly called by DecorView@a147f94[HomeActivity] during second layout pass: posting in next frame
01-17 14:47:55.740 14228 14369 W LOTTIE : Animation contains merge paths. Merge paths are only supported on KitKat+ and must be manually enabled by calling enableMergePathsForKitKatAndAbove().
01-17 14:47:55.901 14228 14228 W LOTTIE : Animation contains merge paths but they are disabled.
01-17 14:47:55.957 14228 14228 E ArmVmp : Match on catch block at 0x5b in for 0x763307a01d
01-17 14:47:55.970 14228 14228 E ArmVmp : Match on catch block at 0x5b in for 0x763307a01d
01-17 14:47:55.977 14228 14228 E ArmVmp : Match on catch block at 0x5b in for 0x763307a01d
01-17 14:47:55.983 14228 14228 E ArmVmp : Match on catch block at 0x5b in for 0x763307a01d
01-17 14:47:58.089 14228 14238 W com.mbwhatsapp: Cleared Reference was only reachable from finalizer (only reported once)
01-17 14:48:05.177 14228 14228 E ArmVmp : Match on catch block at 0x0a in for 0x763307a035
01-17 14:48:05.187 14228 14228 W ziparchive: Unable to open '/data/app/~~_Ae- 1DBlD8PbBggy-iSZwg==/com.google.android.trichromelibrary_609919433-g- IsWbKX2tpISAlQGHPvwg==/base.dm': No such file or directory
01-17 14:48:05.187 14228 14228 W ziparchive: Unable to open '/data/app/~~_Ae- 1DBlD8PbBggy-iSZwg==/com.google.android.trichromelibrary_609919433-g- IsWbKX2tpISAlQGHPvwg==/base.dm': No such file or directory
01-17 14:48:05.188 14228 14228 W com.mbwhatsapp: Entry not found
01-17 14:48:05.370 14228 14647 W cr_media: BLUETOOTH_CONNECT permission is missing.
01-17 14:48:05.371 14228 14647 W cr_media: registerBluetoothIntentsIfNeeded: Requires BLUETOOTH permission
01-17 14:48:05.382 14228 14228 E ArmVmp : Match on catch block at 0x0a in for 0x763307a031
01-17 14:48:05.491 14228 14671 W AudioCapabilities: Unsupported mime audio/x-ima
01-17 14:48:05.492 14228 14671 W AudioCapabilities: Unsupported mime audio/mpeg-L1
01-17 14:48:05.492 14228 14671 W AudioCapabilities: Unsupported mime audio/mpeg-L2
01-17 14:48:05.492 14228 14671 W VideoCapabilities: Unsupported mime video/wvc1
01-17 14:48:05.492 14228 14671 W VideoCapabilities: Unsupported mime video/x-ms-wmv
01-17 14:48:05.496 14228 14671 W VideoCapabilities: Unrecognized profile/level 32768/256 for video/mp4v-es
01-17 14:48:05.722 14228 14710 W ColorUtils: expected specified color aspects (0:0:0:0)
01-17 14:48:05.729 14228 14710 W Codec2Client: query -- param skipped: index = 1107298332.
01-17 14:48:05.729 14228 14710 W CCodec : This behavior is subject to change. It is recommended that app developers double check whether the requested max input size is in reasonable range.
01-17 14:48:05.753 14228 14710 W Codec2Client: query -- param skipped: index = 1073743886.
01-17 14:48:05.753 14228 14710 W Codec2Client: query -- param skipped: index = 1610614798.
01-17 14:48:05.753 14228 14710 W Codec2Client: query -- param skipped: index = 1610614821.
01-17 14:48:05.753 14228 14710 W Codec2Client: query -- param skipped: index = 2684356609.
01-17 14:48:08.757 14228 14707 W chromium: [WARNING:sync_reader.cc(175)] ASR: No room in socket buffer.: Broken pipe (32)
01-17 14:48:08.778 14228 14639 W cr_MediaCodecBridge: Releasing: c2.exynos.hevc.decoder
01-17 14:48:08.802 14228 14639 W cr_MediaCodecBridge: Codec released
01-17 14:48:13.650 14228 14228 E ArmVmp : Match on catch block at 0x0a in for 0x763307a031
01-17 14:48:13.771 14228 14860 W ColorUtils: expected specified color aspects (0:0:0:0)
01-17 14:48:13.780 14228 14860 W Codec2Client: query -- param skipped: index = 1107298332.
01-17 14:48:13.780 14228 14860 W CCodec : This behavior is subject to change. It is recommended that app developers double check whether the requested max input size is in reasonable range.
01-17 14:48:13.809 14228 14860 W Codec2Client: query -- param skipped: index = 1073743886.
01-17 14:48:13.809 14228 14860 W Codec2Client: query -- param skipped: index = 1610614798.
01-17 14:48:13.809 14228 14860 W Codec2Client: query -- param skipped: index = 1610614821.
01-17 14:48:13.809 14228 14860 W Codec2Client: query -- param skipped: index = 2684356609.
01-17 14:48:32.229 14228 14639 W cr_MediaCodecBridge: Releasing: c2.exynos.hevc.decoder
01-17 14:48:32.241 14228 14639 W cr_MediaCodecBridge: Codec released
01-17 14:48:34.085 14228 14931 E RenderScript: Failed to find hal setup entry points: undefined symbol: rsdHalAbort
01-17 14:48:34.085 14228 14931 E RenderScript: Failed to load runtime , loading default
01-17 14:48:34.178 14228 14369 W LOTTIE : Unknown shape type rd
01-17 14:48:34.178 14228 14942 W LOTTIE : Unknown shape type rd
01-17 14:48:34.237 14228 14228 E ArmVmp : Match on catch block at 0x0a in for 0x763307a035
01-17 14:48:34.240 14228 14228 E ArmVmp : Match on catch block at 0x0a in for 0x763307a035
01-17 14:48:34.255 14228 14228 E ArmVmp : Match on catch block at 0x0a in for 0x763307a071
01-17 14:48:34.386 14228 14228 E ArmVmp : Match on catch block at 0xc3 in for 0x763307a021
01-17 14:48:34.392 14228 14228 E ArmVmp : Match on catch block at 0xc3 in for 0x763307a021
01-17 14:48:34.458 14228 14228 E ArmVmp : Match on catch block at 0xc3 in for 0x763307a025
01-17 14:48:34.460 14228 14228 E ArmVmp : Match on catch block at 0xc3 in for 0x763307a025
01-17 14:48:34.497 14228 14228 E ArmVmp : Match on catch block at 0x0a in for 0x763307a07d
01-17 14:48:34.626 14228 14228 E ArmVmp : Match on catch block at 0xc3 in for 0x763307a025
01-17 14:48:34.627 14228 14228 E ArmVmp : Match on catch block at 0xc3 in for 0x763307a025
01-17 14:48:34.712 14228 14228 E ArmVmp : Match on catch block at 0xc3 in for 0x763307a025
01-17 14:48:34.715 14228 14228 E ArmVmp : Match on catch block at 0xc3 in for 0x763307a025
01-17 14:48:34.763 14228 14228 E chromium: [ERROR:aw_browser_terminator.cc(154)] Renderer process (14641) crash detected (code -1).
01-17 14:48:34.805 14228 14228 E ArmVmp : Match on catch block at 0xc3 in for 0x763307a025
01-17 14:48:34.808 14228 14228 E ArmVmp : Match on catch block at 0xc3 in for 0x763307a025
01-17 14:48:34.874 14228 14228 E ArmVmp : Match on catch block at 0xc3 in for 0x763307a025
01-17 14:48:34.876 14228 14228 E ArmVmp : Match on catch block at 0xc3 in for 0x763307a025
01-17 14:48:34.909 14228 14228 E ArmVmp : Match on catch block at 0xc3 in for 0x763307a025
01-17 14:48:34.910 14228 14228 E ArmVmp : Match on catch block at 0xc3 in for 0x763307a025
01-17 14:48:34.950 14228 14228 E ArmVmp : Match on catch block at 0xc3 in for 0x763307a025
01-17 14:48:34.951 14228 14228 E ArmVmp : Match on catch block at 0xc3 in for 0x763307a025
01-17 14:48:34.973 14228 14228 E ArmVmp : Match on catch block at 0xc3 in for 0x763307a025
01-17 14:48:34.974 14228 14228 E ArmVmp : Match on catch block at 0xc3 in for 0x763307a025
01-17 14:48:35.001 14228 14228 E ArmVmp : Match on catch block at 0xc3 in for 0x763307a025
01-17 14:48:35.002 14228 14228 E ArmVmp : Match on catch block at 0xc3 in for 0x763307a025
01-17 14:48:35.029 14228 14228 E ArmVmp : Match on catch block at 0xc3 in for 0x763307a025
01-17 14:48:35.030 14228 14228 E ArmVmp : Match on catch block at 0xc3 in for 0x763307a025
01-17 14:48:35.053 14228 14228 E ArmVmp : Match on catch block at 0xc3 in for 0x763307a025
01-17 14:48:35.054 14228 14228 E ArmVmp : Match on catch block at 0xc3 in for 0x763307a025
01-17 14:48:35.076 14228 14228 E ArmVmp : Match on catch block at 0xc3 in for 0x763307a025
01-17 14:48:35.077 14228 14228 E ArmVmp : Match on catch block at 0xc3 in for 0x763307a025
01-17 14:48:35.101 14228 14228 E ArmVmp : Match on catch block at 0xc3 in for 0x763307a025
01-17 14:48:35.102 14228 14228 E ArmVmp : Match on catch block at 0xc3 in for 0x763307a025
01-17 14:48:35.127 14228 14228 E ArmVmp : Match on catch block at 0xc3 in for 0x763307a025
01-17 14:48:35.128 14228 14228 E ArmVmp : Match on catch block at 0xc3 in for 0x763307a025
01-17 14:48:35.149 14228 14228 E ArmVmp : Match on catch block at 0xc3 in for 0x763307a025
01-17 14:48:35.150 14228 14228 E ArmVmp : Match on catch block at 0xc3 in for 0x763307a025
01-17 14:48:35.172 14228 14228 E ArmVmp : Match on catch block at 0xc3 in for 0x763307a025
01-17 14:48:35.173 14228 14228 E ArmVmp : Match on catch block at 0xc3 in for 0x763307a025
01-17 14:48:35.196 14228 14228 E ArmVmp : Match on catch block at 0xc3 in for 0x763307a025
01-17 14:48:35.197 14228 14228 E ArmVmp : Match on catch block at 0xc3 in for 0x763307a025
01-17 14:48:35.225 14228 14228 E ArmVmp : Match on catch block at 0xc3 in for 0x763307a025
01-17 14:48:35.226 14228 14228 E ArmVmp : Match on catch block at 0xc3 in for 0x763307a025
01-17 14:48:35.250 14228 14228 E ArmVmp : Match on catch block at 0xc3 in for 0x763307a025
01-17 14:48:35.252 14228 14228 E ArmVmp : Match on catch block at 0xc3 in for 0x763307a025
01-17 14:48:35.279 14228 14228 E ArmVmp : Match on catch block at 0xc3 in for 0x763307a025
01-17 14:48:35.281 14228 14228 E ArmVmp : Match on catch block at 0xc3 in for 0x763307a025
01-17 14:48:35.304 14228 14228 E ArmVmp : Match on catch block at 0xc3 in for 0x763307a025
01-17 14:48:35.305 14228 14228 E ArmVmp : Match on catch block at 0xc3 in for 0x763307a025
01-17 14:48:35.331 14228 14228 E ArmVmp : Match on catch block at 0xc3 in for 0x763307a025
01-17 14:48:35.332 14228 14228 E ArmVmp : Match on catch block at 0xc3 in for 0x763307a025
01-17 14:48:35.358 14228 14228 E ArmVmp : Match on catch block at 0xc3 in for 0x763307a025
01-17 14:48:35.359 14228 14228 E ArmVmp : Match on catch block at 0xc3 in for 0x763307a025
01-17 14:48:35.385 14228 14228 E ArmVmp : Match on catch block at 0xc3 in for 0x763307a025
01-17 14:48:35.387 14228 14228 E ArmVmp : Match on catch block at 0xc3 in for 0x763307a025
01-17 14:48:35.415 14228 14228 E ArmVmp : Match on catch block at 0xc3 in for 0x763307a025
01-17 14:48:35.416 14228 14228 E ArmVmp : Match on catch block at 0xc3 in for 0x763307a025
01-17 14:48:35.441 14228 14228 E ArmVmp : Match on catch block at 0xc3 in for 0x763307a025
01-17 14:48:35.442 14228 14228 E ArmVmp : Match on catch block at 0xc3 in for 0x763307a025
01-17 14:48:35.467 14228 14228 E ArmVmp : Match on catch block at 0xc3 in for 0x763307a025
01-17 14:48:35.468 14228 14228 E ArmVmp : Match on catch block at 0xc3 in for 0x763307a025
01-17 14:48:35.492 14228 14228 E ArmVmp : Match on catch block at 0xc3 in for 0x763307a025
01-17 14:48:35.493 14228 14228 E ArmVmp : Match on catch block at 0xc3 in for 0x763307a025
01-17 14:48:35.516 14228 14228 E ArmVmp : Match on catch block at 0xc3 in for 0x763307a025
01-17 14:48:35.517 14228 14228 E ArmVmp : Match on catch block at 0xc3 in for 0x763307a025
01-17 14:48:35.538 14228 14228 E ArmVmp : Match on catch block at 0xc3 in for 0x763307a025
01-17 14:48:35.539 14228 14228 E ArmVmp : Match on catch block at 0xc3 in for 0x763307a025
01-17 14:48:35.562 14228 14228 E ArmVmp : Match on catch block at 0xc3 in for 0x763307a025
01-17 14:48:35.563 14228 14228 E ArmVmp : Match on catch block at 0xc3 in for 0x763307a025
01-17 14:48:35.585 14228 14228 E ArmVmp : Match on catch block at 0xc3 in for 0x763307a025
01-17 14:48:35.586 14228 14228 E ArmVmp : Match on catch block at 0xc3 in for 0x763307a025
01-17 14:48:35.607 14228 14228 E ArmVmp : Match on catch block at 0xc3 in for 0x763307a025
01-17 14:48:35.608 14228 14228 E ArmVmp : Match on catch block at 0xc3 in for 0x763307a025
01-17 14:48:35.636 14228 14228 E ArmVmp : Match on catch block at 0xc3 in for 0x763307a025
01-17 14:48:35.637 14228 14228 E ArmVmp : Match on catch block at 0xc3 in for 0x763307a025
01-17 14:48:35.653 14228 14228 E ArmVmp : Match on catch block at 0xc3 in for 0x763307a025
01-17 14:48:35.654 14228 14228 E ArmVmp : Match on catch block at 0xc3 in for 0x763307a025
01-17 14:48:35.670 14228 14228 E ArmVmp : Match on catch block at 0xc3 in for 0x763307a025
01-17 14:48:35.671 14228 14228 E ArmVmp : Match on catch block at 0xc3 in for 0x763307a025
01-17 14:48:35.690 14228 14228 E ArmVmp : Match on catch block at 0xc3 in for 0x763307a025
01-17 14:48:35.691 14228 14228 E ArmVmp : Match on catch block at 0xc3 in for 0x763307a025
01-17 14:48:35.707 14228 14228 E ArmVmp : Match on catch block at 0xc3 in for 0x763307a025
01-17 14:48:35.708 14228 14228 E ArmVmp : Match on catch block at 0xc3 in for 0x763307a025
01-17 14:48:35.725 14228 14228 E ArmVmp : Match on catch block at 0xc3 in for 0x763307a025
01-17 14:48:35.726 14228 14228 E ArmVmp : Match on catch block at 0xc3 in for 0x763307a025
01-17 14:48:35.743 14228 14228 E ArmVmp : Match on catch block at 0xc3 in for 0x763307a025
01-17 14:48:35.744 14228 14228 E ArmVmp : Match on catch block at 0xc3 in for 0x763307a025
01-17 14:48:35.761 14228 14228 E ArmVmp : Match on catch block at 0xc3 in for 0x763307a025
01-17 14:48:35.762 14228 14228 E ArmVmp : Match on catch block at 0xc3 in for 0x763307a025
01-17 14:48:35.777 14228 14228 E ArmVmp : Match on catch block at 0xc3 in for 0x763307a025
01-17 14:48:35.778 14228 14228 E ArmVmp : Match on catch block at 0xc3 in for 0x763307a025
01-17 14:48:35.797 14228 14228 E ArmVmp : Match on catch block at 0xc3 in for 0x763307a025
01-17 14:48:35.798 14228 14228 E ArmVmp : Match on catch block at 0xc3 in for 0x763307a025
01-17 14:48:35.813 14228 14228 E ArmVmp : Match on catch block at 0xc3 in for 0x763307a025
01-17 14:48:35.814 14228 14228 E ArmVmp : Match on catch block at 0xc3 in for 0x763307a025
01-17 14:48:35.830 14228 14228 E ArmVmp : Match on catch block at 0xc3 in for 0x763307a025
01-17 14:48:35.831 14228 14228 E ArmVmp : Match on catch block at 0xc3 in for 0x763307a025
01-17 14:48:35.848 14228 14228 E ArmVmp : Match on catch block at 0xc3 in for 0x763307a025
01-17 14:48:35.849 14228 14228 E ArmVmp : Match on catch block at 0xc3 in for 0x763307a025
01-17 14:48:35.863 14228 14228 E ArmVmp : Match on catch block at 0xc3 in for 0x763307a025
01-17 14:48:35.864 14228 14228 E ArmVmp : Match on catch block at 0xc3 in for 0x763307a025
01-17 14:48:35.878 14228 14228 E ArmVmp : Match on catch block at 0xc3 in for 0x763307a025
01-17 14:48:35.879 14228 14228 E ArmVmp : Match on catch block at 0xc3 in for 0x763307a025
01-17 14:48:35.893 14228 14228 E ArmVmp : Match on catch block at 0xc3 in for 0x763307a025
01-17 14:48:35.894 14228 14228 E ArmVmp : Match on catch block at 0xc3 in for 0x763307a025
01-17 14:48:35.909 14228 14228 E ArmVmp : Match on catch block at 0xc3 in for 0x763307a025
01-17 14:48:35.910 14228 14228 E ArmVmp : Match on catch block at 0xc3 in for 0x763307a025
